{"id":159906,"date":"2023-03-29T11:21:34","date_gmt":"2023-03-29T14:21:34","guid":{"rendered":"https:\/\/sme.goiania.go.gov.br\/conexaoescola\/?post_type=praticas_em_rede&#038;p=159906"},"modified":"2024-08-20T10:39:20","modified_gmt":"2024-08-20T13:39:20","slug":"pratica-em-rede-a-rua-tambem-e-das-criancas","status":"publish","type":"praticas_em_rede","link":"https:\/\/sme.goiania.go.gov.br\/conexaoescola\/praticas_em_rede\/pratica-em-rede-a-rua-tambem-e-das-criancas\/","title":{"rendered":"Pr\u00e1tica em Rede: A rua tamb\u00e9m \u00e9 das crian\u00e7as!"},"content":{"rendered":"\n<figure class=\"wp-block-image size-large is-style-default\"><img fetchpriority=\"high\" decoding=\"async\" width=\"1024\" height=\"874\" src=\"https:\/\/sme.goiania.go.gov.br\/conexaoescola\/wp-content\/uploads\/2023\/03\/motoca-e-crianca-scaled-e1680090358953-1024x874.jpg\" alt=\"\" class=\"wp-image-159958\" srcset=\"https:\/\/sme.goiania.go.gov.br\/conexaoescola\/wp-content\/uploads\/2023\/03\/motoca-e-crianca-scaled-e1680090358953-1024x874.jpg 1024w, https:\/\/sme.goiania.go.gov.br\/conexaoescola\/wp-content\/uploads\/2023\/03\/motoca-e-crianca-scaled-e1680090358953-300x256.jpg 300w, https:\/\/sme.goiania.go.gov.br\/conexaoescola\/wp-content\/uploads\/2023\/03\/motoca-e-crianca-scaled-e1680090358953-768x656.jpg 768w, https:\/\/sme.goiania.go.gov.br\/conexaoescola\/wp-content\/uploads\/2023\/03\/motoca-e-crianca-scaled-e1680090358953-1536x1312.jpg 1536w, https:\/\/sme.goiania.go.gov.br\/conexaoescola\/wp-content\/uploads\/2023\/03\/motoca-e-crianca-scaled-e1680090358953-2048x1749.jpg 2048w\" sizes=\"(max-width: 1024px) 100vw, 1024px\" \/><figcaption class=\"wp-element-caption\">Crian\u00e7a andando no triciclo. Dispon\u00edvel em: arquivo do CMEI. <\/figcaption><\/figure>\n\n\n\n<p class=\"has-text-align-center has-blush-light-purple-gradient-background has-background has-medium-font-size\"><strong>A cidade pode ser um espa\u00e7o rico em oportunidades de encontros e aprendizagens. A multiplicidade de intera\u00e7\u00f5es com pessoas e lugares diversos permite que as crian\u00e7as aprendam e se desenvolvam de forma significativa.<\/strong><\/p>\n\n\n\n<p class=\"has-text-align-center has-background has-medium-font-size\" style=\"background:linear-gradient(277deg,rgb(255,206,236) 0%,rgb(152,150,240) 100%)\"><strong>Por isso, \u00e9 essencial que as crian\u00e7as desde bem pequenas tenham a oportunidade de explorar, brincar e interagir nos diversos espa\u00e7os urbanos. Cada movimento, passeio, encontro e descoberta \u00e9 fundamental para o desenvolvimento integral delas.<\/strong><\/p>\n\n\n\n<p class=\"has-text-align-center has-blush-light-purple-gradient-background has-background has-medium-font-size\"><strong>\u00c9 isso que a equipe do CEI Serafim realiza atrav\u00e9s da a\u00e7\u00e3o institucional &#8220;A rua \u00e9 das crian\u00e7as&#8221;. <\/strong><\/p>\n\n\n\n<p class=\"has-text-align-center has-blush-light-purple-gradient-background has-background has-medium-font-size\"><strong>Vamos assistir? <\/strong><\/p>\n\n\n\n<figure class=\"wp-block-embed is-type-video is-provider-youtube wp-block-embed-youtube wp-embed-aspect-16-9 wp-has-aspect-ratio\"><div class=\"wp-block-embed__wrapper\">\n<p class=\"responsive-video-wrap clr\"><iframe title=\"Passeio Ciclistico - CEI Serafim\" width=\"1200\" height=\"675\" src=\"https:\/\/www.youtube.com\/embed\/Yq48NJwqgOM?feature=oembed\" frameborder=\"0\" allow=\"accelerometer; autoplay; clipboard-write; encrypted-media; gyroscope; picture-in-picture; web-share\" allowfullscreen><\/iframe><\/p>\n<\/div><figcaption class=\"wp-element-caption\">A\u00e7\u00e3o institucional a rua tamb\u00e9m \u00e9 das crian\u00e7as. Fonte: https:\/\/www.youtube.com\/watch?v=Yq48NJwqgOM<\/figcaption><\/figure>\n\n\n\n<hr class=\"wp-block-separator has-alpha-channel-opacity\"\/>\n\n\n\n<figure class=\"wp-block-table has-small-font-size\"><table><tbody><tr><td>Proponentes\/Curadoria<\/td><td>NEC \u2014 Equipe Educa\u00e7\u00e3o Infantil Ester Mendes e Izabel Lemos<\/td><\/tr><tr><td>Unidade Educacional<\/td><td>CEI Serafim<\/td><\/tr><\/tbody><\/table><\/figure>\n","protected":false},"author":16,"featured_media":159958,"template":"","class_list":["post-159906","praticas_em_rede","type-praticas_em_rede","status-publish","has-post-thumbnail","hentry","entry","has-media"],"acf":[],"_links":{"self":[{"href":"https:\/\/sme.goiania.go.gov.br\/conexaoescola\/wp-json\/wp\/v2\/praticas_em_rede\/159906","targetHints":{"allow":["GET"]}}],"collection":[{"href":"https:\/\/sme.goiania.go.gov.br\/conexaoescola\/wp-json\/wp\/v2\/praticas_em_rede"}],"about":[{"href":"https:\/\/sme.goiania.go.gov.br\/conexaoescola\/wp-json\/wp\/v2\/types\/praticas_em_rede"}],"author":[{"embeddable":true,"href":"https:\/\/sme.goiania.go.gov.br\/conexaoescola\/wp-json\/wp\/v2\/users\/16"}],"wp:featuredmedia":[{"embeddable":true,"href":"https:\/\/sme.goiania.go.gov.br\/conexaoescola\/wp-json\/wp\/v2\/media\/159958"}],"wp:attachment":[{"href":"https:\/\/sme.goiania.go.gov.br\/conexaoescola\/wp-json\/wp\/v2\/media?parent=159906"}],"curies":[{"name":"wp","href":"https:\/\/api.w.org\/{rel}","templated":true}]}}

Prática em Rede: A rua também é das crianças!

<figure class="wp-block-image size-large is-style-default"><img fetchpriority="high" decoding="async" width="1024" height="874" src="https://sme.goiania.go.gov.br/conexaoescola/wp-content/uploads/2023/03/motoca-e-crianca-scaled-e1680090358953-1024x874.jpg" alt="" class="wp-image-159958" srcset="https://sme.goiania.go.gov.br/conexaoescola/wp-content/uploads/2023/03/motoca-e-crianca-scaled-e1680090358953-1024x874.jpg 1024w, https://sme.goiania.go.gov.br/conexaoescola/wp-content/uploads/2023/03/motoca-e-crianca-scaled-e1680090358953-300x256.jpg 300w, https://sme.goiania.go.gov.br/conexaoescola/wp-content/uploads/2023/03/motoca-e-crianca-scaled-e1680090358953-768x656.jpg 768w, https://sme.goiania.go.gov.br/conexaoescola/wp-content/uploads/2023/03/motoca-e-crianca-scaled-e1680090358953-1536x1312.jpg 1536w, https://sme.goiania.go.gov.br/conexaoescola/wp-content/uploads/2023/03/motoca-e-crianca-scaled-e1680090358953-2048x1749.jpg 2048w" sizes="(max-width: 1024px) 100vw, 1024px" /><figcaption class="wp-element-caption">Criança andando no triciclo. Disponível em: arquivo do CMEI. </figcaption></figure>



<p class="has-text-align-center has-blush-light-purple-gradient-background has-background has-medium-font-size"><strong>A cidade pode ser um espaço rico em oportunidades de encontros e aprendizagens. A multiplicidade de interações com pessoas e lugares diversos permite que as crianças aprendam e se desenvolvam de forma significativa.</strong></p>



<p class="has-text-align-center has-background has-medium-font-size" style="background:linear-gradient(277deg,rgb(255,206,236) 0%,rgb(152,150,240) 100%)"><strong>Por isso, é essencial que as crianças desde bem pequenas tenham a oportunidade de explorar, brincar e interagir nos diversos espaços urbanos. Cada movimento, passeio, encontro e descoberta é fundamental para o desenvolvimento integral delas.</strong></p>



<p class="has-text-align-center has-blush-light-purple-gradient-background has-background has-medium-font-size"><strong>É isso que a equipe do CEI Serafim realiza através da ação institucional &#8220;A rua é das crianças&#8221;. </strong></p>



<p class="has-text-align-center has-blush-light-purple-gradient-background has-background has-medium-font-size"><strong>Vamos assistir? </strong></p>



<figure class="wp-block-embed is-type-video is-provider-youtube wp-block-embed-youtube wp-embed-aspect-16-9 wp-has-aspect-ratio"><div class="wp-block-embed__wrapper">
<p class="responsive-video-wrap clr"><iframe title="Passeio Ciclistico - CEI Serafim" width="1200" height="675" src="https://www.youtube.com/embed/Yq48NJwqgOM?feature=oembed" frameborder="0" allow="accelerometer; autoplay; clipboard-write; encrypted-media; gyroscope; picture-in-picture; web-share" allowfullscreen></iframe></p>
</div><figcaption class="wp-element-caption">Ação institucional a rua também é das crianças. Fonte: https://www.youtube.com/watch?v=Yq48NJwqgOM</figcaption></figure>



<hr class="wp-block-separator has-alpha-channel-opacity"/>



<figure class="wp-block-table has-small-font-size"><table><tbody><tr><td>Proponentes/Curadoria</td><td>NEC — Equipe Educação Infantil Ester Mendes e Izabel Lemos</td></tr><tr><td>Unidade Educacional</td><td>CEI Serafim</td></tr></tbody></table></figure>
