{"id":296,"date":"2020-04-10T23:28:04","date_gmt":"2020-04-11T02:28:04","guid":{"rendered":"http:\/\/127.0.0.1\/edsa-conexaoescola\/?page_id=296"},"modified":"2021-10-23T10:23:48","modified_gmt":"2021-10-23T13:23:48","slug":"page-eaja","status":"publish","type":"page","link":"https:\/\/sme.goiania.go.gov.br\/conexaoescola\/page-eaja\/","title":{"rendered":"Eaja"},"content":{"rendered":"\t\t<div data-elementor-type=\"wp-page\" data-elementor-id=\"296\" class=\"elementor elementor-296\" data-elementor-post-type=\"page\">\n\t\t\t\t\t\t<section class=\"elementor-section elementor-top-section elementor-element elementor-element-9739d61 elementor-section-stretched elementor-section-height-min-height elementor-section-boxed elementor-section-height-default elementor-section-items-middle\" data-id=\"9739d61\" data-element_type=\"section\" data-settings=\"{&quot;stretch_section&quot;:&quot;section-stretched&quot;,&quot;background_background&quot;:&quot;classic&quot;}\">\n\t\t\t\t\t\t<div class=\"elementor-container elementor-column-gap-default\">\n\t\t\t\t\t<div class=\"elementor-column elementor-col-100 elementor-top-column elementor-element elementor-element-9ab5f6d\" data-id=\"9ab5f6d\" data-element_type=\"column\">\n\t\t\t<div class=\"elementor-widget-wrap elementor-element-populated\">\n\t\t\t\t\t\t<div class=\"elementor-element elementor-element-0cd6ab5 elementor-widget elementor-widget-heading\" data-id=\"0cd6ab5\" data-element_type=\"widget\" data-widget_type=\"heading.default\">\n\t\t\t\t<div class=\"elementor-widget-container\">\n\t\t\t\t\t<h2 class=\"elementor-heading-title elementor-size-default\">Filtre seu conte\u00fado aqui<\/h2>\t\t\t\t<\/div>\n\t\t\t\t<\/div>\n\t\t\t\t<div class=\"elementor-element elementor-element-c70e834 elementor-widget elementor-widget-wp-widget-search_filter_register_widget\" data-id=\"c70e834\" data-element_type=\"widget\" data-widget_type=\"wp-widget-search_filter_register_widget.default\">\n\t\t\t\t<div class=\"elementor-widget-container\">\n\t\t\t\t\t<form data-sf-form-id='132930' data-is-rtl='0' data-maintain-state='' data-results-url='https:\/\/sme.goiania.go.gov.br\/conexaoescola\/?sfid=132930' data-ajax-form-url='https:\/\/sme.goiania.go.gov.br\/conexaoescola\/?sfid=132930&amp;sf_action=get_data&amp;sf_data=form' data-display-result-method='archive' data-use-history-api='1' data-template-loaded='0' data-lang-code='pt' data-ajax='0' data-init-paged='1' data-auto-update='' action='https:\/\/sme.goiania.go.gov.br\/conexaoescola\/?sfid=132930' method='post' class='searchandfilter' id='search-filter-form-132930' autocomplete='off' data-instance-count='1'><ul><li class=\"sf-field-taxonomy-serie\" data-sf-field-name=\"_sft_serie\" data-sf-field-type=\"taxonomy\" data-sf-field-input-type=\"select\" data-sf-term-rewrite='[\"https:\\\/\\\/sme.goiania.go.gov.br\\\/conexaoescola\\\/serie\\\/[0]\\\/\"]'>\t\t<label>\r\n\t\t\t\t<select name=\"_sft_serie[]\" class=\"sf-input-select\" title=\"\">\r\n\t\t\t\r\n\t\t\t\t\t\t<option class=\"sf-level-0 sf-item-0 sf-option-active\" selected=\"selected\" data-sf-count=\"0\" data-sf-depth=\"0\" value=\"\">Todas as S\u00e9ries<\/option>\r\n\t\t\t\t\t\t<option class=\"sf-level-0 sf-item-70\" data-sf-count=\"330\" data-sf-depth=\"0\" value=\"1a-serie\">1\u00aa S\u00e9rie<\/option>\r\n\t\t\t\t\t\t<option class=\"sf-level-0 sf-item-71\" data-sf-count=\"285\" data-sf-depth=\"0\" value=\"2a-serie\">2\u00aa S\u00e9rie<\/option>\r\n\t\t\t\t\t\t<option class=\"sf-level-0 sf-item-72\" data-sf-count=\"273\" data-sf-depth=\"0\" value=\"3a-serie\">3\u00aa S\u00e9rie<\/option>\r\n\t\t\t\t\t\t<option class=\"sf-level-0 sf-item-73\" data-sf-count=\"253\" data-sf-depth=\"0\" value=\"4a-serie\">4\u00aa S\u00e9rie<\/option>\r\n\t\t\t\t\t\t<option class=\"sf-level-0 sf-item-74\" data-sf-count=\"502\" data-sf-depth=\"0\" value=\"5a-serie\">5\u00aa S\u00e9rie<\/option>\r\n\t\t\t\t\t\t<option class=\"sf-level-0 sf-item-75\" data-sf-count=\"509\" data-sf-depth=\"0\" value=\"6a-serie\">6\u00aa S\u00e9rie<\/option>\r\n\t\t\t\t\t\t<option class=\"sf-level-0 sf-item-76\" data-sf-count=\"508\" data-sf-depth=\"0\" value=\"7a-serie\">7\u00aa S\u00e9rie<\/option>\r\n\t\t\t\t\t\t<option class=\"sf-level-0 sf-item-100\" data-sf-count=\"472\" data-sf-depth=\"0\" value=\"8a-serie\">8\u00aa S\u00e9rie<\/option>\r\n\t\t\t\t\t<\/select>\r\n\t\t<\/label>\t\t<\/li><li class=\"sf-field-taxonomy-eaja_componente\" data-sf-field-name=\"_sft_eaja_componente\" data-sf-field-type=\"taxonomy\" data-sf-field-input-type=\"select\" data-sf-term-rewrite='[\"https:\\\/\\\/sme.goiania.go.gov.br\\\/conexaoescola\\\/eaja_componente\\\/[0]\\\/\"]'>\t\t<label>\r\n\t\t\t\t<select name=\"_sft_eaja_componente[]\" class=\"sf-input-select\" title=\"\">\r\n\t\t\t\r\n\t\t\t\t\t\t<option class=\"sf-level-0 sf-item-0 sf-option-active\" selected=\"selected\" data-sf-count=\"0\" data-sf-depth=\"0\" value=\"\">Todos os Componentes<\/option>\r\n\t\t\t\t\t\t<option class=\"sf-level-0 sf-item-83\" data-sf-count=\"291\" data-sf-depth=\"0\" value=\"arte\">Arte<\/option>\r\n\t\t\t\t\t\t<option class=\"sf-level-0 sf-item-82\" data-sf-count=\"308\" data-sf-depth=\"0\" value=\"ciencias-da-natureza\">Ci\u00eancias da Natureza<\/option>\r\n\t\t\t\t\t\t<option class=\"sf-level-0 sf-item-81\" data-sf-count=\"452\" data-sf-depth=\"0\" value=\"educacao-fisica\">Educa\u00e7\u00e3o F\u00edsica<\/option>\r\n\t\t\t\t\t\t<option class=\"sf-level-0 sf-item-80\" data-sf-count=\"371\" data-sf-depth=\"0\" value=\"geografia\">Geografia<\/option>\r\n\t\t\t\t\t\t<option class=\"sf-level-0 sf-item-79\" data-sf-count=\"308\" data-sf-depth=\"0\" value=\"historia\">Hist\u00f3ria<\/option>\r\n\t\t\t\t\t\t<option class=\"sf-level-0 sf-item-102\" data-sf-count=\"150\" data-sf-depth=\"0\" value=\"lingua-inglesa\">L\u00edngua Inglesa<\/option>\r\n\t\t\t\t\t\t<option class=\"sf-level-0 sf-item-77\" data-sf-count=\"622\" data-sf-depth=\"0\" value=\"lingua-portuguesa\">L\u00edngua Portuguesa<\/option>\r\n\t\t\t\t\t\t<option class=\"sf-level-0 sf-item-78\" data-sf-count=\"568\" data-sf-depth=\"0\" value=\"matematica\">Matem\u00e1tica<\/option>\r\n\t\t\t\t\t<\/select>\r\n\t\t<\/label>\t\t<\/li><li class=\"sf-field-submit\" data-sf-field-name=\"submit\" data-sf-field-type=\"submit\" data-sf-field-input-type=\"\"><input type=\"submit\" name=\"_sf_submit\" value=\"FILTRAR\"><\/li><\/ul><\/form>\t\t\t\t<\/div>\n\t\t\t\t<\/div>\n\t\t\t\t\t<\/div>\n\t\t<\/div>\n\t\t\t\t\t<\/div>\n\t\t<\/section>\n\t\t\t\t<\/div>\n\t\t","protected":false},"excerpt":{"rendered":"<p>Filtre seu conte\u00fado aqui<\/p>\n","protected":false},"author":1,"featured_media":0,"parent":0,"menu_order":0,"comment_status":"closed","ping_status":"closed","template":"page-eaja.php","meta":{"_acf_changed":false,"ocean_post_layout":"full-screen","ocean_both_sidebars_style":"","ocean_both_sidebars_content_width":75,"ocean_both_sidebars_sidebars_width":25,"ocean_sidebar":"0","ocean_second_sidebar":"0","ocean_disable_margins":"on","ocean_add_body_class":"","ocean_shortcode_before_top_bar":"","ocean_shortcode_after_top_bar":"","ocean_shortcode_before_header":"","ocean_shortcode_after_header":"","ocean_has_shortcode":"","ocean_shortcode_after_title":"","ocean_shortcode_before_footer_widgets":"","ocean_shortcode_after_footer_widgets":"","ocean_shortcode_before_footer_bottom":"","ocean_shortcode_after_footer_bottom":"","ocean_display_top_bar":"off","ocean_display_header":"default","ocean_header_style":"","ocean_center_header_left_menu":"0","ocean_custom_header_template":"0","ocean_custom_logo":0,"ocean_custom_retina_logo":0,"ocean_custom_logo_max_width":0,"ocean_custom_logo_tablet_max_width":0,"ocean_custom_logo_mobile_max_width":0,"ocean_custom_logo_max_height":0,"ocean_custom_logo_tablet_max_height":0,"ocean_custom_logo_mobile_max_height":0,"ocean_header_custom_menu":"0","ocean_menu_typo_font_family":"0","ocean_menu_typo_font_subset":"","ocean_menu_typo_font_size":0,"ocean_menu_typo_font_size_tablet":0,"ocean_menu_typo_font_size_mobile":0,"ocean_menu_typo_font_size_unit":"px","ocean_menu_typo_font_weight":"","ocean_menu_typo_font_weight_tablet":"","ocean_menu_typo_font_weight_mobile":"","ocean_menu_typo_transform":"","ocean_menu_typo_transform_tablet":"","ocean_menu_typo_transform_mobile":"","ocean_menu_typo_line_height":0,"ocean_menu_typo_line_height_tablet":0,"ocean_menu_typo_line_height_mobile":0,"ocean_menu_typo_line_height_unit":"","ocean_menu_typo_spacing":0,"ocean_menu_typo_spacing_tablet":0,"ocean_menu_typo_spacing_mobile":0,"ocean_menu_typo_spacing_unit":"","ocean_menu_link_color":"","ocean_menu_link_color_hover":"","ocean_menu_link_color_active":"","ocean_menu_link_background":"","ocean_menu_link_hover_background":"","ocean_menu_link_active_background":"","ocean_menu_social_links_bg":"","ocean_menu_social_hover_links_bg":"","ocean_menu_social_links_color":"","ocean_menu_social_hover_links_color":"","ocean_disable_title":"on","ocean_disable_heading":"default","ocean_post_title":"","ocean_post_subheading":"","ocean_post_title_style":"","ocean_post_title_background_color":"","ocean_post_title_background":0,"ocean_post_title_bg_image_position":"","ocean_post_title_bg_image_attachment":"","ocean_post_title_bg_image_repeat":"","ocean_post_title_bg_image_size":"","ocean_post_title_height":0,"ocean_post_title_bg_overlay":0.5,"ocean_post_title_bg_overlay_color":"","ocean_disable_breadcrumbs":"off","ocean_breadcrumbs_color":"","ocean_breadcrumbs_separator_color":"","ocean_breadcrumbs_links_color":"","ocean_breadcrumbs_links_hover_color":"","ocean_display_footer_widgets":"default","ocean_display_footer_bottom":"default","ocean_custom_footer_template":"0","footnotes":""},"class_list":["post-296","page","type-page","status-publish","hentry","entry"],"acf":[],"_links":{"self":[{"href":"https:\/\/sme.goiania.go.gov.br\/conexaoescola\/wp-json\/wp\/v2\/pages\/296","targetHints":{"allow":["GET"]}}],"collection":[{"href":"https:\/\/sme.goiania.go.gov.br\/conexaoescola\/wp-json\/wp\/v2\/pages"}],"about":[{"href":"https:\/\/sme.goiania.go.gov.br\/conexaoescola\/wp-json\/wp\/v2\/types\/page"}],"author":[{"embeddable":true,"href":"https:\/\/sme.goiania.go.gov.br\/conexaoescola\/wp-json\/wp\/v2\/users\/1"}],"replies":[{"embeddable":true,"href":"https:\/\/sme.goiania.go.gov.br\/conexaoescola\/wp-json\/wp\/v2\/comments?post=296"}],"version-history":[{"count":0,"href":"https:\/\/sme.goiania.go.gov.br\/conexaoescola\/wp-json\/wp\/v2\/pages\/296\/revisions"}],"wp:attachment":[{"href":"https:\/\/sme.goiania.go.gov.br\/conexaoescola\/wp-json\/wp\/v2\/media?parent=296"}],"curies":[{"name":"wp","href":"https:\/\/api.w.org\/{rel}","templated":true}]}}