{"id":853,"date":"2020-04-20T21:17:37","date_gmt":"2020-04-21T00:17:37","guid":{"rendered":"http:\/\/sme.goiania.go.gov.br\/conexaoescola\/?post_type=ensino_fundamental&#038;p=853"},"modified":"2021-11-26T17:20:12","modified_gmt":"2021-11-26T19:20:12","slug":"ai-que-vontade-de-comprar-2","status":"publish","type":"ensino_fundamental","link":"https:\/\/sme.goiania.go.gov.br\/conexaoescola\/ensino_fundamental\/ai-que-vontade-de-comprar-2\/","title":{"rendered":"Ai que vontade de comprar!!!"},"content":{"rendered":"\n<figure class=\"wp-block-embed is-type-video is-provider-youtube wp-block-embed-youtube wp-embed-aspect-16-9 wp-has-aspect-ratio\"><div class=\"wp-block-embed__wrapper\">\n<p class=\"responsive-video-wrap clr\"><iframe title=\"Educa\u00e7\u00e3o Financeira\" width=\"1200\" height=\"675\" src=\"https:\/\/www.youtube.com\/embed\/FaKT0vi2UQQ?feature=oembed\" frameborder=\"0\" allow=\"accelerometer; autoplay; clipboard-write; encrypted-media; gyroscope; picture-in-picture\" allowfullscreen><\/iframe><\/p>\n<\/div><figcaption><strong>Clique Na Imagem Para Assistir Ao V\u00eddeo<\/strong><\/figcaption><\/figure>\n\n\n\n<p class=\"has-medium-font-size\"><br><strong>Voc\u00ea j\u00e1 sentiu uma vontade enorme de comprar alguma coisa que quer muito?<\/strong> Quando passamos por isso, o melhor \u00e9 acalmar o cora\u00e7\u00e3o, respirar fundo e analisar toda a situa\u00e7\u00e3o.<\/p>\n\n\n\n<p class=\"has-medium-font-size\">A Educa\u00e7\u00e3o Matem\u00e1tica traz conhecimentos que <strong>nos ajudam a refletir<\/strong> sobre a maneira mais acertada de lidar com o dinheiro.<\/p>\n\n\n\n<p class=\"has-medium-font-size\"><strong>Assista ao v\u00eddeo abaixo \u201cEu vou levar\u201d<\/strong>, postada no Youtube pelo Canal Banco Central do Brasil e perceba o que aconteceu com o personagem que comprava sem pensar.<\/p>\n\n\n\n<figure class=\"wp-block-embed is-type-video is-provider-youtube wp-block-embed-youtube wp-embed-aspect-16-9 wp-has-aspect-ratio\"><div class=\"wp-block-embed__wrapper\">\n<p class=\"responsive-video-wrap clr\"><iframe title=\"Eu vou levar - S\u00e9rie &quot;Eu e meu dinheiro&quot;\" width=\"1200\" height=\"675\" src=\"https:\/\/www.youtube.com\/embed\/FdTip4SdWMw?feature=oembed\" frameborder=\"0\" allow=\"accelerometer; autoplay; clipboard-write; encrypted-media; gyroscope; picture-in-picture\" allowfullscreen><\/iframe><\/p>\n<\/div><figcaption><strong>Clique Na Imagem Para Assistir Ao V\u00eddeo<\/strong><\/figcaption><\/figure>\n\n\n\n<p class=\"has-medium-font-size\">Voc\u00ea reconhece, em sua pr\u00f3pria vida, alguma situa\u00e7\u00e3o parecida com a apresentada nesse v\u00eddeo? Pode ser com qualquer outro produto que voc\u00ea j\u00e1 quis comprar.&nbsp;<\/p>\n\n\n\n<p class=\"has-medium-font-size\"><strong>Registre no caderno <\/strong>a diferen\u00e7a entre a<strong> necessidade <\/strong>e o<strong> desejo <\/strong>de comprar<strong>. Exemplifique.<\/strong><\/p>\n\n\n\n<hr class=\"wp-block-separator\"\/>\n\n\n\n<p class=\"has-medium-font-size\">Al\u00e9m de pensar nos crit\u00e9rios de necessidade e prioridade, tamb\u00e9m \u00e9 preciso refletir acerca de mais dois elementos, quando o assunto \u00e9 utilizar bem o dinheiro: a quantidade de dinheiro que gastamos para sobreviver (<strong>custo de vida<\/strong>) e a quantidade de dinheiro que recebemos (<strong>renda<\/strong>).<\/p>\n\n\n\n<p class=\"has-medium-font-size\">Vamos investigar mais sobre isso?&nbsp; <strong>CLIQUE NO LINK AZUL ABAIXO:<\/strong><br><a href=\"https:\/\/www.dieese.org.br\/analisecestabasica\/2020\/202002cestabasica.pdf\">https:\/\/www.dieese.org.br\/analisecestabasica\/2020\/202002cestabasica.pdf<\/a><\/p>\n\n\n\n<p class=\"has-medium-font-size\"><br>No texto, a DIEESE publicou uma pesquisa muito interessante. <strong>Registre no caderno os seguintes dados<\/strong>:<\/p>\n\n\n\n<p><\/p>\n\n\n\n<ol class=\"has-pale-ocean-gradient-background has-background has-medium-font-size wp-block-list\"><li>Qual \u00e9 o assunto tratado no texto?<\/li><li>Qual o valor necess\u00e1rio para a sobreviv\u00eancia de uma fam\u00edlia de 4 pessoas? Qual \u00e9 a diferen\u00e7a entre o sal\u00e1rio m\u00ednimo real e o valor que o DIEESE afirma ser preciso que um trabalhador receba?<\/li><li>Qual \u00e9 o assunto apresentado na tabela da segunda p\u00e1gina?<\/li><li>Quais informa\u00e7\u00f5es do custo de vida est\u00e3o presentes na tabela?<\/li><li>Quais capitais brasileiras t\u00eam o maior custo da cesta b\u00e1sica? E o menor?<\/li><li>Encontre a rela\u00e7\u00e3o entre custo da cesta b\u00e1sica e o tempo de trabalho. Em qual das capitais \u00e9 necess\u00e1rio trabalhar mais tempo para ter acesso a uma cesta b\u00e1sica?<br><\/li><\/ol>\n\n\n\n<hr class=\"wp-block-separator\"\/>\n\n\n\n<p class=\"has-medium-font-size\">Para finalizar essa jornada de descobertas a respeito do uso adequado do dinheiro, do custo de vida e da renda, abra o link abaixo. Veja que o <strong>Governo Federal <\/strong>est\u00e1 propondo <strong>ajuda financeira <\/strong>para esse momento de distanciamento social, necess\u00e1rio para a prote\u00e7\u00e3o da sociedade frente \u00e0 situa\u00e7\u00e3o de contamina\u00e7\u00e3o pelo coronav\u00edrus.<br><br><a href=\"https:\/\/g1.globo.com\/economia\/noticia\/2020\/03\/27\/quem-deve-ter-direito-e-como-deve-funcionar-o-auxilio-de-r-600-para-trabalhadores-informais.ghtml\">https:\/\/g1.globo.com\/economia\/noticia\/2020\/03\/27\/quem-deve-ter-direito-e-como-deve-funcionar-o-auxilio-de-r-600-para-trabalhadores-informais.ghtml<\/a><\/p>\n\n\n\n<p class=\"has-medium-font-size\">Reflita acerca do valor do aux\u00edlio financeiro do Governo Federal. Analise os valores do custo da cesta b\u00e1sica nas diferentes capitais e fa\u00e7a uma rela\u00e7\u00e3o. Escreva no seu caderno a respeito das conclus\u00f5es que voc\u00ea chegou.<\/p>\n\n\n\n<p class=\"has-text-align-center has-medium-font-size\"><br><strong>Excelente jornada de investiga\u00e7\u00e3o, hein? At\u00e9 a pr\u00f3xima!!<\/strong><\/p>\n\n\n\n<hr class=\"wp-block-separator\"\/>\n\n\n\n<p class=\"has-text-align-center has-medium-font-size\"><br>Ensino Fundamental &#8211; Ciclo da Adolesc\u00eancia &#8211; 8\u00ba e 9\u00ba<\/p>\n","protected":false},"author":8,"featured_media":487,"template":"","ef_categoria":[],"ef_ano":[91,92],"ef_componente":[94],"class_list":["post-853","ensino_fundamental","type-ensino_fundamental","status-publish","has-post-thumbnail","hentry","ef_ano-8o-ano","ef_ano-9o-ano","ef_componente-matematica","entry","has-media"],"acf":[],"_links":{"self":[{"href":"https:\/\/sme.goiania.go.gov.br\/conexaoescola\/wp-json\/wp\/v2\/ensino_fundamental\/853","targetHints":{"allow":["GET"]}}],"collection":[{"href":"https:\/\/sme.goiania.go.gov.br\/conexaoescola\/wp-json\/wp\/v2\/ensino_fundamental"}],"about":[{"href":"https:\/\/sme.goiania.go.gov.br\/conexaoescola\/wp-json\/wp\/v2\/types\/ensino_fundamental"}],"author":[{"embeddable":true,"href":"https:\/\/sme.goiania.go.gov.br\/conexaoescola\/wp-json\/wp\/v2\/users\/8"}],"version-history":[{"count":0,"href":"https:\/\/sme.goiania.go.gov.br\/conexaoescola\/wp-json\/wp\/v2\/ensino_fundamental\/853\/revisions"}],"wp:featuredmedia":[{"embeddable":true,"href":"https:\/\/sme.goiania.go.gov.br\/conexaoescola\/wp-json\/wp\/v2\/media\/487"}],"wp:attachment":[{"href":"https:\/\/sme.goiania.go.gov.br\/conexaoescola\/wp-json\/wp\/v2\/media?parent=853"}],"wp:term":[{"taxonomy":"ef_categoria","embeddable":true,"href":"https:\/\/sme.goiania.go.gov.br\/conexaoescola\/wp-json\/wp\/v2\/ef_categoria?post=853"},{"taxonomy":"ef_ano","embeddable":true,"href":"https:\/\/sme.goiania.go.gov.br\/conexaoescola\/wp-json\/wp\/v2\/ef_ano?post=853"},{"taxonomy":"ef_componente","embeddable":true,"href":"https:\/\/sme.goiania.go.gov.br\/conexaoescola\/wp-json\/wp\/v2\/ef_componente?post=853"}],"curies":[{"name":"wp","href":"https:\/\/api.w.org\/{rel}","templated":true}]}}

<figure class="wp-block-embed is-type-video is-provider-youtube wp-block-embed-youtube wp-embed-aspect-16-9 wp-has-aspect-ratio"><div class="wp-block-embed__wrapper">
<p class="responsive-video-wrap clr"><iframe title="Educação Financeira" width="1200" height="675" src="https://www.youtube.com/embed/FaKT0vi2UQQ?feature=oembed" frameborder="0" allow="accelerometer; autoplay; clipboard-write; encrypted-media; gyroscope; picture-in-picture" allowfullscreen></iframe></p>
</div><figcaption><strong>Clique Na Imagem Para Assistir Ao Vídeo</strong></figcaption></figure>



<p class="has-medium-font-size"><br><strong>Você já sentiu uma vontade enorme de comprar alguma coisa que quer muito?</strong> Quando passamos por isso, o melhor é acalmar o coração, respirar fundo e analisar toda a situação.</p>



<p class="has-medium-font-size">A Educação Matemática traz conhecimentos que <strong>nos ajudam a refletir</strong> sobre a maneira mais acertada de lidar com o dinheiro.</p>



<p class="has-medium-font-size"><strong>Assista ao vídeo abaixo “Eu vou levar”</strong>, postada no Youtube pelo Canal Banco Central do Brasil e perceba o que aconteceu com o personagem que comprava sem pensar.</p>



<figure class="wp-block-embed is-type-video is-provider-youtube wp-block-embed-youtube wp-embed-aspect-16-9 wp-has-aspect-ratio"><div class="wp-block-embed__wrapper">
<p class="responsive-video-wrap clr"><iframe title="Eu vou levar - Série &quot;Eu e meu dinheiro&quot;" width="1200" height="675" src="https://www.youtube.com/embed/FdTip4SdWMw?feature=oembed" frameborder="0" allow="accelerometer; autoplay; clipboard-write; encrypted-media; gyroscope; picture-in-picture" allowfullscreen></iframe></p>
</div><figcaption><strong>Clique Na Imagem Para Assistir Ao Vídeo</strong></figcaption></figure>



<p class="has-medium-font-size">Você reconhece, em sua própria vida, alguma situação parecida com a apresentada nesse vídeo? Pode ser com qualquer outro produto que você já quis comprar.&nbsp;</p>



<p class="has-medium-font-size"><strong>Registre no caderno </strong>a diferença entre a<strong> necessidade </strong>e o<strong> desejo </strong>de comprar<strong>. Exemplifique.</strong></p>



<hr class="wp-block-separator"/>



<p class="has-medium-font-size">Além de pensar nos critérios de necessidade e prioridade, também é preciso refletir acerca de mais dois elementos, quando o assunto é utilizar bem o dinheiro: a quantidade de dinheiro que gastamos para sobreviver (<strong>custo de vida</strong>) e a quantidade de dinheiro que recebemos (<strong>renda</strong>).</p>



<p class="has-medium-font-size">Vamos investigar mais sobre isso?&nbsp; <strong>CLIQUE NO LINK AZUL ABAIXO:</strong><br><a href="https://www.dieese.org.br/analisecestabasica/2020/202002cestabasica.pdf">https://www.dieese.org.br/analisecestabasica/2020/202002cestabasica.pdf</a></p>



<p class="has-medium-font-size"><br>No texto, a DIEESE publicou uma pesquisa muito interessante. <strong>Registre no caderno os seguintes dados</strong>:</p>



<p></p>



<ol class="has-pale-ocean-gradient-background has-background has-medium-font-size wp-block-list"><li>Qual é o assunto tratado no texto?</li><li>Qual o valor necessário para a sobrevivência de uma família de 4 pessoas? Qual é a diferença entre o salário mínimo real e o valor que o DIEESE afirma ser preciso que um trabalhador receba?</li><li>Qual é o assunto apresentado na tabela da segunda página?</li><li>Quais informações do custo de vida estão presentes na tabela?</li><li>Quais capitais brasileiras têm o maior custo da cesta básica? E o menor?</li><li>Encontre a relação entre custo da cesta básica e o tempo de trabalho. Em qual das capitais é necessário trabalhar mais tempo para ter acesso a uma cesta básica?<br></li></ol>



<hr class="wp-block-separator"/>



<p class="has-medium-font-size">Para finalizar essa jornada de descobertas a respeito do uso adequado do dinheiro, do custo de vida e da renda, abra o link abaixo. Veja que o <strong>Governo Federal </strong>está propondo <strong>ajuda financeira </strong>para esse momento de distanciamento social, necessário para a proteção da sociedade frente à situação de contaminação pelo coronavírus.<br><br><a href="https://g1.globo.com/economia/noticia/2020/03/27/quem-deve-ter-direito-e-como-deve-funcionar-o-auxilio-de-r-600-para-trabalhadores-informais.ghtml">https://g1.globo.com/economia/noticia/2020/03/27/quem-deve-ter-direito-e-como-deve-funcionar-o-auxilio-de-r-600-para-trabalhadores-informais.ghtml</a></p>



<p class="has-medium-font-size">Reflita acerca do valor do auxílio financeiro do Governo Federal. Analise os valores do custo da cesta básica nas diferentes capitais e faça uma relação. Escreva no seu caderno a respeito das conclusões que você chegou.</p>



<p class="has-text-align-center has-medium-font-size"><br><strong>Excelente jornada de investigação, hein? Até a próxima!!</strong></p>



<hr class="wp-block-separator"/>



<p class="has-text-align-center has-medium-font-size"><br>Ensino Fundamental &#8211; Ciclo da Adolescência &#8211; 8º e 9º</p>
