{"id":84807,"date":"2020-12-14T07:00:00","date_gmt":"2020-12-14T09:00:00","guid":{"rendered":"https:\/\/sme.goiania.go.gov.br\/conexaoescola\/?post_type=ensino_fundamental&#038;p=84807"},"modified":"2021-11-25T10:29:47","modified_gmt":"2021-11-25T12:29:47","slug":"solidariedade-em-acao","status":"publish","type":"ensino_fundamental","link":"https:\/\/sme.goiania.go.gov.br\/conexaoescola\/ensino_fundamental\/solidariedade-em-acao\/","title":{"rendered":"L\u00edngua Portuguesa &#8211; Solidariedade em a\u00e7\u00e3o"},"content":{"rendered":"\n<p class=\"has-drop-cap has-pale-cyan-blue-background-color has-text-color has-background has-medium-font-size\" style=\"color:#000000\">Ol\u00e1 pessoal, espero que estejam todos bem, se cuidando com muita paci\u00eancia e vontade de aprender. Vamos juntos, conhecer, ler e interagir, com pessoas, personalidades e a\u00e7\u00f5es que nos levam a pensar em um mundo melhor?<\/p>\n\n\n\n<hr class=\"wp-block-separator\"\/>\n\n\n\n<p class=\"has-medium-font-size\">Temos vivido um tempo totalmente diferente de tudo que estamos acostumados, distante de pessoas que amamos, do trabalho, da escola , dos amigos. E, em momentos assim, temos que reavaliar nossos valores e prioridades, entre eles podemos aprender a ser solid\u00e1rios uns com os outros.<\/p>\n\n\n\n<p class=\"has-vivid-purple-background-color has-text-color has-background has-medium-font-size\" style=\"color:#ffffff\">Atividade 1 <\/p>\n\n\n\n<p class=\"has-medium-font-size\">Para come\u00e7ar, vamos ler um texto sobre solidariedade ao pr\u00f3ximo: Uma hist\u00f3ria de solidariedade, de um autor desconhecido.<br>Dispon\u00edvel em:<br><a rel=\"noreferrer noopener\" href=\"https:\/\/pt.aleteia.org\/2014\/10\/03\/uma-historia-de-solidariedade\/\" target=\"_blank\">https:\/\/pt.aleteia.org\/2014\/10\/03\/uma-historia-de-solidariedade\/<\/a><br>( Uma hist\u00f3ria de Solidariedade\u201d ,autor desconhecido, site: Aleteia)<br>Agora que j\u00e1 conhece essa bel\u00edssima hist\u00f3ria, vamos ver se voc\u00ea a compreendeu a partir dos seguintes questionamentos: O que voc\u00ea pensa sobre a atitude do protagonista? O conto ocorreu em que ambiente? Quais sensa\u00e7\u00f5es esse lugar nos traz? Tente imaginar como \u00e9 o quarto do hospital em que os meninos estavam.<\/p>\n\n\n\n<p class=\"has-vivid-cyan-blue-background-color has-background has-medium-font-size\"><strong>Atividade 2<\/strong><\/p>\n\n\n\n<p class=\"has-medium-font-size\">Sabemos que a nossa hist\u00f3ria \u00e9 feita por pessoas que lutam contra as desigualdades sociais e por direitos iguais para todos, entre eles temos Nelson Mandela, homem de garra e fibra, olha s\u00f3 o que ele diz sobre solidariedade:<\/p>\n\n\n\n<div class=\"wp-block-image\"><figure class=\"aligncenter size-large\"><img fetchpriority=\"high\" decoding=\"async\" width=\"701\" height=\"534\" src=\"https:\/\/sme.goiania.go.gov.br\/conexaoescola\/wp-content\/uploads\/2020\/12\/mandela-e1607814756836.jpeg\" alt=\"\" class=\"wp-image-84809\" srcset=\"https:\/\/sme.goiania.go.gov.br\/conexaoescola\/wp-content\/uploads\/2020\/12\/mandela-e1607814756836.jpeg 701w, https:\/\/sme.goiania.go.gov.br\/conexaoescola\/wp-content\/uploads\/2020\/12\/mandela-e1607814756836-300x229.jpeg 300w\" sizes=\"(max-width: 701px) 100vw, 701px\" \/><figcaption>Nelson Mandela, in Wolk to Freedom,<a href=\"https:\/\/www.portalescolarclicks.com.br\/projeto-solidariedade\/\" target=\"_blank\" rel=\"noreferrer noopener\"> https:\/\/www.portalescolarclicks.com.br\/projeto-solidariedade\/<\/a><\/figcaption><\/figure><\/div>\n\n\n\n<p class=\"has-medium-font-size\">Voc\u00ea conhece o autor desta mensagem? Conhecido por toda parte o l\u00edder sul-africano j\u00e1 foi vencedor do Nobel da Paz e espalhou por todo planeta li\u00e7\u00f5es de igualdade e justi\u00e7a. Que tal conhecer um pouco a sua biografia?<br><a rel=\"noreferrer noopener\" href=\"https:\/\/brasilescola.uol.com.br\/biografia\/nelson-mandela.htm\" target=\"_blank\"><strong>https:\/\/brasilescola.uol.com.br\/biografia\/nelson-mandela.htm<\/strong><\/a><br>(Nelson Mandela, site: Brasil Escola)<br>A partir da mensagem lida, produza mensagens solid\u00e1rias, usando o editor de texto e a internet para enviar para seus amigos, colegas de sala, vizinhos ou familiares.<\/p>\n\n\n\n<p class=\"has-very-light-gray-background-color has-text-color has-background has-medium-font-size\" style=\"color:#000000\"><strong>Atividade 3<\/strong><\/p>\n\n\n\n<p class=\"has-medium-font-size\">Aprendemos o significado de solidariedade quando doamos de cora\u00e7\u00e3o e assim, nos sentimos imensamente recompensados. Assista \u00e0 anima\u00e7\u00e3o e mergulhe nesse sentimento:. O cachorrinho e a Gar\u00e7a<\/p>\n\n\n\n<figure class=\"wp-block-embed is-type-video is-provider-youtube wp-block-embed-youtube wp-embed-aspect-16-9 wp-has-aspect-ratio\"><div class=\"wp-block-embed__wrapper\">\n<p class=\"responsive-video-wrap clr\"><iframe title=\"O cachorrinho e a gar\u00e7a, curta de anima\u00e7\u00e3o, by Passion Pictures\" width=\"1200\" height=\"675\" src=\"https:\/\/www.youtube.com\/embed\/Av85KfekZt4?feature=oembed\" frameborder=\"0\" allow=\"accelerometer; autoplay; clipboard-write; encrypted-media; gyroscope; picture-in-picture\" allowfullscreen><\/iframe><\/p>\n<\/div><figcaption><a href=\"https:\/\/www.youtube.com\/watch?v=Av85KfekZt4\" target=\"_blank\" rel=\"noreferrer noopener\">(O cachorrinho e a gar\u00e7a) curta de anima\u00e7\u00e3o, by Passion Pictures<\/a><\/figcaption><\/figure>\n\n\n\n<p class=\"has-medium-font-size\">Ap\u00f3s assistir o v\u00eddeo, escreva um relato de solidariedade, real o fict\u00edcio, que voc\u00ea ou algu\u00e9m de sua fam\u00edlia participou. Esteja atento(a) aos sinais de pontua\u00e7\u00e3o, par\u00e1grafos e a organiza\u00e7\u00e3o do texto.<\/p>\n\n\n\n<p class=\"has-very-light-gray-background-color has-background has-medium-font-size\"><strong>Saiba mais<\/strong><\/p>\n\n\n\n<p class=\"has-medium-font-size\">A Universidade Federal de Goi\u00e1s realiza um belo trabalho solid\u00e1rio para com pessoas de maior vulnerabilidade social, inclusive estrangeiros, d\u00ea uma olhadinha: <a href=\"https:\/\/ufg.br\/ufgsolidaria\" target=\"_blank\" rel=\"noreferrer noopener\">https:\/\/ufg.br\/ufgsolidaria<\/a><br>E nesse momento de pandemia, a solidariedade tem ajudado muitas fam\u00edlias, montando cozinhas solid\u00e1rias.<br><a href=\"https:\/\/www.aredacao.com.br\/noticias\/134883\/cozinhas-comunitarias-em-goiania-ajudam-familias-afetadas-pela-pandemia\" target=\"_blank\" rel=\"noreferrer noopener\">https:\/\/www.aredacao.com.br\/noticias\/134883\/cozinhas-comunitarias-em-goiania-ajudam-familias-afetadas-pela-pandemia<\/a><\/p>\n\n\n\n<figure class=\"wp-block-table\"><table><tbody><tr><td>Objeto de Conhecimento<\/td><td>Estrat\u00e9gias de leitura, apreender os sentidos globais do texto. Valores sociais, culturais e humanos em textos liter\u00e1rios.<\/td><\/tr><tr><td>Habilidades<\/td><td>(EF69LP44-A) Inferir a presen\u00e7a de valores sociais, culturais, humanos e de diferentes vis\u00f5es de mundo, em textos liter\u00e1rios.<br>(EF69LP02-C) Perceber a constru\u00e7\u00e3o composicional e o estilo dos g\u00eaneros em quest\u00e3o, como forma de ampliar suas possibilidades de compreens\u00e3o (e produ\u00e7\u00e3o) de textos.<\/td><\/tr><tr><td>Proponentes\/ Professores:<\/td><td>Simone Cassimiro da Silva Benetti<br>Fabr\u00edcia Monteiro Valente <br>Weslene Martins da Silva Ferreira<\/td><\/tr><tr><td>Institui\u00e7\u00e3o Educacional:<\/td><td>Escola Municipal Santo Ant\u00f4nio<\/td><\/tr><tr><td>CRE:<\/td><td>CENTRAL<\/td><\/tr><\/tbody><\/table><\/figure>\n\n\n\n<hr class=\"wp-block-separator\"\/>\n\n\n\n<p class=\"has-text-align-center\">Ciclo da Adolesc\u00eancia \u2013 Turma H (8\u00ba ano) \u2013 \u00c9tica e Cidadania<\/p>\n","protected":false},"author":28,"featured_media":84811,"template":"","ef_categoria":[16,36],"ef_ano":[91],"ef_componente":[93],"class_list":["post-84807","ensino_fundamental","type-ensino_fundamental","status-publish","has-post-thumbnail","hentry","ef_categoria-ciclo-da-adolescencia-hi","ef_categoria-etica-e-cidadania-ciclo-da-adolescencia-hi","ef_ano-8o-ano","ef_componente-portugues","entry","has-media"],"acf":[],"_links":{"self":[{"href":"https:\/\/sme.goiania.go.gov.br\/conexaoescola\/wp-json\/wp\/v2\/ensino_fundamental\/84807","targetHints":{"allow":["GET"]}}],"collection":[{"href":"https:\/\/sme.goiania.go.gov.br\/conexaoescola\/wp-json\/wp\/v2\/ensino_fundamental"}],"about":[{"href":"https:\/\/sme.goiania.go.gov.br\/conexaoescola\/wp-json\/wp\/v2\/types\/ensino_fundamental"}],"author":[{"embeddable":true,"href":"https:\/\/sme.goiania.go.gov.br\/conexaoescola\/wp-json\/wp\/v2\/users\/28"}],"version-history":[{"count":0,"href":"https:\/\/sme.goiania.go.gov.br\/conexaoescola\/wp-json\/wp\/v2\/ensino_fundamental\/84807\/revisions"}],"wp:featuredmedia":[{"embeddable":true,"href":"https:\/\/sme.goiania.go.gov.br\/conexaoescola\/wp-json\/wp\/v2\/media\/84811"}],"wp:attachment":[{"href":"https:\/\/sme.goiania.go.gov.br\/conexaoescola\/wp-json\/wp\/v2\/media?parent=84807"}],"wp:term":[{"taxonomy":"ef_categoria","embeddable":true,"href":"https:\/\/sme.goiania.go.gov.br\/conexaoescola\/wp-json\/wp\/v2\/ef_categoria?post=84807"},{"taxonomy":"ef_ano","embeddable":true,"href":"https:\/\/sme.goiania.go.gov.br\/conexaoescola\/wp-json\/wp\/v2\/ef_ano?post=84807"},{"taxonomy":"ef_componente","embeddable":true,"href":"https:\/\/sme.goiania.go.gov.br\/conexaoescola\/wp-json\/wp\/v2\/ef_componente?post=84807"}],"curies":[{"name":"wp","href":"https:\/\/api.w.org\/{rel}","templated":true}]}}

Língua Portuguesa &#8211; Solidariedade em ação

<p class="has-drop-cap has-pale-cyan-blue-background-color has-text-color has-background has-medium-font-size" style="color:#000000">Olá pessoal, espero que estejam todos bem, se cuidando com muita paciência e vontade de aprender. Vamos juntos, conhecer, ler e interagir, com pessoas, personalidades e ações que nos levam a pensar em um mundo melhor?</p>



<hr class="wp-block-separator"/>



<p class="has-medium-font-size">Temos vivido um tempo totalmente diferente de tudo que estamos acostumados, distante de pessoas que amamos, do trabalho, da escola , dos amigos. E, em momentos assim, temos que reavaliar nossos valores e prioridades, entre eles podemos aprender a ser solidários uns com os outros.</p>



<p class="has-vivid-purple-background-color has-text-color has-background has-medium-font-size" style="color:#ffffff">Atividade 1 </p>



<p class="has-medium-font-size">Para começar, vamos ler um texto sobre solidariedade ao próximo: Uma história de solidariedade, de um autor desconhecido.<br>Disponível em:<br><a rel="noreferrer noopener" href="https://pt.aleteia.org/2014/10/03/uma-historia-de-solidariedade/" target="_blank">https://pt.aleteia.org/2014/10/03/uma-historia-de-solidariedade/</a><br>( Uma história de Solidariedade” ,autor desconhecido, site: Aleteia)<br>Agora que já conhece essa belíssima história, vamos ver se você a compreendeu a partir dos seguintes questionamentos: O que você pensa sobre a atitude do protagonista? O conto ocorreu em que ambiente? Quais sensações esse lugar nos traz? Tente imaginar como é o quarto do hospital em que os meninos estavam.</p>



<p class="has-vivid-cyan-blue-background-color has-background has-medium-font-size"><strong>Atividade 2</strong></p>



<p class="has-medium-font-size">Sabemos que a nossa história é feita por pessoas que lutam contra as desigualdades sociais e por direitos iguais para todos, entre eles temos Nelson Mandela, homem de garra e fibra, olha só o que ele diz sobre solidariedade:</p>



<div class="wp-block-image"><figure class="aligncenter size-large"><img fetchpriority="high" decoding="async" width="701" height="534" src="https://sme.goiania.go.gov.br/conexaoescola/wp-content/uploads/2020/12/mandela-e1607814756836.jpeg" alt="" class="wp-image-84809" srcset="https://sme.goiania.go.gov.br/conexaoescola/wp-content/uploads/2020/12/mandela-e1607814756836.jpeg 701w, https://sme.goiania.go.gov.br/conexaoescola/wp-content/uploads/2020/12/mandela-e1607814756836-300x229.jpeg 300w" sizes="(max-width: 701px) 100vw, 701px" /><figcaption>Nelson Mandela, in Wolk to Freedom,<a href="https://www.portalescolarclicks.com.br/projeto-solidariedade/" target="_blank" rel="noreferrer noopener"> https://www.portalescolarclicks.com.br/projeto-solidariedade/</a></figcaption></figure></div>



<p class="has-medium-font-size">Você conhece o autor desta mensagem? Conhecido por toda parte o líder sul-africano já foi vencedor do Nobel da Paz e espalhou por todo planeta lições de igualdade e justiça. Que tal conhecer um pouco a sua biografia?<br><a rel="noreferrer noopener" href="https://brasilescola.uol.com.br/biografia/nelson-mandela.htm" target="_blank"><strong>https://brasilescola.uol.com.br/biografia/nelson-mandela.htm</strong></a><br>(Nelson Mandela, site: Brasil Escola)<br>A partir da mensagem lida, produza mensagens solidárias, usando o editor de texto e a internet para enviar para seus amigos, colegas de sala, vizinhos ou familiares.</p>



<p class="has-very-light-gray-background-color has-text-color has-background has-medium-font-size" style="color:#000000"><strong>Atividade 3</strong></p>



<p class="has-medium-font-size">Aprendemos o significado de solidariedade quando doamos de coração e assim, nos sentimos imensamente recompensados. Assista à animação e mergulhe nesse sentimento:. O cachorrinho e a Garça</p>



<figure class="wp-block-embed is-type-video is-provider-youtube wp-block-embed-youtube wp-embed-aspect-16-9 wp-has-aspect-ratio"><div class="wp-block-embed__wrapper">
<p class="responsive-video-wrap clr"><iframe title="O cachorrinho e a garça, curta de animação, by Passion Pictures" width="1200" height="675" src="https://www.youtube.com/embed/Av85KfekZt4?feature=oembed" frameborder="0" allow="accelerometer; autoplay; clipboard-write; encrypted-media; gyroscope; picture-in-picture" allowfullscreen></iframe></p>
</div><figcaption><a href="https://www.youtube.com/watch?v=Av85KfekZt4" target="_blank" rel="noreferrer noopener">(O cachorrinho e a garça) curta de animação, by Passion Pictures</a></figcaption></figure>



<p class="has-medium-font-size">Após assistir o vídeo, escreva um relato de solidariedade, real o fictício, que você ou alguém de sua família participou. Esteja atento(a) aos sinais de pontuação, parágrafos e a organização do texto.</p>



<p class="has-very-light-gray-background-color has-background has-medium-font-size"><strong>Saiba mais</strong></p>



<p class="has-medium-font-size">A Universidade Federal de Goiás realiza um belo trabalho solidário para com pessoas de maior vulnerabilidade social, inclusive estrangeiros, dê uma olhadinha: <a href="https://ufg.br/ufgsolidaria" target="_blank" rel="noreferrer noopener">https://ufg.br/ufgsolidaria</a><br>E nesse momento de pandemia, a solidariedade tem ajudado muitas famílias, montando cozinhas solidárias.<br><a href="https://www.aredacao.com.br/noticias/134883/cozinhas-comunitarias-em-goiania-ajudam-familias-afetadas-pela-pandemia" target="_blank" rel="noreferrer noopener">https://www.aredacao.com.br/noticias/134883/cozinhas-comunitarias-em-goiania-ajudam-familias-afetadas-pela-pandemia</a></p>



<figure class="wp-block-table"><table><tbody><tr><td>Objeto de Conhecimento</td><td>Estratégias de leitura, apreender os sentidos globais do texto. Valores sociais, culturais e humanos em textos literários.</td></tr><tr><td>Habilidades</td><td>(EF69LP44-A) Inferir a presença de valores sociais, culturais, humanos e de diferentes visões de mundo, em textos literários.<br>(EF69LP02-C) Perceber a construção composicional e o estilo dos gêneros em questão, como forma de ampliar suas possibilidades de compreensão (e produção) de textos.</td></tr><tr><td>Proponentes/ Professores:</td><td>Simone Cassimiro da Silva Benetti<br>Fabrícia Monteiro Valente <br>Weslene Martins da Silva Ferreira</td></tr><tr><td>Instituição Educacional:</td><td>Escola Municipal Santo Antônio</td></tr><tr><td>CRE:</td><td>CENTRAL</td></tr></tbody></table></figure>



<hr class="wp-block-separator"/>



<p class="has-text-align-center">Ciclo da Adolescência – Turma H (8º ano) – Ética e Cidadania</p>
