{"id":84795,"date":"2020-12-14T07:00:00","date_gmt":"2020-12-14T09:00:00","guid":{"rendered":"https:\/\/sme.goiania.go.gov.br\/conexaoescola\/?post_type=ensino_fundamental&#038;p=84795"},"modified":"2021-11-09T11:49:42","modified_gmt":"2021-11-09T13:49:42","slug":"globalizacao-e-a-pandemia","status":"publish","type":"ensino_fundamental","link":"https:\/\/sme.goiania.go.gov.br\/conexaoescola\/ensino_fundamental\/globalizacao-e-a-pandemia\/","title":{"rendered":"Geografia &#8211; Globaliza\u00e7\u00e3o e a \u2018Pandemia\u2019"},"content":{"rendered":"\n<p class=\"has-drop-cap has-luminous-vivid-amber-background-color has-text-color has-background has-medium-font-size\" style=\"color:#000000\">Ol\u00e1, vamos falar sobre a globaliza\u00e7\u00e3o, tema bem pertinente para o atual momento que estamos vivendo.<\/p>\n\n\n\n<hr class=\"wp-block-separator\"\/>\n\n\n\n<p class=\"has-medium-font-size\">O que inicialmente foi uma epidemia localizada na regi\u00e3o de Wuhan, China, progressivamente se expandiu, se transformando em uma \u201cPandemia\u201d de dif\u00edcil controle para os sistemas nacionais de sa\u00fade p\u00fablica. Este momento hist\u00f3rico, torna-se prop\u00edcio para o surgimento de diversas inova\u00e7\u00f5es tecnol\u00f3gicas, modificando-se a forma de comunica\u00e7\u00e3o, transporte de pessoas e objetos e, at\u00e9 mesmo, possibilitando a circula\u00e7\u00e3o de novas doen\u00e7as, muta\u00e7\u00f5es virais, ainda desconhecidas pelos cientistas. Nos \u00faltimos anos, foram constatados o surgimento de v\u00e1rias doen\u00e7as, por exemplo, o ebola na \u00c1frica Ocidental (2013-2016), a gripe causada pelo v\u00edrus H1N1 (2009-2010), entre diversos outros surtos.<br>Diante do exposto, podemos nos perguntar:<br>\u201cAt\u00e9 que ponto a globaliza\u00e7\u00e3o facilita a dissemina\u00e7\u00e3o de pandemias?\u201d<\/p>\n\n\n\n<p class=\"has-medium-font-size\">Registre as atividades propostas no seu caderno.<br>Assista as v\u00eddeo aulas e responda :<br><\/p>\n\n\n\n<p class=\"has-medium-font-size\">1- Defina globaliza\u00e7\u00e3o com suas palavras (v\u00eddeo 1)<br><\/p>\n\n\n\n<p class=\"has-medium-font-size\">2- Quais s\u00e3o as fases da globaliza\u00e7\u00e3o? (v\u00eddeo 1)<br><\/p>\n\n\n\n<p class=\"has-medium-font-size\">3- Como a tecnologia diminui as dist\u00e2ncias no nosso planeta? ( v\u00eddeo 1)<br><\/p>\n\n\n\n<p class=\"has-medium-font-size\">4- Defina: ( v\u00eddeo 2)<br>\u2022 Endemia<br>\u2022 Surto<br>\u2022 Epidemia<br>\u2022 pandemia<br><\/p>\n\n\n\n<p class=\"has-medium-font-size\">5- Como a globaliza\u00e7\u00e3o ajudou a disseminar o Coronav\u00edrus? (V\u00eddeo 3)<\/p>\n\n\n\n<hr class=\"wp-block-separator\"\/>\n\n\n\n<p><strong>V\u00cdDEO 1<\/strong><\/p>\n\n\n\n<figure class=\"wp-block-embed is-type-video is-provider-youtube wp-block-embed-youtube wp-embed-aspect-16-9 wp-has-aspect-ratio\"><div class=\"wp-block-embed__wrapper\">\n<p class=\"responsive-video-wrap clr\"><iframe title=\"Geografia - Aula 08 - Globaliza\u00e7\u00e3o\" width=\"1200\" height=\"675\" src=\"https:\/\/www.youtube.com\/embed\/Db-RoMb0aeM?feature=oembed\" frameborder=\"0\" allow=\"accelerometer; autoplay; clipboard-write; encrypted-media; gyroscope; picture-in-picture\" allowfullscreen><\/iframe><\/p>\n<\/div><figcaption><a href=\"https:\/\/www.youtube.com\/watch?v=Db-RoMb0aeM&amp;feature=youtu.be\" target=\"_blank\" rel=\"noreferrer noopener\">Geografia &#8211; Aula 08 &#8211; Globaliza\u00e7\u00e3o &#8211; Canal Aulalivre &#8211; Enem 2020 e vestibulares &#8211; YouTube<\/a><\/figcaption><\/figure>\n\n\n\n<hr class=\"wp-block-separator\"\/>\n\n\n\n<p><strong>V\u00cdDEO 2<\/strong><\/p>\n\n\n\n<figure class=\"wp-block-embed is-type-video is-provider-youtube wp-block-embed-youtube wp-embed-aspect-16-9 wp-has-aspect-ratio\"><div class=\"wp-block-embed__wrapper\">\n<p class=\"responsive-video-wrap clr\"><iframe title=\"Coronav\u00edrus e Globaliza\u00e7\u00e3o - Videoaula\" width=\"1200\" height=\"675\" src=\"https:\/\/www.youtube.com\/embed\/D6fm-0Dk8-w?feature=oembed\" frameborder=\"0\" allow=\"accelerometer; autoplay; clipboard-write; encrypted-media; gyroscope; picture-in-picture\" allowfullscreen><\/iframe><\/p>\n<\/div><figcaption><a href=\"https:\/\/www.youtube.com\/watch?v=D6fm-0Dk8-w&amp;feature=youtu.be\" target=\"_blank\" rel=\"noreferrer noopener\">Coronav\u00edrus e Globaliza\u00e7\u00e3o &#8211; Videoaula &#8211; Canal Gabriel Augustus &#8211; YouTube<\/a><\/figcaption><\/figure>\n\n\n\n<hr class=\"wp-block-separator\"\/>\n\n\n\n<p class=\"has-medium-font-size\"><strong>V\u00cdDEO 3<\/strong><\/p>\n\n\n\n<figure class=\"wp-block-embed is-type-video is-provider-youtube wp-block-embed-youtube wp-embed-aspect-16-9 wp-has-aspect-ratio\"><div class=\"wp-block-embed__wrapper\">\n<p class=\"responsive-video-wrap clr\"><iframe title=\"Como a globaliza\u00e7\u00e3o ajudou a disseminar o coronav\u00edrus\" width=\"1200\" height=\"675\" src=\"https:\/\/www.youtube.com\/embed\/q1zw7coiWgw?feature=oembed\" frameborder=\"0\" allow=\"accelerometer; autoplay; clipboard-write; encrypted-media; gyroscope; picture-in-picture\" allowfullscreen><\/iframe><\/p>\n<\/div><figcaption><a href=\"https:\/\/www.youtube.com\/watch?v=q1zw7coiWgw&amp;feature=youtu.be\" target=\"_blank\" rel=\"noreferrer noopener\">Como a globaliza\u00e7\u00e3o ajudou a disseminar o coronav\u00edrus &#8211; Canal Record News &#8211; YouTube<\/a><\/figcaption><\/figure>\n\n\n\n<hr class=\"wp-block-separator\"\/>\n\n\n\n<p class=\"has-vivid-red-background-color has-text-color has-background has-medium-font-size\" style=\"color:#ffffff\"><strong>Saiba Mais | Refer\u00eancias<\/strong><\/p>\n\n\n\n<p>\u2022 <strong><a href=\"https:\/\/domtotal.com\/noticia\/1437069\/2020\/04\/o-surgimento-da-pandemia-da-covid-19-na-sociedade-globalizada\/\" target=\"_blank\" rel=\"noreferrer noopener\">https:\/\/domtotal.com\/noticia\/1437069\/2020\/04\/o-surgimento-da-pandemia-da-covid-19-na-sociedade-globalizada\/<\/a><\/strong><br>\u2022<strong><a href=\"https:\/\/www1.folha.uol.com.br\/mundo\/2020\/04\/o-coronavirus-e-a-globalizacao.shtml\" target=\"_blank\" rel=\"noreferrer noopener\"> https:\/\/www1.folha.uol.com.br\/mundo\/2020\/04\/o-coronavirus-e-a-globalizacao.shtml<\/a><\/strong><br>\u2022<a href=\"https:\/\/racismoambiental.net.br\/2020\/05\/05\/a-globalizacao-e-a-covid-19\/\" target=\"_blank\" rel=\"noreferrer noopener\"><strong> https:\/\/racismoambiental.net.br\/2020\/05\/05\/a-globalizacao-e-a-covid-19\/<\/strong><\/a><\/p>\n\n\n\n<hr class=\"wp-block-separator\"\/>\n\n\n\n<figure class=\"wp-block-table\"><table><tbody><tr><td><strong>Objeto de Conhecimento<\/strong><\/td><td>GLOBALIZA\u00c7\u00c3O E MUNDIALIZA\u00c7\u00c3O<\/td><\/tr><tr><td><strong>Habilidades<\/strong><\/td><td>(EF09GE01-A) Compreender o progresso de regionaliza\u00e7\u00e3o mundial, globaliza\u00e7\u00e3o e mundializa\u00e7\u00e3o.<br>(EF09GE01-B) Se conhecer dentro do processo de globaliza\u00e7\u00e3o como agente ativo desse processo.<\/td><\/tr><tr><td><strong>Proponentes\/ Professores:<\/strong><\/td><td>J\u00daLIA BARRETO DE MELO<\/td><\/tr><tr><td><strong>Institui\u00e7\u00e3o Educacional:<\/strong><\/td><td>ESCOLA MUNICIPAL ALICE COUTINHO<\/td><\/tr><tr><td><strong>CRE:<\/strong><\/td><td>CENTRAL<\/td><\/tr><\/tbody><\/table><\/figure>\n\n\n\n<hr class=\"wp-block-separator\"\/>\n\n\n\n<p class=\"has-text-align-center\">Ciclo da Adolesc\u00eancia \u2013 Turma I (9\u00ba ano) \u2013 \u00c9tica e Cidadania<\/p>\n","protected":false},"author":20,"featured_media":84799,"template":"","ef_categoria":[16,36],"ef_ano":[92],"ef_componente":[96],"class_list":["post-84795","ensino_fundamental","type-ensino_fundamental","status-publish","has-post-thumbnail","hentry","ef_categoria-ciclo-da-adolescencia-hi","ef_categoria-etica-e-cidadania-ciclo-da-adolescencia-hi","ef_ano-9o-ano","ef_componente-geografia","entry","has-media"],"acf":[],"_links":{"self":[{"href":"https:\/\/sme.goiania.go.gov.br\/conexaoescola\/wp-json\/wp\/v2\/ensino_fundamental\/84795","targetHints":{"allow":["GET"]}}],"collection":[{"href":"https:\/\/sme.goiania.go.gov.br\/conexaoescola\/wp-json\/wp\/v2\/ensino_fundamental"}],"about":[{"href":"https:\/\/sme.goiania.go.gov.br\/conexaoescola\/wp-json\/wp\/v2\/types\/ensino_fundamental"}],"author":[{"embeddable":true,"href":"https:\/\/sme.goiania.go.gov.br\/conexaoescola\/wp-json\/wp\/v2\/users\/20"}],"version-history":[{"count":0,"href":"https:\/\/sme.goiania.go.gov.br\/conexaoescola\/wp-json\/wp\/v2\/ensino_fundamental\/84795\/revisions"}],"wp:featuredmedia":[{"embeddable":true,"href":"https:\/\/sme.goiania.go.gov.br\/conexaoescola\/wp-json\/wp\/v2\/media\/84799"}],"wp:attachment":[{"href":"https:\/\/sme.goiania.go.gov.br\/conexaoescola\/wp-json\/wp\/v2\/media?parent=84795"}],"wp:term":[{"taxonomy":"ef_categoria","embeddable":true,"href":"https:\/\/sme.goiania.go.gov.br\/conexaoescola\/wp-json\/wp\/v2\/ef_categoria?post=84795"},{"taxonomy":"ef_ano","embeddable":true,"href":"https:\/\/sme.goiania.go.gov.br\/conexaoescola\/wp-json\/wp\/v2\/ef_ano?post=84795"},{"taxonomy":"ef_componente","embeddable":true,"href":"https:\/\/sme.goiania.go.gov.br\/conexaoescola\/wp-json\/wp\/v2\/ef_componente?post=84795"}],"curies":[{"name":"wp","href":"https:\/\/api.w.org\/{rel}","templated":true}]}}

Geografia &#8211; Globalização e a ‘Pandemia’

<p class="has-drop-cap has-luminous-vivid-amber-background-color has-text-color has-background has-medium-font-size" style="color:#000000">Olá, vamos falar sobre a globalização, tema bem pertinente para o atual momento que estamos vivendo.</p>



<hr class="wp-block-separator"/>



<p class="has-medium-font-size">O que inicialmente foi uma epidemia localizada na região de Wuhan, China, progressivamente se expandiu, se transformando em uma “Pandemia” de difícil controle para os sistemas nacionais de saúde pública. Este momento histórico, torna-se propício para o surgimento de diversas inovações tecnológicas, modificando-se a forma de comunicação, transporte de pessoas e objetos e, até mesmo, possibilitando a circulação de novas doenças, mutações virais, ainda desconhecidas pelos cientistas. Nos últimos anos, foram constatados o surgimento de várias doenças, por exemplo, o ebola na África Ocidental (2013-2016), a gripe causada pelo vírus H1N1 (2009-2010), entre diversos outros surtos.<br>Diante do exposto, podemos nos perguntar:<br>“Até que ponto a globalização facilita a disseminação de pandemias?”</p>



<p class="has-medium-font-size">Registre as atividades propostas no seu caderno.<br>Assista as vídeo aulas e responda :<br></p>



<p class="has-medium-font-size">1- Defina globalização com suas palavras (vídeo 1)<br></p>



<p class="has-medium-font-size">2- Quais são as fases da globalização? (vídeo 1)<br></p>



<p class="has-medium-font-size">3- Como a tecnologia diminui as distâncias no nosso planeta? ( vídeo 1)<br></p>



<p class="has-medium-font-size">4- Defina: ( vídeo 2)<br>• Endemia<br>• Surto<br>• Epidemia<br>• pandemia<br></p>



<p class="has-medium-font-size">5- Como a globalização ajudou a disseminar o Coronavírus? (Vídeo 3)</p>



<hr class="wp-block-separator"/>



<p><strong>VÍDEO 1</strong></p>



<figure class="wp-block-embed is-type-video is-provider-youtube wp-block-embed-youtube wp-embed-aspect-16-9 wp-has-aspect-ratio"><div class="wp-block-embed__wrapper">
<p class="responsive-video-wrap clr"><iframe title="Geografia - Aula 08 - Globalização" width="1200" height="675" src="https://www.youtube.com/embed/Db-RoMb0aeM?feature=oembed" frameborder="0" allow="accelerometer; autoplay; clipboard-write; encrypted-media; gyroscope; picture-in-picture" allowfullscreen></iframe></p>
</div><figcaption><a href="https://www.youtube.com/watch?v=Db-RoMb0aeM&amp;feature=youtu.be" target="_blank" rel="noreferrer noopener">Geografia &#8211; Aula 08 &#8211; Globalização &#8211; Canal Aulalivre &#8211; Enem 2020 e vestibulares &#8211; YouTube</a></figcaption></figure>



<hr class="wp-block-separator"/>



<p><strong>VÍDEO 2</strong></p>



<figure class="wp-block-embed is-type-video is-provider-youtube wp-block-embed-youtube wp-embed-aspect-16-9 wp-has-aspect-ratio"><div class="wp-block-embed__wrapper">
<p class="responsive-video-wrap clr"><iframe title="Coronavírus e Globalização - Videoaula" width="1200" height="675" src="https://www.youtube.com/embed/D6fm-0Dk8-w?feature=oembed" frameborder="0" allow="accelerometer; autoplay; clipboard-write; encrypted-media; gyroscope; picture-in-picture" allowfullscreen></iframe></p>
</div><figcaption><a href="https://www.youtube.com/watch?v=D6fm-0Dk8-w&amp;feature=youtu.be" target="_blank" rel="noreferrer noopener">Coronavírus e Globalização &#8211; Videoaula &#8211; Canal Gabriel Augustus &#8211; YouTube</a></figcaption></figure>



<hr class="wp-block-separator"/>



<p class="has-medium-font-size"><strong>VÍDEO 3</strong></p>



<figure class="wp-block-embed is-type-video is-provider-youtube wp-block-embed-youtube wp-embed-aspect-16-9 wp-has-aspect-ratio"><div class="wp-block-embed__wrapper">
<p class="responsive-video-wrap clr"><iframe title="Como a globalização ajudou a disseminar o coronavírus" width="1200" height="675" src="https://www.youtube.com/embed/q1zw7coiWgw?feature=oembed" frameborder="0" allow="accelerometer; autoplay; clipboard-write; encrypted-media; gyroscope; picture-in-picture" allowfullscreen></iframe></p>
</div><figcaption><a href="https://www.youtube.com/watch?v=q1zw7coiWgw&amp;feature=youtu.be" target="_blank" rel="noreferrer noopener">Como a globalização ajudou a disseminar o coronavírus &#8211; Canal Record News &#8211; YouTube</a></figcaption></figure>



<hr class="wp-block-separator"/>



<p class="has-vivid-red-background-color has-text-color has-background has-medium-font-size" style="color:#ffffff"><strong>Saiba Mais | Referências</strong></p>



<p>• <strong><a href="https://domtotal.com/noticia/1437069/2020/04/o-surgimento-da-pandemia-da-covid-19-na-sociedade-globalizada/" target="_blank" rel="noreferrer noopener">https://domtotal.com/noticia/1437069/2020/04/o-surgimento-da-pandemia-da-covid-19-na-sociedade-globalizada/</a></strong><br>•<strong><a href="https://www1.folha.uol.com.br/mundo/2020/04/o-coronavirus-e-a-globalizacao.shtml" target="_blank" rel="noreferrer noopener"> https://www1.folha.uol.com.br/mundo/2020/04/o-coronavirus-e-a-globalizacao.shtml</a></strong><br>•<a href="https://racismoambiental.net.br/2020/05/05/a-globalizacao-e-a-covid-19/" target="_blank" rel="noreferrer noopener"><strong> https://racismoambiental.net.br/2020/05/05/a-globalizacao-e-a-covid-19/</strong></a></p>



<hr class="wp-block-separator"/>



<figure class="wp-block-table"><table><tbody><tr><td><strong>Objeto de Conhecimento</strong></td><td>GLOBALIZAÇÃO E MUNDIALIZAÇÃO</td></tr><tr><td><strong>Habilidades</strong></td><td>(EF09GE01-A) Compreender o progresso de regionalização mundial, globalização e mundialização.<br>(EF09GE01-B) Se conhecer dentro do processo de globalização como agente ativo desse processo.</td></tr><tr><td><strong>Proponentes/ Professores:</strong></td><td>JÚLIA BARRETO DE MELO</td></tr><tr><td><strong>Instituição Educacional:</strong></td><td>ESCOLA MUNICIPAL ALICE COUTINHO</td></tr><tr><td><strong>CRE:</strong></td><td>CENTRAL</td></tr></tbody></table></figure>



<hr class="wp-block-separator"/>



<p class="has-text-align-center">Ciclo da Adolescência – Turma I (9º ano) – Ética e Cidadania</p>
