{"id":84750,"date":"2020-12-14T07:00:00","date_gmt":"2020-12-14T09:00:00","guid":{"rendered":"https:\/\/sme.goiania.go.gov.br\/conexaoescola\/?post_type=ensino_fundamental&#038;p=84750"},"modified":"2021-11-26T10:19:50","modified_gmt":"2021-11-26T12:19:50","slug":"conhecer-e-reconhecer-brincadeiras-e-jogos-para-aprender-a-respeitar-valores-e-regras","status":"publish","type":"ensino_fundamental","link":"https:\/\/sme.goiania.go.gov.br\/conexaoescola\/ensino_fundamental\/conhecer-e-reconhecer-brincadeiras-e-jogos-para-aprender-a-respeitar-valores-e-regras\/","title":{"rendered":"Educa\u00e7\u00e3o F\u00edsica &#8211; Conhecer e reconhecer brincadeiras e jogos para aprender a respeitar valores e regras"},"content":{"rendered":"\n<p class=\"has-drop-cap has-medium-font-size\">Ol\u00e1 hoje crian\u00e7as vamos conhecer um pouco mais sobre as brincadeiras populares brasileiras. Qual a import\u00e2ncia de conhecermos os jogos e as brincadeiras? Voc\u00eas sabiam que o Brasil \u00e9 resultado da mistura de diversas brincadeiras chegaram por aqui?&nbsp;Ent\u00e3o vamos descobrir e se conscientizar da import\u00e2ncia que ela representa em nossa cultura popular, elas est\u00e3o presentes no contexto comunit\u00e1rio e regional: Tendo seu conceito, sua hist\u00f3ria, seus valores e suas regras. Vamos conhecer alguns destes jogos e brincadeiras?<\/p>\n\n\n\n<hr class=\"wp-block-separator\"\/>\n\n\n\n<p class=\"has-pale-cyan-blue-background-color has-background has-medium-font-size\">Atividade 1:&nbsp;<\/p>\n\n\n\n<p class=\"has-medium-font-size\">Vamos ler com ajuda da pessoa que \u00e9 respons\u00e1vel por voc\u00ea a folha de S\u00e3o Paulo. Quais os nomes que s\u00e3o usados em algumas regi\u00f5es do pa\u00eds o nome amarelinha.<\/p>\n\n\n\n<p class=\"has-very-light-gray-color has-vivid-purple-background-color has-text-color has-background\"><a href=\"https:\/\/m.folha.uol.com.br\/folhinha\/2012\/02\/1049768-pelo-pais-criancas-pulam-amarelinha-com-desenhos-e-regras-diferentes.shtml?mobile\">https:\/\/m.folha.uol.com.br\/folhinha\/2012\/02\/1049768-pelo-pais-criancas-pulam-amarelinha-com-desenhos-e-regras-diferentes.shtml?mobile<\/a><\/p>\n\n\n\n<p class=\"has-pale-cyan-blue-background-color has-background has-medium-font-size\">Atividade 2:<\/p>\n\n\n\n<p class=\"has-medium-font-size\">Vamos conhecer um pouco sobre alguns tipos de amarelinha!&nbsp;&nbsp;<\/p>\n\n\n\n<p class=\"has-medium-font-size\">Vamos assistir aos v\u00eddeos como se brinca com cada uma delas:<\/p>\n\n\n\n<p class=\"has-medium-font-size\">Amarelinha tradicional (\u00c9 aquela que nossos av\u00f3s brincavam)<\/p>\n\n\n\n<figure class=\"wp-block-embed is-type-video is-provider-youtube wp-block-embed-youtube wp-embed-aspect-16-9 wp-has-aspect-ratio\"><div class=\"wp-block-embed__wrapper\">\n<p class=\"responsive-video-wrap clr\"><iframe title=\"Brincadeiras para fazer em casa - Amarelinha\" width=\"1200\" height=\"675\" src=\"https:\/\/www.youtube.com\/embed\/AwHL0RsBv58?feature=oembed\" frameborder=\"0\" allow=\"accelerometer; autoplay; clipboard-write; encrypted-media; gyroscope; picture-in-picture\" allowfullscreen><\/iframe><\/p>\n<\/div><figcaption>&#8220;Brincadeiras para fazer em casa &#8211; Amarelinha&#8221; Canal: <br>Comunica\u00e7\u00e3o &#8211; Clube AP &#8211; <a href=\"https:\/\/www.youtube.com\/watch?v=AwHL0RsBv58\">https:\/\/www.youtube.com\/watch?v=AwHL0RsBv58<\/a><\/figcaption><\/figure>\n\n\n\n<p class=\"has-medium-font-size\">Amarelinha africana ou Teca-teca original e com varia\u00e7\u00e3o&nbsp;<\/p>\n\n\n\n<figure class=\"wp-block-embed is-type-video is-provider-youtube wp-block-embed-youtube wp-embed-aspect-16-9 wp-has-aspect-ratio\"><div class=\"wp-block-embed__wrapper\">\n<p class=\"responsive-video-wrap clr\"><iframe title=\"Amarelinha Africana\" width=\"1200\" height=\"675\" src=\"https:\/\/www.youtube.com\/embed\/VdzvM7CQZFI?feature=oembed\" frameborder=\"0\" allow=\"accelerometer; autoplay; clipboard-write; encrypted-media; gyroscope; picture-in-picture\" allowfullscreen><\/iframe><\/p>\n<\/div><figcaption>&#8220;Amarelinha Africana &#8221; Canal: <a href=\"https:\/\/www.youtube.com\/channel\/UCaeNtwwFd1vBQ7DaqwnhcDA\">Thais Ferreira<\/a> &#8211; <a href=\"https:\/\/www.youtube.com\/watch?v=VdzvM7CQZFI\">https:\/\/www.youtube.com\/watch?v=VdzvM7CQZFI<\/a><\/figcaption><\/figure>\n\n\n\n<p class=\"has-medium-font-size\">Amarelinha do caracol com Tias Danuta e Carla<\/p>\n\n\n\n<figure class=\"wp-block-embed is-type-video is-provider-youtube wp-block-embed-youtube wp-embed-aspect-16-9 wp-has-aspect-ratio\"><div class=\"wp-block-embed__wrapper\">\n<p class=\"responsive-video-wrap clr\"><iframe title=\"Amarelinha do caracol  Tias Danuta e Carla  1\u00ba ano A\" width=\"1200\" height=\"675\" src=\"https:\/\/www.youtube.com\/embed\/HPrGqq7jlD8?feature=oembed\" frameborder=\"0\" allow=\"accelerometer; autoplay; clipboard-write; encrypted-media; gyroscope; picture-in-picture\" allowfullscreen><\/iframe><\/p>\n<\/div><figcaption>&#8220;Amarelinha do caracol Tias Danuta e Carla 1\u00ba ano A&#8221; Canal: <a href=\"https:\/\/www.youtube.com\/channel\/UC3JZ44TtAxma209hKG1czFA\">CEMJ-SANTA INES-MA<\/a> &#8211; <a href=\"https:\/\/www.youtube.com\/watch?v=HPrGqq7jlD8\">https:\/\/www.youtube.com\/watch?v=HPrGqq7jlD8<\/a><\/figcaption><\/figure>\n\n\n\n<p class=\"has-medium-font-size\">Ap\u00f3s o v\u00eddeo: Converse com seus pais, av\u00f3s ou outros parentes sobre quais amarelinhas eles conhecem e j\u00e1 brincaram alguma vez. Ser\u00e1 que a forma\u00e7\u00e3o de sua fam\u00edlia teve influ\u00eancia de alguma outra povo?<\/p>\n\n\n\n<p class=\"has-pale-cyan-blue-background-color has-background has-medium-font-size\">Atividade 3: <\/p>\n\n\n\n<p class=\"has-medium-font-size\">Agora que voc\u00ea j\u00e1 conhece as diferentes amarelinhas que tal brinca?. Chame algu\u00e9m para brincar com voc\u00ea.<\/p>\n\n\n\n<p class=\"has-medium-font-size\">Ap\u00f3s brincar. Qual a que voc\u00ea mais gostou? Agora \u00e9 hora de produzir! Voc\u00ea vai fazer um desenho da qual mais gostou de brincar. Escreva os nomes que s\u00e3o conhecidas o nome amarelinha em alguns estados. Quero ver voc\u00ea arrasar no desenho!!!<\/p>\n\n\n\n<hr class=\"wp-block-separator\"\/>\n\n\n\n<p><strong>Saiba Mais | Refer\u00eancias:<\/strong><\/p>\n\n\n\n<div class=\"wp-block-columns is-layout-flex wp-container-core-columns-is-layout-9d6595d7 wp-block-columns-is-layout-flex\">\n<div class=\"wp-block-column is-layout-flow wp-block-column-is-layout-flow\">\n<figure class=\"wp-block-embed is-type-video is-provider-youtube wp-block-embed-youtube wp-embed-aspect-16-9 wp-has-aspect-ratio\"><div class=\"wp-block-embed__wrapper\">\n<p class=\"responsive-video-wrap clr\"><iframe title=\"AMARELINHA AFRICANA\" width=\"1200\" height=\"675\" src=\"https:\/\/www.youtube.com\/embed\/SfGfBoPIo0w?feature=oembed\" frameborder=\"0\" allow=\"accelerometer; autoplay; clipboard-write; encrypted-media; gyroscope; picture-in-picture\" allowfullscreen><\/iframe><\/p>\n<\/div><figcaption>&#8220;Amarelinha Africana Teca Teca original e varia\u00e7\u00f5es&#8221; Canal: <a href=\"https:\/\/www.youtube.com\/channel\/UCcIKikpVnau7FYCc0wv9izw\">ABC do Jogo<\/a> &#8211; <a href=\"https:\/\/www.youtube.com\/watch?v=fI3xcXp0pJU\">https:\/\/www.youtube.com\/watch?v=fI3xcXp0pJU<\/a><\/figcaption><\/figure>\n<\/div>\n\n\n\n<div class=\"wp-block-column is-layout-flow wp-block-column-is-layout-flow\">\n<p class=\"has-very-light-gray-color has-vivid-purple-background-color has-text-color has-background\"><a href=\"https:\/\/super.abril.com.br\/blog\/oraculo\/de-onde-vem-o-nome-do-jogo-de-amarelinha\/\">https:\/\/super.abril.com.br\/blog\/oraculo\/de-onde-vem-o-nome-do-jogo-de-amarelinha\/<\/a><\/p>\n<\/div>\n<\/div>\n\n\n\n<hr class=\"wp-block-separator\"\/>\n\n\n\n<figure class=\"wp-block-table alignfull\"><table><tbody><tr><td><strong>Objeto de Conhecimento<\/strong><\/td><td><strong>Jogos e brincadeiras populares<\/strong><\/td><\/tr><tr><td><strong>Componente Curricular<\/strong><\/td><td><strong>Hist\u00f3ria e matem\u00e1tica<\/strong><\/td><\/tr><tr><td><strong>Habilidades<\/strong><\/td><td><strong>(GO-EF02EF01) Vivenciar, fruir e recriar diferentes brinquedos, brincadeiras e jogos da cultura popular, de diferentes caracter\u00edsticas, principalmente as cooperativas presentes no contexto comunit\u00e1rio e regional, reconhecendo e respeitando as diferen\u00e7as individuais.&nbsp;<\/strong><\/td><\/tr><\/tbody><\/table><\/figure>\n\n\n\n<hr class=\"wp-block-separator\"\/>\n\n\n\n<figure class=\"wp-block-table alignfull\"><table><tbody><tr><td><strong>Proponentes\/ Professores:<\/strong><\/td><td><br><strong>Simone Ara\u00fajo da Silva Borges<\/strong><\/td><\/tr><tr><td><strong>Institui\u00e7\u00e3o Educacional:<\/strong><\/td><td><strong>Escola Municipal Recanto do Bosque<\/strong><\/td><\/tr><tr><td><strong>CRE:<\/strong><\/td><td><strong>Maria Helena Bretas<\/strong><\/td><\/tr><\/tbody><\/table><\/figure>\n\n\n\n<hr class=\"wp-block-separator\"\/>\n\n\n\n<p>Ensino Fundamental &#8211; Ciclo da Inf\u00e2ncia &#8211; Turma &#8211; C ( 3\u00ba ano) &#8211; Corpo, Express\u00e3o e Movimento<\/p>\n","protected":false},"author":24,"featured_media":2890,"template":"","ef_categoria":[13,17],"ef_ano":[86],"ef_componente":[97],"class_list":["post-84750","ensino_fundamental","type-ensino_fundamental","status-publish","has-post-thumbnail","hentry","ef_categoria-ciclo-da-infancia-abc","ef_categoria-corpo-e-movimento","ef_ano-3o-ano","ef_componente-educacao-fisica","entry","has-media"],"acf":[],"_links":{"self":[{"href":"https:\/\/sme.goiania.go.gov.br\/conexaoescola\/wp-json\/wp\/v2\/ensino_fundamental\/84750","targetHints":{"allow":["GET"]}}],"collection":[{"href":"https:\/\/sme.goiania.go.gov.br\/conexaoescola\/wp-json\/wp\/v2\/ensino_fundamental"}],"about":[{"href":"https:\/\/sme.goiania.go.gov.br\/conexaoescola\/wp-json\/wp\/v2\/types\/ensino_fundamental"}],"author":[{"embeddable":true,"href":"https:\/\/sme.goiania.go.gov.br\/conexaoescola\/wp-json\/wp\/v2\/users\/24"}],"version-history":[{"count":0,"href":"https:\/\/sme.goiania.go.gov.br\/conexaoescola\/wp-json\/wp\/v2\/ensino_fundamental\/84750\/revisions"}],"wp:featuredmedia":[{"embeddable":true,"href":"https:\/\/sme.goiania.go.gov.br\/conexaoescola\/wp-json\/wp\/v2\/media\/2890"}],"wp:attachment":[{"href":"https:\/\/sme.goiania.go.gov.br\/conexaoescola\/wp-json\/wp\/v2\/media?parent=84750"}],"wp:term":[{"taxonomy":"ef_categoria","embeddable":true,"href":"https:\/\/sme.goiania.go.gov.br\/conexaoescola\/wp-json\/wp\/v2\/ef_categoria?post=84750"},{"taxonomy":"ef_ano","embeddable":true,"href":"https:\/\/sme.goiania.go.gov.br\/conexaoescola\/wp-json\/wp\/v2\/ef_ano?post=84750"},{"taxonomy":"ef_componente","embeddable":true,"href":"https:\/\/sme.goiania.go.gov.br\/conexaoescola\/wp-json\/wp\/v2\/ef_componente?post=84750"}],"curies":[{"name":"wp","href":"https:\/\/api.w.org\/{rel}","templated":true}]}}

Educação Física &#8211; Conhecer e reconhecer brincadeiras e jogos para aprender a respeitar valores e regras

<p class="has-drop-cap has-medium-font-size">Olá hoje crianças vamos conhecer um pouco mais sobre as brincadeiras populares brasileiras. Qual a importância de conhecermos os jogos e as brincadeiras? Vocês sabiam que o Brasil é resultado da mistura de diversas brincadeiras chegaram por aqui?&nbsp;Então vamos descobrir e se conscientizar da importância que ela representa em nossa cultura popular, elas estão presentes no contexto comunitário e regional: Tendo seu conceito, sua história, seus valores e suas regras. Vamos conhecer alguns destes jogos e brincadeiras?</p>



<hr class="wp-block-separator"/>



<p class="has-pale-cyan-blue-background-color has-background has-medium-font-size">Atividade 1:&nbsp;</p>



<p class="has-medium-font-size">Vamos ler com ajuda da pessoa que é responsável por você a folha de São Paulo. Quais os nomes que são usados em algumas regiões do país o nome amarelinha.</p>



<p class="has-very-light-gray-color has-vivid-purple-background-color has-text-color has-background"><a href="https://m.folha.uol.com.br/folhinha/2012/02/1049768-pelo-pais-criancas-pulam-amarelinha-com-desenhos-e-regras-diferentes.shtml?mobile">https://m.folha.uol.com.br/folhinha/2012/02/1049768-pelo-pais-criancas-pulam-amarelinha-com-desenhos-e-regras-diferentes.shtml?mobile</a></p>



<p class="has-pale-cyan-blue-background-color has-background has-medium-font-size">Atividade 2:</p>



<p class="has-medium-font-size">Vamos conhecer um pouco sobre alguns tipos de amarelinha!&nbsp;&nbsp;</p>



<p class="has-medium-font-size">Vamos assistir aos vídeos como se brinca com cada uma delas:</p>



<p class="has-medium-font-size">Amarelinha tradicional (É aquela que nossos avós brincavam)</p>



<figure class="wp-block-embed is-type-video is-provider-youtube wp-block-embed-youtube wp-embed-aspect-16-9 wp-has-aspect-ratio"><div class="wp-block-embed__wrapper">
<p class="responsive-video-wrap clr"><iframe title="Brincadeiras para fazer em casa - Amarelinha" width="1200" height="675" src="https://www.youtube.com/embed/AwHL0RsBv58?feature=oembed" frameborder="0" allow="accelerometer; autoplay; clipboard-write; encrypted-media; gyroscope; picture-in-picture" allowfullscreen></iframe></p>
</div><figcaption>&#8220;Brincadeiras para fazer em casa &#8211; Amarelinha&#8221; Canal: <br>Comunicação &#8211; Clube AP &#8211; <a href="https://www.youtube.com/watch?v=AwHL0RsBv58">https://www.youtube.com/watch?v=AwHL0RsBv58</a></figcaption></figure>



<p class="has-medium-font-size">Amarelinha africana ou Teca-teca original e com variação&nbsp;</p>



<figure class="wp-block-embed is-type-video is-provider-youtube wp-block-embed-youtube wp-embed-aspect-16-9 wp-has-aspect-ratio"><div class="wp-block-embed__wrapper">
<p class="responsive-video-wrap clr"><iframe title="Amarelinha Africana" width="1200" height="675" src="https://www.youtube.com/embed/VdzvM7CQZFI?feature=oembed" frameborder="0" allow="accelerometer; autoplay; clipboard-write; encrypted-media; gyroscope; picture-in-picture" allowfullscreen></iframe></p>
</div><figcaption>&#8220;Amarelinha Africana &#8221; Canal: <a href="https://www.youtube.com/channel/UCaeNtwwFd1vBQ7DaqwnhcDA">Thais Ferreira</a> &#8211; <a href="https://www.youtube.com/watch?v=VdzvM7CQZFI">https://www.youtube.com/watch?v=VdzvM7CQZFI</a></figcaption></figure>



<p class="has-medium-font-size">Amarelinha do caracol com Tias Danuta e Carla</p>



<figure class="wp-block-embed is-type-video is-provider-youtube wp-block-embed-youtube wp-embed-aspect-16-9 wp-has-aspect-ratio"><div class="wp-block-embed__wrapper">
<p class="responsive-video-wrap clr"><iframe title="Amarelinha do caracol  Tias Danuta e Carla  1º ano A" width="1200" height="675" src="https://www.youtube.com/embed/HPrGqq7jlD8?feature=oembed" frameborder="0" allow="accelerometer; autoplay; clipboard-write; encrypted-media; gyroscope; picture-in-picture" allowfullscreen></iframe></p>
</div><figcaption>&#8220;Amarelinha do caracol Tias Danuta e Carla 1º ano A&#8221; Canal: <a href="https://www.youtube.com/channel/UC3JZ44TtAxma209hKG1czFA">CEMJ-SANTA INES-MA</a> &#8211; <a href="https://www.youtube.com/watch?v=HPrGqq7jlD8">https://www.youtube.com/watch?v=HPrGqq7jlD8</a></figcaption></figure>



<p class="has-medium-font-size">Após o vídeo: Converse com seus pais, avós ou outros parentes sobre quais amarelinhas eles conhecem e já brincaram alguma vez. Será que a formação de sua família teve influência de alguma outra povo?</p>



<p class="has-pale-cyan-blue-background-color has-background has-medium-font-size">Atividade 3: </p>



<p class="has-medium-font-size">Agora que você já conhece as diferentes amarelinhas que tal brinca?. Chame alguém para brincar com você.</p>



<p class="has-medium-font-size">Após brincar. Qual a que você mais gostou? Agora é hora de produzir! Você vai fazer um desenho da qual mais gostou de brincar. Escreva os nomes que são conhecidas o nome amarelinha em alguns estados. Quero ver você arrasar no desenho!!!</p>



<hr class="wp-block-separator"/>



<p><strong>Saiba Mais | Referências:</strong></p>



<div class="wp-block-columns is-layout-flex wp-container-core-columns-is-layout-9d6595d7 wp-block-columns-is-layout-flex">
<div class="wp-block-column is-layout-flow wp-block-column-is-layout-flow">
<figure class="wp-block-embed is-type-video is-provider-youtube wp-block-embed-youtube wp-embed-aspect-16-9 wp-has-aspect-ratio"><div class="wp-block-embed__wrapper">
<p class="responsive-video-wrap clr"><iframe title="AMARELINHA AFRICANA" width="1200" height="675" src="https://www.youtube.com/embed/SfGfBoPIo0w?feature=oembed" frameborder="0" allow="accelerometer; autoplay; clipboard-write; encrypted-media; gyroscope; picture-in-picture" allowfullscreen></iframe></p>
</div><figcaption>&#8220;Amarelinha Africana Teca Teca original e variações&#8221; Canal: <a href="https://www.youtube.com/channel/UCcIKikpVnau7FYCc0wv9izw">ABC do Jogo</a> &#8211; <a href="https://www.youtube.com/watch?v=fI3xcXp0pJU">https://www.youtube.com/watch?v=fI3xcXp0pJU</a></figcaption></figure>
</div>



<div class="wp-block-column is-layout-flow wp-block-column-is-layout-flow">
<p class="has-very-light-gray-color has-vivid-purple-background-color has-text-color has-background"><a href="https://super.abril.com.br/blog/oraculo/de-onde-vem-o-nome-do-jogo-de-amarelinha/">https://super.abril.com.br/blog/oraculo/de-onde-vem-o-nome-do-jogo-de-amarelinha/</a></p>
</div>
</div>



<hr class="wp-block-separator"/>



<figure class="wp-block-table alignfull"><table><tbody><tr><td><strong>Objeto de Conhecimento</strong></td><td><strong>Jogos e brincadeiras populares</strong></td></tr><tr><td><strong>Componente Curricular</strong></td><td><strong>História e matemática</strong></td></tr><tr><td><strong>Habilidades</strong></td><td><strong>(GO-EF02EF01) Vivenciar, fruir e recriar diferentes brinquedos, brincadeiras e jogos da cultura popular, de diferentes características, principalmente as cooperativas presentes no contexto comunitário e regional, reconhecendo e respeitando as diferenças individuais.&nbsp;</strong></td></tr></tbody></table></figure>



<hr class="wp-block-separator"/>



<figure class="wp-block-table alignfull"><table><tbody><tr><td><strong>Proponentes/ Professores:</strong></td><td><br><strong>Simone Araújo da Silva Borges</strong></td></tr><tr><td><strong>Instituição Educacional:</strong></td><td><strong>Escola Municipal Recanto do Bosque</strong></td></tr><tr><td><strong>CRE:</strong></td><td><strong>Maria Helena Bretas</strong></td></tr></tbody></table></figure>



<hr class="wp-block-separator"/>



<p>Ensino Fundamental &#8211; Ciclo da Infância &#8211; Turma &#8211; C ( 3º ano) &#8211; Corpo, Expressão e Movimento</p>
