{"id":84747,"date":"2020-12-14T07:00:00","date_gmt":"2020-12-14T09:00:00","guid":{"rendered":"https:\/\/sme.goiania.go.gov.br\/conexaoescola\/?post_type=ensino_fundamental&#038;p=84747"},"modified":"2021-11-26T10:13:30","modified_gmt":"2021-11-26T12:13:30","slug":"ler-para-conhecer-os-generos","status":"publish","type":"ensino_fundamental","link":"https:\/\/sme.goiania.go.gov.br\/conexaoescola\/ensino_fundamental\/ler-para-conhecer-os-generos\/","title":{"rendered":"L\u00edngua Portuguesa &#8211; Ler para conhecer os g\u00eaneros."},"content":{"rendered":"\n<p class=\"has-drop-cap has-pale-cyan-blue-background-color has-background has-medium-font-size\">Boa tarde turminha! Hoje vamos aprender por meio dos v\u00eddeos, como \u00e9 f\u00e1cil narrar nossas alegrias, tristezas e outros acontecimentos do nosso dia a dia.<\/p>\n\n\n\n<hr class=\"wp-block-separator\"\/>\n\n\n\n<p class=\"has-very-light-gray-color has-very-dark-gray-background-color has-text-color has-background has-medium-font-size\"><strong>ATIVIDADE 1<\/strong><\/p>\n\n\n\n<p class=\"has-medium-font-size\">&nbsp;Vamos conhecer mais sobre \u201cO g\u00eanero di\u00e1rio?\u201d Veja o v\u00eddeo:&nbsp;<\/p>\n\n\n\n<figure class=\"wp-block-embed is-type-video is-provider-youtube wp-block-embed-youtube wp-embed-aspect-16-9 wp-has-aspect-ratio\"><div class=\"wp-block-embed__wrapper\">\n<p class=\"responsive-video-wrap clr\"><iframe title=\"Aula 1 Produ\u00e7\u00e3o textual di\u00e1rio\" width=\"1200\" height=\"675\" src=\"https:\/\/www.youtube.com\/embed\/zpMDxdbtn6w?feature=oembed\" frameborder=\"0\" allow=\"accelerometer; autoplay; clipboard-write; encrypted-media; gyroscope; picture-in-picture\" allowfullscreen><\/iframe><\/p>\n<\/div><figcaption>&#8220;Aula 1 Produ\u00e7\u00e3o textual di\u00e1rio&#8221; Canal: <a href=\"https:\/\/www.youtube.com\/channel\/UCZc_-YbNSW5ATE-VqlbkhGQ\">Professora Ka\u00edsa Fernandes<\/a> &#8211; <a href=\"https:\/\/www.youtube.com\/watch?v=zpMDxdbtn6w\">https:\/\/www.youtube.com\/watch?v=zpMDxdbtn6w<\/a><\/figcaption><\/figure>\n\n\n\n<p class=\"has-very-light-gray-color has-very-dark-gray-background-color has-text-color has-background has-medium-font-size\"><strong>&#8212;ATIVIDADE 2<\/strong><\/p>\n\n\n\n<p class=\"has-medium-font-size\">Vamos tamb\u00e9m conhecer o \u201cg\u00eanero Carta pessoal\u201d que podemos adotar no nosso dia a dia. Vejam em: <\/p>\n\n\n\n<figure class=\"wp-block-embed is-type-video is-provider-youtube wp-block-embed-youtube wp-embed-aspect-16-9 wp-has-aspect-ratio\"><div class=\"wp-block-embed__wrapper\">\n<p class=\"responsive-video-wrap clr\"><iframe title=\"G\u00eanero textual - Carta\" width=\"1200\" height=\"675\" src=\"https:\/\/www.youtube.com\/embed\/CKTfWSLAx7g?feature=oembed\" frameborder=\"0\" allow=\"accelerometer; autoplay; clipboard-write; encrypted-media; gyroscope; picture-in-picture\" allowfullscreen><\/iframe><\/p>\n<\/div><figcaption>&#8220;\u00eanero textual &#8211; Carta&#8221;Canal: <a href=\"https:\/\/www.youtube.com\/channel\/UCrN8RF-N1pEzmGBSQDSsf7g\">Pedagogia on-line<\/a> &#8211; <a href=\"https:\/\/www.youtube.com\/watch?v=CKTfWSLAx7g\">https:\/\/www.youtube.com\/watch?v=CKTfWSLAx7g<\/a><\/figcaption><\/figure>\n\n\n\n<p class=\"has-very-light-gray-color has-very-dark-gray-background-color has-text-color has-background has-medium-font-size\"><strong>&#8212;ATIVIDADE 3<\/strong><\/p>\n\n\n\n<p class=\"has-medium-font-size\">Veja as regrinhas b\u00e1sicas para escrever uma carta nos seguinte v\u00eddeo:<\/p>\n\n\n\n<figure class=\"wp-block-embed is-type-video is-provider-youtube wp-block-embed-youtube wp-embed-aspect-16-9 wp-has-aspect-ratio\"><div class=\"wp-block-embed__wrapper\">\n<p class=\"responsive-video-wrap clr\"><iframe title=\"3\u00ba Ano - Produ\u00e7\u00e3o Textual - G\u00eanero Textual: Carta.\" width=\"1200\" height=\"675\" src=\"https:\/\/www.youtube.com\/embed\/IAaRBkthfzE?feature=oembed\" frameborder=\"0\" allow=\"accelerometer; autoplay; clipboard-write; encrypted-media; gyroscope; picture-in-picture\" allowfullscreen><\/iframe><\/p>\n<\/div><figcaption>&#8220;3\u00ba Ano &#8211; Produ\u00e7\u00e3o Textual &#8211; G\u00eanero Textual: Carta.&#8221; Canal: <br>Col\u00e9gio Raz\u00e3o &#8211; <a href=\"https:\/\/www.youtube.com\/watch?v=IAaRBkthfzE\">https:\/\/www.youtube.com\/watch?v=IAaRBkthfzE<\/a><\/figcaption><\/figure>\n\n\n\n<p class=\"has-very-light-gray-color has-very-dark-gray-background-color has-text-color has-background has-medium-font-size\"><strong>ATIVIDADE 4&nbsp;<\/strong><\/p>\n\n\n\n<p class=\"has-medium-font-size\">&nbsp;Agora que assistimos todos os v\u00eddeos falando sobre os g\u00eaneros textuais g\u00eanero: Di\u00e1rio, g\u00eanero: Carta pessoal, g\u00eanero: Cartas Ficcionais.<\/p>\n\n\n\n<p class=\"has-vivid-red-color has-text-color has-large-font-size\">&#8211; Agora \u00e9 com voc\u00ea:<\/p>\n\n\n\n<p class=\"has-medium-font-size\">Fa\u00e7a uma cartinha para um amigo contando as novidades da sua quarentena em casa se ir para a escola.<\/p>\n\n\n\n<hr class=\"wp-block-separator\"\/>\n\n\n\n<p><strong>Saiba Mais | Refer\u00eancias:<\/strong><\/p>\n\n\n\n<div class=\"wp-block-columns is-layout-flex wp-container-core-columns-is-layout-9d6595d7 wp-block-columns-is-layout-flex\">\n<div class=\"wp-block-column is-layout-flow wp-block-column-is-layout-flow\">\n<figure class=\"wp-block-embed is-type-video is-provider-youtube wp-block-embed-youtube wp-embed-aspect-16-9 wp-has-aspect-ratio\"><div class=\"wp-block-embed__wrapper\">\n<p class=\"responsive-video-wrap clr\"><iframe title=\"Produ\u00e7\u00e3o de um di\u00e1rio  para o 3\u00ba Ano do Ensino Fundamental\" width=\"1200\" height=\"900\" src=\"https:\/\/www.youtube.com\/embed\/AqJD1Ha3ZbY?feature=oembed\" frameborder=\"0\" allow=\"accelerometer; autoplay; clipboard-write; encrypted-media; gyroscope; picture-in-picture\" allowfullscreen><\/iframe><\/p>\n<\/div><figcaption>&#8220;Produ\u00e7\u00e3o de um di\u00e1rio para o 3\u00ba Ano do Ensino Fundamental&#8221; Canal:<a href=\"https:\/\/www.youtube.com\/channel\/UCCznrjEfAJuNrvMmxtGjCyQ\">Col\u00e9gio Desafio<\/a> &#8211; <a href=\"https:\/\/www.youtube.com\/watch?v=AqJD1Ha3ZbY\">https:\/\/www.youtube.com\/watch?v=AqJD1Ha3ZbY<\/a><\/figcaption><\/figure>\n<\/div>\n\n\n\n<div class=\"wp-block-column is-layout-flow wp-block-column-is-layout-flow\">\n<figure class=\"wp-block-embed is-type-video is-provider-youtube wp-block-embed-youtube wp-embed-aspect-16-9 wp-has-aspect-ratio\"><div class=\"wp-block-embed__wrapper\">\n<p class=\"responsive-video-wrap clr\"><iframe title=\"G\u00caNERO TEXTUAL: Di\u00e1rio\" width=\"1200\" height=\"675\" src=\"https:\/\/www.youtube.com\/embed\/j_MPpQRRlM8?feature=oembed\" frameborder=\"0\" allow=\"accelerometer; autoplay; clipboard-write; encrypted-media; gyroscope; picture-in-picture\" allowfullscreen><\/iframe><\/p>\n<\/div><figcaption>&#8220;G\u00caNERO TEXTUAL: Di\u00e1rio&#8221; Canal:<br>Portugu\u00eas f\u00e1cil &#8211; Suely Gon\u00e7alves &#8211; <a href=\"https:\/\/www.youtube.com\/watch?v=j_MPpQRRlM8\">https:\/\/www.youtube.com\/watch?v=j_MPpQRRlM8<\/a><\/figcaption><\/figure>\n<\/div>\n\n\n\n<div class=\"wp-block-column is-layout-flow wp-block-column-is-layout-flow\">\n<figure class=\"wp-block-embed is-type-video is-provider-youtube wp-block-embed-youtube wp-embed-aspect-16-9 wp-has-aspect-ratio\"><div class=\"wp-block-embed__wrapper\">\n<p class=\"responsive-video-wrap clr\"><iframe title=\"L\u00edngua Portuguesa Tema 3 - G\u00eanero Textual &quot;Di\u00e1rio Pessoal&quot; CBE\" width=\"1200\" height=\"675\" src=\"https:\/\/www.youtube.com\/embed\/KEvjqd4ptkc?feature=oembed\" frameborder=\"0\" allow=\"accelerometer; autoplay; clipboard-write; encrypted-media; gyroscope; picture-in-picture\" allowfullscreen><\/iframe><\/p>\n<\/div><figcaption>&#8220;L\u00edngua Portuguesa Tema 3 &#8211; G\u00eanero Textual &#8220;Di\u00e1rio Pessoal&#8221; CBE: Canal:<a href=\"https:\/\/www.youtube.com\/channel\/UCXfwR654PUk18hAdB17_Fgg\">Fabiana Tavares Pacheco<\/a> &#8211; <a href=\"https:\/\/www.youtube.com\/watch?v=KEvjqd4ptkc\">https:\/\/www.youtube.com\/watch?v=KEvjqd4ptkc<\/a><\/figcaption><\/figure>\n<\/div>\n<\/div>\n\n\n\n<hr class=\"wp-block-separator\"\/>\n\n\n\n<figure class=\"wp-block-table alignfull\"><table><tbody><tr><td>Objeto de Conhecimento<\/td><td>Reconstru\u00e7\u00e3o das condi\u00e7\u00f5es de produ\u00e7\u00e3o e recep\u00e7\u00e3o de textos: G\u00eaneros e fun\u00e7\u00e3o social dos textos.Escuta atenta: Escuta atenta para melhoria da comunica\u00e7\u00e3o e intera\u00e7\u00e3o Desenvolvimento do senso cr\u00edtico.<\/td><\/tr><tr><td>Componente Curricular\/ Eixo Tem\u00e1tico<\/td><td>L\u00edngua portuguesa\/Experi\u00eancias e curiosidades.<\/td><\/tr><tr><td>Habilidades<\/td><td>(EF03LP12) Ler e compreender, com autonomia, cartas pessoais e di\u00e1rios, com express\u00e3o de sentimentos e opini\u00f5es, entre outros g\u00eaneros, de acordo com as conven\u00e7\u00f5es do g\u00eanero carta e considerando a situa\u00e7\u00e3o comunicativa e o tema\/assunto do texto.&nbsp;<br>(EF15LP01) Identificar a fun\u00e7\u00e3o social de textos que circulam em campos da vida social dos quais participa cotidianamente (a casa, a rua, a comunidade, a escola) e nas m\u00eddias impressa, de massa e digital, reconhecendo para que foram produzidos, onde circulam, quem os produziu e a quem se destinam.<\/td><\/tr><\/tbody><\/table><\/figure>\n\n\n\n<hr class=\"wp-block-separator\"\/>\n\n\n\n<figure class=\"wp-block-table alignfull\"><table><tbody><tr><td>Proponente\/ Professor:<\/td><td>Irene Ribeiro Santiago<\/td><\/tr><tr><td>Institui\u00e7\u00e3o Educacional:<\/td><td>Escola Municipal Od\u00edlia Mendes de Brito<\/td><\/tr><tr><td>CRE:<\/td><td>CRE Brasil Di Ramos Caiado<\/td><\/tr><\/tbody><\/table><\/figure>\n\n\n\n<hr class=\"wp-block-separator\"\/>\n\n\n\n<p>Ensino Fundamental &#8211; Ensino Fundamental &#8211; Turma C 3\u00ba ano &#8211; Experi\u00eancias e Curiosidades<\/p>\n","protected":false},"author":24,"featured_media":59450,"template":"","ef_categoria":[13,21],"ef_ano":[86],"ef_componente":[93],"class_list":["post-84747","ensino_fundamental","type-ensino_fundamental","status-publish","has-post-thumbnail","hentry","ef_categoria-ciclo-da-infancia-abc","ef_categoria-experiencias-e-curiosidades","ef_ano-3o-ano","ef_componente-portugues","entry","has-media"],"acf":[],"_links":{"self":[{"href":"https:\/\/sme.goiania.go.gov.br\/conexaoescola\/wp-json\/wp\/v2\/ensino_fundamental\/84747","targetHints":{"allow":["GET"]}}],"collection":[{"href":"https:\/\/sme.goiania.go.gov.br\/conexaoescola\/wp-json\/wp\/v2\/ensino_fundamental"}],"about":[{"href":"https:\/\/sme.goiania.go.gov.br\/conexaoescola\/wp-json\/wp\/v2\/types\/ensino_fundamental"}],"author":[{"embeddable":true,"href":"https:\/\/sme.goiania.go.gov.br\/conexaoescola\/wp-json\/wp\/v2\/users\/24"}],"version-history":[{"count":0,"href":"https:\/\/sme.goiania.go.gov.br\/conexaoescola\/wp-json\/wp\/v2\/ensino_fundamental\/84747\/revisions"}],"wp:featuredmedia":[{"embeddable":true,"href":"https:\/\/sme.goiania.go.gov.br\/conexaoescola\/wp-json\/wp\/v2\/media\/59450"}],"wp:attachment":[{"href":"https:\/\/sme.goiania.go.gov.br\/conexaoescola\/wp-json\/wp\/v2\/media?parent=84747"}],"wp:term":[{"taxonomy":"ef_categoria","embeddable":true,"href":"https:\/\/sme.goiania.go.gov.br\/conexaoescola\/wp-json\/wp\/v2\/ef_categoria?post=84747"},{"taxonomy":"ef_ano","embeddable":true,"href":"https:\/\/sme.goiania.go.gov.br\/conexaoescola\/wp-json\/wp\/v2\/ef_ano?post=84747"},{"taxonomy":"ef_componente","embeddable":true,"href":"https:\/\/sme.goiania.go.gov.br\/conexaoescola\/wp-json\/wp\/v2\/ef_componente?post=84747"}],"curies":[{"name":"wp","href":"https:\/\/api.w.org\/{rel}","templated":true}]}}

Língua Portuguesa &#8211; Ler para conhecer os gêneros.

<p class="has-drop-cap has-pale-cyan-blue-background-color has-background has-medium-font-size">Boa tarde turminha! Hoje vamos aprender por meio dos vídeos, como é fácil narrar nossas alegrias, tristezas e outros acontecimentos do nosso dia a dia.</p>



<hr class="wp-block-separator"/>



<p class="has-very-light-gray-color has-very-dark-gray-background-color has-text-color has-background has-medium-font-size"><strong>ATIVIDADE 1</strong></p>



<p class="has-medium-font-size">&nbsp;Vamos conhecer mais sobre “O gênero diário?” Veja o vídeo:&nbsp;</p>



<figure class="wp-block-embed is-type-video is-provider-youtube wp-block-embed-youtube wp-embed-aspect-16-9 wp-has-aspect-ratio"><div class="wp-block-embed__wrapper">
<p class="responsive-video-wrap clr"><iframe title="Aula 1 Produção textual diário" width="1200" height="675" src="https://www.youtube.com/embed/zpMDxdbtn6w?feature=oembed" frameborder="0" allow="accelerometer; autoplay; clipboard-write; encrypted-media; gyroscope; picture-in-picture" allowfullscreen></iframe></p>
</div><figcaption>&#8220;Aula 1 Produção textual diário&#8221; Canal: <a href="https://www.youtube.com/channel/UCZc_-YbNSW5ATE-VqlbkhGQ">Professora Kaísa Fernandes</a> &#8211; <a href="https://www.youtube.com/watch?v=zpMDxdbtn6w">https://www.youtube.com/watch?v=zpMDxdbtn6w</a></figcaption></figure>



<p class="has-very-light-gray-color has-very-dark-gray-background-color has-text-color has-background has-medium-font-size"><strong>&#8212;ATIVIDADE 2</strong></p>



<p class="has-medium-font-size">Vamos também conhecer o “gênero Carta pessoal” que podemos adotar no nosso dia a dia. Vejam em: </p>



<figure class="wp-block-embed is-type-video is-provider-youtube wp-block-embed-youtube wp-embed-aspect-16-9 wp-has-aspect-ratio"><div class="wp-block-embed__wrapper">
<p class="responsive-video-wrap clr"><iframe title="Gênero textual - Carta" width="1200" height="675" src="https://www.youtube.com/embed/CKTfWSLAx7g?feature=oembed" frameborder="0" allow="accelerometer; autoplay; clipboard-write; encrypted-media; gyroscope; picture-in-picture" allowfullscreen></iframe></p>
</div><figcaption>&#8220;ênero textual &#8211; Carta&#8221;Canal: <a href="https://www.youtube.com/channel/UCrN8RF-N1pEzmGBSQDSsf7g">Pedagogia on-line</a> &#8211; <a href="https://www.youtube.com/watch?v=CKTfWSLAx7g">https://www.youtube.com/watch?v=CKTfWSLAx7g</a></figcaption></figure>



<p class="has-very-light-gray-color has-very-dark-gray-background-color has-text-color has-background has-medium-font-size"><strong>&#8212;ATIVIDADE 3</strong></p>



<p class="has-medium-font-size">Veja as regrinhas básicas para escrever uma carta nos seguinte vídeo:</p>



<figure class="wp-block-embed is-type-video is-provider-youtube wp-block-embed-youtube wp-embed-aspect-16-9 wp-has-aspect-ratio"><div class="wp-block-embed__wrapper">
<p class="responsive-video-wrap clr"><iframe title="3º Ano - Produção Textual - Gênero Textual: Carta." width="1200" height="675" src="https://www.youtube.com/embed/IAaRBkthfzE?feature=oembed" frameborder="0" allow="accelerometer; autoplay; clipboard-write; encrypted-media; gyroscope; picture-in-picture" allowfullscreen></iframe></p>
</div><figcaption>&#8220;3º Ano &#8211; Produção Textual &#8211; Gênero Textual: Carta.&#8221; Canal: <br>Colégio Razão &#8211; <a href="https://www.youtube.com/watch?v=IAaRBkthfzE">https://www.youtube.com/watch?v=IAaRBkthfzE</a></figcaption></figure>



<p class="has-very-light-gray-color has-very-dark-gray-background-color has-text-color has-background has-medium-font-size"><strong>ATIVIDADE 4&nbsp;</strong></p>



<p class="has-medium-font-size">&nbsp;Agora que assistimos todos os vídeos falando sobre os gêneros textuais gênero: Diário, gênero: Carta pessoal, gênero: Cartas Ficcionais.</p>



<p class="has-vivid-red-color has-text-color has-large-font-size">&#8211; Agora é com você:</p>



<p class="has-medium-font-size">Faça uma cartinha para um amigo contando as novidades da sua quarentena em casa se ir para a escola.</p>



<hr class="wp-block-separator"/>



<p><strong>Saiba Mais | Referências:</strong></p>



<div class="wp-block-columns is-layout-flex wp-container-core-columns-is-layout-9d6595d7 wp-block-columns-is-layout-flex">
<div class="wp-block-column is-layout-flow wp-block-column-is-layout-flow">
<figure class="wp-block-embed is-type-video is-provider-youtube wp-block-embed-youtube wp-embed-aspect-16-9 wp-has-aspect-ratio"><div class="wp-block-embed__wrapper">
<p class="responsive-video-wrap clr"><iframe title="Produção de um diário  para o 3º Ano do Ensino Fundamental" width="1200" height="900" src="https://www.youtube.com/embed/AqJD1Ha3ZbY?feature=oembed" frameborder="0" allow="accelerometer; autoplay; clipboard-write; encrypted-media; gyroscope; picture-in-picture" allowfullscreen></iframe></p>
</div><figcaption>&#8220;Produção de um diário para o 3º Ano do Ensino Fundamental&#8221; Canal:<a href="https://www.youtube.com/channel/UCCznrjEfAJuNrvMmxtGjCyQ">Colégio Desafio</a> &#8211; <a href="https://www.youtube.com/watch?v=AqJD1Ha3ZbY">https://www.youtube.com/watch?v=AqJD1Ha3ZbY</a></figcaption></figure>
</div>



<div class="wp-block-column is-layout-flow wp-block-column-is-layout-flow">
<figure class="wp-block-embed is-type-video is-provider-youtube wp-block-embed-youtube wp-embed-aspect-16-9 wp-has-aspect-ratio"><div class="wp-block-embed__wrapper">
<p class="responsive-video-wrap clr"><iframe title="GÊNERO TEXTUAL: Diário" width="1200" height="675" src="https://www.youtube.com/embed/j_MPpQRRlM8?feature=oembed" frameborder="0" allow="accelerometer; autoplay; clipboard-write; encrypted-media; gyroscope; picture-in-picture" allowfullscreen></iframe></p>
</div><figcaption>&#8220;GÊNERO TEXTUAL: Diário&#8221; Canal:<br>Português fácil &#8211; Suely Gonçalves &#8211; <a href="https://www.youtube.com/watch?v=j_MPpQRRlM8">https://www.youtube.com/watch?v=j_MPpQRRlM8</a></figcaption></figure>
</div>



<div class="wp-block-column is-layout-flow wp-block-column-is-layout-flow">
<figure class="wp-block-embed is-type-video is-provider-youtube wp-block-embed-youtube wp-embed-aspect-16-9 wp-has-aspect-ratio"><div class="wp-block-embed__wrapper">
<p class="responsive-video-wrap clr"><iframe title="Língua Portuguesa Tema 3 - Gênero Textual &quot;Diário Pessoal&quot; CBE" width="1200" height="675" src="https://www.youtube.com/embed/KEvjqd4ptkc?feature=oembed" frameborder="0" allow="accelerometer; autoplay; clipboard-write; encrypted-media; gyroscope; picture-in-picture" allowfullscreen></iframe></p>
</div><figcaption>&#8220;Língua Portuguesa Tema 3 &#8211; Gênero Textual &#8220;Diário Pessoal&#8221; CBE: Canal:<a href="https://www.youtube.com/channel/UCXfwR654PUk18hAdB17_Fgg">Fabiana Tavares Pacheco</a> &#8211; <a href="https://www.youtube.com/watch?v=KEvjqd4ptkc">https://www.youtube.com/watch?v=KEvjqd4ptkc</a></figcaption></figure>
</div>
</div>



<hr class="wp-block-separator"/>



<figure class="wp-block-table alignfull"><table><tbody><tr><td>Objeto de Conhecimento</td><td>Reconstrução das condições de produção e recepção de textos: Gêneros e função social dos textos.Escuta atenta: Escuta atenta para melhoria da comunicação e interação Desenvolvimento do senso crítico.</td></tr><tr><td>Componente Curricular/ Eixo Temático</td><td>Língua portuguesa/Experiências e curiosidades.</td></tr><tr><td>Habilidades</td><td>(EF03LP12) Ler e compreender, com autonomia, cartas pessoais e diários, com expressão de sentimentos e opiniões, entre outros gêneros, de acordo com as convenções do gênero carta e considerando a situação comunicativa e o tema/assunto do texto.&nbsp;<br>(EF15LP01) Identificar a função social de textos que circulam em campos da vida social dos quais participa cotidianamente (a casa, a rua, a comunidade, a escola) e nas mídias impressa, de massa e digital, reconhecendo para que foram produzidos, onde circulam, quem os produziu e a quem se destinam.</td></tr></tbody></table></figure>



<hr class="wp-block-separator"/>



<figure class="wp-block-table alignfull"><table><tbody><tr><td>Proponente/ Professor:</td><td>Irene Ribeiro Santiago</td></tr><tr><td>Instituição Educacional:</td><td>Escola Municipal Odília Mendes de Brito</td></tr><tr><td>CRE:</td><td>CRE Brasil Di Ramos Caiado</td></tr></tbody></table></figure>



<hr class="wp-block-separator"/>



<p>Ensino Fundamental &#8211; Ensino Fundamental &#8211; Turma C 3º ano &#8211; Experiências e Curiosidades</p>
