{"id":84623,"date":"2020-12-08T17:33:06","date_gmt":"2020-12-08T19:33:06","guid":{"rendered":"https:\/\/sme.goiania.go.gov.br\/conexaoescola\/?post_type=ensino_fundamental&#038;p=84623"},"modified":"2021-12-01T16:49:20","modified_gmt":"2021-12-01T18:49:20","slug":"as-diferencas-entre-o-outdoor-e-o-busdoor","status":"publish","type":"ensino_fundamental","link":"https:\/\/sme.goiania.go.gov.br\/conexaoescola\/ensino_fundamental\/as-diferencas-entre-o-outdoor-e-o-busdoor\/","title":{"rendered":"L\u00edngua Portuguesa &#8211; As diferen\u00e7as entre o outdoor e o busdoor"},"content":{"rendered":"\n<p class=\"has-drop-cap has-pale-cyan-blue-background-color has-text-color has-background has-medium-font-size\" style=\"color:#000000\">Ol\u00e1! Hoje vamos aprender sobre as pe\u00e7as publicit\u00e1rias. Voc\u00ea sabe dizer a diferen\u00e7a entre um <em>outdoor<\/em> e um <em>busdoor<\/em>? Nessa aula, n\u00f3s vamos compreender as principais caracter\u00edsticas desses tipos de propaganda.<\/p>\n\n\n\n<p class=\"has-text-align-center has-medium-font-size\"><strong>APRESENTAR O CONCEITO DE PE\u00c7AS PUBLICIT\u00c1RIAS<\/strong><\/p>\n\n\n\n<p class=\"has-medium-font-size\">A pe\u00e7a publicit\u00e1ria \u00e9&nbsp;uma ferramenta muito importante da publicidade que pode ser trabalhada isoladamente, o que se torna uma vantagem. Assim n\u00e3o \u00e9 necess\u00e1rio que seja criado uma campanha para o produto ou tamb\u00e9m o servi\u00e7o em quest\u00e3o.&nbsp;Alguns&nbsp;exemplos de&nbsp;pe\u00e7as publicit\u00e1rias s\u00e3o os outdoor e busdoor. F<\/p>\n\n\n\n<p class=\"has-normal-font-size\"><a rel=\"noreferrer noopener\" href=\"https:\/\/www.iped.com.br\/materias\/enem-gratis\/pecas-publicitarias.html#:~:text=O%20que%20s%C3%A3o%20as%20pe%C3%A7as,tamb%C3%A9m%20o%20servi%C3%A7o%20em%20quest%C3%A3o.\" target=\"_blank\">Fonte<\/a><\/p>\n\n\n\n<p class=\"has-medium-font-size\"><strong>O que \u00e9 um Outdoor<\/strong><\/p>\n\n\n\n<p class=\"has-medium-font-size\">Um Outdoor est\u00e1 entre um dos mais conhecidos em pe\u00e7as publicit\u00e1rias e que provavelmente voc\u00ea deve conhecer. Ele est\u00e1 geralmente nas estradas entre aqueles cartazes grandes sob uma ferramenta de ferro fazendo a propaganda de algo. Essa \u00e9 uma das maneiras mais utilizadas pelos publicit\u00e1rios h\u00e1 muitos anos, j\u00e1 que&nbsp;realmente funciona e tem resposta dos consumidores. Ao ver uma propaganda estampada em um Outdoor, as chances de comprar o servi\u00e7o ou produto aumentam e muito.<\/p>\n\n\n\n<p class=\"has-medium-font-size\">Veja a imagem acessando o <em><a rel=\"noreferrer noopener\" href=\"https:\/\/www.iped.com.br\/materias\/enem-gratis\/pecas-publicitarias.html#:~:text=O%20que%20s%C3%A3o%20as%20pe%C3%A7as,tamb%C3%A9m%20o%20servi%C3%A7o%20em%20quest%C3%A3o.\" target=\"_blank\"><strong>link<\/strong><\/a><\/em>.<\/p>\n\n\n\n<p class=\"has-medium-font-size\"><strong>O que \u00e9 um Busdoor<\/strong><\/p>\n\n\n\n<p class=\"has-medium-font-size\">O Busdoor nada mais \u00e9 do que aqueles an\u00fancios publicit\u00e1rios que se encontram na janela traseira dos \u00f4nibus, e \u00e9 por isso mesmo que o a palavra \u201cbus\u201d \u00e9 utilizada, pois significa \u00f4nibus em ingl\u00eas. Essa \u00e9 uma maneira muito utilizada principalmente nas cidades grandes j\u00e1 que enquanto dirigimos e paramos no farol, por exemplo, atr\u00e1s de um \u00f4nibus podemos prestar bastante aten\u00e7\u00e3o no an\u00fancio.<\/p>\n\n\n\n<p class=\"has-medium-font-size\">Veja a imagem acessando o <em><a rel=\"noreferrer noopener\" href=\"https:\/\/www.iped.com.br\/materias\/enem-gratis\/pecas-publicitarias.html#:~:text=O%20que%20s%C3%A3o%20as%20pe%C3%A7as,tamb%C3%A9m%20o%20servi%C3%A7o%20em%20quest%C3%A3o.\" target=\"_blank\"><strong>link<\/strong><\/a><\/em>.<\/p>\n\n\n\n<p class=\"has-medium-font-size\">Para ver alguns exemplos de Busdoor e Outdoor criativos, basta acessar a busca clicando <a href=\"https:\/\/www.google.com\/search?q=busdoor+e+outdoor+criativos&amp;sxsrf=ALeKk01-K26nV7aTdAWT7YkGJL_A4lBKcA:1593550774899&amp;source=lnms&amp;tbm=isch&amp;sa=X&amp;ved=2ahUKEwjZ5Pmet6rqAhXSHLkGHR9xCVIQ_AUoAXoECAwQAw&amp;biw=1242&amp;bih=568.\" target=\"_blank\" rel=\"noreferrer noopener\"><strong><em>aqui<\/em><\/strong><\/a>.<\/p>\n\n\n\n<p class=\"has-medium-font-size\"><strong>AGORA \u00c9 COM VOC\u00ca:<\/strong><\/p>\n\n\n\n<p class=\"has-medium-font-size\">Produza, em uma folha de papel A4, uma pe\u00e7a publicit\u00e1ria que destaque a import\u00e2ncia da educa\u00e7\u00e3o para a sociedade. Para que sua propaganda fique ainda melhor, voc\u00ea pode utilizar tinta, l\u00e1pis de cor, colagens e o que mais desejar!<\/p>\n\n\n\n<p class=\"has-luminous-vivid-orange-background-color has-text-color has-background has-medium-font-size\" style=\"color:#ffffff\">Saiba Mais | Refer\u00eancias:<\/p>\n\n\n\n<p class=\"has-very-light-gray-background-color has-text-color has-background\" style=\"color:#0b5270\"><a href=\"https:\/\/www.todamateria.com.br\/texto-publicitario\/\" target=\"_blank\" rel=\"noreferrer noopener\"><strong>https:\/\/www.todamateria.com.br\/texto-publicitario\/<\/strong><\/a><\/p>\n\n\n\n<p class=\"has-very-light-gray-background-color has-text-color has-background\" style=\"color:#0b5270\"><a rel=\"noreferrer noopener\" href=\"https:\/\/rockcontent.com\/blog\/publicidade\/\" target=\"_blank\"><strong>https:\/\/rockcontent.com\/blog\/publicidade\/<\/strong><\/a><\/p>\n\n\n\n<figure class=\"wp-block-table\"><table><tbody><tr><td><strong>Objeto de Conhecimento<\/strong><\/td><td>Rela\u00e7\u00e3o entre g\u00eaneros e m\u00eddias: An\u00e1lise e compara\u00e7\u00e3o de pe\u00e7as publicit\u00e1rias, an\u00fancios e propagandas em diferentes m\u00eddias. Constru\u00e7\u00e3o composicional e estilo de pe\u00e7as publicit\u00e1rias<\/td><\/tr><tr><td><strong>Habilidades<\/strong><\/td><td>(EF69LP02-A) Analisar e comparar pe\u00e7as publicit\u00e1rias variadas de outdoor, an\u00fancios e propagandas, entre outros, em diferentes m\u00eddias impressas e digitais. (EF69LP02-B)Perceber a articula\u00e7\u00e3o entre pe\u00e7as publicit\u00e1rias em campanhas, as especificidades das v\u00e1rias semioses e m\u00eddias, a adequa\u00e7\u00e3o dessas pe\u00e7as ao p\u00fablico-alvo, aos objetivos do anunciante e\/ou da campanha. (EF69LP02-C) Perceber a constru\u00e7\u00e3o composicional e o estilo dos g\u00eaneros em quest\u00e3o, como forma de ampliar suas possibilidades de compreens\u00e3o (e produ\u00e7\u00e3o) de textos.<\/td><\/tr><tr><td><strong>Proponentes\/ Professores:<\/strong><\/td><td>Paula La\u00eds Pombo de Morais<\/td><\/tr><tr><td><strong>Institui\u00e7\u00e3o Educacional:<\/strong><\/td><td>EM Professora Silene de Andrade<\/td><\/tr><tr><td><strong>CRE:<\/strong><\/td><td>CRE Central<\/td><\/tr><\/tbody><\/table><\/figure>\n\n\n\n<hr class=\"wp-block-separator\"\/>\n\n\n\n<p class=\"has-text-align-center\">Ciclo da Adolesc\u00eancia \u2013 Turma G (7\u00ba ano) \u2013 \u00c9tica e Cidadania<\/p>\n","protected":false},"author":28,"featured_media":84627,"template":"","ef_categoria":[15,30],"ef_ano":[89],"ef_componente":[93],"class_list":["post-84623","ensino_fundamental","type-ensino_fundamental","status-publish","has-post-thumbnail","hentry","ef_categoria-ciclo-da-adolescencia-fg","ef_categoria-etica-e-cidadania-ciclo-da-adolescencia-fg","ef_ano-6o-ano","ef_componente-portugues","entry","has-media"],"acf":[],"_links":{"self":[{"href":"https:\/\/sme.goiania.go.gov.br\/conexaoescola\/wp-json\/wp\/v2\/ensino_fundamental\/84623","targetHints":{"allow":["GET"]}}],"collection":[{"href":"https:\/\/sme.goiania.go.gov.br\/conexaoescola\/wp-json\/wp\/v2\/ensino_fundamental"}],"about":[{"href":"https:\/\/sme.goiania.go.gov.br\/conexaoescola\/wp-json\/wp\/v2\/types\/ensino_fundamental"}],"author":[{"embeddable":true,"href":"https:\/\/sme.goiania.go.gov.br\/conexaoescola\/wp-json\/wp\/v2\/users\/28"}],"version-history":[{"count":0,"href":"https:\/\/sme.goiania.go.gov.br\/conexaoescola\/wp-json\/wp\/v2\/ensino_fundamental\/84623\/revisions"}],"wp:featuredmedia":[{"embeddable":true,"href":"https:\/\/sme.goiania.go.gov.br\/conexaoescola\/wp-json\/wp\/v2\/media\/84627"}],"wp:attachment":[{"href":"https:\/\/sme.goiania.go.gov.br\/conexaoescola\/wp-json\/wp\/v2\/media?parent=84623"}],"wp:term":[{"taxonomy":"ef_categoria","embeddable":true,"href":"https:\/\/sme.goiania.go.gov.br\/conexaoescola\/wp-json\/wp\/v2\/ef_categoria?post=84623"},{"taxonomy":"ef_ano","embeddable":true,"href":"https:\/\/sme.goiania.go.gov.br\/conexaoescola\/wp-json\/wp\/v2\/ef_ano?post=84623"},{"taxonomy":"ef_componente","embeddable":true,"href":"https:\/\/sme.goiania.go.gov.br\/conexaoescola\/wp-json\/wp\/v2\/ef_componente?post=84623"}],"curies":[{"name":"wp","href":"https:\/\/api.w.org\/{rel}","templated":true}]}}

Língua Portuguesa &#8211; As diferenças entre o outdoor e o busdoor

<p class="has-drop-cap has-pale-cyan-blue-background-color has-text-color has-background has-medium-font-size" style="color:#000000">Olá! Hoje vamos aprender sobre as peças publicitárias. Você sabe dizer a diferença entre um <em>outdoor</em> e um <em>busdoor</em>? Nessa aula, nós vamos compreender as principais características desses tipos de propaganda.</p>



<p class="has-text-align-center has-medium-font-size"><strong>APRESENTAR O CONCEITO DE PEÇAS PUBLICITÁRIAS</strong></p>



<p class="has-medium-font-size">A peça publicitária é&nbsp;uma ferramenta muito importante da publicidade que pode ser trabalhada isoladamente, o que se torna uma vantagem. Assim não é necessário que seja criado uma campanha para o produto ou também o serviço em questão.&nbsp;Alguns&nbsp;exemplos de&nbsp;peças publicitárias são os outdoor e busdoor. F</p>



<p class="has-normal-font-size"><a rel="noreferrer noopener" href="https://www.iped.com.br/materias/enem-gratis/pecas-publicitarias.html#:~:text=O%20que%20s%C3%A3o%20as%20pe%C3%A7as,tamb%C3%A9m%20o%20servi%C3%A7o%20em%20quest%C3%A3o." target="_blank">Fonte</a></p>



<p class="has-medium-font-size"><strong>O que é um Outdoor</strong></p>



<p class="has-medium-font-size">Um Outdoor está entre um dos mais conhecidos em peças publicitárias e que provavelmente você deve conhecer. Ele está geralmente nas estradas entre aqueles cartazes grandes sob uma ferramenta de ferro fazendo a propaganda de algo. Essa é uma das maneiras mais utilizadas pelos publicitários há muitos anos, já que&nbsp;realmente funciona e tem resposta dos consumidores. Ao ver uma propaganda estampada em um Outdoor, as chances de comprar o serviço ou produto aumentam e muito.</p>



<p class="has-medium-font-size">Veja a imagem acessando o <em><a rel="noreferrer noopener" href="https://www.iped.com.br/materias/enem-gratis/pecas-publicitarias.html#:~:text=O%20que%20s%C3%A3o%20as%20pe%C3%A7as,tamb%C3%A9m%20o%20servi%C3%A7o%20em%20quest%C3%A3o." target="_blank"><strong>link</strong></a></em>.</p>



<p class="has-medium-font-size"><strong>O que é um Busdoor</strong></p>



<p class="has-medium-font-size">O Busdoor nada mais é do que aqueles anúncios publicitários que se encontram na janela traseira dos ônibus, e é por isso mesmo que o a palavra “bus” é utilizada, pois significa ônibus em inglês. Essa é uma maneira muito utilizada principalmente nas cidades grandes já que enquanto dirigimos e paramos no farol, por exemplo, atrás de um ônibus podemos prestar bastante atenção no anúncio.</p>



<p class="has-medium-font-size">Veja a imagem acessando o <em><a rel="noreferrer noopener" href="https://www.iped.com.br/materias/enem-gratis/pecas-publicitarias.html#:~:text=O%20que%20s%C3%A3o%20as%20pe%C3%A7as,tamb%C3%A9m%20o%20servi%C3%A7o%20em%20quest%C3%A3o." target="_blank"><strong>link</strong></a></em>.</p>



<p class="has-medium-font-size">Para ver alguns exemplos de Busdoor e Outdoor criativos, basta acessar a busca clicando <a href="https://www.google.com/search?q=busdoor+e+outdoor+criativos&amp;sxsrf=ALeKk01-K26nV7aTdAWT7YkGJL_A4lBKcA:1593550774899&amp;source=lnms&amp;tbm=isch&amp;sa=X&amp;ved=2ahUKEwjZ5Pmet6rqAhXSHLkGHR9xCVIQ_AUoAXoECAwQAw&amp;biw=1242&amp;bih=568." target="_blank" rel="noreferrer noopener"><strong><em>aqui</em></strong></a>.</p>



<p class="has-medium-font-size"><strong>AGORA É COM VOCÊ:</strong></p>



<p class="has-medium-font-size">Produza, em uma folha de papel A4, uma peça publicitária que destaque a importância da educação para a sociedade. Para que sua propaganda fique ainda melhor, você pode utilizar tinta, lápis de cor, colagens e o que mais desejar!</p>



<p class="has-luminous-vivid-orange-background-color has-text-color has-background has-medium-font-size" style="color:#ffffff">Saiba Mais | Referências:</p>



<p class="has-very-light-gray-background-color has-text-color has-background" style="color:#0b5270"><a href="https://www.todamateria.com.br/texto-publicitario/" target="_blank" rel="noreferrer noopener"><strong>https://www.todamateria.com.br/texto-publicitario/</strong></a></p>



<p class="has-very-light-gray-background-color has-text-color has-background" style="color:#0b5270"><a rel="noreferrer noopener" href="https://rockcontent.com/blog/publicidade/" target="_blank"><strong>https://rockcontent.com/blog/publicidade/</strong></a></p>



<figure class="wp-block-table"><table><tbody><tr><td><strong>Objeto de Conhecimento</strong></td><td>Relação entre gêneros e mídias: Análise e comparação de peças publicitárias, anúncios e propagandas em diferentes mídias. Construção composicional e estilo de peças publicitárias</td></tr><tr><td><strong>Habilidades</strong></td><td>(EF69LP02-A) Analisar e comparar peças publicitárias variadas de outdoor, anúncios e propagandas, entre outros, em diferentes mídias impressas e digitais. (EF69LP02-B)Perceber a articulação entre peças publicitárias em campanhas, as especificidades das várias semioses e mídias, a adequação dessas peças ao público-alvo, aos objetivos do anunciante e/ou da campanha. (EF69LP02-C) Perceber a construção composicional e o estilo dos gêneros em questão, como forma de ampliar suas possibilidades de compreensão (e produção) de textos.</td></tr><tr><td><strong>Proponentes/ Professores:</strong></td><td>Paula Laís Pombo de Morais</td></tr><tr><td><strong>Instituição Educacional:</strong></td><td>EM Professora Silene de Andrade</td></tr><tr><td><strong>CRE:</strong></td><td>CRE Central</td></tr></tbody></table></figure>



<hr class="wp-block-separator"/>



<p class="has-text-align-center">Ciclo da Adolescência – Turma G (7º ano) – Ética e Cidadania</p>
