{"id":84581,"date":"2021-01-25T06:56:00","date_gmt":"2021-01-25T08:56:00","guid":{"rendered":"https:\/\/sme.goiania.go.gov.br\/conexaoescola\/?post_type=ensino_fundamental&#038;p=84581"},"modified":"2021-11-24T14:43:15","modified_gmt":"2021-11-24T16:43:15","slug":"poriferos","status":"publish","type":"ensino_fundamental","link":"https:\/\/sme.goiania.go.gov.br\/conexaoescola\/ensino_fundamental\/poriferos\/","title":{"rendered":"Ci\u00eancias da Natureza &#8211; Por\u00edferos"},"content":{"rendered":"\n<p class=\"has-text-color has-background has-medium-font-size\" style=\"background-color:#fffaed;color:#000000\"><em>Ol\u00e1, estudante!<\/em><br><em>Esta aula foi veiculada na TV no dia 25\/01, ter\u00e7a-feira, contemplando o eixo Educa\u00e7\u00e3o Ambiental e Sa\u00fade. Aqui no Portal Conex\u00e3o Escola, ela est\u00e1 apresentada em forma de atividade, mas voc\u00ea pode assistir a videoaula quando desejar, acessando link na parte inferior da tela.<\/em><\/p>\n\n\n\n<p class=\"has-text-align-center has-luminous-vivid-amber-color has-very-dark-gray-background-color has-text-color has-background has-medium-font-size\"><strong>Nessa proposta vamos aprender sobre os por\u00edferos<\/strong><\/p>\n\n\n\n<p class=\"has-text-align-center\" style=\"font-size:25px\"><strong>Por\u00edferos s\u00e3o tamb\u00e9m chamados de esponjas, veja a imagem a seguir:<\/strong><\/p>\n\n\n\n<div class=\"wp-block-image is-style-rounded\"><figure class=\"aligncenter size-large\"><img decoding=\"async\" src=\"https:\/\/sme.goiania.go.gov.br\/conexaoescola\/wp-content\/uploads\/2020\/12\/sponges-3757293_1920-1-1024x683.jpg\" alt=\"\" class=\"wp-image-84583\"\/><figcaption><strong><em>Esponjas Naturais<\/em><\/strong><\/figcaption><\/figure><\/div>\n\n\n\n<p class=\"has-text-align-center\" style=\"font-size:25px\"><strong><em>Achou parecido com a esponja ai da sua casa?<\/em><\/strong><\/p>\n\n\n\n<p class=\"has-very-light-gray-background-color has-text-color has-background has-medium-font-size\" style=\"color:#705407\"><strong>No passado os gregos e romanos usavam esponjas para acolchoar capacetes e armaduras. Al\u00e9m de utiliz\u00e1-las para banho, limpeza e pintura.<br>Ainda utilizamos as esponjas no banho, na limpeza da casa e na pintura, por\u00e9m praticamente todas as esponjas usadas hoje em dia s\u00e3o produtos artificiais, e n\u00e3o de origem animal.<\/strong><\/p>\n\n\n\n<p class=\"has-very-light-gray-background-color has-text-color has-background has-medium-font-size\" style=\"color:#705407\"><strong>Esses animais vivem especificamente na \u00e1gua e diferentemente de outros animais eles n\u00e3o conseguem se locomoverem e n\u00e3o possuem um corpo dividido em partes comuns. Geralmente s\u00e3o encontrados em rochas ou corais em rios, lagos e oceanos.<\/strong><\/p>\n\n\n\n<p class=\"has-very-light-gray-background-color has-text-color has-background has-medium-font-size\" style=\"color:#705407\"><strong>Existem milhares de esp\u00e9cies de esponjas com diferentes caracter\u00edsticas, algumas s\u00e3o \u00e1speras outras lisas ou espinhosas. Esses animais aparecem de maneira predominante em \u00e1guas marinhas. Seu corpo \u00e9 formado&nbsp; por uma massa de c\u00e9lulas agrupadas ao redor de um esqueleto. Buracos na pele permitem que a \u00e1gua penetre no corpo. O alimento e o oxig\u00eanio s\u00e3o obtidos da \u00e1gua.<\/strong><\/p>\n\n\n\n<p class=\"has-text-align-right\" style=\"font-size:12px\"><em>Esponja. In Britannica Escola. Web, 2020. Dispon\u00edvel em:&lt;https:\/\/escola.britannica.com.br\/artigo\/esponja\/482563&gt;. Acesso em: 19 de novembro de 2020. Adaptado para fins pedag\u00f3gicos.<\/em><\/p>\n\n\n\n<p class=\"has-text-align-center has-luminous-vivid-amber-background-color has-background has-medium-font-size\"><strong>Para ampliar mais nossos conhecimentos sobre as esponjas, assista a videoaula do professor Bruno Ramello do Canal Yes Biologia e, em seguida, responda as atividades:<\/strong><\/p>\n\n\n\n<figure class=\"wp-block-embed aligncenter is-type-video is-provider-youtube wp-block-embed-youtube wp-embed-aspect-16-9 wp-has-aspect-ratio\"><div class=\"wp-block-embed__wrapper\">\n<p class=\"responsive-video-wrap clr\"><iframe title=\"POR\u00cdFEROS - ZOOLOGIA - CARACTER\u00cdSTICAS GERAIS\" width=\"1200\" height=\"675\" src=\"https:\/\/www.youtube.com\/embed\/uT5wjeSDRZ8?feature=oembed\" frameborder=\"0\" allow=\"accelerometer; autoplay; clipboard-write; encrypted-media; gyroscope; picture-in-picture\" allowfullscreen><\/iframe><\/p>\n<\/div><figcaption>POR\u00cdFEROS &#8211; CANAL YES BIOLOGIA &#8211; PROFESSOR BRUNO RAMELLO<\/figcaption><\/figure>\n\n\n\n<p class=\"has-luminous-vivid-amber-color has-very-dark-gray-background-color has-text-color has-background has-medium-font-size\"><strong>ATIVIDADES<\/strong><\/p>\n\n\n\n<p class=\"has-text-color has-medium-font-size\" style=\"color:#000000\"><strong>Quest\u00e3o 1 <br>Onde as esponjas s\u00e3o encontradas?<\/strong><\/p>\n\n\n\n<p class=\"has-text-color has-medium-font-size\" style=\"color:#000000\"><strong>Quest\u00e3o 2<br>Apresente como \u00e9 a estrutura das esponjas:<\/strong><\/p>\n\n\n\n<p class=\"has-text-color has-medium-font-size\" style=\"color:#000000\"><strong>Quest\u00e3o 3<br>Caracterize a alimenta\u00e7\u00e3o, respira\u00e7\u00e3o e a reprodu\u00e7\u00e3o das esponjas:<\/strong><\/p>\n\n\n\n<hr class=\"wp-block-separator is-style-wide\"\/>\n\n\n\n<p class=\"has-text-align-center has-luminous-vivid-amber-background-color has-background has-medium-font-size\">Em Breve: <strong>Assista ao programa Conex\u00e3o Escola \u2013 Eixo Educa\u00e7\u00e3o Ambiental e Sa\u00fade \u2013 Organiza\u00e7\u00e3o dos animais: Por\u00edferos&nbsp; \u2013 Bloco 2<\/strong><\/p>\n\n\n\n<figure class=\"wp-block-table is-style-stripes\"><table><tbody><tr><td>Refer\u00eancias:<\/td><td><em>Esponja. In Britannica Escola. Web, 2020. Dispon\u00edvel em:<\/em><em>&lt;<\/em><a href=\"https:\/\/escola.britannica.com.br\/artigo\/esponja\/482563\"><em>https:\/\/escola.britannica.com.br\/artigo\/esponja\/482563<\/em><\/a><em>&gt;. Acesso em: 19 de novembro de 2020. Adaptado para fins pedag\u00f3gicos.<\/em>&nbsp;<\/td><\/tr><tr><td>Habilidades<\/td><td>(GO-EF07CI07) Caracterizar os principais ecossistemas brasileiros e compar\u00e1-loscom outros ecossistemas globais quanto \u00e0 paisagem, \u00e0 quantidade de \u00e1gua, aotipo de solo, \u00e0 disponibilidade de luz solar, \u00e0 temperatura etc., correlacionandoessas caracter\u00edsticas \u00e0 flora e fauna espec\u00edficas.<\/td><\/tr><tr><td>Objetos do Conhecimento<\/td><td>Diversidade de ecossistemas<\/td><\/tr><tr><td>Componente Curricular:<\/td><td>Ci\u00eancias&nbsp;<\/td><\/tr><\/tbody><\/table><\/figure>\n","protected":false},"author":23,"featured_media":84582,"template":"","ef_categoria":[15,28],"ef_ano":[90],"ef_componente":[98],"class_list":["post-84581","ensino_fundamental","type-ensino_fundamental","status-publish","has-post-thumbnail","hentry","ef_categoria-ciclo-da-adolescencia-fg","ef_categoria-educacao-ambiental-e-saude-ciclo-da-adolescencia-fg","ef_ano-7o-ano","ef_componente-ciencia-da-natureza-ef","entry","has-media"],"acf":[],"_links":{"self":[{"href":"https:\/\/sme.goiania.go.gov.br\/conexaoescola\/wp-json\/wp\/v2\/ensino_fundamental\/84581","targetHints":{"allow":["GET"]}}],"collection":[{"href":"https:\/\/sme.goiania.go.gov.br\/conexaoescola\/wp-json\/wp\/v2\/ensino_fundamental"}],"about":[{"href":"https:\/\/sme.goiania.go.gov.br\/conexaoescola\/wp-json\/wp\/v2\/types\/ensino_fundamental"}],"author":[{"embeddable":true,"href":"https:\/\/sme.goiania.go.gov.br\/conexaoescola\/wp-json\/wp\/v2\/users\/23"}],"version-history":[{"count":0,"href":"https:\/\/sme.goiania.go.gov.br\/conexaoescola\/wp-json\/wp\/v2\/ensino_fundamental\/84581\/revisions"}],"wp:featuredmedia":[{"embeddable":true,"href":"https:\/\/sme.goiania.go.gov.br\/conexaoescola\/wp-json\/wp\/v2\/media\/84582"}],"wp:attachment":[{"href":"https:\/\/sme.goiania.go.gov.br\/conexaoescola\/wp-json\/wp\/v2\/media?parent=84581"}],"wp:term":[{"taxonomy":"ef_categoria","embeddable":true,"href":"https:\/\/sme.goiania.go.gov.br\/conexaoescola\/wp-json\/wp\/v2\/ef_categoria?post=84581"},{"taxonomy":"ef_ano","embeddable":true,"href":"https:\/\/sme.goiania.go.gov.br\/conexaoescola\/wp-json\/wp\/v2\/ef_ano?post=84581"},{"taxonomy":"ef_componente","embeddable":true,"href":"https:\/\/sme.goiania.go.gov.br\/conexaoescola\/wp-json\/wp\/v2\/ef_componente?post=84581"}],"curies":[{"name":"wp","href":"https:\/\/api.w.org\/{rel}","templated":true}]}}

Ciências da Natureza &#8211; Poríferos

<p class="has-text-color has-background has-medium-font-size" style="background-color:#fffaed;color:#000000"><em>Olá, estudante!</em><br><em>Esta aula foi veiculada na TV no dia 25/01, terça-feira, contemplando o eixo Educação Ambiental e Saúde. Aqui no Portal Conexão Escola, ela está apresentada em forma de atividade, mas você pode assistir a videoaula quando desejar, acessando link na parte inferior da tela.</em></p>



<p class="has-text-align-center has-luminous-vivid-amber-color has-very-dark-gray-background-color has-text-color has-background has-medium-font-size"><strong>Nessa proposta vamos aprender sobre os poríferos</strong></p>



<p class="has-text-align-center" style="font-size:25px"><strong>Poríferos são também chamados de esponjas, veja a imagem a seguir:</strong></p>



<div class="wp-block-image is-style-rounded"><figure class="aligncenter size-large"><img decoding="async" src="https://sme.goiania.go.gov.br/conexaoescola/wp-content/uploads/2020/12/sponges-3757293_1920-1-1024x683.jpg" alt="" class="wp-image-84583"/><figcaption><strong><em>Esponjas Naturais</em></strong></figcaption></figure></div>



<p class="has-text-align-center" style="font-size:25px"><strong><em>Achou parecido com a esponja ai da sua casa?</em></strong></p>



<p class="has-very-light-gray-background-color has-text-color has-background has-medium-font-size" style="color:#705407"><strong>No passado os gregos e romanos usavam esponjas para acolchoar capacetes e armaduras. Além de utilizá-las para banho, limpeza e pintura.<br>Ainda utilizamos as esponjas no banho, na limpeza da casa e na pintura, porém praticamente todas as esponjas usadas hoje em dia são produtos artificiais, e não de origem animal.</strong></p>



<p class="has-very-light-gray-background-color has-text-color has-background has-medium-font-size" style="color:#705407"><strong>Esses animais vivem especificamente na água e diferentemente de outros animais eles não conseguem se locomoverem e não possuem um corpo dividido em partes comuns. Geralmente são encontrados em rochas ou corais em rios, lagos e oceanos.</strong></p>



<p class="has-very-light-gray-background-color has-text-color has-background has-medium-font-size" style="color:#705407"><strong>Existem milhares de espécies de esponjas com diferentes características, algumas são ásperas outras lisas ou espinhosas. Esses animais aparecem de maneira predominante em águas marinhas. Seu corpo é formado&nbsp; por uma massa de células agrupadas ao redor de um esqueleto. Buracos na pele permitem que a água penetre no corpo. O alimento e o oxigênio são obtidos da água.</strong></p>



<p class="has-text-align-right" style="font-size:12px"><em>Esponja. In Britannica Escola. Web, 2020. Disponível em:&lt;https://escola.britannica.com.br/artigo/esponja/482563&gt;. Acesso em: 19 de novembro de 2020. Adaptado para fins pedagógicos.</em></p>



<p class="has-text-align-center has-luminous-vivid-amber-background-color has-background has-medium-font-size"><strong>Para ampliar mais nossos conhecimentos sobre as esponjas, assista a videoaula do professor Bruno Ramello do Canal Yes Biologia e, em seguida, responda as atividades:</strong></p>



<figure class="wp-block-embed aligncenter is-type-video is-provider-youtube wp-block-embed-youtube wp-embed-aspect-16-9 wp-has-aspect-ratio"><div class="wp-block-embed__wrapper">
<p class="responsive-video-wrap clr"><iframe title="PORÍFEROS - ZOOLOGIA - CARACTERÍSTICAS GERAIS" width="1200" height="675" src="https://www.youtube.com/embed/uT5wjeSDRZ8?feature=oembed" frameborder="0" allow="accelerometer; autoplay; clipboard-write; encrypted-media; gyroscope; picture-in-picture" allowfullscreen></iframe></p>
</div><figcaption>PORÍFEROS &#8211; CANAL YES BIOLOGIA &#8211; PROFESSOR BRUNO RAMELLO</figcaption></figure>



<p class="has-luminous-vivid-amber-color has-very-dark-gray-background-color has-text-color has-background has-medium-font-size"><strong>ATIVIDADES</strong></p>



<p class="has-text-color has-medium-font-size" style="color:#000000"><strong>Questão 1 <br>Onde as esponjas são encontradas?</strong></p>



<p class="has-text-color has-medium-font-size" style="color:#000000"><strong>Questão 2<br>Apresente como é a estrutura das esponjas:</strong></p>



<p class="has-text-color has-medium-font-size" style="color:#000000"><strong>Questão 3<br>Caracterize a alimentação, respiração e a reprodução das esponjas:</strong></p>



<hr class="wp-block-separator is-style-wide"/>



<p class="has-text-align-center has-luminous-vivid-amber-background-color has-background has-medium-font-size">Em Breve: <strong>Assista ao programa Conexão Escola – Eixo Educação Ambiental e Saúde – Organização dos animais: Poríferos&nbsp; – Bloco 2</strong></p>



<figure class="wp-block-table is-style-stripes"><table><tbody><tr><td>Referências:</td><td><em>Esponja. In Britannica Escola. Web, 2020. Disponível em:</em><em>&lt;</em><a href="https://escola.britannica.com.br/artigo/esponja/482563"><em>https://escola.britannica.com.br/artigo/esponja/482563</em></a><em>&gt;. Acesso em: 19 de novembro de 2020. Adaptado para fins pedagógicos.</em>&nbsp;</td></tr><tr><td>Habilidades</td><td>(GO-EF07CI07) Caracterizar os principais ecossistemas brasileiros e compará-loscom outros ecossistemas globais quanto à paisagem, à quantidade de água, aotipo de solo, à disponibilidade de luz solar, à temperatura etc., correlacionandoessas características à flora e fauna específicas.</td></tr><tr><td>Objetos do Conhecimento</td><td>Diversidade de ecossistemas</td></tr><tr><td>Componente Curricular:</td><td>Ciências&nbsp;</td></tr></tbody></table></figure>
