{"id":84578,"date":"2021-01-25T06:55:00","date_gmt":"2021-01-25T08:55:00","guid":{"rendered":"https:\/\/sme.goiania.go.gov.br\/conexaoescola\/?post_type=ensino_fundamental&#038;p=84578"},"modified":"2021-11-24T14:45:08","modified_gmt":"2021-11-24T16:45:08","slug":"organizacao-dos-animais-corais","status":"publish","type":"ensino_fundamental","link":"https:\/\/sme.goiania.go.gov.br\/conexaoescola\/ensino_fundamental\/organizacao-dos-animais-corais\/","title":{"rendered":"CI\u00caNCIAS DA NATUREZA &#8211; ORGANIZA\u00c7\u00c3O DOS ANIMAIS: CORAIS"},"content":{"rendered":"\n<p class=\"has-background has-medium-font-size\" style=\"background-color:#fff8e4\">Ol\u00e1, estudante!<br>Esta aula foi veiculada na TV no dia 25\/01, ter\u00e7a-feira, contemplando o eixo Educa\u00e7\u00e3o Ambiental e Sa\u00fade. Aqui no Portal Conex\u00e3o Escola, ela est\u00e1 apresentada em forma de atividade, mas voc\u00ea pode assistir a videoaula quando desejar, acessando o link na parte inferior da tela.<\/p>\n\n\n\n<p class=\"has-text-align-center has-vivid-cyan-blue-color has-text-color has-medium-font-size\"><strong>VOC\u00ca SABE O QUE S\u00c3O CORAIS? VOC\u00ca J\u00c1 VIU ALGUM CORAL? O QUE ELES S\u00c3O? VAMOS DESCOBRIR?<\/strong><\/p>\n\n\n\n<p class=\"has-text-color has-background has-medium-font-size\" style=\"background-color:#15a7e6;color:#ffffff\"><strong>ASSISTA ALGUNS MINUTOS DO V\u00cdDEO &#8211; AQU\u00c1RIO. ESCREVA NO CADERNO O QUE VOC\u00ca V\u00ca:<\/strong><\/p>\n\n\n\n<figure class=\"wp-block-embed aligncenter is-type-video is-provider-youtube wp-block-embed-youtube wp-embed-aspect-16-9 wp-has-aspect-ratio\"><div class=\"wp-block-embed__wrapper\">\nhttps:\/\/www.youtube.com\/watch?v=XVkADAwOXnU\n<\/div><figcaption>O melhor aqu\u00e1rio relaxante 4K&#x1f420; dormir, relaxar, m\u00fasica medita\u00e7\u00e3o &#8211; 2 horas &#8211; 4K UHD<\/figcaption><\/figure>\n\n\n\n<p class=\"has-luminous-vivid-amber-background-color has-text-color has-background has-medium-font-size\" style=\"color:#0d6496\"><strong>NA SUA DESCRI\u00c7\u00c3O VOC\u00ca IDENTIFICOU OS CORAIS?<\/strong><\/p>\n\n\n\n<p class=\"has-text-color has-medium-font-size\" style=\"color:#000000\">OS CORAIS EXISTEM NA TERRA H\u00c1 MAIS DE 200 MILH\u00d5ES DE ANOS E S\u00c3O MUITO IMPORTANTES.<\/p>\n\n\n\n<p class=\"has-text-align-center has-text-color has-background has-medium-font-size\" style=\"background-color:#a4d4ef;color:#8f6b09\"><strong>OS RECIFES DE CORAIS S\u00c3O CRIADOUROS DE VIDA E NELES VIVEM ANIMAIS QUE NOS SERVEM DE ALIMENTO, COMO PEIXES, LAGOSTAS E POLVOS;<br>AL\u00c9M DISSO GERAM MUITOS EMPREGOS E RECURSOS, VINDOS DO TURISMO; S\u00c3O BARREIRAS QUE PROTEGEM AS COMUNIDADES COSTEIRAS DA EROS\u00c3O E DE TEMPESTADES, VEJA NA IMAGEM:<\/strong><\/p>\n\n\n\n<p class=\"has-text-align-center\"><img decoding=\"async\" src=\"https:\/\/lh4.googleusercontent.com\/Ps4mTSIjTv5FIeGEHgOUCVRzksqfanbRraSwZ-q3ft9kPI-Sr2Qb44dDo4ddFzYeOHgCho5OdQMy4GwxA-8DPEaXhx01mnsQa4jCbE5yMiQLQWLqUylhYsWmkvQHeg\" style=\"width: undefinedpx;\"><\/p>\n\n\n\n<p class=\"has-text-align-center\" style=\"font-size:15px\"><strong>AUSTR\u00c1LIA &#8211; GRANDE BARREIRA DE CORAIS<\/strong><\/p>\n\n\n\n<hr class=\"wp-block-separator\"\/>\n\n\n\n<p class=\"has-text-align-center has-light-green-cyan-color has-very-dark-gray-background-color has-text-color has-background has-medium-font-size\">AS SUBST\u00c2NCIAS DOS CORAIS E DE OUTROS SERES DOS RECIFES T\u00caM SIDO USADAS CONTRA V\u00c1RIAS DOEN\u00c7AS COMO ASMA, C\u00c2NCER E INFEC\u00c7\u00d5ES. POR TUDO ISSO E TAMB\u00c9M POR NOS FAZEREM FELIZES COM SUA BELEZA, DEVEMOS TER A CONSCI\u00caNCIA DE QUE \u00c9 IMPORTANTE CONSERV\u00c1-LOS NA NATUREZA!<\/p>\n\n\n\n<p class=\"has-text-align-right\" style=\"font-size:12px\">Dispon\u00edvel em: <strong><em>Almanaque recrutinhas &#8211; Corais<\/em><\/strong> &lt;https:\/\/coralvivo.org.br\/arquivos\/documentos\/Almanaque_Recrutinhas.pdf&gt; acesso em 19, nov. 2020<\/p>\n\n\n\n<p class=\"has-very-dark-gray-color has-vivid-green-cyan-background-color has-text-color has-background has-medium-font-size\"><strong>ATIVIDADE<\/strong><\/p>\n\n\n\n<p class=\"has-text-color has-medium-font-size\" style=\"color:#040404\">1) POR QUE \u00c9 IMPORTANTE PROTEGER OS CORAIS?<\/p>\n\n\n\n<hr class=\"wp-block-separator\"\/>\n\n\n\n<p class=\"has-text-align-center has-text-color has-background has-medium-font-size\" style=\"background-color:#ca0c55;color:#bfda14\"><strong>MAS AFINAL O QUE S\u00c3O OS CORAIS?<br>S\u00c3O PEDRAS? S\u00c3O PLANTAS? S\u00c3O CONCHAS?<br>VAMOS \u00c0 INVESTIGA\u00c7\u00c3O?<\/strong><\/p>\n\n\n\n<p class=\"has-text-align-center has-text-color has-background has-medium-font-size\" style=\"background-color:#cde629;color:#ca0c55\"><strong>ASSISTA AO EPIS\u00d3DIO &#8220;CORAL, CORAL&#8221; DE O SHOW DA LUNA!<\/strong><\/p>\n\n\n\n<figure class=\"wp-block-embed aligncenter is-type-video is-provider-youtube wp-block-embed-youtube wp-embed-aspect-16-9 wp-has-aspect-ratio\"><div class=\"wp-block-embed__wrapper\">\nhttps:\/\/www.youtube.com\/watch?v=4FDQsT6BCbM\n<\/div><figcaption><strong>Coral Coral &#8211; O Show da Luna! Epis\u00f3dio Completo 92 | Quarta Temporada | Kids | Children<\/strong><\/figcaption><\/figure>\n\n\n\n<p class=\"has-text-align-left has-text-color has-background has-medium-font-size\" style=\"background-color:#cde629;color:#ca0c55\"><strong>ATIVIDADE<\/strong><\/p>\n\n\n\n<p class=\"has-text-color has-medium-font-size\" style=\"color:#000000\">2) E AGORA? VOC\u00ca CONSEGUE RESPONDER? O QUE S\u00c3O OS CORAIS?<\/p>\n\n\n\n<hr class=\"wp-block-separator\"\/>\n\n\n\n<p class=\"has-text-align-center has-very-light-gray-color has-text-color has-background has-medium-font-size\" style=\"background-color:#2337a4\"><strong>OS CORAIS S\u00c3O ANIMAIS, FEITOS DE PEQUENOS P\u00d3LIPOS DE CORPO MOLE, CADA UM COM UMA ESPIRAL DE TENT\u00c1CULOS QUE SE ASSEMELHAM A P\u00c9TALAS. HOJE OS CORAIS PERTENCEM \u00c0 CLASSE&nbsp; CHAMADA ANTHOZOA, OU SEJA, \u201cANIMAIS DE FLORES\u201d&#8230; COMO ESSES QUE VOC\u00ca V\u00ca NESSA IMAGEM.<\/strong><\/p>\n\n\n\n<p class=\"has-text-align-right\" style=\"font-size:12px\">Dispon\u00edvel em: Mar sem fim &#8211; Corais: animais, vegetais ou minerais? &lt;https:\/\/cutt.ly\/IhwZS6b&gt; acesso em 19, nov. 2020<\/p>\n\n\n\n<figure class=\"wp-block-image\"><img decoding=\"async\" src=\"https:\/\/lh3.googleusercontent.com\/GweovoljOy7aYK-QTxPsDuznEMt-EzZZfrSMzL6aVABuijMziSvk_TFMdOYflfciPFiVl_ZeEdN-Lzc8WdgQGxr46EyKp99IVy1QvMF6FlDq4HA7k4wBj6QRh3aYdQ\" alt=\"\"\/><\/figure>\n\n\n\n<p class=\"has-text-align-center has-text-color has-background has-medium-font-size\" style=\"background-color:#f5dd07;color:#106494\"><strong><a rel=\"noreferrer noopener\" href=\"https:\/\/coralvivo.org.br\/arquivos\/documentos\/Almanaque_Recrutinhas.pdf\" target=\"_blank\">CLIQUE AQUI E ACESSE O ALMANAQUE RECRUTINHAS SOBRE OS CORAIS<\/a><\/strong><\/p>\n\n\n\n<hr class=\"wp-block-separator is-style-wide\"\/>\n\n\n\n<p class=\"has-text-align-center has-text-color has-medium-font-size\" style=\"color:#000000\">Em Breve: <em><strong>Assista ao programa Conex\u00e3o Escola \u2013 Eixo Educa\u00e7\u00e3o Ambiental e Sa\u00fade \u2013 Organiza\u00e7\u00e3o dos animais: corais&nbsp; \u2013 Bloco 1<\/strong><\/em><\/p>\n\n\n\n<hr class=\"wp-block-separator is-style-wide\"\/>\n\n\n\n<figure class=\"wp-block-table is-style-stripes\"><table><tbody><tr><td>Habilidades<\/td><td>(EF02CI04-A) Descrever caracter\u00edsticas de plantas e animais, como tamanho, forma, cor, fase da vida, local onde se desenvolvem, que fazem parte do cotidiano, relacionando-as ao ambiente em que vivem.<br>(GO-EF02CI09) Identificar caracter\u00edsticas pr\u00f3prias dos seres vivos.<br>(EF03CI04-B) Identificar caracter\u00edsticas dos animais mais comuns e classific\u00e1-los quanto ao modo de vida: o que comem, como se reproduzem, como se deslocam.<\/td><\/tr><tr><td>Objetos do Conhecimento<\/td><td>Seres vivos no ambiente:<br>Caracter\u00edsticas dos seres vivos<br>Caracter\u00edsticas e desenvolvimento dos animais:<br>Morfologia e h\u00e1bitos dos animais<\/td><\/tr><tr><td>Componente Curricular:<\/td><td>Ci\u00eancias&nbsp;<\/td><\/tr><\/tbody><\/table><\/figure>\n\n\n\n<p><\/p>\n","protected":false},"author":23,"featured_media":84580,"template":"","ef_categoria":[13,18],"ef_ano":[85],"ef_componente":[98],"class_list":["post-84578","ensino_fundamental","type-ensino_fundamental","status-publish","has-post-thumbnail","hentry","ef_categoria-ciclo-da-infancia-abc","ef_categoria-educacao-ambiental-e-saude","ef_ano-2o-ano","ef_componente-ciencia-da-natureza-ef","entry","has-media"],"acf":[],"_links":{"self":[{"href":"https:\/\/sme.goiania.go.gov.br\/conexaoescola\/wp-json\/wp\/v2\/ensino_fundamental\/84578","targetHints":{"allow":["GET"]}}],"collection":[{"href":"https:\/\/sme.goiania.go.gov.br\/conexaoescola\/wp-json\/wp\/v2\/ensino_fundamental"}],"about":[{"href":"https:\/\/sme.goiania.go.gov.br\/conexaoescola\/wp-json\/wp\/v2\/types\/ensino_fundamental"}],"author":[{"embeddable":true,"href":"https:\/\/sme.goiania.go.gov.br\/conexaoescola\/wp-json\/wp\/v2\/users\/23"}],"version-history":[{"count":0,"href":"https:\/\/sme.goiania.go.gov.br\/conexaoescola\/wp-json\/wp\/v2\/ensino_fundamental\/84578\/revisions"}],"wp:featuredmedia":[{"embeddable":true,"href":"https:\/\/sme.goiania.go.gov.br\/conexaoescola\/wp-json\/wp\/v2\/media\/84580"}],"wp:attachment":[{"href":"https:\/\/sme.goiania.go.gov.br\/conexaoescola\/wp-json\/wp\/v2\/media?parent=84578"}],"wp:term":[{"taxonomy":"ef_categoria","embeddable":true,"href":"https:\/\/sme.goiania.go.gov.br\/conexaoescola\/wp-json\/wp\/v2\/ef_categoria?post=84578"},{"taxonomy":"ef_ano","embeddable":true,"href":"https:\/\/sme.goiania.go.gov.br\/conexaoescola\/wp-json\/wp\/v2\/ef_ano?post=84578"},{"taxonomy":"ef_componente","embeddable":true,"href":"https:\/\/sme.goiania.go.gov.br\/conexaoescola\/wp-json\/wp\/v2\/ef_componente?post=84578"}],"curies":[{"name":"wp","href":"https:\/\/api.w.org\/{rel}","templated":true}]}}

CIÊNCIAS DA NATUREZA &#8211; ORGANIZAÇÃO DOS ANIMAIS: CORAIS

<p class="has-background has-medium-font-size" style="background-color:#fff8e4">Olá, estudante!<br>Esta aula foi veiculada na TV no dia 25/01, terça-feira, contemplando o eixo Educação Ambiental e Saúde. Aqui no Portal Conexão Escola, ela está apresentada em forma de atividade, mas você pode assistir a videoaula quando desejar, acessando o link na parte inferior da tela.</p>



<p class="has-text-align-center has-vivid-cyan-blue-color has-text-color has-medium-font-size"><strong>VOCÊ SABE O QUE SÃO CORAIS? VOCÊ JÁ VIU ALGUM CORAL? O QUE ELES SÃO? VAMOS DESCOBRIR?</strong></p>



<p class="has-text-color has-background has-medium-font-size" style="background-color:#15a7e6;color:#ffffff"><strong>ASSISTA ALGUNS MINUTOS DO VÍDEO &#8211; AQUÁRIO. ESCREVA NO CADERNO O QUE VOCÊ VÊ:</strong></p>



<figure class="wp-block-embed aligncenter is-type-video is-provider-youtube wp-block-embed-youtube wp-embed-aspect-16-9 wp-has-aspect-ratio"><div class="wp-block-embed__wrapper">
https://www.youtube.com/watch?v=XVkADAwOXnU
</div><figcaption>O melhor aquário relaxante 4K&#x1f420; dormir, relaxar, música meditação &#8211; 2 horas &#8211; 4K UHD</figcaption></figure>



<p class="has-luminous-vivid-amber-background-color has-text-color has-background has-medium-font-size" style="color:#0d6496"><strong>NA SUA DESCRIÇÃO VOCÊ IDENTIFICOU OS CORAIS?</strong></p>



<p class="has-text-color has-medium-font-size" style="color:#000000">OS CORAIS EXISTEM NA TERRA HÁ MAIS DE 200 MILHÕES DE ANOS E SÃO MUITO IMPORTANTES.</p>



<p class="has-text-align-center has-text-color has-background has-medium-font-size" style="background-color:#a4d4ef;color:#8f6b09"><strong>OS RECIFES DE CORAIS SÃO CRIADOUROS DE VIDA E NELES VIVEM ANIMAIS QUE NOS SERVEM DE ALIMENTO, COMO PEIXES, LAGOSTAS E POLVOS;<br>ALÉM DISSO GERAM MUITOS EMPREGOS E RECURSOS, VINDOS DO TURISMO; SÃO BARREIRAS QUE PROTEGEM AS COMUNIDADES COSTEIRAS DA EROSÃO E DE TEMPESTADES, VEJA NA IMAGEM:</strong></p>



<p class="has-text-align-center"><img decoding="async" src="https://lh4.googleusercontent.com/Ps4mTSIjTv5FIeGEHgOUCVRzksqfanbRraSwZ-q3ft9kPI-Sr2Qb44dDo4ddFzYeOHgCho5OdQMy4GwxA-8DPEaXhx01mnsQa4jCbE5yMiQLQWLqUylhYsWmkvQHeg" style="width: undefinedpx;"></p>



<p class="has-text-align-center" style="font-size:15px"><strong>AUSTRÁLIA &#8211; GRANDE BARREIRA DE CORAIS</strong></p>



<hr class="wp-block-separator"/>



<p class="has-text-align-center has-light-green-cyan-color has-very-dark-gray-background-color has-text-color has-background has-medium-font-size">AS SUBSTÂNCIAS DOS CORAIS E DE OUTROS SERES DOS RECIFES TÊM SIDO USADAS CONTRA VÁRIAS DOENÇAS COMO ASMA, CÂNCER E INFECÇÕES. POR TUDO ISSO E TAMBÉM POR NOS FAZEREM FELIZES COM SUA BELEZA, DEVEMOS TER A CONSCIÊNCIA DE QUE É IMPORTANTE CONSERVÁ-LOS NA NATUREZA!</p>



<p class="has-text-align-right" style="font-size:12px">Disponível em: <strong><em>Almanaque recrutinhas &#8211; Corais</em></strong> &lt;https://coralvivo.org.br/arquivos/documentos/Almanaque_Recrutinhas.pdf&gt; acesso em 19, nov. 2020</p>



<p class="has-very-dark-gray-color has-vivid-green-cyan-background-color has-text-color has-background has-medium-font-size"><strong>ATIVIDADE</strong></p>



<p class="has-text-color has-medium-font-size" style="color:#040404">1) POR QUE É IMPORTANTE PROTEGER OS CORAIS?</p>



<hr class="wp-block-separator"/>



<p class="has-text-align-center has-text-color has-background has-medium-font-size" style="background-color:#ca0c55;color:#bfda14"><strong>MAS AFINAL O QUE SÃO OS CORAIS?<br>SÃO PEDRAS? SÃO PLANTAS? SÃO CONCHAS?<br>VAMOS À INVESTIGAÇÃO?</strong></p>



<p class="has-text-align-center has-text-color has-background has-medium-font-size" style="background-color:#cde629;color:#ca0c55"><strong>ASSISTA AO EPISÓDIO &#8220;CORAL, CORAL&#8221; DE O SHOW DA LUNA!</strong></p>



<figure class="wp-block-embed aligncenter is-type-video is-provider-youtube wp-block-embed-youtube wp-embed-aspect-16-9 wp-has-aspect-ratio"><div class="wp-block-embed__wrapper">
https://www.youtube.com/watch?v=4FDQsT6BCbM
</div><figcaption><strong>Coral Coral &#8211; O Show da Luna! Episódio Completo 92 | Quarta Temporada | Kids | Children</strong></figcaption></figure>



<p class="has-text-align-left has-text-color has-background has-medium-font-size" style="background-color:#cde629;color:#ca0c55"><strong>ATIVIDADE</strong></p>



<p class="has-text-color has-medium-font-size" style="color:#000000">2) E AGORA? VOCÊ CONSEGUE RESPONDER? O QUE SÃO OS CORAIS?</p>



<hr class="wp-block-separator"/>



<p class="has-text-align-center has-very-light-gray-color has-text-color has-background has-medium-font-size" style="background-color:#2337a4"><strong>OS CORAIS SÃO ANIMAIS, FEITOS DE PEQUENOS PÓLIPOS DE CORPO MOLE, CADA UM COM UMA ESPIRAL DE TENTÁCULOS QUE SE ASSEMELHAM A PÉTALAS. HOJE OS CORAIS PERTENCEM À CLASSE&nbsp; CHAMADA ANTHOZOA, OU SEJA, “ANIMAIS DE FLORES”&#8230; COMO ESSES QUE VOCÊ VÊ NESSA IMAGEM.</strong></p>



<p class="has-text-align-right" style="font-size:12px">Disponível em: Mar sem fim &#8211; Corais: animais, vegetais ou minerais? &lt;https://cutt.ly/IhwZS6b&gt; acesso em 19, nov. 2020</p>



<figure class="wp-block-image"><img decoding="async" src="https://lh3.googleusercontent.com/GweovoljOy7aYK-QTxPsDuznEMt-EzZZfrSMzL6aVABuijMziSvk_TFMdOYflfciPFiVl_ZeEdN-Lzc8WdgQGxr46EyKp99IVy1QvMF6FlDq4HA7k4wBj6QRh3aYdQ" alt=""/></figure>



<p class="has-text-align-center has-text-color has-background has-medium-font-size" style="background-color:#f5dd07;color:#106494"><strong><a rel="noreferrer noopener" href="https://coralvivo.org.br/arquivos/documentos/Almanaque_Recrutinhas.pdf" target="_blank">CLIQUE AQUI E ACESSE O ALMANAQUE RECRUTINHAS SOBRE OS CORAIS</a></strong></p>



<hr class="wp-block-separator is-style-wide"/>



<p class="has-text-align-center has-text-color has-medium-font-size" style="color:#000000">Em Breve: <em><strong>Assista ao programa Conexão Escola – Eixo Educação Ambiental e Saúde – Organização dos animais: corais&nbsp; – Bloco 1</strong></em></p>



<hr class="wp-block-separator is-style-wide"/>



<figure class="wp-block-table is-style-stripes"><table><tbody><tr><td>Habilidades</td><td>(EF02CI04-A) Descrever características de plantas e animais, como tamanho, forma, cor, fase da vida, local onde se desenvolvem, que fazem parte do cotidiano, relacionando-as ao ambiente em que vivem.<br>(GO-EF02CI09) Identificar características próprias dos seres vivos.<br>(EF03CI04-B) Identificar características dos animais mais comuns e classificá-los quanto ao modo de vida: o que comem, como se reproduzem, como se deslocam.</td></tr><tr><td>Objetos do Conhecimento</td><td>Seres vivos no ambiente:<br>Características dos seres vivos<br>Características e desenvolvimento dos animais:<br>Morfologia e hábitos dos animais</td></tr><tr><td>Componente Curricular:</td><td>Ciências&nbsp;</td></tr></tbody></table></figure>



<p></p>
