{"id":84427,"date":"2020-12-07T07:00:00","date_gmt":"2020-12-07T09:00:00","guid":{"rendered":"https:\/\/sme.goiania.go.gov.br\/conexaoescola\/?post_type=ensino_fundamental&#038;p=84427"},"modified":"2021-12-06T17:22:20","modified_gmt":"2021-12-06T19:22:20","slug":"quais-as-formas-da-bicicleta","status":"publish","type":"ensino_fundamental","link":"https:\/\/sme.goiania.go.gov.br\/conexaoescola\/ensino_fundamental\/quais-as-formas-da-bicicleta\/","title":{"rendered":"Matem\u00e1tica &#8211; Quais as formas da bicicleta?"},"content":{"rendered":"\n<p class=\"has-drop-cap has-medium-font-size\">Ol\u00e1. Tudo bem? Voc\u00eas j\u00e1 andaram de bicicleta? Acharam &nbsp;dif\u00edcil ou f\u00e1cil na primeira vez? Sabiam que a primeira &nbsp;bicicleta foi constru\u00edda na Fran\u00e7a. Vamos descobrir mais &nbsp;coisas?<\/p>\n\n\n\n<hr class=\"wp-block-separator\"\/>\n\n\n\n<p class=\"has-very-light-gray-color has-luminous-vivid-amber-background-color has-text-color has-background has-medium-font-size\"><strong>ATIVIDADE 1:&nbsp;<\/strong><\/p>\n\n\n\n<p class=\"has-medium-font-size\">Vamos ouvir uma hist\u00f3ria? Que tal convidar algu\u00e9m para ouvir tamb\u00e9m? Acesse o &nbsp;link do site \u201cLeia para uma crian\u00e7a- iniciativa do Banco Ita\u00fa a obra \u201cA bicicleta\u201d do &nbsp;autor Ant\u00f4nio Prata e leia ou pe\u00e7a para quem estiver com voc\u00ea ler. <\/p>\n\n\n\n<p class=\"has-very-light-gray-color has-vivid-purple-background-color has-text-color has-background has-medium-font-size\"><a href=\"https:\/\/www.euleioparaumacrianca.com.br\/historias\/a-bicicleta-voadora\/\">https:\/\/www.euleioparaumacrianca.com.br\/historias\/a-bicicleta-voadora\/<\/a><\/p>\n\n\n\n<p class=\"has-medium-font-size\">Achou interessante? Voc\u00ea j\u00e1 brincou com os brinquedos mencionados na hist\u00f3ria?&nbsp; Perceberam como elas s\u00e3o amigas? Voc\u00ea tem um (a) melhor amigo (a)?&nbsp;<\/p>\n\n\n\n<p class=\"has-very-light-gray-color has-luminous-vivid-amber-background-color has-text-color has-background has-medium-font-size\"><strong>ATIVIDADE 2:&nbsp;<\/strong><\/p>\n\n\n\n<p class=\"has-medium-font-size\">Na hist\u00f3ria acima apareceu a bicicleta, voc\u00ea j\u00e1 reparou qual \u00e9 a forma das rodas&nbsp; dela? E a pipa, se a partimos ao meio na horizontal, formamos duas formas&nbsp; geom\u00e9tricas iguais. Quais s\u00e3o elas? Vamos assistir um v\u00eddeo do canal Vida de&nbsp; Crian\u00e7a YouTube acesse o link abaixo:&nbsp;<\/p>\n\n\n\n<figure class=\"wp-block-embed is-type-video is-provider-youtube wp-block-embed-youtube wp-embed-aspect-16-9 wp-has-aspect-ratio\"><div class=\"wp-block-embed__wrapper\">\n<p class=\"responsive-video-wrap clr\"><iframe title=\"\u2b55Aprenda as FORMAS GEOM\u00c9TRICAS com Pocoyo \u2b55 | V\u00eddeos Educativos para Crian\u00e7as\" width=\"1200\" height=\"675\" src=\"https:\/\/www.youtube.com\/embed\/FTBBVC_9Nu0?feature=oembed\" frameborder=\"0\" allow=\"accelerometer; autoplay; clipboard-write; encrypted-media; gyroscope; picture-in-picture\" allowfullscreen><\/iframe><\/p>\n<\/div><figcaption>&#8220;&#x2b55;Aprenda as FORMAS GEOM\u00c9TRICAS com Pocoyo  &#x2b55; | V\u00eddeos Educativos para Crian\u00e7as&#8217; Canal: <a href=\"https:\/\/www.youtube.com\/channel\/UC-Q7_qA5wr0pDxNYT3pVzjw\">Vida de Crian\u00e7a<\/a> &#8211; <a href=\"https:\/\/www.youtube.com\/watch?v=FTBBVC_9Nu0&amp;feature=youtu.be\">(3) &#x2b55;Aprenda as FORMAS GEOM\u00c9TRICAS com Pocoyo &#x2b55; | V\u00eddeos Educativos para Crian\u00e7as &#8211; YouTube<\/a><\/figcaption><\/figure>\n\n\n\n<p class=\"has-medium-font-size\">Gostou? J\u00e1 conhecia essas formas? Que tal pedir ajuda do seu respons\u00e1vel e&nbsp; desenhar outro objeto com as formas geom\u00e9tricas?<\/p>\n\n\n\n<p class=\"has-very-light-gray-color has-luminous-vivid-amber-background-color has-text-color has-background has-medium-font-size\"><strong>ATIVIDADE 3:&nbsp;<\/strong><\/p>\n\n\n\n<p class=\"has-medium-font-size\">Vimos que as formas geom\u00e9tricas aparecem em v\u00e1rios objetos. Existem tamb\u00e9m&nbsp; os s\u00f3lidos geom\u00e9tricos que est\u00e3o em todo lugar. Veja s\u00f3, clicando no link do v\u00eddeo&nbsp; do canal Smile and Learn &#8211; Portugu\u00eas do YouTube&nbsp;&nbsp;<\/p>\n\n\n\n<figure class=\"wp-block-embed is-type-video is-provider-youtube wp-block-embed-youtube wp-embed-aspect-16-9 wp-has-aspect-ratio\"><div class=\"wp-block-embed__wrapper\">\n<p class=\"responsive-video-wrap clr\"><iframe title=\"S\u00f3lidos Geom\u00e9tricos para crian\u00e7as - Vocabul\u00e1rio ensino fundamental I\" width=\"1200\" height=\"675\" src=\"https:\/\/www.youtube.com\/embed\/_gEm11EDh5U?feature=oembed\" frameborder=\"0\" allow=\"accelerometer; autoplay; clipboard-write; encrypted-media; gyroscope; picture-in-picture\" allowfullscreen><\/iframe><\/p>\n<\/div><figcaption>&#8220;S\u00f3lidos Geom\u00e9tricos para crian\u00e7as &#8211; Vocabul\u00e1rio ensino fundamental I&#8221; Canal: <a href=\"https:\/\/www.youtube.com\/channel\/UCYKeu41LiJOIoyEkStWqCLw\">Smile and Learn &#8211; Portugu\u00eas<\/a> &#8211; <a href=\"https:\/\/www.youtube.com\/watch?v=_gEm11EDh5U&amp;feature=youtu.be\">(3) S\u00f3lidos Geom\u00e9tricos para crian\u00e7as &#8211; Vocabul\u00e1rio ensino fundamental I &#8211; YouTube<\/a><\/figcaption><\/figure>\n\n\n\n<p class=\"has-medium-font-size\">Percebemos que os s\u00f3lidos geom\u00e9tricos nos rodeiam. Que tal desenhar outros&nbsp; objetos com as formas citadas no v\u00eddeo e treinar a escrita escrevendo os nomes&nbsp; dos objetos que desenhou e o s\u00f3lido geom\u00e9trico utilizado. <\/p>\n\n\n\n<p class=\"has-vivid-cyan-blue-color has-text-color has-large-font-size\">Vamos l\u00e1?<\/p>\n\n\n\n<hr class=\"wp-block-separator\"\/>\n\n\n\n<div class=\"wp-block-columns is-layout-flex wp-container-core-columns-is-layout-9d6595d7 wp-block-columns-is-layout-flex\">\n<div class=\"wp-block-column is-layout-flow wp-block-column-is-layout-flow\">\n<figure class=\"wp-block-embed is-type-video is-provider-youtube wp-block-embed-youtube wp-embed-aspect-16-9 wp-has-aspect-ratio\"><div class=\"wp-block-embed__wrapper\">\n<p class=\"responsive-video-wrap clr\"><iframe title=\"A M\u00daSICA DAS FORMAS GEOM\u00c9TRICAS | M\u00fasicas Divertidas | Casa Teehe\" width=\"1200\" height=\"675\" src=\"https:\/\/www.youtube.com\/embed\/HcPMoOu1tSw?feature=oembed\" frameborder=\"0\" allow=\"accelerometer; autoplay; clipboard-write; encrypted-media; gyroscope; picture-in-picture\" allowfullscreen><\/iframe><\/p>\n<\/div><figcaption>&#8220;A M\u00daSICA DAS FORMAS GEOM\u00c9TRICAS | M\u00fasicas Divertidas | Casa Teehe&#8221; Canal: <a href=\"https:\/\/www.youtube.com\/channel\/UCv_Jsm1eWDbCqzOgVPFV9hA\">Casa Teehee &#8211; TeeHee Town Brasil<\/a><\/figcaption><\/figure>\n<\/div>\n\n\n\n<div class=\"wp-block-column is-layout-flow wp-block-column-is-layout-flow\">\n<figure class=\"wp-block-embed is-type-video is-provider-youtube wp-block-embed-youtube wp-embed-aspect-16-9 wp-has-aspect-ratio\"><div class=\"wp-block-embed__wrapper\">\n<p class=\"responsive-video-wrap clr\"><iframe title=\"Especial Os Pequerruchos Almanaque - Formas (c\u00edrculo, quadrado, tri\u00e2ngulo, ret\u00e2ngulo e oval)\" width=\"1200\" height=\"675\" src=\"https:\/\/www.youtube.com\/embed\/maSRnVnS93o?feature=oembed\" frameborder=\"0\" allow=\"accelerometer; autoplay; clipboard-write; encrypted-media; gyroscope; picture-in-picture\" allowfullscreen><\/iframe><\/p>\n<\/div><figcaption>\u201cEspecial Os Pequerruchos Almanaque &#8211; Formas&nbsp; (c\u00edrculo, quadrado, tri\u00e2ngulo, ret\u00e2ngulo e oval) \u201d canal:&nbsp; Os Pequerruchos do YouTube &#8211; <br>https:\/\/youtu.be\/maSRnVnS93o<br><\/figcaption><\/figure>\n<\/div>\n<\/div>\n\n\n\n<hr class=\"wp-block-separator\"\/>\n\n\n\n<p><strong>Saiba Mais | &nbsp;Refer\u00eancias:<\/strong><\/p>\n\n\n\n<figure class=\"wp-block-table alignfull\"><table><tbody><tr><td>Objeto de &nbsp;Conhecimento&nbsp;<\/td><td>Formas geom\u00e9tricas: figuras geom\u00e9tricas espaciais e&nbsp; planas.&nbsp;<\/td><\/tr><tr><td>Habilidades&nbsp;<\/td><td>(EF02MA14-A). Estabelecer rela\u00e7\u00e3o entre as formas&nbsp; geom\u00e9tricas na natureza e nos objetos criados pelo&nbsp; homem.&nbsp;&nbsp;(EF02MA14-B). Reconhecer e comparar figuras&nbsp; geom\u00e9tricas espaciais (cubo, bloco retangular, pir\u00e2mide,&nbsp; cone, cilindro e esfera), relacionando-as com objetos do&nbsp; mundo f\u00edsico (embalagens, modelos de figuras espaciais&nbsp; com massa de modelar ou varetas), expressando&nbsp; verbalmente ou por meio de desenhos suas caracter\u00edsticas&nbsp;e propriedades, como ter ou n\u00e3o faces e v\u00e9rtices e ser ou&nbsp; n\u00e3o redondas, nomeando as figuras e as faces.&nbsp; (EF02MA15-A). Reconhecer, comparar e nomear figuras&nbsp; planas (c\u00edrculo, quadrado, ret\u00e2ngulo e tri\u00e2ngulo), por meio&nbsp; de caracter\u00edsticas comuns e propriedades (ter ou n\u00e3o lados&nbsp; e v\u00e9rtices), em desenhos apresentados em diferentes&nbsp; disposi\u00e7\u00f5es ou em s\u00f3lidos geom\u00e9tricos (objetos do&nbsp; cotidiano), identificando e classificando de pol\u00edgonos as&nbsp; figuras planas com lados.&nbsp;&nbsp;<br>(EF02MA15-B). Relacionar as caracter\u00edsticas e&nbsp; propriedades dos pol\u00edgonos, com suas respectivas&nbsp; nomenclaturas, inclusive reconhecendo o c\u00edrculo como&nbsp; uma figura n\u00e3o poligonal.<br><\/td><\/tr><\/tbody><\/table><\/figure>\n\n\n\n<hr class=\"wp-block-separator\"\/>\n\n\n\n<figure class=\"wp-block-table alignfull\"><table><tbody><tr><td>Proponentes\/ &nbsp;Professores:<\/td><td>Ros\u00e2ngela Santos Cardoso<\/td><\/tr><tr><td>Institui\u00e7\u00e3o&nbsp;Educacional:<\/td><td>Escola Municipal Lions Clube de Goi\u00e2nia &#8211; Tocantins<\/td><\/tr><tr><td>CRE:&nbsp;<\/td><td>Central<\/td><\/tr><\/tbody><\/table><\/figure>\n\n\n\n<hr class=\"wp-block-separator\"\/>\n\n\n\n<p>Ensino Fundamental &#8211; Ciclo da Inf\u00e2ncia \u2013 Turma B \u2013 2\u00ba ano &#8211; Educa\u00e7\u00e3o Financeira e empreendedorismo<\/p>\n\n\n\n<p><\/p>\n","protected":false},"author":24,"featured_media":84429,"template":"","ef_categoria":[13,19],"ef_ano":[85],"ef_componente":[94],"class_list":["post-84427","ensino_fundamental","type-ensino_fundamental","status-publish","has-post-thumbnail","hentry","ef_categoria-ciclo-da-infancia-abc","ef_categoria-educacao-financeira-e-empreendedorismo","ef_ano-2o-ano","ef_componente-matematica","entry","has-media"],"acf":[],"_links":{"self":[{"href":"https:\/\/sme.goiania.go.gov.br\/conexaoescola\/wp-json\/wp\/v2\/ensino_fundamental\/84427","targetHints":{"allow":["GET"]}}],"collection":[{"href":"https:\/\/sme.goiania.go.gov.br\/conexaoescola\/wp-json\/wp\/v2\/ensino_fundamental"}],"about":[{"href":"https:\/\/sme.goiania.go.gov.br\/conexaoescola\/wp-json\/wp\/v2\/types\/ensino_fundamental"}],"author":[{"embeddable":true,"href":"https:\/\/sme.goiania.go.gov.br\/conexaoescola\/wp-json\/wp\/v2\/users\/24"}],"version-history":[{"count":0,"href":"https:\/\/sme.goiania.go.gov.br\/conexaoescola\/wp-json\/wp\/v2\/ensino_fundamental\/84427\/revisions"}],"wp:featuredmedia":[{"embeddable":true,"href":"https:\/\/sme.goiania.go.gov.br\/conexaoescola\/wp-json\/wp\/v2\/media\/84429"}],"wp:attachment":[{"href":"https:\/\/sme.goiania.go.gov.br\/conexaoescola\/wp-json\/wp\/v2\/media?parent=84427"}],"wp:term":[{"taxonomy":"ef_categoria","embeddable":true,"href":"https:\/\/sme.goiania.go.gov.br\/conexaoescola\/wp-json\/wp\/v2\/ef_categoria?post=84427"},{"taxonomy":"ef_ano","embeddable":true,"href":"https:\/\/sme.goiania.go.gov.br\/conexaoescola\/wp-json\/wp\/v2\/ef_ano?post=84427"},{"taxonomy":"ef_componente","embeddable":true,"href":"https:\/\/sme.goiania.go.gov.br\/conexaoescola\/wp-json\/wp\/v2\/ef_componente?post=84427"}],"curies":[{"name":"wp","href":"https:\/\/api.w.org\/{rel}","templated":true}]}}

Matemática &#8211; Quais as formas da bicicleta?

<p class="has-drop-cap has-medium-font-size">Olá. Tudo bem? Vocês já andaram de bicicleta? Acharam &nbsp;difícil ou fácil na primeira vez? Sabiam que a primeira &nbsp;bicicleta foi construída na França. Vamos descobrir mais &nbsp;coisas?</p>



<hr class="wp-block-separator"/>



<p class="has-very-light-gray-color has-luminous-vivid-amber-background-color has-text-color has-background has-medium-font-size"><strong>ATIVIDADE 1:&nbsp;</strong></p>



<p class="has-medium-font-size">Vamos ouvir uma história? Que tal convidar alguém para ouvir também? Acesse o &nbsp;link do site “Leia para uma criança- iniciativa do Banco Itaú a obra “A bicicleta” do &nbsp;autor Antônio Prata e leia ou peça para quem estiver com você ler. </p>



<p class="has-very-light-gray-color has-vivid-purple-background-color has-text-color has-background has-medium-font-size"><a href="https://www.euleioparaumacrianca.com.br/historias/a-bicicleta-voadora/">https://www.euleioparaumacrianca.com.br/historias/a-bicicleta-voadora/</a></p>



<p class="has-medium-font-size">Achou interessante? Você já brincou com os brinquedos mencionados na história?&nbsp; Perceberam como elas são amigas? Você tem um (a) melhor amigo (a)?&nbsp;</p>



<p class="has-very-light-gray-color has-luminous-vivid-amber-background-color has-text-color has-background has-medium-font-size"><strong>ATIVIDADE 2:&nbsp;</strong></p>



<p class="has-medium-font-size">Na história acima apareceu a bicicleta, você já reparou qual é a forma das rodas&nbsp; dela? E a pipa, se a partimos ao meio na horizontal, formamos duas formas&nbsp; geométricas iguais. Quais são elas? Vamos assistir um vídeo do canal Vida de&nbsp; Criança YouTube acesse o link abaixo:&nbsp;</p>



<figure class="wp-block-embed is-type-video is-provider-youtube wp-block-embed-youtube wp-embed-aspect-16-9 wp-has-aspect-ratio"><div class="wp-block-embed__wrapper">
<p class="responsive-video-wrap clr"><iframe title="⭕Aprenda as FORMAS GEOMÉTRICAS com Pocoyo ⭕ | Vídeos Educativos para Crianças" width="1200" height="675" src="https://www.youtube.com/embed/FTBBVC_9Nu0?feature=oembed" frameborder="0" allow="accelerometer; autoplay; clipboard-write; encrypted-media; gyroscope; picture-in-picture" allowfullscreen></iframe></p>
</div><figcaption>&#8220;&#x2b55;Aprenda as FORMAS GEOMÉTRICAS com Pocoyo  &#x2b55; | Vídeos Educativos para Crianças&#8217; Canal: <a href="https://www.youtube.com/channel/UC-Q7_qA5wr0pDxNYT3pVzjw">Vida de Criança</a> &#8211; <a href="https://www.youtube.com/watch?v=FTBBVC_9Nu0&amp;feature=youtu.be">(3) &#x2b55;Aprenda as FORMAS GEOMÉTRICAS com Pocoyo &#x2b55; | Vídeos Educativos para Crianças &#8211; YouTube</a></figcaption></figure>



<p class="has-medium-font-size">Gostou? Já conhecia essas formas? Que tal pedir ajuda do seu responsável e&nbsp; desenhar outro objeto com as formas geométricas?</p>



<p class="has-very-light-gray-color has-luminous-vivid-amber-background-color has-text-color has-background has-medium-font-size"><strong>ATIVIDADE 3:&nbsp;</strong></p>



<p class="has-medium-font-size">Vimos que as formas geométricas aparecem em vários objetos. Existem também&nbsp; os sólidos geométricos que estão em todo lugar. Veja só, clicando no link do vídeo&nbsp; do canal Smile and Learn &#8211; Português do YouTube&nbsp;&nbsp;</p>



<figure class="wp-block-embed is-type-video is-provider-youtube wp-block-embed-youtube wp-embed-aspect-16-9 wp-has-aspect-ratio"><div class="wp-block-embed__wrapper">
<p class="responsive-video-wrap clr"><iframe title="Sólidos Geométricos para crianças - Vocabulário ensino fundamental I" width="1200" height="675" src="https://www.youtube.com/embed/_gEm11EDh5U?feature=oembed" frameborder="0" allow="accelerometer; autoplay; clipboard-write; encrypted-media; gyroscope; picture-in-picture" allowfullscreen></iframe></p>
</div><figcaption>&#8220;Sólidos Geométricos para crianças &#8211; Vocabulário ensino fundamental I&#8221; Canal: <a href="https://www.youtube.com/channel/UCYKeu41LiJOIoyEkStWqCLw">Smile and Learn &#8211; Português</a> &#8211; <a href="https://www.youtube.com/watch?v=_gEm11EDh5U&amp;feature=youtu.be">(3) Sólidos Geométricos para crianças &#8211; Vocabulário ensino fundamental I &#8211; YouTube</a></figcaption></figure>



<p class="has-medium-font-size">Percebemos que os sólidos geométricos nos rodeiam. Que tal desenhar outros&nbsp; objetos com as formas citadas no vídeo e treinar a escrita escrevendo os nomes&nbsp; dos objetos que desenhou e o sólido geométrico utilizado. </p>



<p class="has-vivid-cyan-blue-color has-text-color has-large-font-size">Vamos lá?</p>



<hr class="wp-block-separator"/>



<div class="wp-block-columns is-layout-flex wp-container-core-columns-is-layout-9d6595d7 wp-block-columns-is-layout-flex">
<div class="wp-block-column is-layout-flow wp-block-column-is-layout-flow">
<figure class="wp-block-embed is-type-video is-provider-youtube wp-block-embed-youtube wp-embed-aspect-16-9 wp-has-aspect-ratio"><div class="wp-block-embed__wrapper">
<p class="responsive-video-wrap clr"><iframe title="A MÚSICA DAS FORMAS GEOMÉTRICAS | Músicas Divertidas | Casa Teehe" width="1200" height="675" src="https://www.youtube.com/embed/HcPMoOu1tSw?feature=oembed" frameborder="0" allow="accelerometer; autoplay; clipboard-write; encrypted-media; gyroscope; picture-in-picture" allowfullscreen></iframe></p>
</div><figcaption>&#8220;A MÚSICA DAS FORMAS GEOMÉTRICAS | Músicas Divertidas | Casa Teehe&#8221; Canal: <a href="https://www.youtube.com/channel/UCv_Jsm1eWDbCqzOgVPFV9hA">Casa Teehee &#8211; TeeHee Town Brasil</a></figcaption></figure>
</div>



<div class="wp-block-column is-layout-flow wp-block-column-is-layout-flow">
<figure class="wp-block-embed is-type-video is-provider-youtube wp-block-embed-youtube wp-embed-aspect-16-9 wp-has-aspect-ratio"><div class="wp-block-embed__wrapper">
<p class="responsive-video-wrap clr"><iframe title="Especial Os Pequerruchos Almanaque - Formas (círculo, quadrado, triângulo, retângulo e oval)" width="1200" height="675" src="https://www.youtube.com/embed/maSRnVnS93o?feature=oembed" frameborder="0" allow="accelerometer; autoplay; clipboard-write; encrypted-media; gyroscope; picture-in-picture" allowfullscreen></iframe></p>
</div><figcaption>“Especial Os Pequerruchos Almanaque &#8211; Formas&nbsp; (círculo, quadrado, triângulo, retângulo e oval) ” canal:&nbsp; Os Pequerruchos do YouTube &#8211; <br>https://youtu.be/maSRnVnS93o<br></figcaption></figure>
</div>
</div>



<hr class="wp-block-separator"/>



<p><strong>Saiba Mais | &nbsp;Referências:</strong></p>



<figure class="wp-block-table alignfull"><table><tbody><tr><td>Objeto de &nbsp;Conhecimento&nbsp;</td><td>Formas geométricas: figuras geométricas espaciais e&nbsp; planas.&nbsp;</td></tr><tr><td>Habilidades&nbsp;</td><td>(EF02MA14-A). Estabelecer relação entre as formas&nbsp; geométricas na natureza e nos objetos criados pelo&nbsp; homem.&nbsp;&nbsp;(EF02MA14-B). Reconhecer e comparar figuras&nbsp; geométricas espaciais (cubo, bloco retangular, pirâmide,&nbsp; cone, cilindro e esfera), relacionando-as com objetos do&nbsp; mundo físico (embalagens, modelos de figuras espaciais&nbsp; com massa de modelar ou varetas), expressando&nbsp; verbalmente ou por meio de desenhos suas características&nbsp;e propriedades, como ter ou não faces e vértices e ser ou&nbsp; não redondas, nomeando as figuras e as faces.&nbsp; (EF02MA15-A). Reconhecer, comparar e nomear figuras&nbsp; planas (círculo, quadrado, retângulo e triângulo), por meio&nbsp; de características comuns e propriedades (ter ou não lados&nbsp; e vértices), em desenhos apresentados em diferentes&nbsp; disposições ou em sólidos geométricos (objetos do&nbsp; cotidiano), identificando e classificando de polígonos as&nbsp; figuras planas com lados.&nbsp;&nbsp;<br>(EF02MA15-B). Relacionar as características e&nbsp; propriedades dos polígonos, com suas respectivas&nbsp; nomenclaturas, inclusive reconhecendo o círculo como&nbsp; uma figura não poligonal.<br></td></tr></tbody></table></figure>



<hr class="wp-block-separator"/>



<figure class="wp-block-table alignfull"><table><tbody><tr><td>Proponentes/ &nbsp;Professores:</td><td>Rosângela Santos Cardoso</td></tr><tr><td>Instituição&nbsp;Educacional:</td><td>Escola Municipal Lions Clube de Goiânia &#8211; Tocantins</td></tr><tr><td>CRE:&nbsp;</td><td>Central</td></tr></tbody></table></figure>



<hr class="wp-block-separator"/>



<p>Ensino Fundamental &#8211; Ciclo da Infância – Turma B – 2º ano &#8211; Educação Financeira e empreendedorismo</p>



<p></p>
