{"id":84377,"date":"2020-12-07T07:00:00","date_gmt":"2020-12-07T09:00:00","guid":{"rendered":"https:\/\/sme.goiania.go.gov.br\/conexaoescola\/?post_type=ensino_fundamental&#038;p=84377"},"modified":"2021-12-03T10:11:30","modified_gmt":"2021-12-03T12:11:30","slug":"periodo-entre-guerras","status":"publish","type":"ensino_fundamental","link":"https:\/\/sme.goiania.go.gov.br\/conexaoescola\/ensino_fundamental\/periodo-entre-guerras\/","title":{"rendered":"L\u00edngua Portuguesa e Hist\u00f3ria &#8211; Per\u00edodo entre guerras"},"content":{"rendered":"\n<p class=\"has-drop-cap has-very-light-gray-background-color has-background has-medium-font-size\">No s\u00e9culo XX, ocorreram duas grande guerras mundiais. A primeira de 1914-1918, a segunda, em 1939-1945. Mas o mundo entre uma guerra e outra modificou-se muito e isso, inclusive, criou as condi\u00e7\u00f5es e ambiente para a segunda guerra. Vamos discutir os principais acontecimentos do Entre guerra.<\/p>\n\n\n\n<p class=\"has-medium-font-size\">A maioria dos historiadores afirma que a Segunda Guerra s\u00f3&nbsp; aconteceu por causa as san\u00e7\u00f5es feita aos pa\u00edses que perderam a guerra foram muito pesadas.&nbsp;<\/p>\n\n\n\n<p class=\"has-light-green-cyan-background-color has-background has-medium-font-size\">A Alemanha e a It\u00e1lia passaram por um empobrecimento da popula\u00e7\u00e3o. Esses pa\u00edses ficaram em uma situa\u00e7\u00e3o muito dif\u00edcil, e, assim, come\u00e7aram a acreditar que um grande l\u00edder pudesse resolver o problema de maneira r\u00e1pida.<\/p>\n\n\n\n<p class=\"has-medium-font-size\">Outro fator que fez com que a situa\u00e7\u00e3o ficasse muito ruim, foi a Crise de 1929. As bolsas de valores do mundo todo quebraram e as pessoas, nos Estados Unidos, faziam filas para poder comer sopa.&nbsp;<\/p>\n\n\n\n<p class=\"has-pale-cyan-blue-background-color has-background has-medium-font-size\">A situa\u00e7\u00e3o ficou muito dif\u00edcil em todo mundo. Isso ajuda a entender um pouco o porqu\u00ea as pessoas, na Europa, ajudaram a colocar no poder os regimes Fascistas e Nazistas.&nbsp;<\/p>\n\n\n\n<p class=\"has-medium-font-size\">Vamos entender um pouco mais do assunto com o canal Hist\u00f3riar-te.&nbsp;<\/p>\n\n\n\n<hr class=\"wp-block-separator\"\/>\n\n\n\n<figure class=\"wp-block-embed is-type-video is-provider-youtube wp-block-embed-youtube wp-embed-aspect-16-9 wp-has-aspect-ratio\"><div class=\"wp-block-embed__wrapper\">\n<p class=\"responsive-video-wrap clr\"><iframe title=\"NAZISMO E FASCISMO - Resumo Desenhado\" width=\"1200\" height=\"675\" src=\"https:\/\/www.youtube.com\/embed\/bbi-OzMtslc?feature=oembed\" frameborder=\"0\" allow=\"accelerometer; autoplay; clipboard-write; encrypted-media; gyroscope; picture-in-picture\" allowfullscreen><\/iframe><\/p>\n<\/div><figcaption>NAZISMO E FASCISMO &#8211; Resumo Desenhado<\/figcaption><\/figure>\n\n\n\n<hr class=\"wp-block-separator\"\/>\n\n\n\n<p class=\"has-medium-font-size\">O fim da primeira guerra j\u00e1 deixou as pessoas em uma situa\u00e7\u00e3o muito dif\u00edcil. A crise de 1929, piorou a situa\u00e7\u00e3o.<\/p>\n\n\n\n<p class=\"has-medium-font-size\">Mussolini assume o poder na It\u00e1lia, com a perspectiva fascista e Hitler implanta a ditadura na Alemanha. As Olimp\u00edadas mais ou menos assim:<\/p>\n\n\n\n<p class=\"has-luminous-vivid-orange-background-color has-background has-medium-font-size\">\u201cVou promover as olimp\u00edadas para mostrar a superioridade dos Arianos!\u201d. Mas, Jesse Owns, no corredor negro, respondesse: \u201cVou deixar n\u00e3o!\u201d. Detalhe: pesquisa l\u00e1 quem foi Jess Owns&#8230;<\/p>\n\n\n\n<p class=\"has-medium-font-size\">Sabemos que n\u00e3o existe ra\u00e7a superior e nem inferior, na verdade somos todos humanos. Somos apenas diferentes. &nbsp;para aprofundar nosso debate, vamos ver um v\u00eddeo do canal <strong>Hist\u00f3riA\u00e7\u00e3o Humanas, com o professor Jener Cristiano.<\/strong><\/p>\n\n\n\n<hr class=\"wp-block-separator\"\/>\n\n\n\n<figure class=\"wp-block-embed is-type-video is-provider-youtube wp-block-embed-youtube wp-embed-aspect-16-9 wp-has-aspect-ratio\"><div class=\"wp-block-embed__wrapper\">\n<p class=\"responsive-video-wrap clr\"><iframe title=\"Nazismo e Fascismo Primeira Guerra Mundial: Consequ\u00eancias\" width=\"1200\" height=\"675\" src=\"https:\/\/www.youtube.com\/embed\/dZQrRVdvVkY?feature=oembed\" frameborder=\"0\" allow=\"accelerometer; autoplay; clipboard-write; encrypted-media; gyroscope; picture-in-picture\" allowfullscreen><\/iframe><\/p>\n<\/div><figcaption>Nazismo e Fascismo Primeira Guerra Mundial: Consequ\u00eancias<\/figcaption><\/figure>\n\n\n\n<hr class=\"wp-block-separator\"\/>\n\n\n\n<p class=\"has-medium-font-size\">Mesmo sendo diferentes, os regimes apresentam caracter\u00edsticas semelhantes.&nbsp;Os dois tem um l\u00edder que \u00e9 idolatrado. Eles s\u00e3o extremamente militaristas, acreditavam na centraliza\u00e7\u00e3o do poder do estado, perseguiram todos que foram contr\u00e1rios<strong>.<\/strong> O que o Nazismo tem de diferente \u00e9 o fato de acreditar em uma ra\u00e7a pura e assim exterminar os demais grupos, como judeus, negros e homossexuais.<\/p>\n\n\n\n<hr class=\"wp-block-separator\"\/>\n\n\n\n<p class=\"has-drop-cap has-medium-font-size\">ATIVIDADE<\/p>\n\n\n\n<p class=\"has-medium-font-size\">Agora \u00e9 com voc\u00ea! Fa\u00e7a um resumo do que \u00e9 fascismo e nazismo. Lembre-se de que o resumo \u00e9 um texto que apresenta o essencial em poucas linhas.  Vamos l\u00e1? Boa atividade. <\/p>\n\n\n\n<hr class=\"wp-block-separator\"\/>\n\n\n\n<figure class=\"wp-block-table\"><table><tbody><tr><td>Hist\u00f3ria<\/td><td><br>(EF09HI12) Analisar a crise capitalista de 1929 e seus desdobramentos em rela\u00e7\u00e3o \u00e0 economia global.(EF09HI13) Descrever e contextualizar os processos da emerg\u00eancia do fascismo e do nazismo, a consolida\u00e7\u00e3o dos estados totalit\u00e1rios e as pr\u00e1ticas de exterm\u00ednio (como o holocausto).(GO-EF09HI13-B) Compreender e refletir sobre as teorias de evolucionismo, darwinismo e determinismo social como base da ideia de Eugenia e sua rela\u00e7\u00e3o com a pol\u00edtica de exterm\u00ednio, empreendida pelos nazistas.<br>(GO-EF09HI13-C) Identificar e analisar o genoc\u00eddio praticado por diferentes povos, relacionando-o com o racismo, xenofobia, homofobia e femin\u00edcidio, no passado e no presente.<br><\/td><\/tr><tr><td>L\u00edngua Portuguesa<\/td><td>(EF69LP25-A) Posicionar-se de forma consistente e sustentada em uma discuss\u00e3o, assembleia, reuni\u00f5es de colegiados da escola, de agremia\u00e7\u00f5es e outras situa\u00e7\u00f5es de apresenta\u00e7\u00e3o de propostas e defesas de opini\u00f5es.<br><br>(EF08LP02-A) Identificar e comparar diferen\u00e7as ou semelhan\u00e7as no tratamento dado a uma mesma informa\u00e7\u00e3o veiculada em textos diferentes, consultando sites variados.<\/td><\/tr><\/tbody><\/table><figcaption>HABILIDADES<\/figcaption><\/figure>\n\n\n\n<hr class=\"wp-block-separator\"\/>\n\n\n\n<p><\/p>\n","protected":false},"author":30,"featured_media":84381,"template":"","ef_categoria":[16,36],"ef_ano":[92],"ef_componente":[95,93],"class_list":["post-84377","ensino_fundamental","type-ensino_fundamental","status-publish","has-post-thumbnail","hentry","ef_categoria-ciclo-da-adolescencia-hi","ef_categoria-etica-e-cidadania-ciclo-da-adolescencia-hi","ef_ano-9o-ano","ef_componente-historia","ef_componente-portugues","entry","has-media"],"acf":[],"_links":{"self":[{"href":"https:\/\/sme.goiania.go.gov.br\/conexaoescola\/wp-json\/wp\/v2\/ensino_fundamental\/84377","targetHints":{"allow":["GET"]}}],"collection":[{"href":"https:\/\/sme.goiania.go.gov.br\/conexaoescola\/wp-json\/wp\/v2\/ensino_fundamental"}],"about":[{"href":"https:\/\/sme.goiania.go.gov.br\/conexaoescola\/wp-json\/wp\/v2\/types\/ensino_fundamental"}],"author":[{"embeddable":true,"href":"https:\/\/sme.goiania.go.gov.br\/conexaoescola\/wp-json\/wp\/v2\/users\/30"}],"version-history":[{"count":0,"href":"https:\/\/sme.goiania.go.gov.br\/conexaoescola\/wp-json\/wp\/v2\/ensino_fundamental\/84377\/revisions"}],"wp:featuredmedia":[{"embeddable":true,"href":"https:\/\/sme.goiania.go.gov.br\/conexaoescola\/wp-json\/wp\/v2\/media\/84381"}],"wp:attachment":[{"href":"https:\/\/sme.goiania.go.gov.br\/conexaoescola\/wp-json\/wp\/v2\/media?parent=84377"}],"wp:term":[{"taxonomy":"ef_categoria","embeddable":true,"href":"https:\/\/sme.goiania.go.gov.br\/conexaoescola\/wp-json\/wp\/v2\/ef_categoria?post=84377"},{"taxonomy":"ef_ano","embeddable":true,"href":"https:\/\/sme.goiania.go.gov.br\/conexaoescola\/wp-json\/wp\/v2\/ef_ano?post=84377"},{"taxonomy":"ef_componente","embeddable":true,"href":"https:\/\/sme.goiania.go.gov.br\/conexaoescola\/wp-json\/wp\/v2\/ef_componente?post=84377"}],"curies":[{"name":"wp","href":"https:\/\/api.w.org\/{rel}","templated":true}]}}

Língua Portuguesa e História &#8211; Período entre guerras

<p class="has-drop-cap has-very-light-gray-background-color has-background has-medium-font-size">No século XX, ocorreram duas grande guerras mundiais. A primeira de 1914-1918, a segunda, em 1939-1945. Mas o mundo entre uma guerra e outra modificou-se muito e isso, inclusive, criou as condições e ambiente para a segunda guerra. Vamos discutir os principais acontecimentos do Entre guerra.</p>



<p class="has-medium-font-size">A maioria dos historiadores afirma que a Segunda Guerra só&nbsp; aconteceu por causa as sanções feita aos países que perderam a guerra foram muito pesadas.&nbsp;</p>



<p class="has-light-green-cyan-background-color has-background has-medium-font-size">A Alemanha e a Itália passaram por um empobrecimento da população. Esses países ficaram em uma situação muito difícil, e, assim, começaram a acreditar que um grande líder pudesse resolver o problema de maneira rápida.</p>



<p class="has-medium-font-size">Outro fator que fez com que a situação ficasse muito ruim, foi a Crise de 1929. As bolsas de valores do mundo todo quebraram e as pessoas, nos Estados Unidos, faziam filas para poder comer sopa.&nbsp;</p>



<p class="has-pale-cyan-blue-background-color has-background has-medium-font-size">A situação ficou muito difícil em todo mundo. Isso ajuda a entender um pouco o porquê as pessoas, na Europa, ajudaram a colocar no poder os regimes Fascistas e Nazistas.&nbsp;</p>



<p class="has-medium-font-size">Vamos entender um pouco mais do assunto com o canal Históriar-te.&nbsp;</p>



<hr class="wp-block-separator"/>



<figure class="wp-block-embed is-type-video is-provider-youtube wp-block-embed-youtube wp-embed-aspect-16-9 wp-has-aspect-ratio"><div class="wp-block-embed__wrapper">
<p class="responsive-video-wrap clr"><iframe title="NAZISMO E FASCISMO - Resumo Desenhado" width="1200" height="675" src="https://www.youtube.com/embed/bbi-OzMtslc?feature=oembed" frameborder="0" allow="accelerometer; autoplay; clipboard-write; encrypted-media; gyroscope; picture-in-picture" allowfullscreen></iframe></p>
</div><figcaption>NAZISMO E FASCISMO &#8211; Resumo Desenhado</figcaption></figure>



<hr class="wp-block-separator"/>



<p class="has-medium-font-size">O fim da primeira guerra já deixou as pessoas em uma situação muito difícil. A crise de 1929, piorou a situação.</p>



<p class="has-medium-font-size">Mussolini assume o poder na Itália, com a perspectiva fascista e Hitler implanta a ditadura na Alemanha. As Olimpíadas mais ou menos assim:</p>



<p class="has-luminous-vivid-orange-background-color has-background has-medium-font-size">“Vou promover as olimpíadas para mostrar a superioridade dos Arianos!”. Mas, Jesse Owns, no corredor negro, respondesse: “Vou deixar não!”. Detalhe: pesquisa lá quem foi Jess Owns&#8230;</p>



<p class="has-medium-font-size">Sabemos que não existe raça superior e nem inferior, na verdade somos todos humanos. Somos apenas diferentes. &nbsp;para aprofundar nosso debate, vamos ver um vídeo do canal <strong>HistóriAção Humanas, com o professor Jener Cristiano.</strong></p>



<hr class="wp-block-separator"/>



<figure class="wp-block-embed is-type-video is-provider-youtube wp-block-embed-youtube wp-embed-aspect-16-9 wp-has-aspect-ratio"><div class="wp-block-embed__wrapper">
<p class="responsive-video-wrap clr"><iframe title="Nazismo e Fascismo Primeira Guerra Mundial: Consequências" width="1200" height="675" src="https://www.youtube.com/embed/dZQrRVdvVkY?feature=oembed" frameborder="0" allow="accelerometer; autoplay; clipboard-write; encrypted-media; gyroscope; picture-in-picture" allowfullscreen></iframe></p>
</div><figcaption>Nazismo e Fascismo Primeira Guerra Mundial: Consequências</figcaption></figure>



<hr class="wp-block-separator"/>



<p class="has-medium-font-size">Mesmo sendo diferentes, os regimes apresentam características semelhantes.&nbsp;Os dois tem um líder que é idolatrado. Eles são extremamente militaristas, acreditavam na centralização do poder do estado, perseguiram todos que foram contrários<strong>.</strong> O que o Nazismo tem de diferente é o fato de acreditar em uma raça pura e assim exterminar os demais grupos, como judeus, negros e homossexuais.</p>



<hr class="wp-block-separator"/>



<p class="has-drop-cap has-medium-font-size">ATIVIDADE</p>



<p class="has-medium-font-size">Agora é com você! Faça um resumo do que é fascismo e nazismo. Lembre-se de que o resumo é um texto que apresenta o essencial em poucas linhas.  Vamos lá? Boa atividade. </p>



<hr class="wp-block-separator"/>



<figure class="wp-block-table"><table><tbody><tr><td>História</td><td><br>(EF09HI12) Analisar a crise capitalista de 1929 e seus desdobramentos em relação à economia global.(EF09HI13) Descrever e contextualizar os processos da emergência do fascismo e do nazismo, a consolidação dos estados totalitários e as práticas de extermínio (como o holocausto).(GO-EF09HI13-B) Compreender e refletir sobre as teorias de evolucionismo, darwinismo e determinismo social como base da ideia de Eugenia e sua relação com a política de extermínio, empreendida pelos nazistas.<br>(GO-EF09HI13-C) Identificar e analisar o genocídio praticado por diferentes povos, relacionando-o com o racismo, xenofobia, homofobia e feminícidio, no passado e no presente.<br></td></tr><tr><td>Língua Portuguesa</td><td>(EF69LP25-A) Posicionar-se de forma consistente e sustentada em uma discussão, assembleia, reuniões de colegiados da escola, de agremiações e outras situações de apresentação de propostas e defesas de opiniões.<br><br>(EF08LP02-A) Identificar e comparar diferenças ou semelhanças no tratamento dado a uma mesma informação veiculada em textos diferentes, consultando sites variados.</td></tr></tbody></table><figcaption>HABILIDADES</figcaption></figure>



<hr class="wp-block-separator"/>



<p></p>
