{"id":66107,"date":"2020-12-07T07:00:00","date_gmt":"2020-12-07T09:00:00","guid":{"rendered":"https:\/\/sme.goiania.go.gov.br\/conexaoescola\/?post_type=ensino_fundamental&#038;p=66107"},"modified":"2021-11-25T09:08:27","modified_gmt":"2021-11-25T11:08:27","slug":"no-mundo-do-conto-de-fadas","status":"publish","type":"ensino_fundamental","link":"https:\/\/sme.goiania.go.gov.br\/conexaoescola\/ensino_fundamental\/no-mundo-do-conto-de-fadas\/","title":{"rendered":"L\u00edngua Portuguesa &#8211; No mundo do Conto de Fadas"},"content":{"rendered":"\n<p class=\"has-very-light-gray-color has-luminous-vivid-amber-background-color has-text-color has-background has-medium-font-size\">Ol\u00e1 crian\u00e7as! Hoje vamos aprender sobre os contos de Fadas e outros v\u00e1rios conhecimentos sobre esse g\u00eanero.<\/p>\n\n\n\n<hr class=\"wp-block-separator\"\/>\n\n\n\n<p class=\"has-very-light-gray-color has-luminous-vivid-orange-background-color has-text-color has-background has-medium-font-size\">Atividade 01.<\/p>\n\n\n\n<p class=\"has-medium-font-size\">Iniciaremos com o v\u00eddeo explicativo sobre o que \u00e9 o g\u00eanero textual Conto de Fadas:<\/p>\n\n\n\n<figure class=\"wp-block-embed is-type-video is-provider-youtube wp-block-embed-youtube wp-embed-aspect-16-9 wp-has-aspect-ratio\"><div class=\"wp-block-embed__wrapper\">\n<p class=\"responsive-video-wrap clr\"><iframe title=\"Conto de fadas\" width=\"1200\" height=\"675\" src=\"https:\/\/www.youtube.com\/embed\/Gx_SiKnfckw?feature=oembed\" frameborder=\"0\" allow=\"accelerometer; autoplay; clipboard-write; encrypted-media; gyroscope; picture-in-picture\" allowfullscreen><\/iframe><\/p>\n<\/div><figcaption>&#8220;Conto de fadas&#8221; Canal: <a href=\"https:\/\/www.youtube.com\/channel\/UCXj2oSzwg6G0iBjKg33joMQ\">Khan Academy Brasil<\/a> &#8211; <a href=\"https:\/\/www.youtube.com\/watch?v=Gx_SiKnfckw\">https:\/\/www.youtube.com\/watch?v=Gx_SiKnfckw<\/a><\/figcaption><\/figure>\n\n\n\n<p class=\"has-very-light-gray-color has-luminous-vivid-orange-background-color has-text-color has-background has-medium-font-size\">Atividade 02-<\/p>\n\n\n\n<p class=\"has-medium-font-size\">Muito bem, agora a partir dos conhecimentos adquiridos, do v\u00eddeo apresentado, vamos assistir ao Conto de Fadas : Jo\u00e3o e o P\u00e9 de Feij\u00e3o.<\/p>\n\n\n\n<figure class=\"wp-block-embed is-type-video is-provider-youtube wp-block-embed-youtube wp-embed-aspect-16-9 wp-has-aspect-ratio\"><div class=\"wp-block-embed__wrapper\">\n<p class=\"responsive-video-wrap clr\"><iframe title=\"Jo\u00e3o e o P\u00e9 de Feij\u00e3o - Turma Mirim\" width=\"1200\" height=\"675\" src=\"https:\/\/www.youtube.com\/embed\/zQtCicNxO0Y?feature=oembed\" frameborder=\"0\" allow=\"accelerometer; autoplay; clipboard-write; encrypted-media; gyroscope; picture-in-picture\" allowfullscreen><\/iframe><\/p>\n<\/div><figcaption>&#8220;Jo\u00e3o e o P\u00e9 de Feij\u00e3o &#8211; Turma Mirim&#8221; Canal: <a href=\"https:\/\/www.youtube.com\/channel\/UCiP1o9NxaR2fW6t0ws0T9uA\">Turma Mirim<\/a> &#8211; https:\/\/www.youtube.com\/watch?v=zQtCicNxO0Y<\/figcaption><\/figure>\n\n\n\n<p class=\"has-medium-font-size\">Ap\u00f3s&nbsp; ter assistido ao conto de fadas: Jo\u00e3o e o P\u00e9 de Feij\u00e3o fa\u00e7a o desenho dos personagens principais do Conto. Em seguida escreva do seu jeito&nbsp; a parte que voc\u00ea mais gostou.<\/p>\n\n\n\n<hr class=\"wp-block-separator\"\/>\n\n\n\n<p><strong>Saiba Mais&nbsp; Refer\u00eancias:<\/strong><\/p>\n\n\n\n<div class=\"wp-block-columns is-layout-flex wp-container-core-columns-is-layout-9d6595d7 wp-block-columns-is-layout-flex\">\n<div class=\"wp-block-column is-layout-flow wp-block-column-is-layout-flow\">\n<figure class=\"wp-block-embed is-type-video is-provider-youtube wp-block-embed-youtube wp-embed-aspect-4-3 wp-has-aspect-ratio\"><div class=\"wp-block-embed__wrapper\">\n<p class=\"responsive-video-wrap clr\"><iframe title=\"Experi\u00eancia: germina\u00e7\u00e3o do feij\u00e3o no algod\u00e3o\" width=\"1200\" height=\"900\" src=\"https:\/\/www.youtube.com\/embed\/vJCYDAT8xN8?feature=oembed\" frameborder=\"0\" allow=\"accelerometer; autoplay; clipboard-write; encrypted-media; gyroscope; picture-in-picture\" allowfullscreen><\/iframe><\/p>\n<\/div><figcaption>&#8220;Experi\u00eancia: germina\u00e7\u00e3o do feij\u00e3o no algod\u00e3o&#8221; Canal: <a href=\"https:\/\/www.youtube.com\/user\/2011midiasufrgs\"><\/a> <a href=\"https:\/\/www.youtube.com\/channel\/UCn-NO_dKYYh5XDO30PoElGA\">2011midiasufrgs<\/a> &#8211; https:\/\/www.youtube.com\/watch?v=vJCYDAT8xN8&amp;feature=youtu.be<\/figcaption><\/figure>\n<\/div>\n\n\n\n<div class=\"wp-block-column is-layout-flow wp-block-column-is-layout-flow\">\n<figure class=\"wp-block-embed is-type-video is-provider-youtube wp-block-embed-youtube wp-embed-aspect-16-9 wp-has-aspect-ratio\"><div class=\"wp-block-embed__wrapper\">\n<p class=\"responsive-video-wrap clr\"><iframe title=\"5 Contos de Fadas em Portugu\u00eas | Contos Infantis | Hist\u00f3ria infantil para dormir\" width=\"1200\" height=\"675\" src=\"https:\/\/www.youtube.com\/embed\/5Iup7m1IjOA?feature=oembed\" frameborder=\"0\" allow=\"accelerometer; autoplay; clipboard-write; encrypted-media; gyroscope; picture-in-picture\" allowfullscreen><\/iframe><\/p>\n<\/div><figcaption>&#8220;5 Contos de Fadas em Portugu\u00eas | Contos Infantis | Hist\u00f3ria infantil para dormir&#8221; Canal: <a href=\"https:\/\/www.youtube.com\/channel\/UCSzY4-0Maq_bkTxmjGTqoWg\">Kids Planet Portuguese<\/a><br><br> &#8211; https:\/\/www.youtube.com\/watch?v=5Iup7m1IjOA<\/figcaption><\/figure>\n<\/div>\n<\/div>\n\n\n\n<hr class=\"wp-block-separator\"\/>\n\n\n\n<figure class=\"wp-block-table alignfull\"><table><tbody><tr><td>Objeto de Conhecimento<\/td><td>Decodifica\u00e7\u00e3o\/Flu\u00eancia de leitura: Leitura fluente e compreensiva de textos.Escuta atenta: Desenvolvimento da escuta atenta para melhoria da comunica\u00e7\u00e3o e da intera\u00e7\u00e3o com o grupo Desenvolvimento do senso cr\u00edtico ap\u00f3s escuta atenta.Constru\u00e7\u00e3o de sentido do texto utilizando os conhecimentos gramaticais e textuais Compreens\u00e3o dos recursos de referenciar\u00e3o, vocabul\u00e1rio apropriado ao g\u00eanero e articuladores de rela\u00e7\u00f5es de sentido no texto.<\/td><\/tr><tr><td>Habilidades<\/td><td>(EF12LP01) Ler palavras novas com precis\u00e3o na decodifica\u00e7\u00e3o, no caso de palavras de uso frequente, ler globalmente, por memoriza\u00e7\u00e3o.(EF15LP10-C) Desenvolver o senso cr\u00edtico, ap\u00f3s escuta atenta, sobre assuntos discutidos e estudados em diferentes situa\u00e7\u00f5es comunicativas.(EF02LP16-A) Reconhecer recursos lingu\u00edsticos e discursivos que constituem os g\u00eaneros previstos para que sejam empregados adequadamente na produ\u00e7\u00e3o de textos.<\/td><\/tr><\/tbody><\/table><\/figure>\n\n\n\n<hr class=\"wp-block-separator\"\/>\n\n\n\n<figure class=\"wp-block-table alignfull\"><table><tbody><tr><td>Proponentes\/ Professores:<\/td><td><br>Nara Roman<\/td><\/tr><tr><td>Institui\u00e7\u00e3o Educacional:<\/td><td>Escola Municipal Jo\u00e3o Br\u00e1z<\/td><\/tr><tr><td>CRE:<\/td><td>Maria Helena Bretas<\/td><\/tr><\/tbody><\/table><\/figure>\n\n\n\n<hr class=\"wp-block-separator\"\/>\n\n\n\n<p>Ensino Fundamental &#8211; Ciclo da Inf\u00e2ncia &#8211; Turma B &#8211; 2\u00ba ano &#8211; Experi\u00eancias e Curiosidades <\/p>\n","protected":false},"author":24,"featured_media":66400,"template":"","ef_categoria":[13,21],"ef_ano":[85],"ef_componente":[93],"class_list":["post-66107","ensino_fundamental","type-ensino_fundamental","status-publish","has-post-thumbnail","hentry","ef_categoria-ciclo-da-infancia-abc","ef_categoria-experiencias-e-curiosidades","ef_ano-2o-ano","ef_componente-portugues","entry","has-media"],"acf":[],"_links":{"self":[{"href":"https:\/\/sme.goiania.go.gov.br\/conexaoescola\/wp-json\/wp\/v2\/ensino_fundamental\/66107","targetHints":{"allow":["GET"]}}],"collection":[{"href":"https:\/\/sme.goiania.go.gov.br\/conexaoescola\/wp-json\/wp\/v2\/ensino_fundamental"}],"about":[{"href":"https:\/\/sme.goiania.go.gov.br\/conexaoescola\/wp-json\/wp\/v2\/types\/ensino_fundamental"}],"author":[{"embeddable":true,"href":"https:\/\/sme.goiania.go.gov.br\/conexaoescola\/wp-json\/wp\/v2\/users\/24"}],"version-history":[{"count":0,"href":"https:\/\/sme.goiania.go.gov.br\/conexaoescola\/wp-json\/wp\/v2\/ensino_fundamental\/66107\/revisions"}],"wp:featuredmedia":[{"embeddable":true,"href":"https:\/\/sme.goiania.go.gov.br\/conexaoescola\/wp-json\/wp\/v2\/media\/66400"}],"wp:attachment":[{"href":"https:\/\/sme.goiania.go.gov.br\/conexaoescola\/wp-json\/wp\/v2\/media?parent=66107"}],"wp:term":[{"taxonomy":"ef_categoria","embeddable":true,"href":"https:\/\/sme.goiania.go.gov.br\/conexaoescola\/wp-json\/wp\/v2\/ef_categoria?post=66107"},{"taxonomy":"ef_ano","embeddable":true,"href":"https:\/\/sme.goiania.go.gov.br\/conexaoescola\/wp-json\/wp\/v2\/ef_ano?post=66107"},{"taxonomy":"ef_componente","embeddable":true,"href":"https:\/\/sme.goiania.go.gov.br\/conexaoescola\/wp-json\/wp\/v2\/ef_componente?post=66107"}],"curies":[{"name":"wp","href":"https:\/\/api.w.org\/{rel}","templated":true}]}}

Língua Portuguesa &#8211; No mundo do Conto de Fadas

<p class="has-very-light-gray-color has-luminous-vivid-amber-background-color has-text-color has-background has-medium-font-size">Olá crianças! Hoje vamos aprender sobre os contos de Fadas e outros vários conhecimentos sobre esse gênero.</p>



<hr class="wp-block-separator"/>



<p class="has-very-light-gray-color has-luminous-vivid-orange-background-color has-text-color has-background has-medium-font-size">Atividade 01.</p>



<p class="has-medium-font-size">Iniciaremos com o vídeo explicativo sobre o que é o gênero textual Conto de Fadas:</p>



<figure class="wp-block-embed is-type-video is-provider-youtube wp-block-embed-youtube wp-embed-aspect-16-9 wp-has-aspect-ratio"><div class="wp-block-embed__wrapper">
<p class="responsive-video-wrap clr"><iframe title="Conto de fadas" width="1200" height="675" src="https://www.youtube.com/embed/Gx_SiKnfckw?feature=oembed" frameborder="0" allow="accelerometer; autoplay; clipboard-write; encrypted-media; gyroscope; picture-in-picture" allowfullscreen></iframe></p>
</div><figcaption>&#8220;Conto de fadas&#8221; Canal: <a href="https://www.youtube.com/channel/UCXj2oSzwg6G0iBjKg33joMQ">Khan Academy Brasil</a> &#8211; <a href="https://www.youtube.com/watch?v=Gx_SiKnfckw">https://www.youtube.com/watch?v=Gx_SiKnfckw</a></figcaption></figure>



<p class="has-very-light-gray-color has-luminous-vivid-orange-background-color has-text-color has-background has-medium-font-size">Atividade 02-</p>



<p class="has-medium-font-size">Muito bem, agora a partir dos conhecimentos adquiridos, do vídeo apresentado, vamos assistir ao Conto de Fadas : João e o Pé de Feijão.</p>



<figure class="wp-block-embed is-type-video is-provider-youtube wp-block-embed-youtube wp-embed-aspect-16-9 wp-has-aspect-ratio"><div class="wp-block-embed__wrapper">
<p class="responsive-video-wrap clr"><iframe title="João e o Pé de Feijão - Turma Mirim" width="1200" height="675" src="https://www.youtube.com/embed/zQtCicNxO0Y?feature=oembed" frameborder="0" allow="accelerometer; autoplay; clipboard-write; encrypted-media; gyroscope; picture-in-picture" allowfullscreen></iframe></p>
</div><figcaption>&#8220;João e o Pé de Feijão &#8211; Turma Mirim&#8221; Canal: <a href="https://www.youtube.com/channel/UCiP1o9NxaR2fW6t0ws0T9uA">Turma Mirim</a> &#8211; https://www.youtube.com/watch?v=zQtCicNxO0Y</figcaption></figure>



<p class="has-medium-font-size">Após&nbsp; ter assistido ao conto de fadas: João e o Pé de Feijão faça o desenho dos personagens principais do Conto. Em seguida escreva do seu jeito&nbsp; a parte que você mais gostou.</p>



<hr class="wp-block-separator"/>



<p><strong>Saiba Mais&nbsp; Referências:</strong></p>



<div class="wp-block-columns is-layout-flex wp-container-core-columns-is-layout-9d6595d7 wp-block-columns-is-layout-flex">
<div class="wp-block-column is-layout-flow wp-block-column-is-layout-flow">
<figure class="wp-block-embed is-type-video is-provider-youtube wp-block-embed-youtube wp-embed-aspect-4-3 wp-has-aspect-ratio"><div class="wp-block-embed__wrapper">
<p class="responsive-video-wrap clr"><iframe title="Experiência: germinação do feijão no algodão" width="1200" height="900" src="https://www.youtube.com/embed/vJCYDAT8xN8?feature=oembed" frameborder="0" allow="accelerometer; autoplay; clipboard-write; encrypted-media; gyroscope; picture-in-picture" allowfullscreen></iframe></p>
</div><figcaption>&#8220;Experiência: germinação do feijão no algodão&#8221; Canal: <a href="https://www.youtube.com/user/2011midiasufrgs"></a> <a href="https://www.youtube.com/channel/UCn-NO_dKYYh5XDO30PoElGA">2011midiasufrgs</a> &#8211; https://www.youtube.com/watch?v=vJCYDAT8xN8&amp;feature=youtu.be</figcaption></figure>
</div>



<div class="wp-block-column is-layout-flow wp-block-column-is-layout-flow">
<figure class="wp-block-embed is-type-video is-provider-youtube wp-block-embed-youtube wp-embed-aspect-16-9 wp-has-aspect-ratio"><div class="wp-block-embed__wrapper">
<p class="responsive-video-wrap clr"><iframe title="5 Contos de Fadas em Português | Contos Infantis | História infantil para dormir" width="1200" height="675" src="https://www.youtube.com/embed/5Iup7m1IjOA?feature=oembed" frameborder="0" allow="accelerometer; autoplay; clipboard-write; encrypted-media; gyroscope; picture-in-picture" allowfullscreen></iframe></p>
</div><figcaption>&#8220;5 Contos de Fadas em Português | Contos Infantis | História infantil para dormir&#8221; Canal: <a href="https://www.youtube.com/channel/UCSzY4-0Maq_bkTxmjGTqoWg">Kids Planet Portuguese</a><br><br> &#8211; https://www.youtube.com/watch?v=5Iup7m1IjOA</figcaption></figure>
</div>
</div>



<hr class="wp-block-separator"/>



<figure class="wp-block-table alignfull"><table><tbody><tr><td>Objeto de Conhecimento</td><td>Decodificação/Fluência de leitura: Leitura fluente e compreensiva de textos.Escuta atenta: Desenvolvimento da escuta atenta para melhoria da comunicação e da interação com o grupo Desenvolvimento do senso crítico após escuta atenta.Construção de sentido do texto utilizando os conhecimentos gramaticais e textuais Compreensão dos recursos de referenciarão, vocabulário apropriado ao gênero e articuladores de relações de sentido no texto.</td></tr><tr><td>Habilidades</td><td>(EF12LP01) Ler palavras novas com precisão na decodificação, no caso de palavras de uso frequente, ler globalmente, por memorização.(EF15LP10-C) Desenvolver o senso crítico, após escuta atenta, sobre assuntos discutidos e estudados em diferentes situações comunicativas.(EF02LP16-A) Reconhecer recursos linguísticos e discursivos que constituem os gêneros previstos para que sejam empregados adequadamente na produção de textos.</td></tr></tbody></table></figure>



<hr class="wp-block-separator"/>



<figure class="wp-block-table alignfull"><table><tbody><tr><td>Proponentes/ Professores:</td><td><br>Nara Roman</td></tr><tr><td>Instituição Educacional:</td><td>Escola Municipal João Bráz</td></tr><tr><td>CRE:</td><td>Maria Helena Bretas</td></tr></tbody></table></figure>



<hr class="wp-block-separator"/>



<p>Ensino Fundamental &#8211; Ciclo da Infância &#8211; Turma B &#8211; 2º ano &#8211; Experiências e Curiosidades </p>
