{"id":65802,"date":"2020-12-07T07:00:00","date_gmt":"2020-12-07T09:00:00","guid":{"rendered":"https:\/\/sme.goiania.go.gov.br\/conexaoescola\/?post_type=ensino_fundamental&#038;p=65802"},"modified":"2021-12-01T17:22:45","modified_gmt":"2021-12-01T19:22:45","slug":"vamos-dancar","status":"publish","type":"ensino_fundamental","link":"https:\/\/sme.goiania.go.gov.br\/conexaoescola\/ensino_fundamental\/vamos-dancar\/","title":{"rendered":"Educa\u00e7\u00e3o F\u00edsica e Arte &#8211; Vamos dan\u00e7ar?"},"content":{"rendered":"\n<p class=\"has-drop-cap has-cyan-bluish-gray-background-color has-background has-medium-font-size\">Ol\u00e1! Voc\u00ea conhece Dan\u00e7a? A dan\u00e7a envolve todo corpo e seus movimentos, al\u00e9m de ritmo e performance. Ressalvando que a Educa\u00e7\u00e3o F\u00edsica e a Artes C\u00eanicas, podem proporcionar a crian\u00e7a o conhecimento do pr\u00f3prio corpo, conhecimento do meio ambiente, e da cultura. Ent\u00e3o, vamos l\u00e1!<\/p>\n\n\n\n<hr class=\"wp-block-separator\"\/>\n\n\n\n<p class=\"has-very-light-gray-color has-luminous-vivid-orange-background-color has-text-color has-background has-medium-font-size\">Atividade 1<\/p>\n\n\n\n<p class=\"has-medium-font-size\">&nbsp;Vamos aquecer e conhecer diferentes partes do corpo?&nbsp;<\/p>\n\n\n\n<p class=\"has-medium-font-size\">Pe\u00e7a ao adulto que cuida de voc\u00ea para preparar um espa\u00e7o livre e te acompanhar nas coreografias dos v\u00eddeos \u201cSacudir o Esqueleto &#8211; As Diferentes Partes do Corpo\u201d&nbsp;<\/p>\n\n\n\n<figure class=\"wp-block-embed is-type-video is-provider-youtube wp-block-embed-youtube wp-embed-aspect-16-9 wp-has-aspect-ratio\"><div class=\"wp-block-embed__wrapper\">\n<p class=\"responsive-video-wrap clr\"><iframe title=\"Sacudir o Esqueleto - As Diferentes Partes do Corpo - 18\/11\/13\" width=\"1200\" height=\"675\" src=\"https:\/\/www.youtube.com\/embed\/zhvWvo9BfV0?feature=oembed\" frameborder=\"0\" allow=\"accelerometer; autoplay; clipboard-write; encrypted-media; gyroscope; picture-in-picture\" allowfullscreen><\/iframe><\/p>\n<\/div><figcaption>&#8220;A Dan\u00e7a dos Esqueletos\u201dCanal: Palavra Cantada &#8211; <\/figcaption><\/figure>\n\n\n\n<figure class=\"wp-block-embed is-type-video is-provider-youtube wp-block-embed-youtube wp-embed-aspect-16-9 wp-has-aspect-ratio\"><div class=\"wp-block-embed__wrapper\">\n<p class=\"responsive-video-wrap clr\"><iframe title=\"Palavra Cantada | A Dan\u00e7a dos Esqueletos\" width=\"1200\" height=\"675\" src=\"https:\/\/www.youtube.com\/embed\/KKU2vR203AU?feature=oembed\" frameborder=\"0\" allow=\"accelerometer; autoplay; clipboard-write; encrypted-media; gyroscope; picture-in-picture\" allowfullscreen><\/iframe><\/p>\n<\/div><figcaption>&#8220;Palavra Cantada | A Dan\u00e7a dos Esqueletos&#8221; Canal: <a href=\"https:\/\/www.youtube.com\/channel\/UCGs6qb1ohFhDzeHbYeJlsAA\">Palavra Cantada Oficial<\/a> &#8211; https:\/\/www.youtube.com\/watch?v=KKU2vR203AU&amp;feature=youtu.be<\/figcaption><\/figure>\n\n\n\n<p class=\"has-very-light-gray-color has-luminous-vivid-orange-background-color has-text-color has-background has-medium-font-size\">Atividade 2<\/p>\n\n\n\n<p class=\"has-medium-font-size\">Agora que j\u00e1 aprendeu o nome e a localiza\u00e7\u00e3o de algumas partes do seu corpo, tente acompanhar os movimentos do pr\u00f3ximo v\u00eddeo: \u201cPalavra Cantada | Imitando os Bichos\u201d&nbsp;<\/p>\n\n\n\n<figure class=\"wp-block-embed is-type-video is-provider-youtube wp-block-embed-youtube wp-embed-aspect-16-9 wp-has-aspect-ratio\"><div class=\"wp-block-embed__wrapper\">\n<p class=\"responsive-video-wrap clr\"><iframe title=\"Palavra Cantada | Imitando os Bichos\" width=\"1200\" height=\"675\" src=\"https:\/\/www.youtube.com\/embed\/slShEL-N1mA?feature=oembed\" frameborder=\"0\" allow=\"accelerometer; autoplay; clipboard-write; encrypted-media; gyroscope; picture-in-picture\" allowfullscreen><\/iframe><\/p>\n<\/div><figcaption>&#8220;Palavra Cantada | Imitando os Bichos&#8221; Canal: <a href=\"https:\/\/www.youtube.com\/channel\/UCGs6qb1ohFhDzeHbYeJlsAA\">Palavra Cantada Oficial<\/a> &#8211; https:\/\/www.youtube.com\/watch?v=slShEL-N1mA<br><br><\/figcaption><\/figure>\n\n\n\n<hr class=\"wp-block-separator\"\/>\n\n\n\n<p><strong>Saiba Mais | Refer\u00eancias:<\/strong><\/p>\n\n\n\n<div class=\"wp-block-columns is-layout-flex wp-container-core-columns-is-layout-9d6595d7 wp-block-columns-is-layout-flex\">\n<div class=\"wp-block-column is-layout-flow wp-block-column-is-layout-flow\">\n<p class=\"has-very-light-gray-color has-vivid-purple-background-color has-text-color has-background\"><a href=\"http:\/\/palavracantada.com.br\/quem-somos\/\">http:\/\/palavracantada.com.br\/quem-somos\/<\/a><\/p>\n<\/div>\n\n\n\n<div class=\"wp-block-column is-layout-flow wp-block-column-is-layout-flow\"><\/div>\n<\/div>\n\n\n\n<hr class=\"wp-block-separator\"\/>\n\n\n\n<figure class=\"wp-block-table alignfull\"><table><tbody><tr><td>Objeto de Conhecimento<\/td><td>Elementos da Linguagem: Partes e o todo corporal; Orienta\u00e7\u00f5es anat\u00f4micas; A\u00e7\u00f5es da Gravidade.Dan\u00e7a do contexto comunit\u00e1rio e regional: Conceito; Elementos constitutivos da dan\u00e7a; T\u00e9cnicas b\u00e1sicas.<\/td><\/tr><tr><td>Habilidades<\/td><td>(GO-EF01AR09-A) Estabelecer rela\u00e7\u00f5es entre as partes e o todo corporal na constru\u00e7\u00e3o do movimento dan\u00e7ado, a partir de orienta\u00e7\u00f5es anat\u00f4micas, percep\u00e7\u00e3o de a\u00e7\u00f5es da gravidade, alinhamentos posturais, apoios, tempos, eixos, planos, dire\u00e7\u00f5es.(GO-EF01EF11) Conhecer, experimentar e fruir diferentes dan\u00e7as do contexto comunit\u00e1rio e regional, tais como: rodas cantadas, brincadeiras r\u00edtmicas e expressivas, respeitando as diferen\u00e7as individuais.<\/td><\/tr><\/tbody><\/table><\/figure>\n\n\n\n<hr class=\"wp-block-separator\"\/>\n\n\n\n<figure class=\"wp-block-table alignfull\"><table><tbody><tr><td>Proponentes\/ Professores:<\/td><td>Gl\u00f3ria Maria\u2026\u2026<\/td><\/tr><tr><td>Institui\u00e7\u00e3o Educacional:<\/td><td>E.M.T.I. Santa Marta<\/td><\/tr><tr><td>CRE:<\/td><td>Central<\/td><\/tr><\/tbody><\/table><\/figure>\n\n\n\n<hr class=\"wp-block-separator\"\/>\n\n\n\n<p>Ensino Fundamental &#8211; Ciclo da Inf\u00e2ncia \u2013 Turma A \u2013 1\u00ba&nbsp; Ano &#8211; Corpo, Express\u00e3o e Movimento<\/p>\n","protected":false},"author":24,"featured_media":66038,"template":"","ef_categoria":[13,17],"ef_ano":[84],"ef_componente":[99,97],"class_list":["post-65802","ensino_fundamental","type-ensino_fundamental","status-publish","has-post-thumbnail","hentry","ef_categoria-ciclo-da-infancia-abc","ef_categoria-corpo-e-movimento","ef_ano-1o-ano","ef_componente-arte-ef","ef_componente-educacao-fisica","entry","has-media"],"acf":[],"_links":{"self":[{"href":"https:\/\/sme.goiania.go.gov.br\/conexaoescola\/wp-json\/wp\/v2\/ensino_fundamental\/65802","targetHints":{"allow":["GET"]}}],"collection":[{"href":"https:\/\/sme.goiania.go.gov.br\/conexaoescola\/wp-json\/wp\/v2\/ensino_fundamental"}],"about":[{"href":"https:\/\/sme.goiania.go.gov.br\/conexaoescola\/wp-json\/wp\/v2\/types\/ensino_fundamental"}],"author":[{"embeddable":true,"href":"https:\/\/sme.goiania.go.gov.br\/conexaoescola\/wp-json\/wp\/v2\/users\/24"}],"version-history":[{"count":0,"href":"https:\/\/sme.goiania.go.gov.br\/conexaoescola\/wp-json\/wp\/v2\/ensino_fundamental\/65802\/revisions"}],"wp:featuredmedia":[{"embeddable":true,"href":"https:\/\/sme.goiania.go.gov.br\/conexaoescola\/wp-json\/wp\/v2\/media\/66038"}],"wp:attachment":[{"href":"https:\/\/sme.goiania.go.gov.br\/conexaoescola\/wp-json\/wp\/v2\/media?parent=65802"}],"wp:term":[{"taxonomy":"ef_categoria","embeddable":true,"href":"https:\/\/sme.goiania.go.gov.br\/conexaoescola\/wp-json\/wp\/v2\/ef_categoria?post=65802"},{"taxonomy":"ef_ano","embeddable":true,"href":"https:\/\/sme.goiania.go.gov.br\/conexaoescola\/wp-json\/wp\/v2\/ef_ano?post=65802"},{"taxonomy":"ef_componente","embeddable":true,"href":"https:\/\/sme.goiania.go.gov.br\/conexaoescola\/wp-json\/wp\/v2\/ef_componente?post=65802"}],"curies":[{"name":"wp","href":"https:\/\/api.w.org\/{rel}","templated":true}]}}

Educação Física e Arte &#8211; Vamos dançar?

<p class="has-drop-cap has-cyan-bluish-gray-background-color has-background has-medium-font-size">Olá! Você conhece Dança? A dança envolve todo corpo e seus movimentos, além de ritmo e performance. Ressalvando que a Educação Física e a Artes Cênicas, podem proporcionar a criança o conhecimento do próprio corpo, conhecimento do meio ambiente, e da cultura. Então, vamos lá!</p>



<hr class="wp-block-separator"/>



<p class="has-very-light-gray-color has-luminous-vivid-orange-background-color has-text-color has-background has-medium-font-size">Atividade 1</p>



<p class="has-medium-font-size">&nbsp;Vamos aquecer e conhecer diferentes partes do corpo?&nbsp;</p>



<p class="has-medium-font-size">Peça ao adulto que cuida de você para preparar um espaço livre e te acompanhar nas coreografias dos vídeos “Sacudir o Esqueleto &#8211; As Diferentes Partes do Corpo”&nbsp;</p>



<figure class="wp-block-embed is-type-video is-provider-youtube wp-block-embed-youtube wp-embed-aspect-16-9 wp-has-aspect-ratio"><div class="wp-block-embed__wrapper">
<p class="responsive-video-wrap clr"><iframe title="Sacudir o Esqueleto - As Diferentes Partes do Corpo - 18/11/13" width="1200" height="675" src="https://www.youtube.com/embed/zhvWvo9BfV0?feature=oembed" frameborder="0" allow="accelerometer; autoplay; clipboard-write; encrypted-media; gyroscope; picture-in-picture" allowfullscreen></iframe></p>
</div><figcaption>&#8220;A Dança dos Esqueletos”Canal: Palavra Cantada &#8211; </figcaption></figure>



<figure class="wp-block-embed is-type-video is-provider-youtube wp-block-embed-youtube wp-embed-aspect-16-9 wp-has-aspect-ratio"><div class="wp-block-embed__wrapper">
<p class="responsive-video-wrap clr"><iframe title="Palavra Cantada | A Dança dos Esqueletos" width="1200" height="675" src="https://www.youtube.com/embed/KKU2vR203AU?feature=oembed" frameborder="0" allow="accelerometer; autoplay; clipboard-write; encrypted-media; gyroscope; picture-in-picture" allowfullscreen></iframe></p>
</div><figcaption>&#8220;Palavra Cantada | A Dança dos Esqueletos&#8221; Canal: <a href="https://www.youtube.com/channel/UCGs6qb1ohFhDzeHbYeJlsAA">Palavra Cantada Oficial</a> &#8211; https://www.youtube.com/watch?v=KKU2vR203AU&amp;feature=youtu.be</figcaption></figure>



<p class="has-very-light-gray-color has-luminous-vivid-orange-background-color has-text-color has-background has-medium-font-size">Atividade 2</p>



<p class="has-medium-font-size">Agora que já aprendeu o nome e a localização de algumas partes do seu corpo, tente acompanhar os movimentos do próximo vídeo: “Palavra Cantada | Imitando os Bichos”&nbsp;</p>



<figure class="wp-block-embed is-type-video is-provider-youtube wp-block-embed-youtube wp-embed-aspect-16-9 wp-has-aspect-ratio"><div class="wp-block-embed__wrapper">
<p class="responsive-video-wrap clr"><iframe title="Palavra Cantada | Imitando os Bichos" width="1200" height="675" src="https://www.youtube.com/embed/slShEL-N1mA?feature=oembed" frameborder="0" allow="accelerometer; autoplay; clipboard-write; encrypted-media; gyroscope; picture-in-picture" allowfullscreen></iframe></p>
</div><figcaption>&#8220;Palavra Cantada | Imitando os Bichos&#8221; Canal: <a href="https://www.youtube.com/channel/UCGs6qb1ohFhDzeHbYeJlsAA">Palavra Cantada Oficial</a> &#8211; https://www.youtube.com/watch?v=slShEL-N1mA<br><br></figcaption></figure>



<hr class="wp-block-separator"/>



<p><strong>Saiba Mais | Referências:</strong></p>



<div class="wp-block-columns is-layout-flex wp-container-core-columns-is-layout-9d6595d7 wp-block-columns-is-layout-flex">
<div class="wp-block-column is-layout-flow wp-block-column-is-layout-flow">
<p class="has-very-light-gray-color has-vivid-purple-background-color has-text-color has-background"><a href="http://palavracantada.com.br/quem-somos/">http://palavracantada.com.br/quem-somos/</a></p>
</div>



<div class="wp-block-column is-layout-flow wp-block-column-is-layout-flow"></div>
</div>



<hr class="wp-block-separator"/>



<figure class="wp-block-table alignfull"><table><tbody><tr><td>Objeto de Conhecimento</td><td>Elementos da Linguagem: Partes e o todo corporal; Orientações anatômicas; Ações da Gravidade.Dança do contexto comunitário e regional: Conceito; Elementos constitutivos da dança; Técnicas básicas.</td></tr><tr><td>Habilidades</td><td>(GO-EF01AR09-A) Estabelecer relações entre as partes e o todo corporal na construção do movimento dançado, a partir de orientações anatômicas, percepção de ações da gravidade, alinhamentos posturais, apoios, tempos, eixos, planos, direções.(GO-EF01EF11) Conhecer, experimentar e fruir diferentes danças do contexto comunitário e regional, tais como: rodas cantadas, brincadeiras rítmicas e expressivas, respeitando as diferenças individuais.</td></tr></tbody></table></figure>



<hr class="wp-block-separator"/>



<figure class="wp-block-table alignfull"><table><tbody><tr><td>Proponentes/ Professores:</td><td>Glória Maria……</td></tr><tr><td>Instituição Educacional:</td><td>E.M.T.I. Santa Marta</td></tr><tr><td>CRE:</td><td>Central</td></tr></tbody></table></figure>



<hr class="wp-block-separator"/>



<p>Ensino Fundamental &#8211; Ciclo da Infância – Turma A – 1º&nbsp; Ano &#8211; Corpo, Expressão e Movimento</p>
