{"id":64591,"date":"2020-12-07T07:00:00","date_gmt":"2020-12-07T09:00:00","guid":{"rendered":"https:\/\/sme.goiania.go.gov.br\/conexaoescola\/?post_type=ensino_fundamental&#038;p=64591"},"modified":"2021-12-01T17:21:31","modified_gmt":"2021-12-01T19:21:31","slug":"brincadeira-comida-brasileira","status":"publish","type":"ensino_fundamental","link":"https:\/\/sme.goiania.go.gov.br\/conexaoescola\/ensino_fundamental\/brincadeira-comida-brasileira\/","title":{"rendered":"Arte &#8211; Brincadeira: comida brasileira"},"content":{"rendered":"\n<p class=\"has-drop-cap has-medium-font-size\">Ol\u00e1, Tudo bem com voc\u00eas? Espero que sim. Voc\u00eas gostam de brincar?&nbsp; Ent\u00e3o, vamos aprender hoje uma brincadeira bem legal, que chama:&nbsp; Brincadeira da comida brasileira. Essa brincadeira deve ser feita em grupo. Chame sua fam\u00edlia para brincar com voc\u00ea, depois de assistir o v\u00eddeo ensinando a brincadeira Vamos l\u00e1?<\/p>\n\n\n\n<hr class=\"wp-block-separator\"\/>\n\n\n\n<figure class=\"wp-block-embed is-type-video is-provider-youtube wp-block-embed-youtube wp-embed-aspect-16-9 wp-has-aspect-ratio\"><div class=\"wp-block-embed__wrapper\">\n<p class=\"responsive-video-wrap clr\"><iframe title=\"Comida Brasileira\" width=\"1200\" height=\"675\" src=\"https:\/\/www.youtube.com\/embed\/Y5QuDn0zWGg?feature=oembed\" frameborder=\"0\" allow=\"accelerometer; autoplay; clipboard-write; encrypted-media; gyroscope; picture-in-picture\" allowfullscreen><\/iframe><\/p>\n<\/div><figcaption>&#8220;Comida Brasileira&#8221; Canal: <a href=\"https:\/\/www.youtube.com\/channel\/UC-iFK33VQNIbAC7NzLpifhA\">CEI Pequeno Arthur<\/a> &#8211; https:\/\/www.youtube.com\/watch?v=Y5QuDn0zWGg<\/figcaption><\/figure>\n\n\n\n<hr class=\"wp-block-separator\"\/>\n\n\n\n<p class=\"has-very-light-gray-color has-very-dark-gray-background-color has-text-color has-background has-medium-font-size\"><strong>Atividade 1:<\/strong> <\/p>\n\n\n\n<p class=\"has-medium-font-size\">Brincadeira \u201cComida brasileira\u201d.<\/p>\n\n\n\n<p class=\"has-medium-font-size\">\u00c9 uma brincadeira onde as crian\u00e7as devem brincar em grupo, depois de assistir o v\u00eddeo explicando os comandos, para entender melhor a brincadeira.<\/p>\n\n\n\n<p>V\u00eddeo: CEI Pequeno Arthur- comida brasileira- You Tube<\/p>\n\n\n\n<p>&nbsp;Dispon\u00edvel em: <a href=\"https:\/\/www.youtube.com\/watch?v=Y5QuDn0zWGg\">https:\/\/www.youtube.com\/watch?v=Y5QuDn0zWGg<\/a><\/p>\n\n\n\n<p class=\"has-very-light-gray-color has-very-dark-gray-background-color has-text-color has-background has-medium-font-size\"><strong>Atividade 2:<\/strong><\/p>\n\n\n\n<p class=\"has-medium-font-size\">Ler o texto sobre Alimenta\u00e7\u00e3o saud\u00e1vel, com ajuda de algu\u00e9m. Esse texto mostra o que devemos comer, para termos uma boa sa\u00fade.<\/p>\n\n\n\n<figure class=\"wp-block-image is-resized\"><img fetchpriority=\"high\" decoding=\"async\" src=\"https:\/\/lh6.googleusercontent.com\/0L_cJn8G2CwaYYSA2o7sNerbsHER-VR33M60wMk8FcykGfB2NOsRsQeWUH9op5nGAAoykDp041OtHpVEpIxfdVaCojBciN_k4a-1EU2qePrXPbT8-nKhdNE2739XDVh1C9gnODA\" alt=\"\" width=\"715\" height=\"1073\"\/><\/figure>\n\n\n\n<p class=\"has-very-light-gray-color has-very-dark-gray-background-color has-text-color has-background has-medium-font-size\"><strong>Atividade 3:<\/strong> <\/p>\n\n\n\n<p class=\"has-medium-font-size\">Assistir o v\u00eddeo sobre A Import\u00e2ncia da Alimenta\u00e7\u00e3o Saud\u00e1vel para a nossa vida . Nesse v\u00eddeo, o personagem Tiaguinho vai falar sobre a import\u00e2ncia de comermos frutas, que devemos ter uma boa alimenta\u00e7\u00e3o para n\u00e3o ficarmos doentes e de como essa alimenta\u00e7\u00e3o saud\u00e1vel ajudar\u00e1 nosso organismo a funcionar melhor.<\/p>\n\n\n\n<figure class=\"wp-block-embed is-type-video is-provider-youtube wp-block-embed-youtube wp-embed-aspect-16-9 wp-has-aspect-ratio\"><div class=\"wp-block-embed__wrapper\">\n<p class=\"responsive-video-wrap clr\"><iframe title=\"Veja a import\u00e2ncia da Alimenta\u00e7\u00e3o Saud\u00e1vel para nossa vida\" width=\"1200\" height=\"675\" src=\"https:\/\/www.youtube.com\/embed\/9wN-UQwFxiM?feature=oembed\" frameborder=\"0\" allow=\"accelerometer; autoplay; clipboard-write; encrypted-media; gyroscope; picture-in-picture\" allowfullscreen><\/iframe><\/p>\n<\/div><figcaption>&#8220;Veja a import\u00e2ncia da Alimenta\u00e7\u00e3o Saud\u00e1vel para nossa vida&#8221; Canal: <a href=\"https:\/\/www.youtube.com\/channel\/UCc8r-ZTeULpk7QoG4iglGqA\">Thiaguinho o Aventureiro &#8211; Descobrindo o Mundo<\/a> &#8211; https:\/\/www.youtube.com\/watch?v=9wN-UQwFxiM<\/figcaption><\/figure>\n\n\n\n<p class=\"has-very-light-gray-color has-very-dark-gray-background-color has-text-color has-background has-medium-font-size\"><strong>Atividade 4:<\/strong><\/p>\n\n\n\n<p class=\"has-medium-font-size\"><strong> <\/strong>Agora, que voc\u00ea conheceu uma brincadeira com nomes de comidas, aprendeu sobre a import\u00e2ncia da alimenta\u00e7\u00e3o para a nossa sa\u00fade e que atrav\u00e9s dos alimentos, adquirimos &nbsp; energia e disposi\u00e7\u00e3o para brincar, estudar e fazer muitas atividades do nosso dia a dia. &nbsp; Fa\u00e7a um desenho sobre o que voc\u00ea mais gostou na brincadeira, no texto ou no v\u00eddeo sobre Alimenta\u00e7\u00e3o Saud\u00e1vel. Use o material que voc\u00ea tiver em casa, depois tire uma foto e envie para escola demonstrando a sua criatividade.<\/p>\n\n\n\n<p class=\"has-very-light-gray-color has-vivid-purple-background-color has-text-color has-background has-large-font-size\"> Capriche!<\/p>\n\n\n\n<p><strong>Saiba Mais |Refer\u00eancias:<\/strong><\/p>\n\n\n\n<div class=\"wp-block-columns is-layout-flex wp-container-core-columns-is-layout-9d6595d7 wp-block-columns-is-layout-flex\">\n<div class=\"wp-block-column is-layout-flow wp-block-column-is-layout-flow\">\n<figure class=\"wp-block-embed is-type-video is-provider-youtube wp-block-embed-youtube wp-embed-aspect-4-3 wp-has-aspect-ratio\"><div class=\"wp-block-embed__wrapper\">\n<p class=\"responsive-video-wrap clr\"><iframe title=\"Hist\u00f3ria: A cesta de Dona Maricota ( Tatiana Belinky )\" width=\"1200\" height=\"900\" src=\"https:\/\/www.youtube.com\/embed\/901SNLf2GWc?feature=oembed\" frameborder=\"0\" allow=\"accelerometer; autoplay; clipboard-write; encrypted-media; gyroscope; picture-in-picture\" allowfullscreen><\/iframe><\/p>\n<\/div><figcaption>&#8220;Hist\u00f3ria: A cesta de Dona Maricota ( Tatiana Belinky )&#8221; Canal: <a href=\"https:\/\/www.youtube.com\/channel\/UCrcN1s7wv5SjB71Oh1BxYcA\">Recasaearte by Renata Chrystina<\/a> &#8211; https:\/\/www.youtube.com\/watch?v=901SNLf2GWc<\/figcaption><\/figure>\n<\/div>\n\n\n\n<div class=\"wp-block-column is-layout-flow wp-block-column-is-layout-flow\">\n<figure class=\"wp-block-embed is-type-video is-provider-youtube wp-block-embed-youtube wp-embed-aspect-16-9 wp-has-aspect-ratio\"><div class=\"wp-block-embed__wrapper\">\n<p class=\"responsive-video-wrap clr\"><iframe title=\"Palavra Cantada | Turminha Animal em: Toda Comida Boa!\" width=\"1200\" height=\"675\" src=\"https:\/\/www.youtube.com\/embed\/3-NibWZcW1U?feature=oembed\" frameborder=\"0\" allow=\"accelerometer; autoplay; clipboard-write; encrypted-media; gyroscope; picture-in-picture\" allowfullscreen><\/iframe><\/p>\n<\/div><figcaption>&#8220;Palavra Cantada | Turminha Animal em: Toda Comida Boa!&#8221; Canal: <a href=\"https:\/\/www.youtube.com\/channel\/UCGs6qb1ohFhDzeHbYeJlsAA\">Palavra Cantada Oficial &#8211; <\/a>https:\/\/www.youtube.com\/watch?v=3-NibWZcW1U<br><br><\/figcaption><\/figure>\n<\/div>\n\n\n\n<div class=\"wp-block-column is-layout-flow wp-block-column-is-layout-flow\">\n<figure class=\"wp-block-embed is-type-video is-provider-youtube wp-block-embed-youtube wp-embed-aspect-16-9 wp-has-aspect-ratio\"><div class=\"wp-block-embed__wrapper\">\n<p class=\"responsive-video-wrap clr\"><iframe title=\"Verduras e legumes  - Vocabul\u00e1rio para crian\u00e7as\" width=\"1200\" height=\"675\" src=\"https:\/\/www.youtube.com\/embed\/Z4dr_hkn-nk?start=10&#038;feature=oembed\" frameborder=\"0\" allow=\"accelerometer; autoplay; clipboard-write; encrypted-media; gyroscope; picture-in-picture\" allowfullscreen><\/iframe><\/p>\n<\/div><figcaption>&#8220;Verduras e legumes &#8211; Vocabul\u00e1rio para crian\u00e7as&#8221; Canal: <a href=\"https:\/\/www.youtube.com\/channel\/UCYKeu41LiJOIoyEkStWqCLw\"><\/a> <a href=\"https:\/\/www.youtube.com\/channel\/UCYKeu41LiJOIoyEkStWqCLw\">Smile and Learn &#8211; Portugu\u00eas<\/a><br><br> &#8211; https:\/\/www.youtube.com\/watch?v=Z4dr_hkn-nk&amp;t=10s<\/figcaption><\/figure>\n<\/div>\n<\/div>\n\n\n\n<hr class=\"wp-block-separator\"\/>\n\n\n\n<figure class=\"wp-block-table alignfull\"><table><tbody><tr><td>Objeto de Conhecimento<\/td><td>Processos de cria\u00e7\u00e3o: brinquedos, jogos musicais e can\u00e7\u00f5es de diferentes matrizes est\u00e9ticas e culturais.<\/td><\/tr><tr><td>Habilidades<\/td><td>(GO-EF01AR24) Experimentar brinquedos, brincadeiras, jogos, dan\u00e7as, can\u00e7\u00f5es e hist\u00f3rias de diferentes matrizes est\u00e9ticas e culturais.<\/td><\/tr><\/tbody><\/table><\/figure>\n\n\n\n<hr class=\"wp-block-separator\"\/>\n\n\n\n<figure class=\"wp-block-table alignfull\"><table><tbody><tr><td>Proponentes\/ Professores:<\/td><td>Sirlene Amorim da Silva e Marcimiana da Silva Melo<\/td><\/tr><tr><td>Institui\u00e7\u00e3o Educacional:<\/td><td>Escola Municipal Jo\u00e3o Clarimundo de Oliveira&nbsp;<\/td><\/tr><tr><td>CRE:<\/td><td>Central<\/td><\/tr><\/tbody><\/table><\/figure>\n\n\n\n<hr class=\"wp-block-separator\"\/>\n\n\n\n<p>&nbsp;Ensino Fundamental &#8211; Ciclo da Inf\u00e2ncia- Turma A: 1\u00b0ano &#8211; Educa\u00e7\u00e3o Ambiental e Sa\u00fade<\/p>\n","protected":false},"author":24,"featured_media":65702,"template":"","ef_categoria":[13,18],"ef_ano":[84],"ef_componente":[99],"class_list":["post-64591","ensino_fundamental","type-ensino_fundamental","status-publish","has-post-thumbnail","hentry","ef_categoria-ciclo-da-infancia-abc","ef_categoria-educacao-ambiental-e-saude","ef_ano-1o-ano","ef_componente-arte-ef","entry","has-media"],"acf":[],"_links":{"self":[{"href":"https:\/\/sme.goiania.go.gov.br\/conexaoescola\/wp-json\/wp\/v2\/ensino_fundamental\/64591","targetHints":{"allow":["GET"]}}],"collection":[{"href":"https:\/\/sme.goiania.go.gov.br\/conexaoescola\/wp-json\/wp\/v2\/ensino_fundamental"}],"about":[{"href":"https:\/\/sme.goiania.go.gov.br\/conexaoescola\/wp-json\/wp\/v2\/types\/ensino_fundamental"}],"author":[{"embeddable":true,"href":"https:\/\/sme.goiania.go.gov.br\/conexaoescola\/wp-json\/wp\/v2\/users\/24"}],"version-history":[{"count":0,"href":"https:\/\/sme.goiania.go.gov.br\/conexaoescola\/wp-json\/wp\/v2\/ensino_fundamental\/64591\/revisions"}],"wp:featuredmedia":[{"embeddable":true,"href":"https:\/\/sme.goiania.go.gov.br\/conexaoescola\/wp-json\/wp\/v2\/media\/65702"}],"wp:attachment":[{"href":"https:\/\/sme.goiania.go.gov.br\/conexaoescola\/wp-json\/wp\/v2\/media?parent=64591"}],"wp:term":[{"taxonomy":"ef_categoria","embeddable":true,"href":"https:\/\/sme.goiania.go.gov.br\/conexaoescola\/wp-json\/wp\/v2\/ef_categoria?post=64591"},{"taxonomy":"ef_ano","embeddable":true,"href":"https:\/\/sme.goiania.go.gov.br\/conexaoescola\/wp-json\/wp\/v2\/ef_ano?post=64591"},{"taxonomy":"ef_componente","embeddable":true,"href":"https:\/\/sme.goiania.go.gov.br\/conexaoescola\/wp-json\/wp\/v2\/ef_componente?post=64591"}],"curies":[{"name":"wp","href":"https:\/\/api.w.org\/{rel}","templated":true}]}}

<p class="has-drop-cap has-medium-font-size">Olá, Tudo bem com vocês? Espero que sim. Vocês gostam de brincar?&nbsp; Então, vamos aprender hoje uma brincadeira bem legal, que chama:&nbsp; Brincadeira da comida brasileira. Essa brincadeira deve ser feita em grupo. Chame sua família para brincar com você, depois de assistir o vídeo ensinando a brincadeira Vamos lá?</p>



<hr class="wp-block-separator"/>



<figure class="wp-block-embed is-type-video is-provider-youtube wp-block-embed-youtube wp-embed-aspect-16-9 wp-has-aspect-ratio"><div class="wp-block-embed__wrapper">
<p class="responsive-video-wrap clr"><iframe title="Comida Brasileira" width="1200" height="675" src="https://www.youtube.com/embed/Y5QuDn0zWGg?feature=oembed" frameborder="0" allow="accelerometer; autoplay; clipboard-write; encrypted-media; gyroscope; picture-in-picture" allowfullscreen></iframe></p>
</div><figcaption>&#8220;Comida Brasileira&#8221; Canal: <a href="https://www.youtube.com/channel/UC-iFK33VQNIbAC7NzLpifhA">CEI Pequeno Arthur</a> &#8211; https://www.youtube.com/watch?v=Y5QuDn0zWGg</figcaption></figure>



<hr class="wp-block-separator"/>



<p class="has-very-light-gray-color has-very-dark-gray-background-color has-text-color has-background has-medium-font-size"><strong>Atividade 1:</strong> </p>



<p class="has-medium-font-size">Brincadeira “Comida brasileira”.</p>



<p class="has-medium-font-size">É uma brincadeira onde as crianças devem brincar em grupo, depois de assistir o vídeo explicando os comandos, para entender melhor a brincadeira.</p>



<p>Vídeo: CEI Pequeno Arthur- comida brasileira- You Tube</p>



<p>&nbsp;Disponível em: <a href="https://www.youtube.com/watch?v=Y5QuDn0zWGg">https://www.youtube.com/watch?v=Y5QuDn0zWGg</a></p>



<p class="has-very-light-gray-color has-very-dark-gray-background-color has-text-color has-background has-medium-font-size"><strong>Atividade 2:</strong></p>



<p class="has-medium-font-size">Ler o texto sobre Alimentação saudável, com ajuda de alguém. Esse texto mostra o que devemos comer, para termos uma boa saúde.</p>



<figure class="wp-block-image is-resized"><img fetchpriority="high" decoding="async" src="https://lh6.googleusercontent.com/0L_cJn8G2CwaYYSA2o7sNerbsHER-VR33M60wMk8FcykGfB2NOsRsQeWUH9op5nGAAoykDp041OtHpVEpIxfdVaCojBciN_k4a-1EU2qePrXPbT8-nKhdNE2739XDVh1C9gnODA" alt="" width="715" height="1073"/></figure>



<p class="has-very-light-gray-color has-very-dark-gray-background-color has-text-color has-background has-medium-font-size"><strong>Atividade 3:</strong> </p>



<p class="has-medium-font-size">Assistir o vídeo sobre A Importância da Alimentação Saudável para a nossa vida . Nesse vídeo, o personagem Tiaguinho vai falar sobre a importância de comermos frutas, que devemos ter uma boa alimentação para não ficarmos doentes e de como essa alimentação saudável ajudará nosso organismo a funcionar melhor.</p>



<figure class="wp-block-embed is-type-video is-provider-youtube wp-block-embed-youtube wp-embed-aspect-16-9 wp-has-aspect-ratio"><div class="wp-block-embed__wrapper">
<p class="responsive-video-wrap clr"><iframe title="Veja a importância da Alimentação Saudável para nossa vida" width="1200" height="675" src="https://www.youtube.com/embed/9wN-UQwFxiM?feature=oembed" frameborder="0" allow="accelerometer; autoplay; clipboard-write; encrypted-media; gyroscope; picture-in-picture" allowfullscreen></iframe></p>
</div><figcaption>&#8220;Veja a importância da Alimentação Saudável para nossa vida&#8221; Canal: <a href="https://www.youtube.com/channel/UCc8r-ZTeULpk7QoG4iglGqA">Thiaguinho o Aventureiro &#8211; Descobrindo o Mundo</a> &#8211; https://www.youtube.com/watch?v=9wN-UQwFxiM</figcaption></figure>



<p class="has-very-light-gray-color has-very-dark-gray-background-color has-text-color has-background has-medium-font-size"><strong>Atividade 4:</strong></p>



<p class="has-medium-font-size"><strong> </strong>Agora, que você conheceu uma brincadeira com nomes de comidas, aprendeu sobre a importância da alimentação para a nossa saúde e que através dos alimentos, adquirimos &nbsp; energia e disposição para brincar, estudar e fazer muitas atividades do nosso dia a dia. &nbsp; Faça um desenho sobre o que você mais gostou na brincadeira, no texto ou no vídeo sobre Alimentação Saudável. Use o material que você tiver em casa, depois tire uma foto e envie para escola demonstrando a sua criatividade.</p>



<p class="has-very-light-gray-color has-vivid-purple-background-color has-text-color has-background has-large-font-size"> Capriche!</p>



<p><strong>Saiba Mais |Referências:</strong></p>



<div class="wp-block-columns is-layout-flex wp-container-core-columns-is-layout-9d6595d7 wp-block-columns-is-layout-flex">
<div class="wp-block-column is-layout-flow wp-block-column-is-layout-flow">
<figure class="wp-block-embed is-type-video is-provider-youtube wp-block-embed-youtube wp-embed-aspect-4-3 wp-has-aspect-ratio"><div class="wp-block-embed__wrapper">
<p class="responsive-video-wrap clr"><iframe title="História: A cesta de Dona Maricota ( Tatiana Belinky )" width="1200" height="900" src="https://www.youtube.com/embed/901SNLf2GWc?feature=oembed" frameborder="0" allow="accelerometer; autoplay; clipboard-write; encrypted-media; gyroscope; picture-in-picture" allowfullscreen></iframe></p>
</div><figcaption>&#8220;História: A cesta de Dona Maricota ( Tatiana Belinky )&#8221; Canal: <a href="https://www.youtube.com/channel/UCrcN1s7wv5SjB71Oh1BxYcA">Recasaearte by Renata Chrystina</a> &#8211; https://www.youtube.com/watch?v=901SNLf2GWc</figcaption></figure>
</div>



<div class="wp-block-column is-layout-flow wp-block-column-is-layout-flow">
<figure class="wp-block-embed is-type-video is-provider-youtube wp-block-embed-youtube wp-embed-aspect-16-9 wp-has-aspect-ratio"><div class="wp-block-embed__wrapper">
<p class="responsive-video-wrap clr"><iframe title="Palavra Cantada | Turminha Animal em: Toda Comida Boa!" width="1200" height="675" src="https://www.youtube.com/embed/3-NibWZcW1U?feature=oembed" frameborder="0" allow="accelerometer; autoplay; clipboard-write; encrypted-media; gyroscope; picture-in-picture" allowfullscreen></iframe></p>
</div><figcaption>&#8220;Palavra Cantada | Turminha Animal em: Toda Comida Boa!&#8221; Canal: <a href="https://www.youtube.com/channel/UCGs6qb1ohFhDzeHbYeJlsAA">Palavra Cantada Oficial &#8211; </a>https://www.youtube.com/watch?v=3-NibWZcW1U<br><br></figcaption></figure>
</div>



<div class="wp-block-column is-layout-flow wp-block-column-is-layout-flow">
<figure class="wp-block-embed is-type-video is-provider-youtube wp-block-embed-youtube wp-embed-aspect-16-9 wp-has-aspect-ratio"><div class="wp-block-embed__wrapper">
<p class="responsive-video-wrap clr"><iframe title="Verduras e legumes  - Vocabulário para crianças" width="1200" height="675" src="https://www.youtube.com/embed/Z4dr_hkn-nk?start=10&#038;feature=oembed" frameborder="0" allow="accelerometer; autoplay; clipboard-write; encrypted-media; gyroscope; picture-in-picture" allowfullscreen></iframe></p>
</div><figcaption>&#8220;Verduras e legumes &#8211; Vocabulário para crianças&#8221; Canal: <a href="https://www.youtube.com/channel/UCYKeu41LiJOIoyEkStWqCLw"></a> <a href="https://www.youtube.com/channel/UCYKeu41LiJOIoyEkStWqCLw">Smile and Learn &#8211; Português</a><br><br> &#8211; https://www.youtube.com/watch?v=Z4dr_hkn-nk&amp;t=10s</figcaption></figure>
</div>
</div>



<hr class="wp-block-separator"/>



<figure class="wp-block-table alignfull"><table><tbody><tr><td>Objeto de Conhecimento</td><td>Processos de criação: brinquedos, jogos musicais e canções de diferentes matrizes estéticas e culturais.</td></tr><tr><td>Habilidades</td><td>(GO-EF01AR24) Experimentar brinquedos, brincadeiras, jogos, danças, canções e histórias de diferentes matrizes estéticas e culturais.</td></tr></tbody></table></figure>



<hr class="wp-block-separator"/>



<figure class="wp-block-table alignfull"><table><tbody><tr><td>Proponentes/ Professores:</td><td>Sirlene Amorim da Silva e Marcimiana da Silva Melo</td></tr><tr><td>Instituição Educacional:</td><td>Escola Municipal João Clarimundo de Oliveira&nbsp;</td></tr><tr><td>CRE:</td><td>Central</td></tr></tbody></table></figure>



<hr class="wp-block-separator"/>



<p>&nbsp;Ensino Fundamental &#8211; Ciclo da Infância- Turma A: 1°ano &#8211; Educação Ambiental e Saúde</p>
