{"id":59748,"date":"2020-11-30T07:00:00","date_gmt":"2020-11-30T09:00:00","guid":{"rendered":"https:\/\/sme.goiania.go.gov.br\/conexaoescola\/?post_type=ensino_fundamental&#038;p=59748"},"modified":"2021-12-07T12:26:17","modified_gmt":"2021-12-07T14:26:17","slug":"primeira-guerra-mundial","status":"publish","type":"ensino_fundamental","link":"https:\/\/sme.goiania.go.gov.br\/conexaoescola\/ensino_fundamental\/primeira-guerra-mundial\/","title":{"rendered":"Hist\u00f3ria e L\u00edngua Portuguesa &#8211; Primeira Guerra Mundial"},"content":{"rendered":"\n<p class=\"has-drop-cap has-very-dark-gray-color has-very-light-gray-background-color has-text-color has-background has-medium-font-size\">Voc\u00ea j\u00e1 ouviu falar das grandes guerras mundiais? Hoje, vamos falar sobre a Primeira Grande Guerra&#8230; Como ela ocorreu e quais foram as consequ\u00eancias.<\/p>\n\n\n\n<p class=\"has-medium-font-size\">Sabe o que foi a Primeira Guerra Mundial? Foi um conflito armado que envolveu v\u00e1rios pa\u00edses da Europa, ocorrido entre 1914 e 1918.<\/p>\n\n\n\n<p class=\"has-luminous-vivid-amber-background-color has-background has-medium-font-size\">\u00c9 importante destacar que os pa\u00edses da Europa n\u00e3o tinham a mesma configura\u00e7\u00e3o de hoje, alguns eram maiores e outros menores.<\/p>\n\n\n\n<p class=\"has-medium-font-size\">E, hoje, vamos falar s\u00f3 da Primeira Guerra. Nesse momento hist\u00f3rico, havia grandes imp\u00e9rios, em especial, o austro-h\u00fangaro e o imp\u00e9rio otomano.<\/p>\n\n\n\n<p class=\"has-pale-pink-background-color has-background has-medium-font-size\">J\u00e1 podemos entender que a Primeira Guerra foi uma guerra de imp\u00e9rios, cada um buscando conquistar mais espa\u00e7o.<\/p>\n\n\n\n<p class=\"has-medium-font-size\">Mas vamos ver um v\u00eddeo do canal \u201cHistoriar-te\u201d para entendermos melhor o assunto. Afinal, \u00e9 muito complexa essa guerra.&nbsp;<\/p>\n\n\n\n<hr class=\"wp-block-separator\"\/>\n\n\n\n<figure class=\"wp-block-embed is-type-video is-provider-youtube wp-block-embed-youtube wp-embed-aspect-16-9 wp-has-aspect-ratio\"><div class=\"wp-block-embed__wrapper\">\n<p class=\"responsive-video-wrap clr\"><iframe title=\"PRIMEIRA GUERRA MUNDIAL - Resumo Desenhado\" width=\"1200\" height=\"675\" src=\"https:\/\/www.youtube.com\/embed\/ZfZAle8CVgg?feature=oembed\" frameborder=\"0\" allow=\"accelerometer; autoplay; clipboard-write; encrypted-media; gyroscope; picture-in-picture\" allowfullscreen><\/iframe><\/p>\n<\/div><figcaption>V\u00cdDEO: PRIMEIRA GUERRA MUNDIAL &#8211; Resumo Desenhado (8\u201910\u201d)<\/figcaption><\/figure>\n\n\n\n<hr class=\"wp-block-separator\"\/>\n\n\n\n<p class=\"has-medium-font-size\">E a\u00ed, gostaram? Uma coisa que chama a aten\u00e7\u00e3o \u00e9 a \u201cBelle \u00c9poque\u201d, justamente por ser um momento de crescimento cultural cosmopolitano na Europa.&nbsp;<\/p>\n\n\n\n<p class=\"has-pale-cyan-blue-background-color has-background has-medium-font-size\">Por outro lado, havia tamb\u00e9m o crescimento da produ\u00e7\u00e3o de armas. Os pa\u00edses j\u00e1 desconfiavam uns dos&nbsp; outros e come\u00e7aram a colocar as ind\u00fastrias b\u00e9licas para funcionar, por isso, esse per\u00edodo tamb\u00e9m ficou conhecido como a Paz Armada.<\/p>\n\n\n\n<p class=\"has-medium-font-size\">Momento muito tenso, esse do pr\u00e9-guerra. Mas ficou pior, porque assassinaram Francisco Ferdinando.<\/p>\n\n\n\n<p class=\"has-light-green-cyan-background-color has-background has-medium-font-size\">Foi a\u00ed o estopim que faltava para dar in\u00edcio ao conflito. A partir desse momento inicia-se um verdadeiro conflito de imp\u00e9rios.<\/p>\n\n\n\n<p class=\"has-medium-font-size\">E, nesse \u00ednterim, a R\u00fassia saiu, no meio do conflito, para fazer sua revolu\u00e7\u00e3o interna. Mas isso \u00e9 assunto para outra aula.&nbsp;<\/p>\n\n\n\n<p class=\"has-pale-pink-background-color has-background has-medium-font-size\">Ent\u00e3o, aconteceram v\u00e1rias coisas ao mesmo tempo.&nbsp; Muitas coisas em uma guerra s\u00f3. Agora vamos ver uma aula no canal <strong>Historia\u00e7\u00e3o Humanas<\/strong>, com o professor Jener Cristiano.&nbsp;<\/p>\n\n\n\n<hr class=\"wp-block-separator\"\/>\n\n\n\n<figure class=\"wp-block-embed is-type-video is-provider-youtube wp-block-embed-youtube wp-embed-aspect-16-9 wp-has-aspect-ratio\"><div class=\"wp-block-embed__wrapper\">\n<p class=\"responsive-video-wrap clr\"><iframe title=\"Primeira Guerra Mundial Tratado de Versalhes\" width=\"1200\" height=\"675\" src=\"https:\/\/www.youtube.com\/embed\/PPKIyViNj7Y?feature=oembed\" frameborder=\"0\" allow=\"accelerometer; autoplay; clipboard-write; encrypted-media; gyroscope; picture-in-picture\" allowfullscreen><\/iframe><\/p>\n<\/div><figcaption>V\u00eddeo: Primeira Guerra Mundial Tratado de Versalhes (9\u201920\u201d)<\/figcaption><\/figure>\n\n\n\n<hr class=\"wp-block-separator\"\/>\n\n\n\n<p class=\"has-medium-font-size\">Boa explica\u00e7\u00e3o. Ap\u00f3s a guerra, a Alemanha recebeu san\u00e7\u00f5es, como: limita\u00e7\u00e3o de ex\u00e9rcitos a 100 mil homens, perda de todas as col\u00f4nias, obrigatoriedade de devolu\u00e7\u00e3o da als\u00e1cia-Lorena para a Fran\u00e7a e, ainda, teve que indenizar todas as pot\u00eancias por ter causado a guerra.<\/p>\n\n\n\n<p class=\"has-vivid-green-cyan-background-color has-background has-medium-font-size\">Criaram tamb\u00e9m a Liga das Na\u00e7\u00f5es, que deveria ser respons\u00e1vel por tentar manter a paz mundial, mas que, devido \u00e0 Segunda Grande Guerra, n\u00e3o foi adiante. <\/p>\n\n\n\n<p class=\"has-medium-font-size\">A maioria dos historiadores afirma que essas pesadas san\u00e7\u00f5es, colocadas contra a Alemanha, fez com que o pa\u00eds ca\u00edsse na mis\u00e9ria e as consequ\u00eancias seriam a Segunda Guerra Mundial. Vamos realizar uma atividade sobre isso?<\/p>\n\n\n\n<hr class=\"wp-block-separator\"\/>\n\n\n\n<p class=\"has-drop-cap has-medium-font-size\">ATIVIDADE<\/p>\n\n\n\n<p class=\"has-medium-font-size\">&nbsp;Agora que tal investigar mais sobre a Guerra? H\u00e1 muitas informa\u00e7\u00f5es dispon\u00edveis na internet e nos livros.<\/p>\n\n\n\n<p class=\"has-medium-font-size\">Perguntas: o Brasil participou da Primeira Guerra Mundial? Como foi a participa\u00e7\u00e3o? Quem era o presidente do Brasil na \u00e9poca?<\/p>\n\n\n\n<p class=\"has-medium-font-size\">Depois de pesquisar, compartilhe esse conhecimento com seus familiares. Conhecimento \u00e9 vida e a gente sempre aprende mais enquanto ensina.<\/p>\n\n\n\n<hr class=\"wp-block-separator\"\/>\n\n\n\n<p class=\"has-medium-font-size\">Esta aula foi exibida na TV. Assista-a na \u00edntegra:<\/p>\n\n\n\n<hr class=\"wp-block-separator\"\/>\n\n\n\n<figure class=\"wp-block-embed is-type-video is-provider-youtube wp-block-embed-youtube wp-embed-aspect-16-9 wp-has-aspect-ratio\"><div class=\"wp-block-embed__wrapper\">\n<p class=\"responsive-video-wrap clr\"><iframe title=\"1\u00ba Guerra Mundial   E  Fund    \u00c9tica e Cidad    A  Inic    Bl 1   9 dez 2020\" width=\"1200\" height=\"675\" src=\"https:\/\/www.youtube.com\/embed\/1_Bqf66nnhk?feature=oembed\" frameborder=\"0\" allow=\"accelerometer; autoplay; clipboard-write; encrypted-media; gyroscope; picture-in-picture\" allowfullscreen><\/iframe><\/p>\n<\/div><\/figure>\n\n\n\n<hr class=\"wp-block-separator\"\/>\n\n\n\n<figure class=\"wp-block-embed is-type-video is-provider-youtube wp-block-embed-youtube wp-embed-aspect-16-9 wp-has-aspect-ratio\"><div class=\"wp-block-embed__wrapper\">\n<p class=\"responsive-video-wrap clr\"><iframe title=\"1\u00ba Guerra Mundial  - E  Fund  -  \u00c9tica e Cidad  -  A  Fin  -  Bl 2 -  9 dez 2020\" width=\"1200\" height=\"675\" src=\"https:\/\/www.youtube.com\/embed\/F_6LB24Fk3o?feature=oembed\" frameborder=\"0\" allow=\"accelerometer; autoplay; clipboard-write; encrypted-media; gyroscope; picture-in-picture\" allowfullscreen><\/iframe><\/p>\n<\/div><\/figure>\n\n\n\n<hr class=\"wp-block-separator\"\/>\n\n\n\n<figure class=\"wp-block-table\"><table><tbody><tr><td>Hist\u00f3ria<\/td><td><br>(GO-EF09HI10-B) Reconhecer o cen\u00e1rio econ\u00f4mico das principais democracias liberais europ\u00e9ias no in\u00edcio do s\u00e9culo XX e sua rela\u00e7\u00e3o com os territ\u00f3rios colonizados na \u00c1frica e \u00c1sia.<br>(GO-EF09HI10-C) Analisar e compreender a Primeira Guerra Mundial e seus desdobramentos pol\u00edticos, econ\u00f4micos e sociais.<br>(GO-EF09HI10-D) Compreender o contexto pol\u00edtico, econ\u00f4mico e social brasileiro, no per\u00edodo da Primeira Guerra Mundial, analisando os desdobramentos do conflito no Brasil.<br><\/td><\/tr><tr><td>L\u00edngua Portuguesa<\/td><td>(EF69LP25-A) Posicionar-se de forma consistente e sustentada em uma discuss\u00e3o, assembleia, reuni\u00f5es de colegiados da escola, de agremia\u00e7\u00f5es e outras situa\u00e7\u00f5es de apresenta\u00e7\u00e3o de propostas e defesas de opini\u00f5es.<br><br>(EF08LP02-A) Identificar e comparar diferen\u00e7as ou semelhan\u00e7as no tratamento dado a uma mesma informa\u00e7\u00e3o veiculada em textos diferentes, consultando sites variados.<\/td><\/tr><\/tbody><\/table><figcaption>Objetivos de Aprendizagem e Desenvolvido<\/figcaption><\/figure>\n\n\n\n<hr class=\"wp-block-separator\"\/>\n","protected":false},"author":18,"featured_media":59684,"template":"","ef_categoria":[16,36],"ef_ano":[92],"ef_componente":[95,93],"class_list":["post-59748","ensino_fundamental","type-ensino_fundamental","status-publish","has-post-thumbnail","hentry","ef_categoria-ciclo-da-adolescencia-hi","ef_categoria-etica-e-cidadania-ciclo-da-adolescencia-hi","ef_ano-9o-ano","ef_componente-historia","ef_componente-portugues","entry","has-media"],"acf":[],"_links":{"self":[{"href":"https:\/\/sme.goiania.go.gov.br\/conexaoescola\/wp-json\/wp\/v2\/ensino_fundamental\/59748","targetHints":{"allow":["GET"]}}],"collection":[{"href":"https:\/\/sme.goiania.go.gov.br\/conexaoescola\/wp-json\/wp\/v2\/ensino_fundamental"}],"about":[{"href":"https:\/\/sme.goiania.go.gov.br\/conexaoescola\/wp-json\/wp\/v2\/types\/ensino_fundamental"}],"author":[{"embeddable":true,"href":"https:\/\/sme.goiania.go.gov.br\/conexaoescola\/wp-json\/wp\/v2\/users\/18"}],"version-history":[{"count":0,"href":"https:\/\/sme.goiania.go.gov.br\/conexaoescola\/wp-json\/wp\/v2\/ensino_fundamental\/59748\/revisions"}],"wp:featuredmedia":[{"embeddable":true,"href":"https:\/\/sme.goiania.go.gov.br\/conexaoescola\/wp-json\/wp\/v2\/media\/59684"}],"wp:attachment":[{"href":"https:\/\/sme.goiania.go.gov.br\/conexaoescola\/wp-json\/wp\/v2\/media?parent=59748"}],"wp:term":[{"taxonomy":"ef_categoria","embeddable":true,"href":"https:\/\/sme.goiania.go.gov.br\/conexaoescola\/wp-json\/wp\/v2\/ef_categoria?post=59748"},{"taxonomy":"ef_ano","embeddable":true,"href":"https:\/\/sme.goiania.go.gov.br\/conexaoescola\/wp-json\/wp\/v2\/ef_ano?post=59748"},{"taxonomy":"ef_componente","embeddable":true,"href":"https:\/\/sme.goiania.go.gov.br\/conexaoescola\/wp-json\/wp\/v2\/ef_componente?post=59748"}],"curies":[{"name":"wp","href":"https:\/\/api.w.org\/{rel}","templated":true}]}}

História e Língua Portuguesa &#8211; Primeira Guerra Mundial

<p class="has-drop-cap has-very-dark-gray-color has-very-light-gray-background-color has-text-color has-background has-medium-font-size">Você já ouviu falar das grandes guerras mundiais? Hoje, vamos falar sobre a Primeira Grande Guerra&#8230; Como ela ocorreu e quais foram as consequências.</p>



<p class="has-medium-font-size">Sabe o que foi a Primeira Guerra Mundial? Foi um conflito armado que envolveu vários países da Europa, ocorrido entre 1914 e 1918.</p>



<p class="has-luminous-vivid-amber-background-color has-background has-medium-font-size">É importante destacar que os países da Europa não tinham a mesma configuração de hoje, alguns eram maiores e outros menores.</p>



<p class="has-medium-font-size">E, hoje, vamos falar só da Primeira Guerra. Nesse momento histórico, havia grandes impérios, em especial, o austro-húngaro e o império otomano.</p>



<p class="has-pale-pink-background-color has-background has-medium-font-size">Já podemos entender que a Primeira Guerra foi uma guerra de impérios, cada um buscando conquistar mais espaço.</p>



<p class="has-medium-font-size">Mas vamos ver um vídeo do canal “Historiar-te” para entendermos melhor o assunto. Afinal, é muito complexa essa guerra.&nbsp;</p>



<hr class="wp-block-separator"/>



<figure class="wp-block-embed is-type-video is-provider-youtube wp-block-embed-youtube wp-embed-aspect-16-9 wp-has-aspect-ratio"><div class="wp-block-embed__wrapper">
<p class="responsive-video-wrap clr"><iframe title="PRIMEIRA GUERRA MUNDIAL - Resumo Desenhado" width="1200" height="675" src="https://www.youtube.com/embed/ZfZAle8CVgg?feature=oembed" frameborder="0" allow="accelerometer; autoplay; clipboard-write; encrypted-media; gyroscope; picture-in-picture" allowfullscreen></iframe></p>
</div><figcaption>VÍDEO: PRIMEIRA GUERRA MUNDIAL &#8211; Resumo Desenhado (8’10”)</figcaption></figure>



<hr class="wp-block-separator"/>



<p class="has-medium-font-size">E aí, gostaram? Uma coisa que chama a atenção é a “Belle Époque”, justamente por ser um momento de crescimento cultural cosmopolitano na Europa.&nbsp;</p>



<p class="has-pale-cyan-blue-background-color has-background has-medium-font-size">Por outro lado, havia também o crescimento da produção de armas. Os países já desconfiavam uns dos&nbsp; outros e começaram a colocar as indústrias bélicas para funcionar, por isso, esse período também ficou conhecido como a Paz Armada.</p>



<p class="has-medium-font-size">Momento muito tenso, esse do pré-guerra. Mas ficou pior, porque assassinaram Francisco Ferdinando.</p>



<p class="has-light-green-cyan-background-color has-background has-medium-font-size">Foi aí o estopim que faltava para dar início ao conflito. A partir desse momento inicia-se um verdadeiro conflito de impérios.</p>



<p class="has-medium-font-size">E, nesse ínterim, a Rússia saiu, no meio do conflito, para fazer sua revolução interna. Mas isso é assunto para outra aula.&nbsp;</p>



<p class="has-pale-pink-background-color has-background has-medium-font-size">Então, aconteceram várias coisas ao mesmo tempo.&nbsp; Muitas coisas em uma guerra só. Agora vamos ver uma aula no canal <strong>Historiação Humanas</strong>, com o professor Jener Cristiano.&nbsp;</p>



<hr class="wp-block-separator"/>



<figure class="wp-block-embed is-type-video is-provider-youtube wp-block-embed-youtube wp-embed-aspect-16-9 wp-has-aspect-ratio"><div class="wp-block-embed__wrapper">
<p class="responsive-video-wrap clr"><iframe title="Primeira Guerra Mundial Tratado de Versalhes" width="1200" height="675" src="https://www.youtube.com/embed/PPKIyViNj7Y?feature=oembed" frameborder="0" allow="accelerometer; autoplay; clipboard-write; encrypted-media; gyroscope; picture-in-picture" allowfullscreen></iframe></p>
</div><figcaption>Vídeo: Primeira Guerra Mundial Tratado de Versalhes (9’20”)</figcaption></figure>



<hr class="wp-block-separator"/>



<p class="has-medium-font-size">Boa explicação. Após a guerra, a Alemanha recebeu sanções, como: limitação de exércitos a 100 mil homens, perda de todas as colônias, obrigatoriedade de devolução da alsácia-Lorena para a França e, ainda, teve que indenizar todas as potências por ter causado a guerra.</p>



<p class="has-vivid-green-cyan-background-color has-background has-medium-font-size">Criaram também a Liga das Nações, que deveria ser responsável por tentar manter a paz mundial, mas que, devido à Segunda Grande Guerra, não foi adiante. </p>



<p class="has-medium-font-size">A maioria dos historiadores afirma que essas pesadas sanções, colocadas contra a Alemanha, fez com que o país caísse na miséria e as consequências seriam a Segunda Guerra Mundial. Vamos realizar uma atividade sobre isso?</p>



<hr class="wp-block-separator"/>



<p class="has-drop-cap has-medium-font-size">ATIVIDADE</p>



<p class="has-medium-font-size">&nbsp;Agora que tal investigar mais sobre a Guerra? Há muitas informações disponíveis na internet e nos livros.</p>



<p class="has-medium-font-size">Perguntas: o Brasil participou da Primeira Guerra Mundial? Como foi a participação? Quem era o presidente do Brasil na época?</p>



<p class="has-medium-font-size">Depois de pesquisar, compartilhe esse conhecimento com seus familiares. Conhecimento é vida e a gente sempre aprende mais enquanto ensina.</p>



<hr class="wp-block-separator"/>



<p class="has-medium-font-size">Esta aula foi exibida na TV. Assista-a na íntegra:</p>



<hr class="wp-block-separator"/>



<figure class="wp-block-embed is-type-video is-provider-youtube wp-block-embed-youtube wp-embed-aspect-16-9 wp-has-aspect-ratio"><div class="wp-block-embed__wrapper">
<p class="responsive-video-wrap clr"><iframe title="1º Guerra Mundial   E  Fund    Ética e Cidad    A  Inic    Bl 1   9 dez 2020" width="1200" height="675" src="https://www.youtube.com/embed/1_Bqf66nnhk?feature=oembed" frameborder="0" allow="accelerometer; autoplay; clipboard-write; encrypted-media; gyroscope; picture-in-picture" allowfullscreen></iframe></p>
</div></figure>



<hr class="wp-block-separator"/>



<figure class="wp-block-embed is-type-video is-provider-youtube wp-block-embed-youtube wp-embed-aspect-16-9 wp-has-aspect-ratio"><div class="wp-block-embed__wrapper">
<p class="responsive-video-wrap clr"><iframe title="1º Guerra Mundial  - E  Fund  -  Ética e Cidad  -  A  Fin  -  Bl 2 -  9 dez 2020" width="1200" height="675" src="https://www.youtube.com/embed/F_6LB24Fk3o?feature=oembed" frameborder="0" allow="accelerometer; autoplay; clipboard-write; encrypted-media; gyroscope; picture-in-picture" allowfullscreen></iframe></p>
</div></figure>



<hr class="wp-block-separator"/>



<figure class="wp-block-table"><table><tbody><tr><td>História</td><td><br>(GO-EF09HI10-B) Reconhecer o cenário econômico das principais democracias liberais européias no início do século XX e sua relação com os territórios colonizados na África e Ásia.<br>(GO-EF09HI10-C) Analisar e compreender a Primeira Guerra Mundial e seus desdobramentos políticos, econômicos e sociais.<br>(GO-EF09HI10-D) Compreender o contexto político, econômico e social brasileiro, no período da Primeira Guerra Mundial, analisando os desdobramentos do conflito no Brasil.<br></td></tr><tr><td>Língua Portuguesa</td><td>(EF69LP25-A) Posicionar-se de forma consistente e sustentada em uma discussão, assembleia, reuniões de colegiados da escola, de agremiações e outras situações de apresentação de propostas e defesas de opiniões.<br><br>(EF08LP02-A) Identificar e comparar diferenças ou semelhanças no tratamento dado a uma mesma informação veiculada em textos diferentes, consultando sites variados.</td></tr></tbody></table><figcaption>Objetivos de Aprendizagem e Desenvolvido</figcaption></figure>



<hr class="wp-block-separator"/>
