{"id":59718,"date":"2020-11-30T07:00:00","date_gmt":"2020-11-30T09:00:00","guid":{"rendered":"https:\/\/sme.goiania.go.gov.br\/conexaoescola\/?post_type=ensino_fundamental&#038;p=59718"},"modified":"2021-12-07T11:58:46","modified_gmt":"2021-12-07T13:58:46","slug":"o-que-e-o-ciclo-da-agua","status":"publish","type":"ensino_fundamental","link":"https:\/\/sme.goiania.go.gov.br\/conexaoescola\/ensino_fundamental\/o-que-e-o-ciclo-da-agua\/","title":{"rendered":"Ci\u00eancias da Natureza e L\u00edngua Portuguesa &#8211; O que \u00e9 o ciclo da \u00e1gua?"},"content":{"rendered":"\n<p class=\"has-drop-cap has-medium-font-size\">Ol\u00e1! Voc\u00ea sabe o que \u00e9 Ciclo Hidrol\u00f3gico? Com certeza voc\u00ea j\u00e1 &nbsp;estudo sobre o Ciclo da \u00c1gua, nessa atividade vamos aprender &nbsp;como ocorre esse processo, e a import\u00e2ncia da \u00e1gua para a &nbsp;nossa sobreviv\u00eancia.<\/p>\n\n\n\n<hr class=\"wp-block-separator\"\/>\n\n\n\n<p class=\"has-very-light-gray-color has-very-dark-gray-background-color has-text-color has-background has-medium-font-size\"><strong>Atividade 1<\/strong><strong>&nbsp;<\/strong><\/p>\n\n\n\n<p class=\"has-medium-font-size\">Assista ao v\u00eddeo sobre \u201cO que \u00e9 o ciclo da \u00e1gua\u201d.&nbsp;<\/p>\n\n\n\n<figure class=\"wp-block-embed is-type-video is-provider-youtube wp-block-embed-youtube wp-embed-aspect-16-9 wp-has-aspect-ratio\"><div class=\"wp-block-embed__wrapper\">\n<p class=\"responsive-video-wrap clr\"><iframe title=\"O ciclo da \u00e1gua para crian\u00e7as - O que \u00e9 o ciclo da \u00e1gua - Ci\u00eancias para crian\u00e7as\" width=\"1200\" height=\"675\" src=\"https:\/\/www.youtube.com\/embed\/KZTRy6KL7_c?feature=oembed\" frameborder=\"0\" allow=\"accelerometer; autoplay; clipboard-write; encrypted-media; gyroscope; picture-in-picture\" allowfullscreen><\/iframe><\/p>\n<\/div><figcaption>&#8220;O ciclo da \u00e1gua para crian\u00e7as &#8211; O que \u00e9 o ciclo da \u00e1gua &#8211; Ci\u00eancias para crian\u00e7as&#8221; Canal: <a href=\"https:\/\/www.youtube.com\/channel\/UCYKeu41LiJOIoyEkStWqCLw\">Smile and Learn &#8211; Portugu\u00eas<\/a> &#8211; https:\/\/www.youtube.com\/watch?v=KZTRy6KL7_c&amp;feature=youtu.be<\/figcaption><\/figure>\n\n\n\n<p class=\"has-medium-font-size\">Vamos assistir esse outro v\u00eddeo, da ANA (Ag\u00eancia Nacional de \u00c1guas) &#8211; O Ciclo&nbsp; da \u00c1gua (Ciclo Hidrol\u00f3gico).&nbsp;<\/p>\n\n\n\n<figure class=\"wp-block-embed is-type-video is-provider-youtube wp-block-embed-youtube wp-embed-aspect-16-9 wp-has-aspect-ratio\"><div class=\"wp-block-embed__wrapper\">\n<p class=\"responsive-video-wrap clr\"><iframe title=\"O Ciclo da \u00c1gua (Ciclo Hidrol\u00f3gico)\" width=\"1200\" height=\"675\" src=\"https:\/\/www.youtube.com\/embed\/vW5-xrV3Bq4?feature=oembed\" frameborder=\"0\" allow=\"accelerometer; autoplay; clipboard-write; encrypted-media; gyroscope; picture-in-picture\" allowfullscreen><\/iframe><\/p>\n<\/div><figcaption>&#8220;O Ciclo da \u00c1gua (Ciclo Hidrol\u00f3gico)&#8221; Canal:  anagovbr &#8211; https:\/\/www.youtube.com\/watch?v=vW5-xrV3Bq4<\/figcaption><\/figure>\n\n\n\n<p class=\"has-medium-font-size\">Agora que voc\u00ea j\u00e1 sabe diferenciar as etapas e como ocorrem o processo do Ciclo&nbsp; Hidrol\u00f3gico da \u00e1gua, que tal voc\u00ea fazer o registro em seu caderno com uma&nbsp; ilustra\u00e7\u00e3o.&nbsp;&nbsp;<\/p>\n\n\n\n<p class=\"has-very-light-gray-color has-very-dark-gray-background-color has-text-color has-background has-medium-font-size\"><strong>Atividade 2&nbsp;<\/strong><\/p>\n\n\n\n<p class=\"has-medium-font-size\"><strong>Agora responda essas duas quest\u00f5es no seu caderno:&nbsp;<\/strong><\/p>\n\n\n\n<p class=\"has-medium-font-size\">&#8211; Como ocorrem as tr\u00eas etapas do Ciclo da \u00c1gua?&nbsp;<\/p>\n\n\n\n<p class=\"has-medium-font-size\">&#8211; Quando a etapa do ciclo da \u00e1gua se transforma em part\u00edculas ou gotas n\u00f3s&nbsp; chamamos d\u00ea?&nbsp;<\/p>\n\n\n\n<p class=\"has-very-light-gray-color has-very-dark-gray-background-color has-text-color has-background has-medium-font-size\"><strong>Atividade 3&nbsp;<\/strong><\/p>\n\n\n\n<p class=\"has-medium-font-size\">Ciclo da \u00c1gua na Natureza &#8211; <strong>O ciclo da \u00e1gua \u00e9 composto de cinco etapas<\/strong>:<\/p>\n\n\n\n<p class=\"has-medium-font-size\">Acesse o link abaixo para ler mais sobre a etapas do ciclo da \u00e1gua:<\/p>\n\n\n\n<p class=\"has-medium-font-size\"> <img decoding=\"async\" width=\"293\" height=\"159\" src=\"https:\/\/lh3.googleusercontent.com\/rwANBRBABN6aIcKrWg7OQfg-yX_CnvLPNCVCk2A24yWtlJPi0Vus2qGeBQMPlhrjH13yRje0Mq8jUGBnh3uI_6joKD6f95w4DyEKcVy4DH-2IyqcRPNDXb8U_0GH-y3b9aRBiM3u\"><\/p>\n\n\n\n<blockquote class=\"wp-block-quote is-layout-flow wp-block-quote-is-layout-flow\"><p><\/p><cite><em>https:\/\/www.todamateria.com.br\/ciclo-da-agua\/<\/em><\/cite><\/blockquote>\n\n\n\n<p class=\"has-very-light-gray-color has-very-dark-gray-background-color has-text-color has-background has-medium-font-size\"><strong>Atividade 4&nbsp;<\/strong><\/p>\n\n\n\n<p class=\"has-medium-font-size\">Assista ao v\u00eddeo sobre: <strong>A import\u00e2ncia da \u00e1gua <\/strong>&#8211; Cartilha Planeta \u00c1gua:<\/p>\n\n\n\n<figure class=\"wp-block-embed is-type-video is-provider-youtube wp-block-embed-youtube wp-embed-aspect-16-9 wp-has-aspect-ratio\"><div class=\"wp-block-embed__wrapper\">\n<p class=\"responsive-video-wrap clr\"><iframe title=\"A import\u00e2ncia da \u00e1gua - Cartilha Planeta \u00c1gua [com legendas]\" width=\"1200\" height=\"675\" src=\"https:\/\/www.youtube.com\/embed\/HQYbLX7ieYo?feature=oembed\" frameborder=\"0\" allow=\"accelerometer; autoplay; clipboard-write; encrypted-media; gyroscope; picture-in-picture\" allowfullscreen><\/iframe><\/p>\n<\/div><figcaption>&#8220;A import\u00e2ncia da \u00e1gua &#8211; Cartilha Planeta \u00c1gua [com legendas]&#8221; Canal: <a href=\"https:\/\/www.youtube.com\/channel\/UC3ts1pxJFXmrCYTL6EsEl9A\">Wilivro<\/a> &#8211; https:\/\/www.youtube.com\/watch?v=HQYbLX7ieYo&amp;feature=youtu.be<\/figcaption><\/figure>\n\n\n\n<p class=\"has-medium-font-size\">&#8211; Escreva em seu caderno um texto do tipo descritivo do g\u00eanero textual \u201cDi\u00e1rio\u201d,&nbsp; descrevendo sobre a import\u00e2ncia da \u00e1gua para a nossa sobreviv\u00eancia. N\u00e3o&nbsp; esque\u00e7a de reler o texto, para corrigi-lo quando for necess\u00e1rio.&nbsp;<\/p>\n\n\n\n<p class=\"has-very-light-gray-color has-vivid-red-background-color has-text-color has-background has-medium-font-size\"><strong>Observa\u00e7\u00e3o:&nbsp;<\/strong><\/p>\n\n\n\n<p class=\"has-medium-font-size\">O <strong>texto descritivo <\/strong>\u00e9 um tipo de texto que apresenta a descri\u00e7\u00e3o de algo, seja de uma&nbsp; pessoa, um objeto, um local, etc. Assim, ele exp\u00f5e aprecia\u00e7\u00f5es, impress\u00f5es e observa\u00e7\u00f5es&nbsp; de algo indicando os aspectos e suas caracter\u00edsticas. Lembrando que sua estrutura \u00e9 da&nbsp; seguinte forma: <strong>Introdu\u00e7\u00e3o: <\/strong>apresenta\u00e7\u00e3o sobre o que (ou quem) ser\u00e1 descrito.&nbsp; <strong>Desenvolvimento: <\/strong>realiza\u00e7\u00e3o da descri\u00e7\u00e3o (objetiva ou subjetiva) de algo. <strong>Conclus\u00e3o:&nbsp;<\/strong>t\u00e9rmino da descri\u00e7\u00e3o<\/p>\n\n\n\n<hr class=\"wp-block-separator\"\/>\n\n\n\n<p><strong>Saiba Mais nas &nbsp;Refer\u00eancias:<\/strong><\/p>\n\n\n\n<div class=\"wp-block-columns is-layout-flex wp-container-core-columns-is-layout-9d6595d7 wp-block-columns-is-layout-flex\">\n<div class=\"wp-block-column is-layout-flow wp-block-column-is-layout-flow\">\n<p class=\"has-very-light-gray-color has-vivid-purple-background-color has-text-color has-background\"><a href=\"https:\/\/www.gov.br\/mma\/pt-br\">https:\/\/www.gov.br\/mma\/pt-br<\/a><\/p>\n<\/div>\n\n\n\n<div class=\"wp-block-column is-layout-flow wp-block-column-is-layout-flow\">\n<p class=\"has-very-light-gray-color has-vivid-cyan-blue-background-color has-text-color has-background\"><a href=\"https:\/\/www.ecycle.com.br\/6346-ciclo-da-agua\">https:\/\/www.ecycle.com.br\/6346-ciclo-da-agua<\/a><\/p>\n<\/div>\n\n\n\n<div class=\"wp-block-column is-layout-flow wp-block-column-is-layout-flow\">\n<p class=\"has-very-light-gray-color has-vivid-purple-background-color has-text-color has-background\"><a href=\"https:\/\/www.todamateria.com.br\/a-importancia-da-agua\/\">https:\/\/www.todamateria.com.br\/a-importancia-da-agua\/<\/a><\/p>\n<\/div>\n<\/div>\n\n\n\n<hr class=\"wp-block-separator\"\/>\n\n\n\n<figure class=\"wp-block-table alignfull\"><table><tbody><tr><td><strong>Objeto de <\/strong><strong>&nbsp;<\/strong><strong>Conhecimento<\/strong><\/td><td>Ciclo Hidrol\u00f3gico \u2013 O Ciclo da \u00c1gua e seus diversos processos &nbsp;de transforma\u00e7\u00f5es.&nbsp;<\/td><\/tr><tr><td><strong>Componente &nbsp;Curricular:<\/strong><\/td><td>Ci\u00eancias&nbsp;L\u00edngua&nbsp;&nbsp;Portuguesa<\/td><\/tr><tr><td><strong>Habilidades:<\/strong><\/td><td>(EF05CI02-A) Observar a \u00e1gua em diferentes estados f\u00edsicos&nbsp; (l\u00edquido, s\u00f3lido e gasoso), reconhecendo suas mudan\u00e7as em&nbsp; situa\u00e7\u00f5es do cotidiano e por meio de experimentos simples. (EF05CI02-C) Reconhecer que as a\u00e7\u00f5es antr\u00f3picas interferem&nbsp; no ciclo hidrol\u00f3gico afetando a disponibilidade de \u00e1gua pot\u00e1vel.(EF35LP09-A) Organizar, nas produ\u00e7\u00f5es escritas, a sequ\u00eancia&nbsp; de ideias, objetivando a coer\u00eancia do texto.&nbsp;(EF35LP07-A) Produzir textos, observando e respeitando as&nbsp; regras b\u00e1sicas de pontua\u00e7\u00e3o (ponto final, ponto de exclama\u00e7\u00e3o,&nbsp; ponto de interroga\u00e7\u00e3o, v\u00edrgulas em enumera\u00e7\u00f5es e pontua\u00e7\u00e3o&nbsp; do discurso direto).<\/td><\/tr><\/tbody><\/table><\/figure>\n\n\n\n<hr class=\"wp-block-separator\"\/>\n\n\n\n<figure class=\"wp-block-table alignfull\"><table><tbody><tr><td><strong>Proponentes\/ <\/strong><strong>&nbsp;<\/strong><strong>Professores:<\/strong><\/td><td>Eliane Rodrigues Montalv\u00e3o&nbsp;Lidiane Maria da Silva<\/td><\/tr><tr><td><strong>Institui\u00e7\u00e3o <\/strong><strong>&nbsp;<\/strong><strong>Educacional:<\/strong><\/td><td>Escola Santa Rita de Cassia<\/td><\/tr><tr><td><strong>CRE:<\/strong><strong>&nbsp;<\/strong><\/td><td>Brasil de Ramos<\/td><\/tr><\/tbody><\/table><\/figure>\n\n\n\n<hr class=\"wp-block-separator\"\/>\n\n\n\n<p>Ensino Fundamental &#8211; Ciclo da Inf\u00e2ncia &#8211; Turma D &#8211; 4\u00ba ano &#8211; Educa\u00e7\u00e3o Ambiental e Sa\u00fade <\/p>\n","protected":false},"author":24,"featured_media":59721,"template":"","ef_categoria":[14,23],"ef_ano":[87],"ef_componente":[98,93],"class_list":["post-59718","ensino_fundamental","type-ensino_fundamental","status-publish","has-post-thumbnail","hentry","ef_categoria-ciclo-da-infancia-de","ef_categoria-educacao-ambiental-e-saude-ciclo-da-infancia-de","ef_ano-4o-ano","ef_componente-ciencia-da-natureza-ef","ef_componente-portugues","entry","has-media"],"acf":[],"_links":{"self":[{"href":"https:\/\/sme.goiania.go.gov.br\/conexaoescola\/wp-json\/wp\/v2\/ensino_fundamental\/59718","targetHints":{"allow":["GET"]}}],"collection":[{"href":"https:\/\/sme.goiania.go.gov.br\/conexaoescola\/wp-json\/wp\/v2\/ensino_fundamental"}],"about":[{"href":"https:\/\/sme.goiania.go.gov.br\/conexaoescola\/wp-json\/wp\/v2\/types\/ensino_fundamental"}],"author":[{"embeddable":true,"href":"https:\/\/sme.goiania.go.gov.br\/conexaoescola\/wp-json\/wp\/v2\/users\/24"}],"version-history":[{"count":0,"href":"https:\/\/sme.goiania.go.gov.br\/conexaoescola\/wp-json\/wp\/v2\/ensino_fundamental\/59718\/revisions"}],"wp:featuredmedia":[{"embeddable":true,"href":"https:\/\/sme.goiania.go.gov.br\/conexaoescola\/wp-json\/wp\/v2\/media\/59721"}],"wp:attachment":[{"href":"https:\/\/sme.goiania.go.gov.br\/conexaoescola\/wp-json\/wp\/v2\/media?parent=59718"}],"wp:term":[{"taxonomy":"ef_categoria","embeddable":true,"href":"https:\/\/sme.goiania.go.gov.br\/conexaoescola\/wp-json\/wp\/v2\/ef_categoria?post=59718"},{"taxonomy":"ef_ano","embeddable":true,"href":"https:\/\/sme.goiania.go.gov.br\/conexaoescola\/wp-json\/wp\/v2\/ef_ano?post=59718"},{"taxonomy":"ef_componente","embeddable":true,"href":"https:\/\/sme.goiania.go.gov.br\/conexaoescola\/wp-json\/wp\/v2\/ef_componente?post=59718"}],"curies":[{"name":"wp","href":"https:\/\/api.w.org\/{rel}","templated":true}]}}

Ciências da Natureza e Língua Portuguesa &#8211; O que é o ciclo da água?

<p class="has-drop-cap has-medium-font-size">Olá! Você sabe o que é Ciclo Hidrológico? Com certeza você já &nbsp;estudo sobre o Ciclo da Água, nessa atividade vamos aprender &nbsp;como ocorre esse processo, e a importância da água para a &nbsp;nossa sobrevivência.</p>



<hr class="wp-block-separator"/>



<p class="has-very-light-gray-color has-very-dark-gray-background-color has-text-color has-background has-medium-font-size"><strong>Atividade 1</strong><strong>&nbsp;</strong></p>



<p class="has-medium-font-size">Assista ao vídeo sobre “O que é o ciclo da água”.&nbsp;</p>



<figure class="wp-block-embed is-type-video is-provider-youtube wp-block-embed-youtube wp-embed-aspect-16-9 wp-has-aspect-ratio"><div class="wp-block-embed__wrapper">
<p class="responsive-video-wrap clr"><iframe title="O ciclo da água para crianças - O que é o ciclo da água - Ciências para crianças" width="1200" height="675" src="https://www.youtube.com/embed/KZTRy6KL7_c?feature=oembed" frameborder="0" allow="accelerometer; autoplay; clipboard-write; encrypted-media; gyroscope; picture-in-picture" allowfullscreen></iframe></p>
</div><figcaption>&#8220;O ciclo da água para crianças &#8211; O que é o ciclo da água &#8211; Ciências para crianças&#8221; Canal: <a href="https://www.youtube.com/channel/UCYKeu41LiJOIoyEkStWqCLw">Smile and Learn &#8211; Português</a> &#8211; https://www.youtube.com/watch?v=KZTRy6KL7_c&amp;feature=youtu.be</figcaption></figure>



<p class="has-medium-font-size">Vamos assistir esse outro vídeo, da ANA (Agência Nacional de Águas) &#8211; O Ciclo&nbsp; da Água (Ciclo Hidrológico).&nbsp;</p>



<figure class="wp-block-embed is-type-video is-provider-youtube wp-block-embed-youtube wp-embed-aspect-16-9 wp-has-aspect-ratio"><div class="wp-block-embed__wrapper">
<p class="responsive-video-wrap clr"><iframe title="O Ciclo da Água (Ciclo Hidrológico)" width="1200" height="675" src="https://www.youtube.com/embed/vW5-xrV3Bq4?feature=oembed" frameborder="0" allow="accelerometer; autoplay; clipboard-write; encrypted-media; gyroscope; picture-in-picture" allowfullscreen></iframe></p>
</div><figcaption>&#8220;O Ciclo da Água (Ciclo Hidrológico)&#8221; Canal:  anagovbr &#8211; https://www.youtube.com/watch?v=vW5-xrV3Bq4</figcaption></figure>



<p class="has-medium-font-size">Agora que você já sabe diferenciar as etapas e como ocorrem o processo do Ciclo&nbsp; Hidrológico da água, que tal você fazer o registro em seu caderno com uma&nbsp; ilustração.&nbsp;&nbsp;</p>



<p class="has-very-light-gray-color has-very-dark-gray-background-color has-text-color has-background has-medium-font-size"><strong>Atividade 2&nbsp;</strong></p>



<p class="has-medium-font-size"><strong>Agora responda essas duas questões no seu caderno:&nbsp;</strong></p>



<p class="has-medium-font-size">&#8211; Como ocorrem as três etapas do Ciclo da Água?&nbsp;</p>



<p class="has-medium-font-size">&#8211; Quando a etapa do ciclo da água se transforma em partículas ou gotas nós&nbsp; chamamos dê?&nbsp;</p>



<p class="has-very-light-gray-color has-very-dark-gray-background-color has-text-color has-background has-medium-font-size"><strong>Atividade 3&nbsp;</strong></p>



<p class="has-medium-font-size">Ciclo da Água na Natureza &#8211; <strong>O ciclo da água é composto de cinco etapas</strong>:</p>



<p class="has-medium-font-size">Acesse o link abaixo para ler mais sobre a etapas do ciclo da água:</p>



<p class="has-medium-font-size"> <img decoding="async" width="293" height="159" src="https://lh3.googleusercontent.com/rwANBRBABN6aIcKrWg7OQfg-yX_CnvLPNCVCk2A24yWtlJPi0Vus2qGeBQMPlhrjH13yRje0Mq8jUGBnh3uI_6joKD6f95w4DyEKcVy4DH-2IyqcRPNDXb8U_0GH-y3b9aRBiM3u"></p>



<blockquote class="wp-block-quote is-layout-flow wp-block-quote-is-layout-flow"><p></p><cite><em>https://www.todamateria.com.br/ciclo-da-agua/</em></cite></blockquote>



<p class="has-very-light-gray-color has-very-dark-gray-background-color has-text-color has-background has-medium-font-size"><strong>Atividade 4&nbsp;</strong></p>



<p class="has-medium-font-size">Assista ao vídeo sobre: <strong>A importância da água </strong>&#8211; Cartilha Planeta Água:</p>



<figure class="wp-block-embed is-type-video is-provider-youtube wp-block-embed-youtube wp-embed-aspect-16-9 wp-has-aspect-ratio"><div class="wp-block-embed__wrapper">
<p class="responsive-video-wrap clr"><iframe title="A importância da água - Cartilha Planeta Água [com legendas]" width="1200" height="675" src="https://www.youtube.com/embed/HQYbLX7ieYo?feature=oembed" frameborder="0" allow="accelerometer; autoplay; clipboard-write; encrypted-media; gyroscope; picture-in-picture" allowfullscreen></iframe></p>
</div><figcaption>&#8220;A importância da água &#8211; Cartilha Planeta Água [com legendas]&#8221; Canal: <a href="https://www.youtube.com/channel/UC3ts1pxJFXmrCYTL6EsEl9A">Wilivro</a> &#8211; https://www.youtube.com/watch?v=HQYbLX7ieYo&amp;feature=youtu.be</figcaption></figure>



<p class="has-medium-font-size">&#8211; Escreva em seu caderno um texto do tipo descritivo do gênero textual “Diário”,&nbsp; descrevendo sobre a importância da água para a nossa sobrevivência. Não&nbsp; esqueça de reler o texto, para corrigi-lo quando for necessário.&nbsp;</p>



<p class="has-very-light-gray-color has-vivid-red-background-color has-text-color has-background has-medium-font-size"><strong>Observação:&nbsp;</strong></p>



<p class="has-medium-font-size">O <strong>texto descritivo </strong>é um tipo de texto que apresenta a descrição de algo, seja de uma&nbsp; pessoa, um objeto, um local, etc. Assim, ele expõe apreciações, impressões e observações&nbsp; de algo indicando os aspectos e suas características. Lembrando que sua estrutura é da&nbsp; seguinte forma: <strong>Introdução: </strong>apresentação sobre o que (ou quem) será descrito.&nbsp; <strong>Desenvolvimento: </strong>realização da descrição (objetiva ou subjetiva) de algo. <strong>Conclusão:&nbsp;</strong>término da descrição</p>



<hr class="wp-block-separator"/>



<p><strong>Saiba Mais nas &nbsp;Referências:</strong></p>



<div class="wp-block-columns is-layout-flex wp-container-core-columns-is-layout-9d6595d7 wp-block-columns-is-layout-flex">
<div class="wp-block-column is-layout-flow wp-block-column-is-layout-flow">
<p class="has-very-light-gray-color has-vivid-purple-background-color has-text-color has-background"><a href="https://www.gov.br/mma/pt-br">https://www.gov.br/mma/pt-br</a></p>
</div>



<div class="wp-block-column is-layout-flow wp-block-column-is-layout-flow">
<p class="has-very-light-gray-color has-vivid-cyan-blue-background-color has-text-color has-background"><a href="https://www.ecycle.com.br/6346-ciclo-da-agua">https://www.ecycle.com.br/6346-ciclo-da-agua</a></p>
</div>



<div class="wp-block-column is-layout-flow wp-block-column-is-layout-flow">
<p class="has-very-light-gray-color has-vivid-purple-background-color has-text-color has-background"><a href="https://www.todamateria.com.br/a-importancia-da-agua/">https://www.todamateria.com.br/a-importancia-da-agua/</a></p>
</div>
</div>



<hr class="wp-block-separator"/>



<figure class="wp-block-table alignfull"><table><tbody><tr><td><strong>Objeto de </strong><strong>&nbsp;</strong><strong>Conhecimento</strong></td><td>Ciclo Hidrológico – O Ciclo da Água e seus diversos processos &nbsp;de transformações.&nbsp;</td></tr><tr><td><strong>Componente &nbsp;Curricular:</strong></td><td>Ciências&nbsp;Língua&nbsp;&nbsp;Portuguesa</td></tr><tr><td><strong>Habilidades:</strong></td><td>(EF05CI02-A) Observar a água em diferentes estados físicos&nbsp; (líquido, sólido e gasoso), reconhecendo suas mudanças em&nbsp; situações do cotidiano e por meio de experimentos simples. (EF05CI02-C) Reconhecer que as ações antrópicas interferem&nbsp; no ciclo hidrológico afetando a disponibilidade de água potável.(EF35LP09-A) Organizar, nas produções escritas, a sequência&nbsp; de ideias, objetivando a coerência do texto.&nbsp;(EF35LP07-A) Produzir textos, observando e respeitando as&nbsp; regras básicas de pontuação (ponto final, ponto de exclamação,&nbsp; ponto de interrogação, vírgulas em enumerações e pontuação&nbsp; do discurso direto).</td></tr></tbody></table></figure>



<hr class="wp-block-separator"/>



<figure class="wp-block-table alignfull"><table><tbody><tr><td><strong>Proponentes/ </strong><strong>&nbsp;</strong><strong>Professores:</strong></td><td>Eliane Rodrigues Montalvão&nbsp;Lidiane Maria da Silva</td></tr><tr><td><strong>Instituição </strong><strong>&nbsp;</strong><strong>Educacional:</strong></td><td>Escola Santa Rita de Cassia</td></tr><tr><td><strong>CRE:</strong><strong>&nbsp;</strong></td><td>Brasil de Ramos</td></tr></tbody></table></figure>



<hr class="wp-block-separator"/>



<p>Ensino Fundamental &#8211; Ciclo da Infância &#8211; Turma D &#8211; 4º ano &#8211; Educação Ambiental e Saúde </p>
