{"id":59619,"date":"2020-11-30T07:00:00","date_gmt":"2020-11-30T09:00:00","guid":{"rendered":"https:\/\/sme.goiania.go.gov.br\/conexaoescola\/?post_type=ensino_fundamental&#038;p=59619"},"modified":"2021-11-09T11:55:20","modified_gmt":"2021-11-09T13:55:20","slug":"o-lugar-na-perspectiva-geografica-2","status":"publish","type":"ensino_fundamental","link":"https:\/\/sme.goiania.go.gov.br\/conexaoescola\/ensino_fundamental\/o-lugar-na-perspectiva-geografica-2\/","title":{"rendered":"Geografia &#8211; O lugar na perspectiva geogr\u00e1fica"},"content":{"rendered":"\n<p class=\"has-pale-cyan-blue-background-color has-text-color has-background has-medium-font-size\" style=\"color:#0e0e0e\">Oi, tudo bem com voc\u00ea?<\/p>\n\n\n\n<p class=\"has-medium-font-size\">Ol\u00e1 tudo bem? Observando as imagens abaixo voc\u00ea ir\u00e1 perceber que o lugar \u00e9 uma por\u00e7\u00e3o do espa\u00e7o geogr\u00e1fico que assume grande significado, pois ele \u00e9 o palco do nosso cotidiano, onde as dist\u00e2ncias entre as pessoas e os objetos s\u00e3o m\u00ednimas. Nesse sentido, geralmente deparamos com pessoas e objetos que conhecemos e nos relacionamos. Com a aula de hoje voc\u00ea compreender\u00e1 que o lugar \u00e9 o espa\u00e7o repleto de afetividade, um local de viv\u00eancia, uma localiza\u00e7\u00e3o familiar para um grupo social. Por exemplo: as ruas, as pra\u00e7as, as casas, o bairro, as \u00e1rvores, os morros, os rios, ou ainda, as cidades que conhecemos bem e com as quais estamos acostumados.<\/p>\n\n\n\n<p class=\"has-medium-font-size\">Hoje voc\u00ea aprender\u00e1 um pouco mais sobre o local onde voc\u00ea vive.<\/p>\n\n\n\n<p class=\"has-very-light-gray-background-color has-background has-medium-font-size\"><strong>ATIVIDADE 1<\/strong><\/p>\n\n\n\n<div class=\"wp-block-image\"><figure class=\"aligncenter size-large\"><img fetchpriority=\"high\" decoding=\"async\" width=\"819\" height=\"461\" src=\"https:\/\/sme.goiania.go.gov.br\/conexaoescola\/wp-content\/uploads\/2020\/11\/pcbandeirante-e1604434745347.png\" alt=\"\" class=\"wp-image-58603\" srcset=\"https:\/\/sme.goiania.go.gov.br\/conexaoescola\/wp-content\/uploads\/2020\/11\/pcbandeirante-e1604434745347.png 819w, https:\/\/sme.goiania.go.gov.br\/conexaoescola\/wp-content\/uploads\/2020\/11\/pcbandeirante-e1604434745347-300x169.png 300w, https:\/\/sme.goiania.go.gov.br\/conexaoescola\/wp-content\/uploads\/2020\/11\/pcbandeirante-e1604434745347-768x432.png 768w\" sizes=\"(max-width: 819px) 100vw, 819px\" \/><figcaption>Pra\u00e7a do Bandeirante na Avenida Anhanguera, esquina com Avenida Goi\u00e1s nos anos 1960. Fonte: Foto Goi\u00e2nia Antiga\/Facebook.<\/figcaption><\/figure><\/div>\n\n\n\n<div class=\"wp-block-image\"><figure class=\"aligncenter size-large is-resized\"><img decoding=\"async\" src=\"https:\/\/sme.goiania.go.gov.br\/conexaoescola\/wp-content\/uploads\/2020\/11\/acg-e1604434877708.png\" alt=\"\" class=\"wp-image-58606\" width=\"580\" height=\"390\" srcset=\"https:\/\/sme.goiania.go.gov.br\/conexaoescola\/wp-content\/uploads\/2020\/11\/acg-e1604434877708.png 788w, https:\/\/sme.goiania.go.gov.br\/conexaoescola\/wp-content\/uploads\/2020\/11\/acg-e1604434877708-300x202.png 300w, https:\/\/sme.goiania.go.gov.br\/conexaoescola\/wp-content\/uploads\/2020\/11\/acg-e1604434877708-768x517.png 768w\" sizes=\"(max-width: 580px) 100vw, 580px\" \/><figcaption>Foto da Avenida 24 de Outubro em Campinas no in\u00edcio da d\u00e9cada de 1980. Foto: Leon Carelli\/Goi\u00e2nia Antiga.<br>Fonte:<a href=\"https:\/\/revistafactual.com.br\/goias\/2016\/10\/24\/goiania-antiga-uma-viagem-pela-historia-da-capital\/\" target=\"_blank\" rel=\"noreferrer noopener\">https:\/\/revistafactual.com.br\/goias\/2016\/10\/24\/goiania-antiga-uma-viagem-pela-historia-da-capital\/<\/a><\/figcaption><\/figure><\/div>\n\n\n\n<div class=\"wp-block-image\"><figure class=\"aligncenter size-large\"><img decoding=\"async\" width=\"783\" height=\"519\" src=\"https:\/\/sme.goiania.go.gov.br\/conexaoescola\/wp-content\/uploads\/2020\/11\/pcmatriz-e1604434976603.png\" alt=\"\" class=\"wp-image-58607\" srcset=\"https:\/\/sme.goiania.go.gov.br\/conexaoescola\/wp-content\/uploads\/2020\/11\/pcmatriz-e1604434976603.png 783w, https:\/\/sme.goiania.go.gov.br\/conexaoescola\/wp-content\/uploads\/2020\/11\/pcmatriz-e1604434976603-300x199.png 300w, https:\/\/sme.goiania.go.gov.br\/conexaoescola\/wp-content\/uploads\/2020\/11\/pcmatriz-e1604434976603-768x509.png 768w\" sizes=\"(max-width: 783px) 100vw, 783px\" \/><figcaption>Rua Jos\u00e9 Hermano, n\u00ba 920, ao lado da Matriz de Campinas, 2008. Fonte:<a href=\"https:\/\/www.skyscrapercity.com\/threads\/bairro-mais-tradicional-e-comercial-de-goi%C3%A2nia-completa-198-anos-campinas-antes-cidade-hoje-bairro.657832\/\" target=\"_blank\" rel=\"noreferrer noopener\">https:\/\/www.skyscrapercity.com\/threads\/bairro-mais-tradicional-e-comercial-de-goi%C3%A2nia-completa-198-anos-campinas-antes-cidade-hoje-bairro.657832\/<\/a><\/figcaption><\/figure><\/div>\n\n\n\n<p class=\"has-medium-font-size\">Em seu caderno copie e responda:<\/p>\n\n\n\n<p class=\"has-medium-font-size\"><strong>1)<\/strong> Voc\u00ea conseguiria identificar os lugares que as imagens retratam, se n\u00e3o estivessem indicadas pelas legendas? Por qu\u00ea?<br><strong>2)<\/strong> Descreva os elementos da paisagem observados. Os lugares sofreram altera\u00e7\u00f5es? Justifique sua resposta?<br><strong>3)<\/strong> Cite dois lugares da cidade onde voc\u00ea vive importantes para voc\u00ea. Explique a sua escolha.<\/p>\n\n\n\n<p class=\"has-very-light-gray-background-color has-background has-medium-font-size\"><strong>ATIVIDADE 2<\/strong><\/p>\n\n\n\n<p class=\"has-medium-font-size\">Assista ao v\u00eddeo: \u201cAs cidades se transformam com o passar do tempo\u201d:<\/p>\n\n\n\n<figure class=\"wp-block-embed is-type-video is-provider-youtube wp-block-embed-youtube wp-embed-aspect-16-9 wp-has-aspect-ratio\"><div class=\"wp-block-embed__wrapper\">\n<p class=\"responsive-video-wrap clr\"><iframe title=\"As cidades se transformam com o passar do tempo\" width=\"1200\" height=\"675\" src=\"https:\/\/www.youtube.com\/embed\/M3HDz4-665c?feature=oembed\" frameborder=\"0\" allow=\"accelerometer; autoplay; clipboard-write; encrypted-media; gyroscope; picture-in-picture\" allowfullscreen><\/iframe><\/p>\n<\/div><figcaption><a href=\"https:\/\/www.youtube.com\/watch?v=M3HDz4-665c\" target=\"_blank\" rel=\"noreferrer noopener\">As cidades se transformam com o passar do tempo &#8211; Canal FTD Educa\u00e7\u00e3o &#8211; YouTube<\/a><\/figcaption><\/figure>\n\n\n\n<hr class=\"wp-block-separator\"\/>\n\n\n\n<p class=\"has-medium-font-size\">Depois de assistir o v\u00eddeo converse com seus familiares e pergunte se eles sabem te explicar as mudan\u00e7as que ocorreram no lugar onde voc\u00ea mora.<br>Agora leia a reportagem a seguir Moradores p\u00f5em a m\u00e3o na terra e cuidam de espa\u00e7os p\u00fablicos:<\/p>\n\n\n\n<p class=\"has-very-light-gray-background-color has-background has-medium-font-size\"><a href=\"https:\/\/agora.folha.uol.com.br\/sao-paulo\/2019\/06\/moradores-poem-a-mao-na-terra-e-cuidam-de-espacos-publicos.shtml\" target=\"_blank\" rel=\"noreferrer noopener\"><strong>https:\/\/agora.folha.uol.com.br\/sao-paulo\/2019\/06\/moradores-poem-a-mao-na-terra-e-cuidam-de-espacos-publicos.shtml<\/strong><\/a><\/p>\n\n\n\n<p><\/p>\n\n\n\n<p class=\"has-very-light-gray-background-color has-background has-medium-font-size\"><strong>ATIVIDADE 3<\/strong><\/p>\n\n\n\n<p class=\"has-light-green-cyan-background-color has-text-color has-background has-medium-font-size\" style=\"color:#000000\">Agora responda as quest\u00f5es no seu caderno de Geografia.<\/p>\n\n\n\n<p class=\"has-medium-font-size\">Reflita e registre em seu caderno<br>E voc\u00ea que hoje est\u00e1 no 6\u00ba ano, como morador desse bairro, desse Lugar quais mudan\u00e7as voc\u00ea acha necess\u00e1rio acontecer para melhorar a qualidade de vida dos moradores e preservar o meio ambiente?<br>Espero que tenha aprendido um pouco mais sobre o conceito de lugar e que a partir de ent\u00e3o consiga dialogar com as pessoas da regi\u00e3o e contribuir para que as mudan\u00e7as ocorram de forma planejada, pois se cada integrante da sociedade tiver consci\u00eancia que estes espa\u00e7os p\u00fablicos pertencem a todos e que cabe a cada cidad\u00e3o dele cuidar, assim ser\u00e1 poss\u00edvel vivermos em um ambiente saud\u00e1vel. At\u00e9 a pr\u00f3xima.<\/p>\n\n\n\n<p class=\"has-vivid-red-background-color has-text-color has-background has-medium-font-size\" style=\"color:#000000\"><strong>Para Saber Mais<\/strong><\/p>\n\n\n\n<p class=\"has-very-light-gray-background-color has-text-color has-background has-medium-font-size\" style=\"color:#1c698a\">Assista a reportagem sobre Campinas:<\/p>\n\n\n\n<p class=\"has-pale-cyan-blue-background-color has-text-color has-background has-medium-font-size\" style=\"color:#000000\"><a rel=\"noreferrer noopener\" href=\"https:\/\/globoplay.globo.com\/v\/6858432\/\" target=\"_blank\"><strong>https:\/\/globoplay.globo.com\/v\/6858432\/<\/strong><\/a><\/p>\n\n\n\n<figure class=\"wp-block-table\"><table><tbody><tr><td>Objeto de Conhecimento<\/td><td>Identidade sociocultural<\/td><\/tr><tr><td>Habilidades<\/td><td>(EF06GE01-A) Comparar modifica\u00e7\u00f5es das paisagens em diferentes lugares, com \u00eanfase no seu munic\u00edpio.<br>(EF06GE02-B) Compreender a ocupa\u00e7\u00e3o do espa\u00e7o geogr\u00e1fico como agente modificador das paisagens.<\/td><\/tr><tr><td>Proponentes\/ Professores:<\/td><td>Franciellecristinasilvacabral_atividade7.8<\/td><\/tr><tr><td>Institui\u00e7\u00e3o Educacional:<\/td><td>Escola Municipal Professor Aristoclides Teixeira<\/td><\/tr><tr><td>CRE:<\/td><td>Maria Helena Batista Bretas<\/td><\/tr><\/tbody><\/table><\/figure>\n\n\n\n<hr class=\"wp-block-separator\"\/>\n\n\n\n<p class=\"has-text-align-center\">Ciclo da Adolesc\u00eancia \u2013 Turma G (7\u00ba ano) \u2013 Educa\u00e7\u00e3o Ambiental e Sa\u00fade<\/p>\n","protected":false},"author":20,"featured_media":59620,"template":"","ef_categoria":[15,28],"ef_ano":[89],"ef_componente":[96],"class_list":["post-59619","ensino_fundamental","type-ensino_fundamental","status-publish","has-post-thumbnail","hentry","ef_categoria-ciclo-da-adolescencia-fg","ef_categoria-educacao-ambiental-e-saude-ciclo-da-adolescencia-fg","ef_ano-6o-ano","ef_componente-geografia","entry","has-media"],"acf":[],"_links":{"self":[{"href":"https:\/\/sme.goiania.go.gov.br\/conexaoescola\/wp-json\/wp\/v2\/ensino_fundamental\/59619","targetHints":{"allow":["GET"]}}],"collection":[{"href":"https:\/\/sme.goiania.go.gov.br\/conexaoescola\/wp-json\/wp\/v2\/ensino_fundamental"}],"about":[{"href":"https:\/\/sme.goiania.go.gov.br\/conexaoescola\/wp-json\/wp\/v2\/types\/ensino_fundamental"}],"author":[{"embeddable":true,"href":"https:\/\/sme.goiania.go.gov.br\/conexaoescola\/wp-json\/wp\/v2\/users\/20"}],"version-history":[{"count":0,"href":"https:\/\/sme.goiania.go.gov.br\/conexaoescola\/wp-json\/wp\/v2\/ensino_fundamental\/59619\/revisions"}],"wp:featuredmedia":[{"embeddable":true,"href":"https:\/\/sme.goiania.go.gov.br\/conexaoescola\/wp-json\/wp\/v2\/media\/59620"}],"wp:attachment":[{"href":"https:\/\/sme.goiania.go.gov.br\/conexaoescola\/wp-json\/wp\/v2\/media?parent=59619"}],"wp:term":[{"taxonomy":"ef_categoria","embeddable":true,"href":"https:\/\/sme.goiania.go.gov.br\/conexaoescola\/wp-json\/wp\/v2\/ef_categoria?post=59619"},{"taxonomy":"ef_ano","embeddable":true,"href":"https:\/\/sme.goiania.go.gov.br\/conexaoescola\/wp-json\/wp\/v2\/ef_ano?post=59619"},{"taxonomy":"ef_componente","embeddable":true,"href":"https:\/\/sme.goiania.go.gov.br\/conexaoescola\/wp-json\/wp\/v2\/ef_componente?post=59619"}],"curies":[{"name":"wp","href":"https:\/\/api.w.org\/{rel}","templated":true}]}}

Geografia &#8211; O lugar na perspectiva geográfica

<p class="has-pale-cyan-blue-background-color has-text-color has-background has-medium-font-size" style="color:#0e0e0e">Oi, tudo bem com você?</p>



<p class="has-medium-font-size">Olá tudo bem? Observando as imagens abaixo você irá perceber que o lugar é uma porção do espaço geográfico que assume grande significado, pois ele é o palco do nosso cotidiano, onde as distâncias entre as pessoas e os objetos são mínimas. Nesse sentido, geralmente deparamos com pessoas e objetos que conhecemos e nos relacionamos. Com a aula de hoje você compreenderá que o lugar é o espaço repleto de afetividade, um local de vivência, uma localização familiar para um grupo social. Por exemplo: as ruas, as praças, as casas, o bairro, as árvores, os morros, os rios, ou ainda, as cidades que conhecemos bem e com as quais estamos acostumados.</p>



<p class="has-medium-font-size">Hoje você aprenderá um pouco mais sobre o local onde você vive.</p>



<p class="has-very-light-gray-background-color has-background has-medium-font-size"><strong>ATIVIDADE 1</strong></p>



<div class="wp-block-image"><figure class="aligncenter size-large"><img fetchpriority="high" decoding="async" width="819" height="461" src="https://sme.goiania.go.gov.br/conexaoescola/wp-content/uploads/2020/11/pcbandeirante-e1604434745347.png" alt="" class="wp-image-58603" srcset="https://sme.goiania.go.gov.br/conexaoescola/wp-content/uploads/2020/11/pcbandeirante-e1604434745347.png 819w, https://sme.goiania.go.gov.br/conexaoescola/wp-content/uploads/2020/11/pcbandeirante-e1604434745347-300x169.png 300w, https://sme.goiania.go.gov.br/conexaoescola/wp-content/uploads/2020/11/pcbandeirante-e1604434745347-768x432.png 768w" sizes="(max-width: 819px) 100vw, 819px" /><figcaption>Praça do Bandeirante na Avenida Anhanguera, esquina com Avenida Goiás nos anos 1960. Fonte: Foto Goiânia Antiga/Facebook.</figcaption></figure></div>



<div class="wp-block-image"><figure class="aligncenter size-large is-resized"><img decoding="async" src="https://sme.goiania.go.gov.br/conexaoescola/wp-content/uploads/2020/11/acg-e1604434877708.png" alt="" class="wp-image-58606" width="580" height="390" srcset="https://sme.goiania.go.gov.br/conexaoescola/wp-content/uploads/2020/11/acg-e1604434877708.png 788w, https://sme.goiania.go.gov.br/conexaoescola/wp-content/uploads/2020/11/acg-e1604434877708-300x202.png 300w, https://sme.goiania.go.gov.br/conexaoescola/wp-content/uploads/2020/11/acg-e1604434877708-768x517.png 768w" sizes="(max-width: 580px) 100vw, 580px" /><figcaption>Foto da Avenida 24 de Outubro em Campinas no início da década de 1980. Foto: Leon Carelli/Goiânia Antiga.<br>Fonte:<a href="https://revistafactual.com.br/goias/2016/10/24/goiania-antiga-uma-viagem-pela-historia-da-capital/" target="_blank" rel="noreferrer noopener">https://revistafactual.com.br/goias/2016/10/24/goiania-antiga-uma-viagem-pela-historia-da-capital/</a></figcaption></figure></div>



<div class="wp-block-image"><figure class="aligncenter size-large"><img decoding="async" width="783" height="519" src="https://sme.goiania.go.gov.br/conexaoescola/wp-content/uploads/2020/11/pcmatriz-e1604434976603.png" alt="" class="wp-image-58607" srcset="https://sme.goiania.go.gov.br/conexaoescola/wp-content/uploads/2020/11/pcmatriz-e1604434976603.png 783w, https://sme.goiania.go.gov.br/conexaoescola/wp-content/uploads/2020/11/pcmatriz-e1604434976603-300x199.png 300w, https://sme.goiania.go.gov.br/conexaoescola/wp-content/uploads/2020/11/pcmatriz-e1604434976603-768x509.png 768w" sizes="(max-width: 783px) 100vw, 783px" /><figcaption>Rua José Hermano, nº 920, ao lado da Matriz de Campinas, 2008. Fonte:<a href="https://www.skyscrapercity.com/threads/bairro-mais-tradicional-e-comercial-de-goi%C3%A2nia-completa-198-anos-campinas-antes-cidade-hoje-bairro.657832/" target="_blank" rel="noreferrer noopener">https://www.skyscrapercity.com/threads/bairro-mais-tradicional-e-comercial-de-goi%C3%A2nia-completa-198-anos-campinas-antes-cidade-hoje-bairro.657832/</a></figcaption></figure></div>



<p class="has-medium-font-size">Em seu caderno copie e responda:</p>



<p class="has-medium-font-size"><strong>1)</strong> Você conseguiria identificar os lugares que as imagens retratam, se não estivessem indicadas pelas legendas? Por quê?<br><strong>2)</strong> Descreva os elementos da paisagem observados. Os lugares sofreram alterações? Justifique sua resposta?<br><strong>3)</strong> Cite dois lugares da cidade onde você vive importantes para você. Explique a sua escolha.</p>



<p class="has-very-light-gray-background-color has-background has-medium-font-size"><strong>ATIVIDADE 2</strong></p>



<p class="has-medium-font-size">Assista ao vídeo: “As cidades se transformam com o passar do tempo”:</p>



<figure class="wp-block-embed is-type-video is-provider-youtube wp-block-embed-youtube wp-embed-aspect-16-9 wp-has-aspect-ratio"><div class="wp-block-embed__wrapper">
<p class="responsive-video-wrap clr"><iframe title="As cidades se transformam com o passar do tempo" width="1200" height="675" src="https://www.youtube.com/embed/M3HDz4-665c?feature=oembed" frameborder="0" allow="accelerometer; autoplay; clipboard-write; encrypted-media; gyroscope; picture-in-picture" allowfullscreen></iframe></p>
</div><figcaption><a href="https://www.youtube.com/watch?v=M3HDz4-665c" target="_blank" rel="noreferrer noopener">As cidades se transformam com o passar do tempo &#8211; Canal FTD Educação &#8211; YouTube</a></figcaption></figure>



<hr class="wp-block-separator"/>



<p class="has-medium-font-size">Depois de assistir o vídeo converse com seus familiares e pergunte se eles sabem te explicar as mudanças que ocorreram no lugar onde você mora.<br>Agora leia a reportagem a seguir Moradores põem a mão na terra e cuidam de espaços públicos:</p>



<p class="has-very-light-gray-background-color has-background has-medium-font-size"><a href="https://agora.folha.uol.com.br/sao-paulo/2019/06/moradores-poem-a-mao-na-terra-e-cuidam-de-espacos-publicos.shtml" target="_blank" rel="noreferrer noopener"><strong>https://agora.folha.uol.com.br/sao-paulo/2019/06/moradores-poem-a-mao-na-terra-e-cuidam-de-espacos-publicos.shtml</strong></a></p>



<p></p>



<p class="has-very-light-gray-background-color has-background has-medium-font-size"><strong>ATIVIDADE 3</strong></p>



<p class="has-light-green-cyan-background-color has-text-color has-background has-medium-font-size" style="color:#000000">Agora responda as questões no seu caderno de Geografia.</p>



<p class="has-medium-font-size">Reflita e registre em seu caderno<br>E você que hoje está no 6º ano, como morador desse bairro, desse Lugar quais mudanças você acha necessário acontecer para melhorar a qualidade de vida dos moradores e preservar o meio ambiente?<br>Espero que tenha aprendido um pouco mais sobre o conceito de lugar e que a partir de então consiga dialogar com as pessoas da região e contribuir para que as mudanças ocorram de forma planejada, pois se cada integrante da sociedade tiver consciência que estes espaços públicos pertencem a todos e que cabe a cada cidadão dele cuidar, assim será possível vivermos em um ambiente saudável. Até a próxima.</p>



<p class="has-vivid-red-background-color has-text-color has-background has-medium-font-size" style="color:#000000"><strong>Para Saber Mais</strong></p>



<p class="has-very-light-gray-background-color has-text-color has-background has-medium-font-size" style="color:#1c698a">Assista a reportagem sobre Campinas:</p>



<p class="has-pale-cyan-blue-background-color has-text-color has-background has-medium-font-size" style="color:#000000"><a rel="noreferrer noopener" href="https://globoplay.globo.com/v/6858432/" target="_blank"><strong>https://globoplay.globo.com/v/6858432/</strong></a></p>



<figure class="wp-block-table"><table><tbody><tr><td>Objeto de Conhecimento</td><td>Identidade sociocultural</td></tr><tr><td>Habilidades</td><td>(EF06GE01-A) Comparar modificações das paisagens em diferentes lugares, com ênfase no seu município.<br>(EF06GE02-B) Compreender a ocupação do espaço geográfico como agente modificador das paisagens.</td></tr><tr><td>Proponentes/ Professores:</td><td>Franciellecristinasilvacabral_atividade7.8</td></tr><tr><td>Instituição Educacional:</td><td>Escola Municipal Professor Aristoclides Teixeira</td></tr><tr><td>CRE:</td><td>Maria Helena Batista Bretas</td></tr></tbody></table></figure>



<hr class="wp-block-separator"/>



<p class="has-text-align-center">Ciclo da Adolescência – Turma G (7º ano) – Educação Ambiental e Saúde</p>
