{"id":59587,"date":"2020-11-30T07:00:00","date_gmt":"2020-11-30T09:00:00","guid":{"rendered":"https:\/\/sme.goiania.go.gov.br\/conexaoescola\/?post_type=ensino_fundamental&#038;p=59587"},"modified":"2021-12-07T10:31:17","modified_gmt":"2021-12-07T12:31:17","slug":"mudancas-de-habitos","status":"publish","type":"ensino_fundamental","link":"https:\/\/sme.goiania.go.gov.br\/conexaoescola\/ensino_fundamental\/mudancas-de-habitos\/","title":{"rendered":"Ci\u00eancias da Natureza &#8211; Mudan\u00e7as de h\u00e1bitos"},"content":{"rendered":"\n<p class=\"has-drop-cap has-medium-font-size\">Ol\u00e1! Temos uma miss\u00e3o muito importante hoje! Vamos conhecer a fant\u00e1stica m\u00e1quina chamada &#8220;Corpo Humano&#8221;. Vamos identificar as partes do corpo humano, suas fun\u00e7\u00f5es e como mant\u00ea-las em perfeita sintonia. FIQUEM LIGADOS! <strong>Educa\u00e7\u00e3o, orienta\u00e7\u00e3o e conhecimento s\u00e3o a chave para uma vida saud\u00e1vel.<\/strong><\/p>\n\n\n\n<hr class=\"wp-block-separator\"\/>\n\n\n\n<p class=\"has-medium-font-size\">Clik no link abaixo para acessar o v\u00eddeo e descobrir&nbsp; como \u00e9 corpo humano.<\/p>\n\n\n\n<figure class=\"wp-block-embed is-type-video is-provider-youtube wp-block-embed-youtube wp-embed-aspect-16-9 wp-has-aspect-ratio\"><div class=\"wp-block-embed__wrapper\">\n<p class=\"responsive-video-wrap clr\"><iframe title=\"As partes do corpo humano para crian\u00e7as - V\u00eddeo educativo para crian\u00e7as -\" width=\"1200\" height=\"675\" src=\"https:\/\/www.youtube.com\/embed\/qelEiERtEUY?start=157&#038;feature=oembed\" frameborder=\"0\" allow=\"accelerometer; autoplay; clipboard-write; encrypted-media; gyroscope; picture-in-picture\" allowfullscreen><\/iframe><\/p>\n<\/div><\/figure>\n\n\n\n<p class=\"has-medium-font-size\">&nbsp;Vamos comparar nosso corpo a uma m\u00e1quina perfeita com todas as suas partes funcionando em harmonia. O que \u00e9 necess\u00e1rio para que ela continue assim? E se de repente uma pe\u00e7a apresentar defeito, o que deve ser feito?<\/p>\n\n\n\n<p class=\"has-medium-font-size\">&nbsp;Desenhe, em uma folha ou no seu caderno, esta m\u00e1quina chamada de corpo humano e liste os cuidados que devemos ter com ele. Lembre-se toda parte \u00e9 importante, por menor que ela seja ela tem infinitas fun\u00e7\u00f5es.<\/p>\n\n\n\n<hr class=\"wp-block-separator\"\/>\n\n\n\n<p class=\"has-medium-font-size\">Fazer leitura do texto: \u201c O corpo humano\u201d<\/p>\n\n\n\n<figure class=\"wp-block-image is-resized\"><img fetchpriority=\"high\" decoding=\"async\" src=\"https:\/\/lh3.googleusercontent.com\/WPh3muQQdpjKUrmfTGdFL8nXTS0IByQ1yoVqldvEi_AG3aUOe4ASim8-gTanux9fQMbVUo6pB0tnHVBOlb5_dWAONu1Fj16N_lVyCZtBDN793gSMg7JuH1ppvKgFSkGfUytM4xA\" alt=\"\" width=\"1075\" height=\"793\"\/><\/figure>\n\n\n\n<p class=\"has-medium-font-size\">&nbsp;Ap\u00f3s a leitura sobre o corpo humano pegue seu caderno copie as perguntas abaixo e responda:<\/p>\n\n\n\n<p class=\"has-medium-font-size\">1.Quais s\u00e3o as tr\u00eas principais partes do corpo humano?<\/p>\n\n\n\n<p class=\"has-medium-font-size\">2. Quais s\u00e3o as partes respons\u00e1veis por todos os nossos movimentos?<\/p>\n\n\n\n<p class=\"has-medium-font-size\">3.Como \u00e9 chamado o conjunto de ossos do nosso corpo?<\/p>\n\n\n\n<p class=\"has-medium-font-size\">4. Qual o nome que damos ao encontro dos dois ossos?<\/p>\n\n\n\n<p class=\"has-vivid-red-color has-text-color has-large-font-size\">5. Pesquise:<\/p>\n\n\n\n<p class=\"has-medium-font-size\">a) Qual \u00e9 o menor e o maior osso do corpo humano, escreva seu nome e sua fun\u00e7\u00e3o?<\/p>\n\n\n\n<hr class=\"wp-block-separator\"\/>\n\n\n\n<p class=\"has-medium-font-size\">&nbsp;Observe as imagens abaixo e leia cada uma se preocupando com cada detalhe. Imagine que voc\u00ea \u00e9 um fot\u00f3grafo e foi convidado para fazer um trabalho sobre o bom funcionamento do corpo. Que fotos iria expor?<\/p>\n\n\n\n<figure class=\"wp-block-image is-resized\"><img decoding=\"async\" src=\"https:\/\/lh4.googleusercontent.com\/7iGtycBLBMzJbx44QYudoOw7IYbw_pAriC2SJNbBQaDRSED9zUEV299GmYnc56myuXtaWd2CUJiOdllfPNi2dBQXQngwm49gwMox_5wOwM_toJ9C7LYrWucsBe4lXUcmOFd6L7w\" alt=\"\" width=\"1024\" height=\"646\"\/><\/figure>\n\n\n\n<p class=\"has-medium-font-size\">&nbsp;Recorte de revistas e jornais a foto que gostaria de fazer ou fa\u00e7a uma montagem com v\u00e1rias fotos. Fica a crit\u00e9rio de sua criatividade! Bom trabalho!<\/p>\n\n\n\n<hr class=\"wp-block-separator\"\/>\n\n\n\n<p class=\"has-medium-font-size\">&nbsp;Se preocupar com o bom funcionamento do corpo, principalmente&nbsp; neste momento da pandemia \u00e9 de grande import\u00e2ncia pois os bons h\u00e1bitos traz benef\u00edcios para a vida toda. Exemplo, a m\u00e1 postura neste atual cen\u00e1rio onde as atividade necessitam de computador, celular ou TV e considerando&nbsp; que precisa de algumas horas para o estudo, isso pode trazer consequ\u00eancias muito s\u00e9ria para o nosso corpo.&nbsp;<\/p>\n\n\n\n<p class=\"has-medium-font-size\">&nbsp;Veja se voc\u00ea precisa mudar alguns de seus h\u00e1bitos, ap\u00f3s assistir o v\u00eddeo \u201cErgonomia\u201d. Dispon\u00edvel em:<\/p>\n\n\n\n<figure class=\"wp-block-embed is-type-video is-provider-youtube wp-block-embed-youtube wp-embed-aspect-4-3 wp-has-aspect-ratio\"><div class=\"wp-block-embed__wrapper\">\n<p class=\"responsive-video-wrap clr\"><iframe title=\"Ergonomia\" width=\"1200\" height=\"900\" src=\"https:\/\/www.youtube.com\/embed\/4njQLNZEW_8?feature=oembed\" frameborder=\"0\" allow=\"accelerometer; autoplay; clipboard-write; encrypted-media; gyroscope; picture-in-picture\" allowfullscreen><\/iframe><\/p>\n<\/div><figcaption>&#8220;Ergonomia&#8221; Canal: <a href=\"https:\/\/www.youtube.com\/channel\/UCV-gDk1sru5YmHrlxFzvCIg\">Escola Profissional Amar Terra Verde<\/a> &#8211; <a href=\"https:\/\/youtu.be\/4njQLNZEW_8\">https:\/\/youtu.be\/4njQLNZEW_8<\/a><\/figcaption><\/figure>\n\n\n\n<p class=\"has-medium-font-size\">&nbsp;Ap\u00f3s assistir o v\u00eddeo procure observar sua postura, diariamente. Caso precise adotar novas posturas pe\u00e7a ajuda a sua fam\u00edlia. N\u00e3o esque\u00e7a, \u00e9 muito importante se cuidar, isto \u00e9 autocuidado. Quem n\u00e3o quer viver sempre com bem estar! S\u00f3 precisa cuidar do bom funcionamento de todas as partes do corpo humano.<\/p>\n\n\n\n<hr class=\"wp-block-separator\"\/>\n\n\n\n<p><strong>Saiba Mais | Refer\u00eancias:<\/strong><\/p>\n\n\n\n<div class=\"wp-block-columns is-layout-flex wp-container-core-columns-is-layout-9d6595d7 wp-block-columns-is-layout-flex\">\n<div class=\"wp-block-column is-layout-flow wp-block-column-is-layout-flow\">\n<figure class=\"wp-block-embed is-type-video is-provider-youtube wp-block-embed-youtube wp-embed-aspect-16-9 wp-has-aspect-ratio\"><div class=\"wp-block-embed__wrapper\">\n<p class=\"responsive-video-wrap clr\"><iframe title=\"Higiene e Sa\u00fade\" width=\"1200\" height=\"675\" src=\"https:\/\/www.youtube.com\/embed\/k2z0ppvRqEY?feature=oembed\" frameborder=\"0\" allow=\"accelerometer; autoplay; clipboard-write; encrypted-media; gyroscope; picture-in-picture\" allowfullscreen><\/iframe><\/p>\n<\/div><figcaption>&#8220;Higiene e Sa\u00fade&#8221; Canal: <a href=\"https:\/\/www.youtube.com\/channel\/UCaeSZ_fP5JrVvzkMvM4b4Gw\">roberval coelho<\/a> &#8211; https:\/\/www.youtube.com\/watch?v=k2z0ppvRqEY <\/figcaption><\/figure>\n<\/div>\n\n\n\n<div class=\"wp-block-column is-layout-flow wp-block-column-is-layout-flow\"><\/div>\n<\/div>\n\n\n\n<hr class=\"wp-block-separator\"\/>\n\n\n\n<figure class=\"wp-block-table alignfull\"><table><tbody><tr><td>Objeto de Conhecimento<\/td><td>Corpo Humano e atitudes de autocuidado<\/td><\/tr><tr><td>Habilidades<\/td><td>EF01CI02-A\/B\/C) Localizar, nomear e representar por meio de desenhos, partes do corpo humano ( incluindo \u00f3rg\u00e3os dos sentidos) e explicar oralmente suas fun\u00e7\u00f5es.(EF01CI03-A\/B\/C) Discutir e compreender as raz\u00f5es pelas quais os h\u00e1bitos de higiene do corpo, como lavar as m\u00e3os antes de comer, escovar os dentes, limpar os olhos, o nariz e as orelhas, bem como os de higiene alimentar, manuseio, preparo e armazenamento, s\u00e3o necess\u00e1rios para a manuten\u00e7\u00e3o da sa\u00fade individual e coletivo.<\/td><\/tr><\/tbody><\/table><\/figure>\n\n\n\n<hr class=\"wp-block-separator\"\/>\n\n\n\n<figure class=\"wp-block-table alignfull\"><table><tbody><tr><td>Proponentes\/ Professores:<\/td><td>Vanessa&nbsp; da Cunha J\u00falio<\/td><\/tr><tr><td>Institui\u00e7\u00e3o Educacional:<\/td><td>Escola M. Cel. Getulino Artiaga&nbsp;<\/td><\/tr><tr><td>CRE:<\/td><td>Central<\/td><\/tr><\/tbody><\/table><\/figure>\n\n\n\n<hr class=\"wp-block-separator\"\/>\n\n\n\n<p>Ensino Fundamental &#8211; Ciclo da Inf\u00e2ncia \u2013 Turma &#8211; B&nbsp;-2\u00ba ano &#8211; Educa\u00e7\u00e3o Ambiental e Sa\u00fade<\/p>\n\n\n\n<p><\/p>\n","protected":false},"author":24,"featured_media":59588,"template":"","ef_categoria":[13,18],"ef_ano":[85],"ef_componente":[98],"class_list":["post-59587","ensino_fundamental","type-ensino_fundamental","status-publish","has-post-thumbnail","hentry","ef_categoria-ciclo-da-infancia-abc","ef_categoria-educacao-ambiental-e-saude","ef_ano-2o-ano","ef_componente-ciencia-da-natureza-ef","entry","has-media"],"acf":[],"_links":{"self":[{"href":"https:\/\/sme.goiania.go.gov.br\/conexaoescola\/wp-json\/wp\/v2\/ensino_fundamental\/59587","targetHints":{"allow":["GET"]}}],"collection":[{"href":"https:\/\/sme.goiania.go.gov.br\/conexaoescola\/wp-json\/wp\/v2\/ensino_fundamental"}],"about":[{"href":"https:\/\/sme.goiania.go.gov.br\/conexaoescola\/wp-json\/wp\/v2\/types\/ensino_fundamental"}],"author":[{"embeddable":true,"href":"https:\/\/sme.goiania.go.gov.br\/conexaoescola\/wp-json\/wp\/v2\/users\/24"}],"version-history":[{"count":0,"href":"https:\/\/sme.goiania.go.gov.br\/conexaoescola\/wp-json\/wp\/v2\/ensino_fundamental\/59587\/revisions"}],"wp:featuredmedia":[{"embeddable":true,"href":"https:\/\/sme.goiania.go.gov.br\/conexaoescola\/wp-json\/wp\/v2\/media\/59588"}],"wp:attachment":[{"href":"https:\/\/sme.goiania.go.gov.br\/conexaoescola\/wp-json\/wp\/v2\/media?parent=59587"}],"wp:term":[{"taxonomy":"ef_categoria","embeddable":true,"href":"https:\/\/sme.goiania.go.gov.br\/conexaoescola\/wp-json\/wp\/v2\/ef_categoria?post=59587"},{"taxonomy":"ef_ano","embeddable":true,"href":"https:\/\/sme.goiania.go.gov.br\/conexaoescola\/wp-json\/wp\/v2\/ef_ano?post=59587"},{"taxonomy":"ef_componente","embeddable":true,"href":"https:\/\/sme.goiania.go.gov.br\/conexaoescola\/wp-json\/wp\/v2\/ef_componente?post=59587"}],"curies":[{"name":"wp","href":"https:\/\/api.w.org\/{rel}","templated":true}]}}

Ciências da Natureza &#8211; Mudanças de hábitos

<p class="has-drop-cap has-medium-font-size">Olá! Temos uma missão muito importante hoje! Vamos conhecer a fantástica máquina chamada &#8220;Corpo Humano&#8221;. Vamos identificar as partes do corpo humano, suas funções e como mantê-las em perfeita sintonia. FIQUEM LIGADOS! <strong>Educação, orientação e conhecimento são a chave para uma vida saudável.</strong></p>



<hr class="wp-block-separator"/>



<p class="has-medium-font-size">Clik no link abaixo para acessar o vídeo e descobrir&nbsp; como é corpo humano.</p>



<figure class="wp-block-embed is-type-video is-provider-youtube wp-block-embed-youtube wp-embed-aspect-16-9 wp-has-aspect-ratio"><div class="wp-block-embed__wrapper">
<p class="responsive-video-wrap clr"><iframe title="As partes do corpo humano para crianças - Vídeo educativo para crianças -" width="1200" height="675" src="https://www.youtube.com/embed/qelEiERtEUY?start=157&#038;feature=oembed" frameborder="0" allow="accelerometer; autoplay; clipboard-write; encrypted-media; gyroscope; picture-in-picture" allowfullscreen></iframe></p>
</div></figure>



<p class="has-medium-font-size">&nbsp;Vamos comparar nosso corpo a uma máquina perfeita com todas as suas partes funcionando em harmonia. O que é necessário para que ela continue assim? E se de repente uma peça apresentar defeito, o que deve ser feito?</p>



<p class="has-medium-font-size">&nbsp;Desenhe, em uma folha ou no seu caderno, esta máquina chamada de corpo humano e liste os cuidados que devemos ter com ele. Lembre-se toda parte é importante, por menor que ela seja ela tem infinitas funções.</p>



<hr class="wp-block-separator"/>



<p class="has-medium-font-size">Fazer leitura do texto: “ O corpo humano”</p>



<figure class="wp-block-image is-resized"><img fetchpriority="high" decoding="async" src="https://lh3.googleusercontent.com/WPh3muQQdpjKUrmfTGdFL8nXTS0IByQ1yoVqldvEi_AG3aUOe4ASim8-gTanux9fQMbVUo6pB0tnHVBOlb5_dWAONu1Fj16N_lVyCZtBDN793gSMg7JuH1ppvKgFSkGfUytM4xA" alt="" width="1075" height="793"/></figure>



<p class="has-medium-font-size">&nbsp;Após a leitura sobre o corpo humano pegue seu caderno copie as perguntas abaixo e responda:</p>



<p class="has-medium-font-size">1.Quais são as três principais partes do corpo humano?</p>



<p class="has-medium-font-size">2. Quais são as partes responsáveis por todos os nossos movimentos?</p>



<p class="has-medium-font-size">3.Como é chamado o conjunto de ossos do nosso corpo?</p>



<p class="has-medium-font-size">4. Qual o nome que damos ao encontro dos dois ossos?</p>



<p class="has-vivid-red-color has-text-color has-large-font-size">5. Pesquise:</p>



<p class="has-medium-font-size">a) Qual é o menor e o maior osso do corpo humano, escreva seu nome e sua função?</p>



<hr class="wp-block-separator"/>



<p class="has-medium-font-size">&nbsp;Observe as imagens abaixo e leia cada uma se preocupando com cada detalhe. Imagine que você é um fotógrafo e foi convidado para fazer um trabalho sobre o bom funcionamento do corpo. Que fotos iria expor?</p>



<figure class="wp-block-image is-resized"><img decoding="async" src="https://lh4.googleusercontent.com/7iGtycBLBMzJbx44QYudoOw7IYbw_pAriC2SJNbBQaDRSED9zUEV299GmYnc56myuXtaWd2CUJiOdllfPNi2dBQXQngwm49gwMox_5wOwM_toJ9C7LYrWucsBe4lXUcmOFd6L7w" alt="" width="1024" height="646"/></figure>



<p class="has-medium-font-size">&nbsp;Recorte de revistas e jornais a foto que gostaria de fazer ou faça uma montagem com várias fotos. Fica a critério de sua criatividade! Bom trabalho!</p>



<hr class="wp-block-separator"/>



<p class="has-medium-font-size">&nbsp;Se preocupar com o bom funcionamento do corpo, principalmente&nbsp; neste momento da pandemia é de grande importância pois os bons hábitos traz benefícios para a vida toda. Exemplo, a má postura neste atual cenário onde as atividade necessitam de computador, celular ou TV e considerando&nbsp; que precisa de algumas horas para o estudo, isso pode trazer consequências muito séria para o nosso corpo.&nbsp;</p>



<p class="has-medium-font-size">&nbsp;Veja se você precisa mudar alguns de seus hábitos, após assistir o vídeo “Ergonomia”. Disponível em:</p>



<figure class="wp-block-embed is-type-video is-provider-youtube wp-block-embed-youtube wp-embed-aspect-4-3 wp-has-aspect-ratio"><div class="wp-block-embed__wrapper">
<p class="responsive-video-wrap clr"><iframe title="Ergonomia" width="1200" height="900" src="https://www.youtube.com/embed/4njQLNZEW_8?feature=oembed" frameborder="0" allow="accelerometer; autoplay; clipboard-write; encrypted-media; gyroscope; picture-in-picture" allowfullscreen></iframe></p>
</div><figcaption>&#8220;Ergonomia&#8221; Canal: <a href="https://www.youtube.com/channel/UCV-gDk1sru5YmHrlxFzvCIg">Escola Profissional Amar Terra Verde</a> &#8211; <a href="https://youtu.be/4njQLNZEW_8">https://youtu.be/4njQLNZEW_8</a></figcaption></figure>



<p class="has-medium-font-size">&nbsp;Após assistir o vídeo procure observar sua postura, diariamente. Caso precise adotar novas posturas peça ajuda a sua família. Não esqueça, é muito importante se cuidar, isto é autocuidado. Quem não quer viver sempre com bem estar! Só precisa cuidar do bom funcionamento de todas as partes do corpo humano.</p>



<hr class="wp-block-separator"/>



<p><strong>Saiba Mais | Referências:</strong></p>



<div class="wp-block-columns is-layout-flex wp-container-core-columns-is-layout-9d6595d7 wp-block-columns-is-layout-flex">
<div class="wp-block-column is-layout-flow wp-block-column-is-layout-flow">
<figure class="wp-block-embed is-type-video is-provider-youtube wp-block-embed-youtube wp-embed-aspect-16-9 wp-has-aspect-ratio"><div class="wp-block-embed__wrapper">
<p class="responsive-video-wrap clr"><iframe title="Higiene e Saúde" width="1200" height="675" src="https://www.youtube.com/embed/k2z0ppvRqEY?feature=oembed" frameborder="0" allow="accelerometer; autoplay; clipboard-write; encrypted-media; gyroscope; picture-in-picture" allowfullscreen></iframe></p>
</div><figcaption>&#8220;Higiene e Saúde&#8221; Canal: <a href="https://www.youtube.com/channel/UCaeSZ_fP5JrVvzkMvM4b4Gw">roberval coelho</a> &#8211; https://www.youtube.com/watch?v=k2z0ppvRqEY </figcaption></figure>
</div>



<div class="wp-block-column is-layout-flow wp-block-column-is-layout-flow"></div>
</div>



<hr class="wp-block-separator"/>



<figure class="wp-block-table alignfull"><table><tbody><tr><td>Objeto de Conhecimento</td><td>Corpo Humano e atitudes de autocuidado</td></tr><tr><td>Habilidades</td><td>EF01CI02-A/B/C) Localizar, nomear e representar por meio de desenhos, partes do corpo humano ( incluindo órgãos dos sentidos) e explicar oralmente suas funções.(EF01CI03-A/B/C) Discutir e compreender as razões pelas quais os hábitos de higiene do corpo, como lavar as mãos antes de comer, escovar os dentes, limpar os olhos, o nariz e as orelhas, bem como os de higiene alimentar, manuseio, preparo e armazenamento, são necessários para a manutenção da saúde individual e coletivo.</td></tr></tbody></table></figure>



<hr class="wp-block-separator"/>



<figure class="wp-block-table alignfull"><table><tbody><tr><td>Proponentes/ Professores:</td><td>Vanessa&nbsp; da Cunha Júlio</td></tr><tr><td>Instituição Educacional:</td><td>Escola M. Cel. Getulino Artiaga&nbsp;</td></tr><tr><td>CRE:</td><td>Central</td></tr></tbody></table></figure>



<hr class="wp-block-separator"/>



<p>Ensino Fundamental &#8211; Ciclo da Infância – Turma &#8211; B&nbsp;-2º ano &#8211; Educação Ambiental e Saúde</p>



<p></p>
