{"id":59582,"date":"2020-11-30T07:00:00","date_gmt":"2020-11-30T09:00:00","guid":{"rendered":"https:\/\/sme.goiania.go.gov.br\/conexaoescola\/?post_type=ensino_fundamental&#038;p=59582"},"modified":"2021-12-06T21:19:26","modified_gmt":"2021-12-06T23:19:26","slug":"a-voz-que-fala-encanta-e-narra","status":"publish","type":"ensino_fundamental","link":"https:\/\/sme.goiania.go.gov.br\/conexaoescola\/ensino_fundamental\/a-voz-que-fala-encanta-e-narra\/","title":{"rendered":"Hist\u00f3ria &#8211; A voz que fala, encanta e narra"},"content":{"rendered":"\n<p class=\"has-drop-cap has-text-align-left has-medium-font-size\">Ol\u00e1! Como voc\u00eas est\u00e3o conduzindo suas leituras? A forma como voc\u00ea l\u00ea, melhora a compreens\u00e3o tanto dos significados das palavras como de todo o texto. \u00c9 por meio da leitura que descobrimos e at\u00e9 vivenciamos v\u00e1rias experi\u00eancias. Ent\u00e3o veja algumas possibilidades de ler de maneira divertida e muito eficaz. Vamos come\u00e7ar nossa atividade?<\/p>\n\n\n\n<hr class=\"wp-block-separator\"\/>\n\n\n\n<p class=\"has-very-light-gray-color has-luminous-vivid-orange-background-color has-text-color has-background has-medium-font-size\">ATIVIDADE 1:&nbsp;<\/p>\n\n\n\n<p class=\"has-medium-font-size\">Assista o v\u00eddeo do link abaixo e realize a atividade proposta:<\/p>\n\n\n\n<figure class=\"wp-block-embed is-type-video is-provider-youtube wp-block-embed-youtube wp-embed-aspect-16-9 wp-has-aspect-ratio\"><div class=\"wp-block-embed__wrapper\">\n<p class=\"responsive-video-wrap clr\"><iframe title=\"Gente tem Sobrenome\" width=\"1200\" height=\"675\" src=\"https:\/\/www.youtube.com\/embed\/y92Y9_hkIqE?feature=oembed\" frameborder=\"0\" allow=\"accelerometer; autoplay; clipboard-write; encrypted-media; gyroscope; picture-in-picture\" allowfullscreen><\/iframe><\/p>\n<\/div><figcaption>&#8220;Gente tem Sobrenome&#8221; Canal:<a href=\"https:\/\/www.youtube.com\/channel\/UCtGviRPp2kTR3QthSdWtfyA\">Celso Meireles<\/a> &#8211; https:\/\/www.youtube.com\/watch?v=y92Y9_hkIqE<\/figcaption><\/figure>\n\n\n\n<p class=\"has-medium-font-size\">Agora converse com sua fam\u00edlia como foi a escolha do seu nome e fa\u00e7a uma escrita em seu caderno falando um pouco sobre voc\u00ea. Leia o seu texto para uma pessoa que voc\u00ea considera importante na sua vida.<\/p>\n\n\n\n<p class=\"has-very-light-gray-color has-luminous-vivid-orange-background-color has-text-color has-background has-medium-font-size\">ATIVIDADE:2<\/p>\n\n\n\n<p class=\"has-medium-font-size\">Para essa atividade voc\u00ea vai assistir o v\u00eddeo do link abaixo:<\/p>\n\n\n\n<figure class=\"wp-block-embed is-type-video is-provider-youtube wp-block-embed-youtube wp-embed-aspect-16-9 wp-has-aspect-ratio\"><div class=\"wp-block-embed__wrapper\">\nhttps:\/\/www.youtube.com\/watch?v=kwU8TwARtIA\n<\/div><figcaption>&#8220;&#x1f3b5; Todo mundo \u00e9 DIFERENTE! | Freely &#8211; Aprender \u00e9 M\u00e1gico&#8221; Canal: <a href=\"https:\/\/www.youtube.com\/channel\/UCpqDUBzpN78meaFtlqWCAWQ\">Freely &#8211; Aprender \u00e9 M\u00e1gico<\/a> &#8211; https:\/\/www.youtube.com\/watch?v=kwU8TwARtIA<\/figcaption><\/figure>\n\n\n\n<p class=\"has-medium-font-size\">Ap\u00f3s assistir o v\u00eddeo sugerido, vimos que cada pessoa tem o seu seito de ser e devemos respeitar cada um com as suas diferen\u00e7as. Fa\u00e7a uma reflex\u00e3o sobre o que voc\u00ea ouviu. E a\u00ed, voc\u00ea j\u00e1 conhecia essa m\u00fasica?<\/p>\n\n\n\n<p class=\"has-medium-font-size\">A m\u00fasica que voc\u00ea ouviu \u00b4no v\u00eddeo confirma o que voc\u00ea pensa sobre as diferen\u00e7as entre as pessoas?&nbsp;<\/p>\n\n\n\n<p class=\"has-medium-font-size\">Fa\u00e7a uma roda de conversa com sua fam\u00edlia sobre o tema \u2013 respeito \u00e0s diferen\u00e7as. Reflita sobre diversidade e mostre para sua fam\u00edlia as diferen\u00e7as na pr\u00f3pria fam\u00edlia e entre as pessoas que voc\u00eas conhecem.&nbsp;<\/p>\n\n\n\n<p class=\"has-medium-font-size\">Expresse o que voc\u00ea pensa sobre o assunto, para que a sua fam\u00edlia conhe\u00e7a seus pensamentos e sentimentos em rela\u00e7\u00e3o ao outro.<\/p>\n\n\n\n<p class=\"has-very-light-gray-color has-luminous-vivid-orange-background-color has-text-color has-background has-medium-font-size\">ATIVIDADE 3:&nbsp;<\/p>\n\n\n\n<p class=\"has-medium-font-size\">Nessa atividade voc\u00ea vai acessar o link e fazer a leitura do texto \u201cCidadania &#8211;&nbsp; Resgatando valores\u201d: <\/p>\n\n\n\n<p class=\"has-very-light-gray-color has-vivid-purple-background-color has-text-color has-background has-medium-font-size\"><a href=\"https:\/\/www.atividadeseducativas.com.br\/index.php?id=4628\">https:\/\/www.atividadeseducativas.com.br\/index.php?id=4628<\/a><\/p>\n\n\n\n<p class=\"has-medium-font-size\">Em seguida realize as atividades propostas nos links abaixo:<\/p>\n\n\n\n<p class=\"has-very-light-gray-color has-vivid-cyan-blue-background-color has-text-color has-background has-medium-font-size\"><a href=\"https:\/\/www.atividadeseducativas.com.br\/index.php?id=4628\">https:\/\/www.atividadeseducativas.com.br\/index.php?id=4628<\/a><\/p>\n\n\n\n<p class=\"has-very-light-gray-color has-vivid-purple-background-color has-text-color has-background has-medium-font-size\"><a href=\"https:\/\/www.atividadeseducativas.com.br\/index.php?id=4628\">https:\/\/www.atividadeseducativas.com.br\/index.php?id=4628<\/a><\/p>\n\n\n\n<hr class=\"wp-block-separator\"\/>\n\n\n\n<p><strong>Saiba Mais | Refer\u00eancias:<\/strong><\/p>\n\n\n\n<div class=\"wp-block-columns is-layout-flex wp-container-core-columns-is-layout-9d6595d7 wp-block-columns-is-layout-flex\">\n<div class=\"wp-block-column is-layout-flow wp-block-column-is-layout-flow\">\n<figure class=\"wp-block-embed is-type-video is-provider-youtube wp-block-embed-youtube wp-embed-aspect-4-3 wp-has-aspect-ratio\"><div class=\"wp-block-embed__wrapper\">\n<p class=\"responsive-video-wrap clr\"><iframe title=\"LIVRO: O nome da gente\" width=\"1200\" height=\"900\" src=\"https:\/\/www.youtube.com\/embed\/AjTk5Fvpxzk?feature=oembed\" frameborder=\"0\" allow=\"accelerometer; autoplay; clipboard-write; encrypted-media; gyroscope; picture-in-picture\" allowfullscreen><\/iframe><\/p>\n<\/div><figcaption>&#8220;LIVRO: O nome da gente&#8221; Canal: <a href=\"https:\/\/www.youtube.com\/channel\/UCo8Et7KfRow5n0e7oiY_org\">Turminha da Tia Larissa<\/a> &#8211; https:\/\/www.youtube.com\/watch?v=AjTk5Fvpxzk<\/figcaption><\/figure>\n<\/div>\n\n\n\n<div class=\"wp-block-column is-layout-flow wp-block-column-is-layout-flow\">\n<figure class=\"wp-block-embed is-type-video is-provider-youtube wp-block-embed-youtube wp-embed-aspect-4-3 wp-has-aspect-ratio\"><div class=\"wp-block-embed__wrapper\">\n<p class=\"responsive-video-wrap clr\"><iframe title=\"Ningu\u00e9m \u00e9 igual a ningu\u00e9m - Legendado\" width=\"1200\" height=\"900\" src=\"https:\/\/www.youtube.com\/embed\/JCiat8biDFM?feature=oembed\" frameborder=\"0\" allow=\"accelerometer; autoplay; clipboard-write; encrypted-media; gyroscope; picture-in-picture\" allowfullscreen><\/iframe><\/p>\n<\/div><figcaption>&#8220;Ningu\u00e9m \u00e9 igual a ningu\u00e9m &#8211; Legendado&#8221; Canal: <a href=\"https:\/\/www.youtube.com\/channel\/UCpvpd2xV0PqVan8TSCqcQFQ\">Elza Molitor<\/a> &#8211; https:\/\/www.youtube.com\/watch?v=JCiat8biDFM<\/figcaption><\/figure>\n<\/div>\n\n\n\n<div class=\"wp-block-column is-layout-flow wp-block-column-is-layout-flow\">\n<figure class=\"wp-block-embed is-type-video is-provider-youtube wp-block-embed-youtube wp-embed-aspect-16-9 wp-has-aspect-ratio\"><div class=\"wp-block-embed__wrapper\">\n<p class=\"responsive-video-wrap clr\"><iframe title=\"Os direitos das crian\u00e7as-Ruth Rocha (voz Marcos Filho)\" width=\"1200\" height=\"675\" src=\"https:\/\/www.youtube.com\/embed\/w_P_zsvkXTg?feature=oembed\" frameborder=\"0\" allow=\"accelerometer; autoplay; clipboard-write; encrypted-media; gyroscope; picture-in-picture\" allowfullscreen><\/iframe><\/p>\n<\/div><figcaption>&#8220;Os direitos das crian\u00e7as-Ruth Rocha (voz Marcos Filho)&#8221; Canal:<a href=\"https:\/\/www.youtube.com\/channel\/UCDPeOVJHGpL2ZppS5Vp2d-A\">TAL M\u00c3E, TAL FILHO<\/a> &#8211; https:\/\/www.youtube.com\/watch?v=w_P_zsvkXTg<\/figcaption><\/figure>\n<\/div>\n<\/div>\n\n\n\n<hr class=\"wp-block-separator\"\/>\n\n\n\n<figure class=\"wp-block-table alignfull\"><table><tbody><tr><td>Objeto de Conhecimento<\/td><td>A no\u00e7\u00e3o do \u201cEu\u201d e do \u201cOutro\u201d: comunidade, conviv\u00eancias e intera\u00e7\u00f5es entre pessoas: Espa\u00e7o de viv\u00eancia e sociabilidade Identidade, ancestralidade e alteridade Temporalidades: passado e presente\/ semelhan\u00e7as e diferen\u00e7as Grupos sociais Fontes e documentos hist\u00f3ricos Diversidade social e cultura.Escuta atenta: Desenvolvimento da escuta atenta para melhoria da comunica\u00e7\u00e3o e da intera\u00e7\u00e3o com o grupo Desenvolvimento do senso cr\u00edtico ap\u00f3s escuta atenta.Compreens\u00e3o em leitura: Letras de can\u00e7\u00e3o e cantigas: situa\u00e7\u00e3o comunicativa, finalidade e o tema\/assunto do texto Linguagem n\u00e3o verbal<\/td><\/tr><tr><td>Habilidades<\/td><td>(GO-EF02HI01-A) Compreender o significado, a ancestralidade do seu nome e sobrenome como constru\u00e7\u00e3o de sua pr\u00f3pria identidade e da identidade dos outros, comparando as semelhan\u00e7as e diferen\u00e7as entre ambas.&nbsp;(GO-EF02HI01-B) Compreender a rela\u00e7\u00e3o entre identidades, por meio de nome, apelido e nome social, discutindo semelhan\u00e7as e diferen\u00e7as na rela\u00e7\u00e3o a si e ao outro, em diferentes culturas. (GO-EF02HI01-C) Refletir que a constru\u00e7\u00e3o de identidade \u00e9 um processo hist\u00f3rico e que a apar\u00eancia pessoal muda de \u00e9poca para \u00e9poca e de sociedade para sociedade.&nbsp;(EF02HI02) Identificar e descrever pr\u00e1ticas e pap\u00e9is sociais que as pessoas exercem em diferentes comunidades.(EF15LP10-C) Desenvolver o senso cr\u00edtico, ap\u00f3s escuta atenta, sobre assuntos discutidos e estudados em diferentes situa\u00e7\u00f5es comunicativas.(EF02LP12) Ler e compreender com certa autonomia cantigas, letras de can\u00e7\u00e3o, dentre outros g\u00eaneros, considerando a situa\u00e7\u00e3o comunicativa e o tema\/assunto do texto e relacionando sua forma de organiza\u00e7\u00e3o \u00e0 sua finalidade.<\/td><\/tr><\/tbody><\/table><\/figure>\n\n\n\n<hr class=\"wp-block-separator\"\/>\n\n\n\n<figure class=\"wp-block-table alignfull\"><table><tbody><tr><td>Proponentes\/ Professores:<\/td><td>Zeila C\u00e1rita Gomes de Carvalho\/&nbsp;Danuze Carla de Oliveira Pires<\/td><\/tr><tr><td>Institui\u00e7\u00e3o Educacional:<\/td><td>Escola Jo\u00e3o Crisostomo Rosa<\/td><\/tr><tr><td>CRE:<\/td><td>Central<\/td><\/tr><\/tbody><\/table><\/figure>\n\n\n\n<hr class=\"wp-block-separator\"\/>\n\n\n\n<p>&nbsp;Ensino Fundamental &#8211; Ciclo da inf\u00e2ncia Turma B \u2013 2\u00ba ano &#8211; \u00c9tica e Cidadania<\/p>\n","protected":false},"author":24,"featured_media":59583,"template":"","ef_categoria":[13,20],"ef_ano":[85],"ef_componente":[95],"class_list":["post-59582","ensino_fundamental","type-ensino_fundamental","status-publish","has-post-thumbnail","hentry","ef_categoria-ciclo-da-infancia-abc","ef_categoria-etica-e-cidadania","ef_ano-2o-ano","ef_componente-historia","entry","has-media"],"acf":[],"_links":{"self":[{"href":"https:\/\/sme.goiania.go.gov.br\/conexaoescola\/wp-json\/wp\/v2\/ensino_fundamental\/59582","targetHints":{"allow":["GET"]}}],"collection":[{"href":"https:\/\/sme.goiania.go.gov.br\/conexaoescola\/wp-json\/wp\/v2\/ensino_fundamental"}],"about":[{"href":"https:\/\/sme.goiania.go.gov.br\/conexaoescola\/wp-json\/wp\/v2\/types\/ensino_fundamental"}],"author":[{"embeddable":true,"href":"https:\/\/sme.goiania.go.gov.br\/conexaoescola\/wp-json\/wp\/v2\/users\/24"}],"version-history":[{"count":0,"href":"https:\/\/sme.goiania.go.gov.br\/conexaoescola\/wp-json\/wp\/v2\/ensino_fundamental\/59582\/revisions"}],"wp:featuredmedia":[{"embeddable":true,"href":"https:\/\/sme.goiania.go.gov.br\/conexaoescola\/wp-json\/wp\/v2\/media\/59583"}],"wp:attachment":[{"href":"https:\/\/sme.goiania.go.gov.br\/conexaoescola\/wp-json\/wp\/v2\/media?parent=59582"}],"wp:term":[{"taxonomy":"ef_categoria","embeddable":true,"href":"https:\/\/sme.goiania.go.gov.br\/conexaoescola\/wp-json\/wp\/v2\/ef_categoria?post=59582"},{"taxonomy":"ef_ano","embeddable":true,"href":"https:\/\/sme.goiania.go.gov.br\/conexaoescola\/wp-json\/wp\/v2\/ef_ano?post=59582"},{"taxonomy":"ef_componente","embeddable":true,"href":"https:\/\/sme.goiania.go.gov.br\/conexaoescola\/wp-json\/wp\/v2\/ef_componente?post=59582"}],"curies":[{"name":"wp","href":"https:\/\/api.w.org\/{rel}","templated":true}]}}

História &#8211; A voz que fala, encanta e narra

<p class="has-drop-cap has-text-align-left has-medium-font-size">Olá! Como vocês estão conduzindo suas leituras? A forma como você lê, melhora a compreensão tanto dos significados das palavras como de todo o texto. É por meio da leitura que descobrimos e até vivenciamos várias experiências. Então veja algumas possibilidades de ler de maneira divertida e muito eficaz. Vamos começar nossa atividade?</p>



<hr class="wp-block-separator"/>



<p class="has-very-light-gray-color has-luminous-vivid-orange-background-color has-text-color has-background has-medium-font-size">ATIVIDADE 1:&nbsp;</p>



<p class="has-medium-font-size">Assista o vídeo do link abaixo e realize a atividade proposta:</p>



<figure class="wp-block-embed is-type-video is-provider-youtube wp-block-embed-youtube wp-embed-aspect-16-9 wp-has-aspect-ratio"><div class="wp-block-embed__wrapper">
<p class="responsive-video-wrap clr"><iframe title="Gente tem Sobrenome" width="1200" height="675" src="https://www.youtube.com/embed/y92Y9_hkIqE?feature=oembed" frameborder="0" allow="accelerometer; autoplay; clipboard-write; encrypted-media; gyroscope; picture-in-picture" allowfullscreen></iframe></p>
</div><figcaption>&#8220;Gente tem Sobrenome&#8221; Canal:<a href="https://www.youtube.com/channel/UCtGviRPp2kTR3QthSdWtfyA">Celso Meireles</a> &#8211; https://www.youtube.com/watch?v=y92Y9_hkIqE</figcaption></figure>



<p class="has-medium-font-size">Agora converse com sua família como foi a escolha do seu nome e faça uma escrita em seu caderno falando um pouco sobre você. Leia o seu texto para uma pessoa que você considera importante na sua vida.</p>



<p class="has-very-light-gray-color has-luminous-vivid-orange-background-color has-text-color has-background has-medium-font-size">ATIVIDADE:2</p>



<p class="has-medium-font-size">Para essa atividade você vai assistir o vídeo do link abaixo:</p>



<figure class="wp-block-embed is-type-video is-provider-youtube wp-block-embed-youtube wp-embed-aspect-16-9 wp-has-aspect-ratio"><div class="wp-block-embed__wrapper">
https://www.youtube.com/watch?v=kwU8TwARtIA
</div><figcaption>&#8220;&#x1f3b5; Todo mundo é DIFERENTE! | Freely &#8211; Aprender é Mágico&#8221; Canal: <a href="https://www.youtube.com/channel/UCpqDUBzpN78meaFtlqWCAWQ">Freely &#8211; Aprender é Mágico</a> &#8211; https://www.youtube.com/watch?v=kwU8TwARtIA</figcaption></figure>



<p class="has-medium-font-size">Após assistir o vídeo sugerido, vimos que cada pessoa tem o seu seito de ser e devemos respeitar cada um com as suas diferenças. Faça uma reflexão sobre o que você ouviu. E aí, você já conhecia essa música?</p>



<p class="has-medium-font-size">A música que você ouviu ´no vídeo confirma o que você pensa sobre as diferenças entre as pessoas?&nbsp;</p>



<p class="has-medium-font-size">Faça uma roda de conversa com sua família sobre o tema – respeito às diferenças. Reflita sobre diversidade e mostre para sua família as diferenças na própria família e entre as pessoas que vocês conhecem.&nbsp;</p>



<p class="has-medium-font-size">Expresse o que você pensa sobre o assunto, para que a sua família conheça seus pensamentos e sentimentos em relação ao outro.</p>



<p class="has-very-light-gray-color has-luminous-vivid-orange-background-color has-text-color has-background has-medium-font-size">ATIVIDADE 3:&nbsp;</p>



<p class="has-medium-font-size">Nessa atividade você vai acessar o link e fazer a leitura do texto “Cidadania &#8211;&nbsp; Resgatando valores”: </p>



<p class="has-very-light-gray-color has-vivid-purple-background-color has-text-color has-background has-medium-font-size"><a href="https://www.atividadeseducativas.com.br/index.php?id=4628">https://www.atividadeseducativas.com.br/index.php?id=4628</a></p>



<p class="has-medium-font-size">Em seguida realize as atividades propostas nos links abaixo:</p>



<p class="has-very-light-gray-color has-vivid-cyan-blue-background-color has-text-color has-background has-medium-font-size"><a href="https://www.atividadeseducativas.com.br/index.php?id=4628">https://www.atividadeseducativas.com.br/index.php?id=4628</a></p>



<p class="has-very-light-gray-color has-vivid-purple-background-color has-text-color has-background has-medium-font-size"><a href="https://www.atividadeseducativas.com.br/index.php?id=4628">https://www.atividadeseducativas.com.br/index.php?id=4628</a></p>



<hr class="wp-block-separator"/>



<p><strong>Saiba Mais | Referências:</strong></p>



<div class="wp-block-columns is-layout-flex wp-container-core-columns-is-layout-9d6595d7 wp-block-columns-is-layout-flex">
<div class="wp-block-column is-layout-flow wp-block-column-is-layout-flow">
<figure class="wp-block-embed is-type-video is-provider-youtube wp-block-embed-youtube wp-embed-aspect-4-3 wp-has-aspect-ratio"><div class="wp-block-embed__wrapper">
<p class="responsive-video-wrap clr"><iframe title="LIVRO: O nome da gente" width="1200" height="900" src="https://www.youtube.com/embed/AjTk5Fvpxzk?feature=oembed" frameborder="0" allow="accelerometer; autoplay; clipboard-write; encrypted-media; gyroscope; picture-in-picture" allowfullscreen></iframe></p>
</div><figcaption>&#8220;LIVRO: O nome da gente&#8221; Canal: <a href="https://www.youtube.com/channel/UCo8Et7KfRow5n0e7oiY_org">Turminha da Tia Larissa</a> &#8211; https://www.youtube.com/watch?v=AjTk5Fvpxzk</figcaption></figure>
</div>



<div class="wp-block-column is-layout-flow wp-block-column-is-layout-flow">
<figure class="wp-block-embed is-type-video is-provider-youtube wp-block-embed-youtube wp-embed-aspect-4-3 wp-has-aspect-ratio"><div class="wp-block-embed__wrapper">
<p class="responsive-video-wrap clr"><iframe title="Ninguém é igual a ninguém - Legendado" width="1200" height="900" src="https://www.youtube.com/embed/JCiat8biDFM?feature=oembed" frameborder="0" allow="accelerometer; autoplay; clipboard-write; encrypted-media; gyroscope; picture-in-picture" allowfullscreen></iframe></p>
</div><figcaption>&#8220;Ninguém é igual a ninguém &#8211; Legendado&#8221; Canal: <a href="https://www.youtube.com/channel/UCpvpd2xV0PqVan8TSCqcQFQ">Elza Molitor</a> &#8211; https://www.youtube.com/watch?v=JCiat8biDFM</figcaption></figure>
</div>



<div class="wp-block-column is-layout-flow wp-block-column-is-layout-flow">
<figure class="wp-block-embed is-type-video is-provider-youtube wp-block-embed-youtube wp-embed-aspect-16-9 wp-has-aspect-ratio"><div class="wp-block-embed__wrapper">
<p class="responsive-video-wrap clr"><iframe title="Os direitos das crianças-Ruth Rocha (voz Marcos Filho)" width="1200" height="675" src="https://www.youtube.com/embed/w_P_zsvkXTg?feature=oembed" frameborder="0" allow="accelerometer; autoplay; clipboard-write; encrypted-media; gyroscope; picture-in-picture" allowfullscreen></iframe></p>
</div><figcaption>&#8220;Os direitos das crianças-Ruth Rocha (voz Marcos Filho)&#8221; Canal:<a href="https://www.youtube.com/channel/UCDPeOVJHGpL2ZppS5Vp2d-A">TAL MÃE, TAL FILHO</a> &#8211; https://www.youtube.com/watch?v=w_P_zsvkXTg</figcaption></figure>
</div>
</div>



<hr class="wp-block-separator"/>



<figure class="wp-block-table alignfull"><table><tbody><tr><td>Objeto de Conhecimento</td><td>A noção do “Eu” e do “Outro”: comunidade, convivências e interações entre pessoas: Espaço de vivência e sociabilidade Identidade, ancestralidade e alteridade Temporalidades: passado e presente/ semelhanças e diferenças Grupos sociais Fontes e documentos históricos Diversidade social e cultura.Escuta atenta: Desenvolvimento da escuta atenta para melhoria da comunicação e da interação com o grupo Desenvolvimento do senso crítico após escuta atenta.Compreensão em leitura: Letras de canção e cantigas: situação comunicativa, finalidade e o tema/assunto do texto Linguagem não verbal</td></tr><tr><td>Habilidades</td><td>(GO-EF02HI01-A) Compreender o significado, a ancestralidade do seu nome e sobrenome como construção de sua própria identidade e da identidade dos outros, comparando as semelhanças e diferenças entre ambas.&nbsp;(GO-EF02HI01-B) Compreender a relação entre identidades, por meio de nome, apelido e nome social, discutindo semelhanças e diferenças na relação a si e ao outro, em diferentes culturas. (GO-EF02HI01-C) Refletir que a construção de identidade é um processo histórico e que a aparência pessoal muda de época para época e de sociedade para sociedade.&nbsp;(EF02HI02) Identificar e descrever práticas e papéis sociais que as pessoas exercem em diferentes comunidades.(EF15LP10-C) Desenvolver o senso crítico, após escuta atenta, sobre assuntos discutidos e estudados em diferentes situações comunicativas.(EF02LP12) Ler e compreender com certa autonomia cantigas, letras de canção, dentre outros gêneros, considerando a situação comunicativa e o tema/assunto do texto e relacionando sua forma de organização à sua finalidade.</td></tr></tbody></table></figure>



<hr class="wp-block-separator"/>



<figure class="wp-block-table alignfull"><table><tbody><tr><td>Proponentes/ Professores:</td><td>Zeila Cárita Gomes de Carvalho/&nbsp;Danuze Carla de Oliveira Pires</td></tr><tr><td>Instituição Educacional:</td><td>Escola João Crisostomo Rosa</td></tr><tr><td>CRE:</td><td>Central</td></tr></tbody></table></figure>



<hr class="wp-block-separator"/>



<p>&nbsp;Ensino Fundamental &#8211; Ciclo da infância Turma B – 2º ano &#8211; Ética e Cidadania</p>
