{"id":59580,"date":"2020-11-30T07:00:00","date_gmt":"2020-11-30T09:00:00","guid":{"rendered":"https:\/\/sme.goiania.go.gov.br\/conexaoescola\/?post_type=ensino_fundamental&#038;p=59580"},"modified":"2021-12-06T21:18:03","modified_gmt":"2021-12-06T23:18:03","slug":"eu-e-o-mundo","status":"publish","type":"ensino_fundamental","link":"https:\/\/sme.goiania.go.gov.br\/conexaoescola\/ensino_fundamental\/eu-e-o-mundo\/","title":{"rendered":"Hist\u00f3ria &#8211; Eu e o Mundo."},"content":{"rendered":"\n<p class=\"has-drop-cap has-luminous-vivid-orange-color has-text-color has-medium-font-size\">Ol\u00e1, \u00e9 com muito prazer que participo com voc\u00ea de um assunto t\u00e3o rico e interessante como o Mundo nas diferentes dimens\u00f5es da vida.<\/p>\n\n\n\n<hr class=\"wp-block-separator\"\/>\n\n\n\n<p class=\"has-medium-font-size\">Como voc\u00ea se enxerga fisicamente (neste momento pode usar um espelho) e se descreva fisicamente e em rela\u00e7\u00e3o a personalidade, aspectos que ningu\u00e9m v\u00ea.<\/p>\n\n\n\n<p class=\"has-medium-font-size\">O que voc\u00ea gosta em rela\u00e7\u00e3o a Artes: m\u00fasica, cinema, dan\u00e7a, pintura, fotografia.<\/p>\n\n\n\n<p class=\"has-medium-font-size\">Comente o seu dia a dia, o que est\u00e1 fazendo, como est\u00e1 sua vida com o distanciamento social e o que mais est\u00e1 lhe incomodando no mundo e que gostariam de modificar.<\/p>\n\n\n\n<p class=\"has-medium-font-size\">Assista o v\u00eddeo Mundo Bita <\/p>\n\n\n\n<figure class=\"wp-block-embed is-type-video is-provider-youtube wp-block-embed-youtube wp-embed-aspect-16-9 wp-has-aspect-ratio\"><div class=\"wp-block-embed__wrapper\">\n<p class=\"responsive-video-wrap clr\"><iframe title=\"Mundo Bita - A Gente Cresce\" width=\"1200\" height=\"675\" src=\"https:\/\/www.youtube.com\/embed\/AFN52hq7d7w?start=83&#038;feature=oembed\" frameborder=\"0\" allow=\"accelerometer; autoplay; clipboard-write; encrypted-media; gyroscope; picture-in-picture\" allowfullscreen><\/iframe><\/p>\n<\/div><figcaption>&#8220;Mundo Bita &#8211; A Gente Cresce&#8221; Canal: MundoBitaVEVO &#8211; https:\/\/www.youtube.com\/watch?v=AFN52hq7d7w&amp;t=83s<\/figcaption><\/figure>\n\n\n\n<hr class=\"wp-block-separator\"\/>\n\n\n\n<figure class=\"wp-block-embed is-type-video is-provider-youtube wp-block-embed-youtube wp-embed-aspect-16-9 wp-has-aspect-ratio\"><div class=\"wp-block-embed__wrapper\">\n<p class=\"responsive-video-wrap clr\"><iframe title=\"Mundo Bita - Todos os Povos [clipe infantil]\" width=\"1200\" height=\"675\" src=\"https:\/\/www.youtube.com\/embed\/1TuiHeNltbo?feature=oembed\" frameborder=\"0\" allow=\"accelerometer; autoplay; clipboard-write; encrypted-media; gyroscope; picture-in-picture\" allowfullscreen><\/iframe><\/p>\n<\/div><figcaption>&#8220;Mundo Bita &#8211; Todos os Povos [clipe infantil]&#8221; Canal: Mundo Bita &#8211; https:\/\/www.youtube.com\/watch?v=1TuiHeNltbo<\/figcaption><\/figure>\n\n\n\n<p class=\"has-medium-font-size\">Agora que voc\u00ea assistiu aos v\u00eddeos, pegue seu caderno;&nbsp;<\/p>\n\n\n\n<p class=\"has-medium-font-size\">Desenhe seu corpo como voc\u00ea se v\u00ea no espelho.<\/p>\n\n\n\n<p class=\"has-medium-font-size\">Desenhe uma bola para representar o mundo desenhe tudo que voc\u00ea gosta dentro dele.&nbsp;<\/p>\n\n\n\n<p class=\"has-vivid-purple-color has-text-color has-huge-font-size\">Bons estudos e at\u00e9 a pr\u00f3xima!<\/p>\n\n\n\n<hr class=\"wp-block-separator\"\/>\n\n\n\n<p><strong>Saiba Mais | Refer\u00eancias:<\/strong><\/p>\n\n\n\n<div class=\"wp-block-columns is-layout-flex wp-container-core-columns-is-layout-9d6595d7 wp-block-columns-is-layout-flex\">\n<div class=\"wp-block-column is-layout-flow wp-block-column-is-layout-flow\">\n<figure class=\"wp-block-embed is-type-video is-provider-youtube wp-block-embed-youtube wp-embed-aspect-16-9 wp-has-aspect-ratio\"><div class=\"wp-block-embed__wrapper\">\n<p class=\"responsive-video-wrap clr\"><iframe title=\"Turma da M\u00f4nica - Povo Brasileiro\" width=\"1200\" height=\"675\" src=\"https:\/\/www.youtube.com\/embed\/BUsJFsz8GQY?feature=oembed\" frameborder=\"0\" allow=\"accelerometer; autoplay; clipboard-write; encrypted-media; gyroscope; picture-in-picture\" allowfullscreen><\/iframe><\/p>\n<\/div><figcaption>&#8220;Turma da M\u00f4nica &#8211; Povo Brasileiro&#8221; Canal: <a href=\"https:\/\/www.youtube.com\/channel\/UCI_lwF58IwBY8NtX9jDkFqA\">Controladoria-Geral da Uni\u00e3o &#8211; CGU<\/a> &#8211; https:\/\/www.youtube.com\/watch?v=BUsJFsz8GQY<\/figcaption><\/figure>\n<\/div>\n\n\n\n<div class=\"wp-block-column is-layout-flow wp-block-column-is-layout-flow\">\n<figure class=\"wp-block-embed is-type-video is-provider-youtube wp-block-embed-youtube wp-embed-aspect-16-9 wp-has-aspect-ratio\"><div class=\"wp-block-embed__wrapper\">\n<p class=\"responsive-video-wrap clr\"><iframe title=\"Mundo Bita - A Diferen\u00e7a \u00e9 o Que nos Une\" width=\"1200\" height=\"675\" src=\"https:\/\/www.youtube.com\/embed\/eLtzvypcurE?feature=oembed\" frameborder=\"0\" allow=\"accelerometer; autoplay; clipboard-write; encrypted-media; gyroscope; picture-in-picture\" allowfullscreen><\/iframe><\/p>\n<\/div><figcaption>&#8220;Mundo Bita &#8211; A Diferen\u00e7a \u00e9 o Que nos Une&#8221; Canal: <br>MundoBitaVEVO &#8211; https:\/\/www.youtube.com\/watch?v=eLtzvypcurE<\/figcaption><\/figure>\n\n\n\n<hr class=\"wp-block-separator\"\/>\n<\/div>\n<\/div>\n\n\n\n<hr class=\"wp-block-separator\"\/>\n\n\n\n<figure class=\"wp-block-table alignfull\"><table><tbody><tr><td>Objeto de Conhecimento<\/td><td>Respeito a diversidade: Diversidade na esp\u00e9cie humana.<\/td><\/tr><tr><td>Habilidades<\/td><td>(GO-EF02CI09) Identificar caracter\u00edsticas pr\u00f3prias dos seres vivos.(GO-EF02HI01-B) Compreender a rela\u00e7\u00e3o entre identidades, por meio de nome, apelido e nome social, discutindo semelhan\u00e7as e diferen\u00e7as entre ambas.<\/td><\/tr><\/tbody><\/table><\/figure>\n\n\n\n<hr class=\"wp-block-separator\"\/>\n\n\n\n<figure class=\"wp-block-table alignfull\"><table><tbody><tr><td>Proponente\/ Professores:<\/td><td>Claudilene Natal de Alc\u00e2ntara&nbsp;<\/td><\/tr><tr><td>Institui\u00e7\u00e3o Educacional:<\/td><td>E.M. Recanto do Boasque<\/td><\/tr><tr><td>CRE:<\/td><td>Maria Helena B. Bretas<\/td><\/tr><\/tbody><\/table><\/figure>\n\n\n\n<hr class=\"wp-block-separator\"\/>\n\n\n\n<p>Ensino Fundamental &#8211; Ciclo da Inf\u00e2ncia -Turma B &#8211; 2\u00ba ano &#8211; Experi\u00eancias e Curiosidades<\/p>\n","protected":false},"author":24,"featured_media":59581,"template":"","ef_categoria":[13,21],"ef_ano":[85],"ef_componente":[95],"class_list":["post-59580","ensino_fundamental","type-ensino_fundamental","status-publish","has-post-thumbnail","hentry","ef_categoria-ciclo-da-infancia-abc","ef_categoria-experiencias-e-curiosidades","ef_ano-2o-ano","ef_componente-historia","entry","has-media"],"acf":[],"_links":{"self":[{"href":"https:\/\/sme.goiania.go.gov.br\/conexaoescola\/wp-json\/wp\/v2\/ensino_fundamental\/59580","targetHints":{"allow":["GET"]}}],"collection":[{"href":"https:\/\/sme.goiania.go.gov.br\/conexaoescola\/wp-json\/wp\/v2\/ensino_fundamental"}],"about":[{"href":"https:\/\/sme.goiania.go.gov.br\/conexaoescola\/wp-json\/wp\/v2\/types\/ensino_fundamental"}],"author":[{"embeddable":true,"href":"https:\/\/sme.goiania.go.gov.br\/conexaoescola\/wp-json\/wp\/v2\/users\/24"}],"version-history":[{"count":0,"href":"https:\/\/sme.goiania.go.gov.br\/conexaoescola\/wp-json\/wp\/v2\/ensino_fundamental\/59580\/revisions"}],"wp:featuredmedia":[{"embeddable":true,"href":"https:\/\/sme.goiania.go.gov.br\/conexaoescola\/wp-json\/wp\/v2\/media\/59581"}],"wp:attachment":[{"href":"https:\/\/sme.goiania.go.gov.br\/conexaoescola\/wp-json\/wp\/v2\/media?parent=59580"}],"wp:term":[{"taxonomy":"ef_categoria","embeddable":true,"href":"https:\/\/sme.goiania.go.gov.br\/conexaoescola\/wp-json\/wp\/v2\/ef_categoria?post=59580"},{"taxonomy":"ef_ano","embeddable":true,"href":"https:\/\/sme.goiania.go.gov.br\/conexaoescola\/wp-json\/wp\/v2\/ef_ano?post=59580"},{"taxonomy":"ef_componente","embeddable":true,"href":"https:\/\/sme.goiania.go.gov.br\/conexaoescola\/wp-json\/wp\/v2\/ef_componente?post=59580"}],"curies":[{"name":"wp","href":"https:\/\/api.w.org\/{rel}","templated":true}]}}

História &#8211; Eu e o Mundo.

<p class="has-drop-cap has-luminous-vivid-orange-color has-text-color has-medium-font-size">Olá, é com muito prazer que participo com você de um assunto tão rico e interessante como o Mundo nas diferentes dimensões da vida.</p>



<hr class="wp-block-separator"/>



<p class="has-medium-font-size">Como você se enxerga fisicamente (neste momento pode usar um espelho) e se descreva fisicamente e em relação a personalidade, aspectos que ninguém vê.</p>



<p class="has-medium-font-size">O que você gosta em relação a Artes: música, cinema, dança, pintura, fotografia.</p>



<p class="has-medium-font-size">Comente o seu dia a dia, o que está fazendo, como está sua vida com o distanciamento social e o que mais está lhe incomodando no mundo e que gostariam de modificar.</p>



<p class="has-medium-font-size">Assista o vídeo Mundo Bita </p>



<figure class="wp-block-embed is-type-video is-provider-youtube wp-block-embed-youtube wp-embed-aspect-16-9 wp-has-aspect-ratio"><div class="wp-block-embed__wrapper">
<p class="responsive-video-wrap clr"><iframe title="Mundo Bita - A Gente Cresce" width="1200" height="675" src="https://www.youtube.com/embed/AFN52hq7d7w?start=83&#038;feature=oembed" frameborder="0" allow="accelerometer; autoplay; clipboard-write; encrypted-media; gyroscope; picture-in-picture" allowfullscreen></iframe></p>
</div><figcaption>&#8220;Mundo Bita &#8211; A Gente Cresce&#8221; Canal: MundoBitaVEVO &#8211; https://www.youtube.com/watch?v=AFN52hq7d7w&amp;t=83s</figcaption></figure>



<hr class="wp-block-separator"/>



<figure class="wp-block-embed is-type-video is-provider-youtube wp-block-embed-youtube wp-embed-aspect-16-9 wp-has-aspect-ratio"><div class="wp-block-embed__wrapper">
<p class="responsive-video-wrap clr"><iframe title="Mundo Bita - Todos os Povos [clipe infantil]" width="1200" height="675" src="https://www.youtube.com/embed/1TuiHeNltbo?feature=oembed" frameborder="0" allow="accelerometer; autoplay; clipboard-write; encrypted-media; gyroscope; picture-in-picture" allowfullscreen></iframe></p>
</div><figcaption>&#8220;Mundo Bita &#8211; Todos os Povos [clipe infantil]&#8221; Canal: Mundo Bita &#8211; https://www.youtube.com/watch?v=1TuiHeNltbo</figcaption></figure>



<p class="has-medium-font-size">Agora que você assistiu aos vídeos, pegue seu caderno;&nbsp;</p>



<p class="has-medium-font-size">Desenhe seu corpo como você se vê no espelho.</p>



<p class="has-medium-font-size">Desenhe uma bola para representar o mundo desenhe tudo que você gosta dentro dele.&nbsp;</p>



<p class="has-vivid-purple-color has-text-color has-huge-font-size">Bons estudos e até a próxima!</p>



<hr class="wp-block-separator"/>



<p><strong>Saiba Mais | Referências:</strong></p>



<div class="wp-block-columns is-layout-flex wp-container-core-columns-is-layout-9d6595d7 wp-block-columns-is-layout-flex">
<div class="wp-block-column is-layout-flow wp-block-column-is-layout-flow">
<figure class="wp-block-embed is-type-video is-provider-youtube wp-block-embed-youtube wp-embed-aspect-16-9 wp-has-aspect-ratio"><div class="wp-block-embed__wrapper">
<p class="responsive-video-wrap clr"><iframe title="Turma da Mônica - Povo Brasileiro" width="1200" height="675" src="https://www.youtube.com/embed/BUsJFsz8GQY?feature=oembed" frameborder="0" allow="accelerometer; autoplay; clipboard-write; encrypted-media; gyroscope; picture-in-picture" allowfullscreen></iframe></p>
</div><figcaption>&#8220;Turma da Mônica &#8211; Povo Brasileiro&#8221; Canal: <a href="https://www.youtube.com/channel/UCI_lwF58IwBY8NtX9jDkFqA">Controladoria-Geral da União &#8211; CGU</a> &#8211; https://www.youtube.com/watch?v=BUsJFsz8GQY</figcaption></figure>
</div>



<div class="wp-block-column is-layout-flow wp-block-column-is-layout-flow">
<figure class="wp-block-embed is-type-video is-provider-youtube wp-block-embed-youtube wp-embed-aspect-16-9 wp-has-aspect-ratio"><div class="wp-block-embed__wrapper">
<p class="responsive-video-wrap clr"><iframe title="Mundo Bita - A Diferença é o Que nos Une" width="1200" height="675" src="https://www.youtube.com/embed/eLtzvypcurE?feature=oembed" frameborder="0" allow="accelerometer; autoplay; clipboard-write; encrypted-media; gyroscope; picture-in-picture" allowfullscreen></iframe></p>
</div><figcaption>&#8220;Mundo Bita &#8211; A Diferença é o Que nos Une&#8221; Canal: <br>MundoBitaVEVO &#8211; https://www.youtube.com/watch?v=eLtzvypcurE</figcaption></figure>



<hr class="wp-block-separator"/>
</div>
</div>



<hr class="wp-block-separator"/>



<figure class="wp-block-table alignfull"><table><tbody><tr><td>Objeto de Conhecimento</td><td>Respeito a diversidade: Diversidade na espécie humana.</td></tr><tr><td>Habilidades</td><td>(GO-EF02CI09) Identificar características próprias dos seres vivos.(GO-EF02HI01-B) Compreender a relação entre identidades, por meio de nome, apelido e nome social, discutindo semelhanças e diferenças entre ambas.</td></tr></tbody></table></figure>



<hr class="wp-block-separator"/>



<figure class="wp-block-table alignfull"><table><tbody><tr><td>Proponente/ Professores:</td><td>Claudilene Natal de Alcântara&nbsp;</td></tr><tr><td>Instituição Educacional:</td><td>E.M. Recanto do Boasque</td></tr><tr><td>CRE:</td><td>Maria Helena B. Bretas</td></tr></tbody></table></figure>



<hr class="wp-block-separator"/>



<p>Ensino Fundamental &#8211; Ciclo da Infância -Turma B &#8211; 2º ano &#8211; Experiências e Curiosidades</p>
