{"id":59571,"date":"2020-11-30T07:00:00","date_gmt":"2020-11-30T09:00:00","guid":{"rendered":"https:\/\/sme.goiania.go.gov.br\/conexaoescola\/?post_type=ensino_fundamental&#038;p=59571"},"modified":"2021-12-06T21:07:03","modified_gmt":"2021-12-06T23:07:03","slug":"a-escola-e-a-familia-envolvida","status":"publish","type":"ensino_fundamental","link":"https:\/\/sme.goiania.go.gov.br\/conexaoescola\/ensino_fundamental\/a-escola-e-a-familia-envolvida\/","title":{"rendered":"Hist\u00f3ria &#8211; A escola e a fam\u00edlia envolvida."},"content":{"rendered":"\n<p class=\"has-drop-cap has-medium-font-size\">Ol\u00e1! Hoje vamos aprender sobre a fam\u00edlia, suas regras, diferen\u00e7as e semelhan\u00e7as. Cada um tem sua fam\u00edlia e sua hist\u00f3ria. Mesmo as fam\u00edlias sendo diferentes, todas elas merecem respeito.<\/p>\n\n\n\n<hr class=\"wp-block-separator\"\/>\n\n\n\n<p class=\"has-very-light-gray-color has-vivid-purple-background-color has-text-color has-background has-medium-font-size\">Atividade 1 \u2013<\/p>\n\n\n\n<p class=\"has-medium-font-size\"> Esta hist\u00f3ria \u00e9 de uma crian\u00e7a que questiona as regras da fam\u00edlia, uma hist\u00f3ria bem divertida, e que ensina a import\u00e2ncia das regras dentro de uma fam\u00edlia. \u00c9 imposs\u00edvel n\u00e3o identificarmos com esta hist\u00f3ria.&nbsp;<\/p>\n\n\n\n<p class=\"has-medium-font-size\">Assistir e Ouvir a Hist\u00f3ria: A fam\u00edlia regrada autora Ana Cruz <\/p>\n\n\n\n<figure class=\"wp-block-embed is-type-video is-provider-youtube wp-block-embed-youtube wp-embed-aspect-16-9 wp-has-aspect-ratio\"><div class=\"wp-block-embed__wrapper\">\n<p class=\"responsive-video-wrap clr\"><iframe title=\"A FAM\u00cdLIA REGRADA - hist\u00f3rias contadas por Faf\u00e1 conta.\" width=\"1200\" height=\"675\" src=\"https:\/\/www.youtube.com\/embed\/fq9Y3YYp9qQ?feature=oembed\" frameborder=\"0\" allow=\"accelerometer; autoplay; clipboard-write; encrypted-media; gyroscope; picture-in-picture\" allowfullscreen><\/iframe><\/p>\n<\/div><figcaption>&#8220;A FAM\u00cdLIA REGRADA &#8211; hist\u00f3rias contadas por Faf\u00e1 conta.&#8221; Canal:<a href=\"https:\/\/www.youtube.com\/channel\/UC9fxSdFjcz5QWDEhYCk_k1w\">Faf\u00e1 conta hist\u00f3rias<\/a> &#8211; https:\/\/www.youtube.com\/watch?v=fq9Y3YYp9qQ<\/figcaption><\/figure>\n\n\n\n<p class=\"has-very-light-gray-color has-luminous-vivid-orange-background-color has-text-color has-background has-large-font-size\">Para conversar:<\/p>\n\n\n\n<p class=\"has-medium-font-size\">Quantas pessoas moram com voc\u00ea?<\/p>\n\n\n\n<p class=\"has-medium-font-size\">Tem irm\u00e3os? Mais velhos? Ou mais novos?<\/p>\n\n\n\n<p class=\"has-medium-font-size\">Quais s\u00e3o as regras da sua fam\u00edlia?<\/p>\n\n\n\n<p class=\"has-very-light-gray-color has-vivid-purple-background-color has-text-color has-background has-medium-font-size\">Atividade 2 \u2013<\/p>\n\n\n\n<p class=\"has-medium-font-size\"> Ouvir a m\u00fasica: Fam\u00edlia \u2013 Tit\u00e3s.<\/p>\n\n\n\n<figure class=\"wp-block-embed is-type-video is-provider-youtube wp-block-embed-youtube wp-embed-aspect-4-3 wp-has-aspect-ratio\"><div class=\"wp-block-embed__wrapper\">\n<p class=\"responsive-video-wrap clr\"><iframe title=\"Familia - Tit\u00e3s\" width=\"1200\" height=\"900\" src=\"https:\/\/www.youtube.com\/embed\/NME3l2MvpnM?feature=oembed\" frameborder=\"0\" allow=\"accelerometer; autoplay; clipboard-write; encrypted-media; gyroscope; picture-in-picture\" allowfullscreen><\/iframe><\/p>\n<\/div><figcaption>&#8220;Familia &#8211; Tit\u00e3s&#8221; Canal: gsb00 -https:\/\/www.youtube.com\/watch?v=NME3l2MvpnM<\/figcaption><\/figure>\n\n\n\n<p class=\"has-medium-font-size\">Ap\u00f3s ouvir a m\u00fasica fazer um belo desenho de voc\u00ea e sua fam\u00edlia.<\/p>\n\n\n\n<p class=\"has-very-light-gray-color has-vivid-purple-background-color has-text-color has-background has-medium-font-size\">Atividade 3 \u2013 <\/p>\n\n\n\n<p class=\"has-medium-font-size\">para se divertir com toda a fam\u00edlia.<\/p>\n\n\n\n<p class=\"has-medium-font-size\">Jogo dos 7 erros humanos<\/p>\n\n\n\n<p class=\"has-medium-font-size\">A brincadeira aqui \u00e9 colocar cada coisa em seu lugar, e trabalhar a capacidade de memoriza\u00e7\u00e3o. Voc\u00ea vai precisar escolher um c\u00f4modo da casa que tenha bastante enfeites. No meu caso foi a estante da sala. Pode ser o arm\u00e1rio de brinquedos, ou a estante de livros. A\u00ed voc\u00ea vai pedir para a crian\u00e7a observar aquele lugar por 30 segundos ou 1 minuto (o tempo ideal depende da crian\u00e7a). Depois, voc\u00ea tira a crian\u00e7a da sala e muda 7 objetos de lugar.&nbsp;Depois voc\u00ea tira a crian\u00e7a da sala e muda 7 objetos de lugar. E a\u00ed, quem adivinha onde estava cada coisa?<\/p>\n\n\n\n<figure class=\"wp-block-embed-wordpress wp-block-embed is-type-wp-embed is-provider-portal-lunetas\"><div class=\"wp-block-embed__wrapper\">\n<div class=\"oceanwp-oembed-wrap clr\"><blockquote class=\"wp-embedded-content\" data-secret=\"qUFoTLPX8y\"><a href=\"https:\/\/lunetas.com.br\/25-brincadeiras-para-fazer-em-familia\/\">Brincando junto: 25 brincadeiras para fazer em fam\u00edlia<\/a><\/blockquote><iframe class=\"wp-embedded-content\" sandbox=\"allow-scripts\" security=\"restricted\" style=\"position: absolute; clip: rect(1px, 1px, 1px, 1px);\" title=\"&#8220;Brincando junto: 25 brincadeiras para fazer em fam\u00edlia&#8221; &#8212; Portal Lunetas\" src=\"https:\/\/lunetas.com.br\/25-brincadeiras-para-fazer-em-familia\/embed\/#?secret=qUFoTLPX8y\" data-secret=\"qUFoTLPX8y\" width=\"600\" height=\"338\" frameborder=\"0\" marginwidth=\"0\" marginheight=\"0\" scrolling=\"no\"><\/iframe><\/div>\n<\/div><figcaption>https:\/\/lunetas.com.br\/25-brincadeiras-para-fazer-em-familia\/<\/figcaption><\/figure>\n\n\n\n<hr class=\"wp-block-separator\"\/>\n\n\n\n<p><strong>Saiba Mais Refer\u00eancias:<\/strong><\/p>\n\n\n\n<div class=\"wp-block-columns is-layout-flex wp-container-core-columns-is-layout-9d6595d7 wp-block-columns-is-layout-flex\">\n<div class=\"wp-block-column is-layout-flow wp-block-column-is-layout-flow\">\n<p class=\"has-very-light-gray-color has-vivid-purple-background-color has-text-color has-background\"><a href=\"https:\/\/docs.google.com\/viewer?a=v&amp;pid=sites&amp;srcid=ZGVmYXVsdGRvbWFpbnxnZWVtcGlhbmRvc2VtcHJlfGd4OjVmYmFjYjk3MTg5NjI4N2E\">https:\/\/docs.google.com\/viewer?a=v&amp;pid=sites&amp;srcid=ZGVmYXVsdGRvbWFpbnxnZWVtcGlhbmRvc2VtcHJlfGd4OjVmYmFjYjk3MTg5NjI4N2E<\/a><\/p>\n<\/div>\n\n\n\n<div class=\"wp-block-column is-layout-flow wp-block-column-is-layout-flow\"><\/div>\n<\/div>\n\n\n\n<hr class=\"wp-block-separator\"\/>\n\n\n\n<figure class=\"wp-block-table alignfull\"><table><tbody><tr><td>Objeto de Conhecimento<\/td><td>A vida em fam\u00edlia, h\u00e1bitos, jogos e brincadeiras.<\/td><\/tr><tr><td>Habilidades<\/td><td>(EF01HI04) Identificar as diferen\u00e7as entre os variados ambientes em que vive (dom\u00e9stico, escolar e da comunidade), reconhecendo as especificidades dos h\u00e1bitos e das regras que os regem.&nbsp;(EF01HI05) identificar semelhan\u00e7as e diferen\u00e7as entre jogos e brincadeiras atuais e de outras \u00e9pocas e lugares.<\/td><\/tr><\/tbody><\/table><\/figure>\n\n\n\n<hr class=\"wp-block-separator\"\/>\n\n\n\n<figure class=\"wp-block-table alignfull\"><table><tbody><tr><td>Proponentes\/ Professores:<\/td><td>Zileide Menezes Gramacho Meira<\/td><\/tr><tr><td>Institui\u00e7\u00e3o Educacional:<\/td><td>Escola Esp\u00edrita Tenda do Caminho<\/td><\/tr><tr><td>CRE:<\/td><td>Central<\/td><\/tr><\/tbody><\/table><\/figure>\n\n\n\n<hr class=\"wp-block-separator\"\/>\n\n\n\n<p>&nbsp;Ensino Fundamental &#8211; Ciclo da Inf\u00e2ncia &#8211; Turma A \u2013 1\u00ba ano &#8211; \u00c9tica e Cidadania<\/p>\n","protected":false},"author":24,"featured_media":59572,"template":"","ef_categoria":[13,20],"ef_ano":[84],"ef_componente":[95],"class_list":["post-59571","ensino_fundamental","type-ensino_fundamental","status-publish","has-post-thumbnail","hentry","ef_categoria-ciclo-da-infancia-abc","ef_categoria-etica-e-cidadania","ef_ano-1o-ano","ef_componente-historia","entry","has-media"],"acf":[],"_links":{"self":[{"href":"https:\/\/sme.goiania.go.gov.br\/conexaoescola\/wp-json\/wp\/v2\/ensino_fundamental\/59571","targetHints":{"allow":["GET"]}}],"collection":[{"href":"https:\/\/sme.goiania.go.gov.br\/conexaoescola\/wp-json\/wp\/v2\/ensino_fundamental"}],"about":[{"href":"https:\/\/sme.goiania.go.gov.br\/conexaoescola\/wp-json\/wp\/v2\/types\/ensino_fundamental"}],"author":[{"embeddable":true,"href":"https:\/\/sme.goiania.go.gov.br\/conexaoescola\/wp-json\/wp\/v2\/users\/24"}],"version-history":[{"count":0,"href":"https:\/\/sme.goiania.go.gov.br\/conexaoescola\/wp-json\/wp\/v2\/ensino_fundamental\/59571\/revisions"}],"wp:featuredmedia":[{"embeddable":true,"href":"https:\/\/sme.goiania.go.gov.br\/conexaoescola\/wp-json\/wp\/v2\/media\/59572"}],"wp:attachment":[{"href":"https:\/\/sme.goiania.go.gov.br\/conexaoescola\/wp-json\/wp\/v2\/media?parent=59571"}],"wp:term":[{"taxonomy":"ef_categoria","embeddable":true,"href":"https:\/\/sme.goiania.go.gov.br\/conexaoescola\/wp-json\/wp\/v2\/ef_categoria?post=59571"},{"taxonomy":"ef_ano","embeddable":true,"href":"https:\/\/sme.goiania.go.gov.br\/conexaoescola\/wp-json\/wp\/v2\/ef_ano?post=59571"},{"taxonomy":"ef_componente","embeddable":true,"href":"https:\/\/sme.goiania.go.gov.br\/conexaoescola\/wp-json\/wp\/v2\/ef_componente?post=59571"}],"curies":[{"name":"wp","href":"https:\/\/api.w.org\/{rel}","templated":true}]}}

História &#8211; A escola e a família envolvida.

<p class="has-drop-cap has-medium-font-size">Olá! Hoje vamos aprender sobre a família, suas regras, diferenças e semelhanças. Cada um tem sua família e sua história. Mesmo as famílias sendo diferentes, todas elas merecem respeito.</p>



<hr class="wp-block-separator"/>



<p class="has-very-light-gray-color has-vivid-purple-background-color has-text-color has-background has-medium-font-size">Atividade 1 –</p>



<p class="has-medium-font-size"> Esta história é de uma criança que questiona as regras da família, uma história bem divertida, e que ensina a importância das regras dentro de uma família. É impossível não identificarmos com esta história.&nbsp;</p>



<p class="has-medium-font-size">Assistir e Ouvir a História: A família regrada autora Ana Cruz </p>



<figure class="wp-block-embed is-type-video is-provider-youtube wp-block-embed-youtube wp-embed-aspect-16-9 wp-has-aspect-ratio"><div class="wp-block-embed__wrapper">
<p class="responsive-video-wrap clr"><iframe title="A FAMÍLIA REGRADA - histórias contadas por Fafá conta." width="1200" height="675" src="https://www.youtube.com/embed/fq9Y3YYp9qQ?feature=oembed" frameborder="0" allow="accelerometer; autoplay; clipboard-write; encrypted-media; gyroscope; picture-in-picture" allowfullscreen></iframe></p>
</div><figcaption>&#8220;A FAMÍLIA REGRADA &#8211; histórias contadas por Fafá conta.&#8221; Canal:<a href="https://www.youtube.com/channel/UC9fxSdFjcz5QWDEhYCk_k1w">Fafá conta histórias</a> &#8211; https://www.youtube.com/watch?v=fq9Y3YYp9qQ</figcaption></figure>



<p class="has-very-light-gray-color has-luminous-vivid-orange-background-color has-text-color has-background has-large-font-size">Para conversar:</p>



<p class="has-medium-font-size">Quantas pessoas moram com você?</p>



<p class="has-medium-font-size">Tem irmãos? Mais velhos? Ou mais novos?</p>



<p class="has-medium-font-size">Quais são as regras da sua família?</p>



<p class="has-very-light-gray-color has-vivid-purple-background-color has-text-color has-background has-medium-font-size">Atividade 2 –</p>



<p class="has-medium-font-size"> Ouvir a música: Família – Titãs.</p>



<figure class="wp-block-embed is-type-video is-provider-youtube wp-block-embed-youtube wp-embed-aspect-4-3 wp-has-aspect-ratio"><div class="wp-block-embed__wrapper">
<p class="responsive-video-wrap clr"><iframe title="Familia - Titãs" width="1200" height="900" src="https://www.youtube.com/embed/NME3l2MvpnM?feature=oembed" frameborder="0" allow="accelerometer; autoplay; clipboard-write; encrypted-media; gyroscope; picture-in-picture" allowfullscreen></iframe></p>
</div><figcaption>&#8220;Familia &#8211; Titãs&#8221; Canal: gsb00 -https://www.youtube.com/watch?v=NME3l2MvpnM</figcaption></figure>



<p class="has-medium-font-size">Após ouvir a música fazer um belo desenho de você e sua família.</p>



<p class="has-very-light-gray-color has-vivid-purple-background-color has-text-color has-background has-medium-font-size">Atividade 3 – </p>



<p class="has-medium-font-size">para se divertir com toda a família.</p>



<p class="has-medium-font-size">Jogo dos 7 erros humanos</p>



<p class="has-medium-font-size">A brincadeira aqui é colocar cada coisa em seu lugar, e trabalhar a capacidade de memorização. Você vai precisar escolher um cômodo da casa que tenha bastante enfeites. No meu caso foi a estante da sala. Pode ser o armário de brinquedos, ou a estante de livros. Aí você vai pedir para a criança observar aquele lugar por 30 segundos ou 1 minuto (o tempo ideal depende da criança). Depois, você tira a criança da sala e muda 7 objetos de lugar.&nbsp;Depois você tira a criança da sala e muda 7 objetos de lugar. E aí, quem adivinha onde estava cada coisa?</p>



<figure class="wp-block-embed-wordpress wp-block-embed is-type-wp-embed is-provider-portal-lunetas"><div class="wp-block-embed__wrapper">
<div class="oceanwp-oembed-wrap clr"><blockquote class="wp-embedded-content" data-secret="qUFoTLPX8y"><a href="https://lunetas.com.br/25-brincadeiras-para-fazer-em-familia/">Brincando junto: 25 brincadeiras para fazer em família</a></blockquote><iframe class="wp-embedded-content" sandbox="allow-scripts" security="restricted" style="position: absolute; clip: rect(1px, 1px, 1px, 1px);" title="&#8220;Brincando junto: 25 brincadeiras para fazer em família&#8221; &#8212; Portal Lunetas" src="https://lunetas.com.br/25-brincadeiras-para-fazer-em-familia/embed/#?secret=qUFoTLPX8y" data-secret="qUFoTLPX8y" width="600" height="338" frameborder="0" marginwidth="0" marginheight="0" scrolling="no"></iframe></div>
</div><figcaption>https://lunetas.com.br/25-brincadeiras-para-fazer-em-familia/</figcaption></figure>



<hr class="wp-block-separator"/>



<p><strong>Saiba Mais Referências:</strong></p>



<div class="wp-block-columns is-layout-flex wp-container-core-columns-is-layout-9d6595d7 wp-block-columns-is-layout-flex">
<div class="wp-block-column is-layout-flow wp-block-column-is-layout-flow">
<p class="has-very-light-gray-color has-vivid-purple-background-color has-text-color has-background"><a href="https://docs.google.com/viewer?a=v&amp;pid=sites&amp;srcid=ZGVmYXVsdGRvbWFpbnxnZWVtcGlhbmRvc2VtcHJlfGd4OjVmYmFjYjk3MTg5NjI4N2E">https://docs.google.com/viewer?a=v&amp;pid=sites&amp;srcid=ZGVmYXVsdGRvbWFpbnxnZWVtcGlhbmRvc2VtcHJlfGd4OjVmYmFjYjk3MTg5NjI4N2E</a></p>
</div>



<div class="wp-block-column is-layout-flow wp-block-column-is-layout-flow"></div>
</div>



<hr class="wp-block-separator"/>



<figure class="wp-block-table alignfull"><table><tbody><tr><td>Objeto de Conhecimento</td><td>A vida em família, hábitos, jogos e brincadeiras.</td></tr><tr><td>Habilidades</td><td>(EF01HI04) Identificar as diferenças entre os variados ambientes em que vive (doméstico, escolar e da comunidade), reconhecendo as especificidades dos hábitos e das regras que os regem.&nbsp;(EF01HI05) identificar semelhanças e diferenças entre jogos e brincadeiras atuais e de outras épocas e lugares.</td></tr></tbody></table></figure>



<hr class="wp-block-separator"/>



<figure class="wp-block-table alignfull"><table><tbody><tr><td>Proponentes/ Professores:</td><td>Zileide Menezes Gramacho Meira</td></tr><tr><td>Instituição Educacional:</td><td>Escola Espírita Tenda do Caminho</td></tr><tr><td>CRE:</td><td>Central</td></tr></tbody></table></figure>



<hr class="wp-block-separator"/>



<p>&nbsp;Ensino Fundamental &#8211; Ciclo da Infância &#8211; Turma A – 1º ano &#8211; Ética e Cidadania</p>
