{"id":59464,"date":"2020-11-23T07:00:00","date_gmt":"2020-11-23T09:00:00","guid":{"rendered":"https:\/\/sme.goiania.go.gov.br\/conexaoescola\/?post_type=ensino_fundamental&#038;p=59464"},"modified":"2021-12-14T11:21:03","modified_gmt":"2021-12-14T13:21:03","slug":"conhecendo-melhor-as-figuras-geometricas-planas","status":"publish","type":"ensino_fundamental","link":"https:\/\/sme.goiania.go.gov.br\/conexaoescola\/ensino_fundamental\/conhecendo-melhor-as-figuras-geometricas-planas\/","title":{"rendered":"Matem\u00e1tica &#8211; Conhecendo melhor as figuras geom\u00e9tricas planas"},"content":{"rendered":"\n<p class=\"has-drop-cap has-medium-font-size\">Oi pessoal tudo bem? Que tal fazermos um jogo de observa\u00e7\u00e3o? Pare por alguns instantes e olhe tudo o que est\u00e1 sua volta. Quais os nomes desses objetos? Voc\u00ea sabe que formas possuem? Hoje voc\u00eas v\u00e3o lembrar, conhecer e aprender mais sobre as figuras geom\u00e9tricas planas, atrav\u00e9s de v\u00eddeos, atividades e jogos interativos. Aproveitem!<\/p>\n\n\n\n<hr class=\"wp-block-separator\"\/>\n\n\n\n<p class=\"has-medium-font-size\">Agora \u00e9 a hora das atividades e nelas voc\u00eas poder\u00e3o conhecer um pouco mais sobre as formas geom\u00e9tricas planas: seus nomes, caracter\u00edsticas, n\u00fameros de lados e v\u00e9rtices, e exemplos de objetos onde elas est\u00e3o presentes.<\/p>\n\n\n\n<p class=\"has-very-light-gray-color has-very-dark-gray-background-color has-text-color has-background has-medium-font-size\"><strong>Atividade&nbsp;<\/strong><\/p>\n\n\n\n<p class=\"has-medium-font-size\">Assista e fa\u00e7a a leitura do v\u00eddeo: \u201cFigura geom\u00e9tricas planas\u201d, relembrando aquelas que voc\u00ea j\u00e1 conhece e aprendendo as caracter\u00edsticas daquelas que s\u00e3o novas para voc\u00eas. Dispon\u00edvel em:<\/p>\n\n\n\n<p class=\"has-very-light-gray-color has-vivid-purple-background-color has-text-color has-background has-medium-font-size\"><a href=\"https:\/\/drive.google.com\/file\/d\/1FhbKd6TzQP8OdNaPghEVVJChx9C5ToHA\/view\">https:\/\/drive.google.com\/file\/d\/1FhbKd6TzQP8OdNaPghEVVJChx9C5ToHA\/view<\/a><\/p>\n\n\n\n<p class=\"has-medium-font-size\">Nesse v\u00eddeo, voc\u00eas far\u00e3o a revis\u00e3o do que aprenderam nos slides anteriores.<\/p>\n\n\n\n<p class=\"has-very-light-gray-color has-very-dark-gray-background-color has-text-color has-background has-medium-font-size\"><strong>Atividade 2<\/strong><\/p>\n\n\n\n<p class=\"has-medium-font-size\">Assista, com aten\u00e7\u00e3o, ao v\u00eddeo (editado): \u201cFormas Geom\u00e9tricas\u201d, que faz a revis\u00e3o do conte\u00fado trabalhado. Dispon\u00edvel em:<\/p>\n\n\n\n<p class=\"has-very-light-gray-color has-vivid-purple-background-color has-text-color has-background has-medium-font-size\"><a href=\"https:\/\/drive.google.com\/file\/d\/1VPwVErE9xartmjBe-57OXt1yD50sSycx\/view\">https:\/\/drive.google.com\/file\/d\/1VPwVErE9xartmjBe-57OXt1yD50sSycx\/view<\/a><\/p>\n\n\n\n<figure class=\"wp-block-embed is-type-video is-provider-youtube wp-block-embed-youtube wp-embed-aspect-16-9 wp-has-aspect-ratio\"><div class=\"wp-block-embed__wrapper\">\n<p class=\"responsive-video-wrap clr\"><iframe title=\"Figuras planas, linhas e s\u00f3lidos geom\u00e9tricos para crian\u00e7as - Geometria para crian\u00e7as\" width=\"1200\" height=\"675\" src=\"https:\/\/www.youtube.com\/embed\/TeCKbjD9O44?feature=oembed\" frameborder=\"0\" allow=\"accelerometer; autoplay; clipboard-write; encrypted-media; gyroscope; picture-in-picture\" allowfullscreen><\/iframe><\/p>\n<\/div><figcaption>\u201cFiguras planas, linhas e s\u00f3lidos geom\u00e9tricos para crian\u00e7as\u201dCanal:<a href=\"https:\/\/www.youtube.com\/channel\/UCYKeu41LiJOIoyEkStWqCLw\"><img decoding=\"async\" width=\"48\" alt=\"\" src=\"https:\/\/yt3.ggpht.com\/ytc\/AAUvwngoVyeeNV_GjmpxBg7_PHJ-qHTK-aE6Gp7mCbmV=s48-c-k-c0xffffffff-no-rj-mo\"><\/a> <a href=\"https:\/\/www.youtube.com\/channel\/UCYKeu41LiJOIoyEkStWqCLw\">Smile and Learn &#8211; Portugu\u00eas<\/a> &#8211; <a href=\"https:\/\/www.youtube.com\/watch?v=TeCKbjD9O44\">https:\/\/www.youtube.com\/watch?v=TeCKbjD9O44<\/a><\/figcaption><\/figure>\n\n\n\n<p class=\"has-medium-font-size\">Agora s\u00e3o as atividades que voc\u00eas dever\u00e3o copiar e responder em seu caderno.<\/p>\n\n\n\n<p class=\"has-very-light-gray-color has-very-dark-gray-background-color has-text-color has-background has-medium-font-size\">&nbsp;<strong>Atividade 3<\/strong><\/p>\n\n\n\n<p class=\"has-medium-font-size\">Agora \u00e9 sua vez, no seu caderno, copie e responda as atividades, a seguir. Lembre-se de observar os objetos que est\u00e3o a sua volta, ilustrar, nomear e escrever a figura plana que ele representa, se necess\u00e1rio, pe\u00e7a ajuda do seu respons\u00e1vel. Dispon\u00edvel em:<\/p>\n\n\n\n<p class=\"has-very-light-gray-color has-vivid-purple-background-color has-text-color has-background\"><a href=\"https:\/\/drive.google.com\/file\/d\/1sYFbMI0SBc1699RvyHS480yV-jQuuFsX\/view\">https:\/\/drive.google.com\/file\/d\/1sYFbMI0SBc1699RvyHS480yV-jQuuFsX\/view<\/a><\/p>\n\n\n\n<hr class=\"wp-block-separator\"\/>\n\n\n\n<p><strong>Saiba Mais Refer\u00eancias:<\/strong><\/p>\n\n\n\n<div class=\"wp-block-columns is-layout-flex wp-container-core-columns-is-layout-9d6595d7 wp-block-columns-is-layout-flex\">\n<div class=\"wp-block-column is-layout-flow wp-block-column-is-layout-flow\">\n<figure class=\"wp-block-embed is-type-video is-provider-youtube wp-block-embed-youtube wp-embed-aspect-16-9 wp-has-aspect-ratio\"><div class=\"wp-block-embed__wrapper\">\n<p class=\"responsive-video-wrap clr\"><iframe title=\"As Formas Geom\u00e9tricas | V\u00eddeos Educativos para Crian\u00e7as\" width=\"1200\" height=\"675\" src=\"https:\/\/www.youtube.com\/embed\/tv6OGwJ53pM?feature=oembed\" frameborder=\"0\" allow=\"accelerometer; autoplay; clipboard-write; encrypted-media; gyroscope; picture-in-picture\" allowfullscreen><\/iframe><\/p>\n<\/div><figcaption>&#8220;As Formas Geom\u00e9tricas | V\u00eddeos Educativos para Crian\u00e7as&#8221; Canal: <a href=\"https:\/\/www.youtube.com\/channel\/UCI8qJCvG6BQWAoS3UYVkMog\"><img decoding=\"async\" width=\"48\" alt=\"\" src=\"https:\/\/yt3.ggpht.com\/ytc\/AAUvwnjqehabobL_EjRaixlI8Zqkh6l6Er5obDDDgZ7c8g=s48-c-k-c0xffffffff-no-rj-mo\"><\/a> <a href=\"https:\/\/www.youtube.com\/channel\/UCI8qJCvG6BQWAoS3UYVkMog\">Aula365 &#8211; Brasi<\/a>l &#8211; https:\/\/www.youtube.com\/watch?v=tv6OGwJ53pM&amp;feature=youtu.be<\/figcaption><\/figure>\n<\/div>\n\n\n\n<div class=\"wp-block-column is-layout-flow wp-block-column-is-layout-flow\">\n<figure class=\"wp-block-embed is-type-video is-provider-youtube wp-block-embed-youtube wp-embed-aspect-16-9 wp-has-aspect-ratio\"><div class=\"wp-block-embed__wrapper\">\n<p class=\"responsive-video-wrap clr\"><iframe title=\"Aprenda as Formas Geom\u00e9tricas\" width=\"1200\" height=\"675\" src=\"https:\/\/www.youtube.com\/embed\/ZnOjHELapvk?feature=oembed\" frameborder=\"0\" allow=\"accelerometer; autoplay; clipboard-write; encrypted-media; gyroscope; picture-in-picture\" allowfullscreen><\/iframe><\/p>\n<\/div><figcaption>&#8220;Aprenda as Formas Geom\u00e9tricas&#8221; Canal: <a href=\"https:\/\/www.youtube.com\/channel\/UCt3RYjqUGXk0c6bj2_5B3Mg\">Paulo Wesley<\/a> &#8211; https:\/\/www.youtube.com\/watch?v=ZnOjHELapvk&amp;feature=youtu.be<\/figcaption><\/figure>\n<\/div>\n\n\n\n<div class=\"wp-block-column is-layout-flow wp-block-column-is-layout-flow\">\n<p class=\"has-very-light-gray-color has-vivid-purple-background-color has-text-color has-background\"><a href=\"https:\/\/www.smartkids.com.br\/jogos-educativos\/jogo-domino-formas-geometricas\">https:\/\/www.smartkids.com.br\/jogos-educativos\/jogo-domino-formas-geometricas<\/a><\/p>\n<\/div>\n<\/div>\n\n\n\n<hr class=\"wp-block-separator\"\/>\n\n\n\n<figure class=\"wp-block-table alignfull\"><table><tbody><tr><td>Objeto de Conhecimento<\/td><td>Figuras geom\u00e9tricas planas (tri\u00e2ngulo, quadrado, ret\u00e2ngulo, trap\u00e9zio e paralelogramo): reconhecimento e an\u00e1lise de caracter\u00edsticas.Caracter\u00edsticas e classifica\u00e7\u00e3o de figuras geom\u00e9tricas planas.<\/td><\/tr><tr><td>Componente Curricular<\/td><td>Matem\u00e1tica<\/td><\/tr><tr><td>Habilidades<\/td><td>(EF03MA15-A) Fazer justificativas, argumenta\u00e7\u00f5es e explica\u00e7\u00f5es de por que uma figura se encaixa ou n\u00e3o na categoria de quadril\u00e1tero ou tri\u00e2ngulo.<br>(EF03MA15-B) Comparar e classificar figuras planas, como tri\u00e2ngulo, quadrado, ret\u00e2ngulo, trap\u00e9zio e paralelogramo, em rela\u00e7\u00e3o a seus lados: quantidade, posi\u00e7\u00f5es relativas e comprimento, e v\u00e9rtices, registrando essas caracter\u00edsticas em esquemas e tabelas.<\/td><\/tr><\/tbody><\/table><\/figure>\n\n\n\n<hr class=\"wp-block-separator\"\/>\n\n\n\n<figure class=\"wp-block-table alignfull\"><table><tbody><tr><td>Proponentes\/ Professores:<\/td><td>Professora: Soliene Isabel Duarte<\/td><\/tr><tr><td>Institui\u00e7\u00e3o Educacional:<\/td><td>Escola Municipal Recanto do Bosque<\/td><\/tr><tr><td>CRE:<\/td><td>Maria Helena Batista Bretas<\/td><\/tr><\/tbody><\/table><\/figure>\n\n\n\n<hr class=\"wp-block-separator\"\/>\n\n\n\n<p>Ensino Fundamental &#8211;  Ciclo da Inf\u00e2ncia \u2013 Turma C &#8211; 3\u00ba ano &#8211; Educa\u00e7\u00e3o Financeira e Empreendedorismo<\/p>\n","protected":false},"author":24,"featured_media":59465,"template":"","ef_categoria":[13,19],"ef_ano":[86],"ef_componente":[94],"class_list":["post-59464","ensino_fundamental","type-ensino_fundamental","status-publish","has-post-thumbnail","hentry","ef_categoria-ciclo-da-infancia-abc","ef_categoria-educacao-financeira-e-empreendedorismo","ef_ano-3o-ano","ef_componente-matematica","entry","has-media"],"acf":[],"_links":{"self":[{"href":"https:\/\/sme.goiania.go.gov.br\/conexaoescola\/wp-json\/wp\/v2\/ensino_fundamental\/59464","targetHints":{"allow":["GET"]}}],"collection":[{"href":"https:\/\/sme.goiania.go.gov.br\/conexaoescola\/wp-json\/wp\/v2\/ensino_fundamental"}],"about":[{"href":"https:\/\/sme.goiania.go.gov.br\/conexaoescola\/wp-json\/wp\/v2\/types\/ensino_fundamental"}],"author":[{"embeddable":true,"href":"https:\/\/sme.goiania.go.gov.br\/conexaoescola\/wp-json\/wp\/v2\/users\/24"}],"version-history":[{"count":0,"href":"https:\/\/sme.goiania.go.gov.br\/conexaoescola\/wp-json\/wp\/v2\/ensino_fundamental\/59464\/revisions"}],"wp:featuredmedia":[{"embeddable":true,"href":"https:\/\/sme.goiania.go.gov.br\/conexaoescola\/wp-json\/wp\/v2\/media\/59465"}],"wp:attachment":[{"href":"https:\/\/sme.goiania.go.gov.br\/conexaoescola\/wp-json\/wp\/v2\/media?parent=59464"}],"wp:term":[{"taxonomy":"ef_categoria","embeddable":true,"href":"https:\/\/sme.goiania.go.gov.br\/conexaoescola\/wp-json\/wp\/v2\/ef_categoria?post=59464"},{"taxonomy":"ef_ano","embeddable":true,"href":"https:\/\/sme.goiania.go.gov.br\/conexaoescola\/wp-json\/wp\/v2\/ef_ano?post=59464"},{"taxonomy":"ef_componente","embeddable":true,"href":"https:\/\/sme.goiania.go.gov.br\/conexaoescola\/wp-json\/wp\/v2\/ef_componente?post=59464"}],"curies":[{"name":"wp","href":"https:\/\/api.w.org\/{rel}","templated":true}]}}

Matemática &#8211; Conhecendo melhor as figuras geométricas planas

<p class="has-drop-cap has-medium-font-size">Oi pessoal tudo bem? Que tal fazermos um jogo de observação? Pare por alguns instantes e olhe tudo o que está sua volta. Quais os nomes desses objetos? Você sabe que formas possuem? Hoje vocês vão lembrar, conhecer e aprender mais sobre as figuras geométricas planas, através de vídeos, atividades e jogos interativos. Aproveitem!</p>



<hr class="wp-block-separator"/>



<p class="has-medium-font-size">Agora é a hora das atividades e nelas vocês poderão conhecer um pouco mais sobre as formas geométricas planas: seus nomes, características, números de lados e vértices, e exemplos de objetos onde elas estão presentes.</p>



<p class="has-very-light-gray-color has-very-dark-gray-background-color has-text-color has-background has-medium-font-size"><strong>Atividade&nbsp;</strong></p>



<p class="has-medium-font-size">Assista e faça a leitura do vídeo: “Figura geométricas planas”, relembrando aquelas que você já conhece e aprendendo as características daquelas que são novas para vocês. Disponível em:</p>



<p class="has-very-light-gray-color has-vivid-purple-background-color has-text-color has-background has-medium-font-size"><a href="https://drive.google.com/file/d/1FhbKd6TzQP8OdNaPghEVVJChx9C5ToHA/view">https://drive.google.com/file/d/1FhbKd6TzQP8OdNaPghEVVJChx9C5ToHA/view</a></p>



<p class="has-medium-font-size">Nesse vídeo, vocês farão a revisão do que aprenderam nos slides anteriores.</p>



<p class="has-very-light-gray-color has-very-dark-gray-background-color has-text-color has-background has-medium-font-size"><strong>Atividade 2</strong></p>



<p class="has-medium-font-size">Assista, com atenção, ao vídeo (editado): “Formas Geométricas”, que faz a revisão do conteúdo trabalhado. Disponível em:</p>



<p class="has-very-light-gray-color has-vivid-purple-background-color has-text-color has-background has-medium-font-size"><a href="https://drive.google.com/file/d/1VPwVErE9xartmjBe-57OXt1yD50sSycx/view">https://drive.google.com/file/d/1VPwVErE9xartmjBe-57OXt1yD50sSycx/view</a></p>



<figure class="wp-block-embed is-type-video is-provider-youtube wp-block-embed-youtube wp-embed-aspect-16-9 wp-has-aspect-ratio"><div class="wp-block-embed__wrapper">
<p class="responsive-video-wrap clr"><iframe title="Figuras planas, linhas e sólidos geométricos para crianças - Geometria para crianças" width="1200" height="675" src="https://www.youtube.com/embed/TeCKbjD9O44?feature=oembed" frameborder="0" allow="accelerometer; autoplay; clipboard-write; encrypted-media; gyroscope; picture-in-picture" allowfullscreen></iframe></p>
</div><figcaption>“Figuras planas, linhas e sólidos geométricos para crianças”Canal:<a href="https://www.youtube.com/channel/UCYKeu41LiJOIoyEkStWqCLw"><img decoding="async" width="48" alt="" src="https://yt3.ggpht.com/ytc/AAUvwngoVyeeNV_GjmpxBg7_PHJ-qHTK-aE6Gp7mCbmV=s48-c-k-c0xffffffff-no-rj-mo"></a> <a href="https://www.youtube.com/channel/UCYKeu41LiJOIoyEkStWqCLw">Smile and Learn &#8211; Português</a> &#8211; <a href="https://www.youtube.com/watch?v=TeCKbjD9O44">https://www.youtube.com/watch?v=TeCKbjD9O44</a></figcaption></figure>



<p class="has-medium-font-size">Agora são as atividades que vocês deverão copiar e responder em seu caderno.</p>



<p class="has-very-light-gray-color has-very-dark-gray-background-color has-text-color has-background has-medium-font-size">&nbsp;<strong>Atividade 3</strong></p>



<p class="has-medium-font-size">Agora é sua vez, no seu caderno, copie e responda as atividades, a seguir. Lembre-se de observar os objetos que estão a sua volta, ilustrar, nomear e escrever a figura plana que ele representa, se necessário, peça ajuda do seu responsável. Disponível em:</p>



<p class="has-very-light-gray-color has-vivid-purple-background-color has-text-color has-background"><a href="https://drive.google.com/file/d/1sYFbMI0SBc1699RvyHS480yV-jQuuFsX/view">https://drive.google.com/file/d/1sYFbMI0SBc1699RvyHS480yV-jQuuFsX/view</a></p>



<hr class="wp-block-separator"/>



<p><strong>Saiba Mais Referências:</strong></p>



<div class="wp-block-columns is-layout-flex wp-container-core-columns-is-layout-9d6595d7 wp-block-columns-is-layout-flex">
<div class="wp-block-column is-layout-flow wp-block-column-is-layout-flow">
<figure class="wp-block-embed is-type-video is-provider-youtube wp-block-embed-youtube wp-embed-aspect-16-9 wp-has-aspect-ratio"><div class="wp-block-embed__wrapper">
<p class="responsive-video-wrap clr"><iframe title="As Formas Geométricas | Vídeos Educativos para Crianças" width="1200" height="675" src="https://www.youtube.com/embed/tv6OGwJ53pM?feature=oembed" frameborder="0" allow="accelerometer; autoplay; clipboard-write; encrypted-media; gyroscope; picture-in-picture" allowfullscreen></iframe></p>
</div><figcaption>&#8220;As Formas Geométricas | Vídeos Educativos para Crianças&#8221; Canal: <a href="https://www.youtube.com/channel/UCI8qJCvG6BQWAoS3UYVkMog"><img decoding="async" width="48" alt="" src="https://yt3.ggpht.com/ytc/AAUvwnjqehabobL_EjRaixlI8Zqkh6l6Er5obDDDgZ7c8g=s48-c-k-c0xffffffff-no-rj-mo"></a> <a href="https://www.youtube.com/channel/UCI8qJCvG6BQWAoS3UYVkMog">Aula365 &#8211; Brasi</a>l &#8211; https://www.youtube.com/watch?v=tv6OGwJ53pM&amp;feature=youtu.be</figcaption></figure>
</div>



<div class="wp-block-column is-layout-flow wp-block-column-is-layout-flow">
<figure class="wp-block-embed is-type-video is-provider-youtube wp-block-embed-youtube wp-embed-aspect-16-9 wp-has-aspect-ratio"><div class="wp-block-embed__wrapper">
<p class="responsive-video-wrap clr"><iframe title="Aprenda as Formas Geométricas" width="1200" height="675" src="https://www.youtube.com/embed/ZnOjHELapvk?feature=oembed" frameborder="0" allow="accelerometer; autoplay; clipboard-write; encrypted-media; gyroscope; picture-in-picture" allowfullscreen></iframe></p>
</div><figcaption>&#8220;Aprenda as Formas Geométricas&#8221; Canal: <a href="https://www.youtube.com/channel/UCt3RYjqUGXk0c6bj2_5B3Mg">Paulo Wesley</a> &#8211; https://www.youtube.com/watch?v=ZnOjHELapvk&amp;feature=youtu.be</figcaption></figure>
</div>



<div class="wp-block-column is-layout-flow wp-block-column-is-layout-flow">
<p class="has-very-light-gray-color has-vivid-purple-background-color has-text-color has-background"><a href="https://www.smartkids.com.br/jogos-educativos/jogo-domino-formas-geometricas">https://www.smartkids.com.br/jogos-educativos/jogo-domino-formas-geometricas</a></p>
</div>
</div>



<hr class="wp-block-separator"/>



<figure class="wp-block-table alignfull"><table><tbody><tr><td>Objeto de Conhecimento</td><td>Figuras geométricas planas (triângulo, quadrado, retângulo, trapézio e paralelogramo): reconhecimento e análise de características.Características e classificação de figuras geométricas planas.</td></tr><tr><td>Componente Curricular</td><td>Matemática</td></tr><tr><td>Habilidades</td><td>(EF03MA15-A) Fazer justificativas, argumentações e explicações de por que uma figura se encaixa ou não na categoria de quadrilátero ou triângulo.<br>(EF03MA15-B) Comparar e classificar figuras planas, como triângulo, quadrado, retângulo, trapézio e paralelogramo, em relação a seus lados: quantidade, posições relativas e comprimento, e vértices, registrando essas características em esquemas e tabelas.</td></tr></tbody></table></figure>



<hr class="wp-block-separator"/>



<figure class="wp-block-table alignfull"><table><tbody><tr><td>Proponentes/ Professores:</td><td>Professora: Soliene Isabel Duarte</td></tr><tr><td>Instituição Educacional:</td><td>Escola Municipal Recanto do Bosque</td></tr><tr><td>CRE:</td><td>Maria Helena Batista Bretas</td></tr></tbody></table></figure>



<hr class="wp-block-separator"/>



<p>Ensino Fundamental &#8211;  Ciclo da Infância – Turma C &#8211; 3º ano &#8211; Educação Financeira e Empreendedorismo</p>
