{"id":59375,"date":"2020-11-23T07:00:00","date_gmt":"2020-11-23T09:00:00","guid":{"rendered":"https:\/\/sme.goiania.go.gov.br\/conexaoescola\/?post_type=ensino_fundamental&#038;p=59375"},"modified":"2021-11-09T11:59:31","modified_gmt":"2021-11-09T13:59:31","slug":"goiania-local-de-gente-estimada-2","status":"publish","type":"ensino_fundamental","link":"https:\/\/sme.goiania.go.gov.br\/conexaoescola\/ensino_fundamental\/goiania-local-de-gente-estimada-2\/","title":{"rendered":"Hist\u00f3ria &#8211; Goi\u00e2nia, local de gente estimada"},"content":{"rendered":"\n<p class=\"has-drop-cap has-medium-font-size\">Voc\u00ea j\u00e1 pensou em morar numa cidade chamada Petr\u00f4nia? N\u00e3o! Goi\u00e2nia passou perto de chamar-se Petr\u00f4nia, em homenagem \u00e0 Pedro Ludovico Teixeira, o fundador de Goi\u00e2nia. Quer saber mais? Ent\u00e3o venha conhecer como aconteceu a funda\u00e7\u00e3o da cidade e tamb\u00e9m sobre os povos que migraram para esta regi\u00e3o e formou esta cidade.<\/p>\n\n\n\n<hr class=\"wp-block-separator\"\/>\n\n\n\n<p class=\"has-medium-font-size\">Conhe\u00e7a um pouco sobre a funda\u00e7\u00e3o de Goi\u00e2nia.<\/p>\n\n\n\n<p class=\"has-very-light-gray-color has-vivid-purple-background-color has-text-color has-background has-medium-font-size\"><a href=\"https:\/\/escolakids.uol.com.br\/historia\/a-fundacao-de-goiania.htm\">https:\/\/escolakids.uol.com.br\/historia\/a-fundacao-de-goiania.htm<\/a><\/p>\n\n\n\n<blockquote class=\"wp-block-quote is-layout-flow wp-block-quote-is-layout-flow\"><p><br><img decoding=\"async\" width=\"322\" height=\"100\" src=\"https:\/\/docs.google.com\/drawings\/u\/0\/d\/sePKcd5md7k9iiMquL8hZJg\/image?w=322&amp;h=100&amp;rev=1&amp;ac=1&amp;parent=1wndkHmu33qLL2iTM3c6fBF7Tw12TsGft\"><\/p><cite><em>(Texto: A hist\u00f3ria da funda\u00e7\u00e3o de Goi\u00e2nia, uma das mais modernas capitais do Brasil. Site EscolaKids)<\/em><\/cite><\/blockquote>\n\n\n\n<p class=\"has-medium-font-size\">E continua crescendo, pois muitas vezes a popula\u00e7\u00e3o aumenta devido ao \u00eaxodo rural. E voc\u00ea, sabe o que significa as palavras: \u00eaxodo rural e migra\u00e7\u00e3o? Leia um texto e assista um v\u00eddeo que fala sobre isso!&nbsp;<\/p>\n\n\n\n<p class=\"has-very-light-gray-color has-vivid-purple-background-color has-text-color has-background has-medium-font-size\"><a href=\"https:\/\/escolakids.uol.com.br\/geografia\/exodo-rural.htm\">https:\/\/escolakids.uol.com.br\/geografia\/exodo-rural.htm<\/a><\/p>\n\n\n\n<blockquote class=\"wp-block-quote is-layout-flow wp-block-quote-is-layout-flow\"><p><\/p><cite><em>(Texto: \u00caxodo Rural. Site: Escola Kids)<\/em><\/cite><\/blockquote>\n\n\n\n<figure class=\"wp-block-embed is-type-video is-provider-youtube wp-block-embed-youtube wp-embed-aspect-16-9 wp-has-aspect-ratio\"><div class=\"wp-block-embed__wrapper\">\n<p class=\"responsive-video-wrap clr\"><iframe title=\"Tipos de migra\u00e7\u00e3o - Casa no Campo\" width=\"1200\" height=\"675\" src=\"https:\/\/www.youtube.com\/embed\/vFFVDHsOT1A?feature=oembed\" frameborder=\"0\" allow=\"accelerometer; autoplay; clipboard-write; encrypted-media; gyroscope; picture-in-picture\" allowfullscreen><\/iframe><\/p>\n<\/div><figcaption>&#8220;Tipos de migra\u00e7\u00e3o&#8221; Canal: Casa no Campo &#8211; <a href=\"https:\/\/www.youtube.com\/watch?v=vFFVDHsOT1A\">https:\/\/www.youtube.com\/watch?v=vFFVDHsOT1A<\/a><\/figcaption><\/figure>\n\n\n\n<p class=\"has-medium-font-size\">As Na\u00e7\u00f5es Unidas querem que refugiados e migrantes sejam tratados com respeito e dignidade.&nbsp; Para isso, a ONU lan\u00e7ou a campanha JUNTOS, para combater a discrimina\u00e7\u00e3o e o preconceito contra os que precisam deixar seus lares e buscar novas oportunidades de vida em outros lugares. Vamos assistir o v\u00eddeo sobre essa Campanha?<\/p>\n\n\n\n<figure class=\"wp-block-embed is-type-video is-provider-youtube wp-block-embed-youtube wp-embed-aspect-16-9 wp-has-aspect-ratio\"><div class=\"wp-block-embed__wrapper\">\n<p class=\"responsive-video-wrap clr\"><iframe title=\"Respeito e dignidade para refugiados e migrantes\" width=\"1200\" height=\"675\" src=\"https:\/\/www.youtube.com\/embed\/Fuxc1TL9kEs?feature=oembed\" frameborder=\"0\" allow=\"accelerometer; autoplay; clipboard-write; encrypted-media; gyroscope; picture-in-picture\" allowfullscreen><\/iframe><\/p>\n<\/div><figcaption>&#8220;Respeito e dignidade para refugiados e migrantes&#8221; Canal: ONU Brasil &#8211; <a href=\"https:\/\/www.youtube.com\/watch?v=Fuxc1TL9kEs\">https:\/\/www.youtube.com\/watch?v=Fuxc1TL9kEs<\/a><\/figcaption><\/figure>\n\n\n\n<p class=\"has-vivid-cyan-blue-color has-text-color has-large-font-size\">Agora \u00e9 sua vez de refletir, pegue seu caderno e vamos l\u00e1!<\/p>\n\n\n\n<p class=\"has-medium-font-size\">O v\u00eddeo ensina que todos migrantes devem ser tratados com respeito e dignidade. Ser\u00e1 que as pessoas que saem da zona rural e migram para a capital sofrem algum tipo de discrimina\u00e7\u00e3o? Voc\u00ea conhece algu\u00e9m que saiu da zona rural e migrou para Goi\u00e2nia?<\/p>\n\n\n\n<p class=\"has-medium-font-size\">Caso conhe\u00e7a, pergunte em qual cidade ele (a) morava e o que mais gosta em nossa capital? Pergunte tamb\u00e9m se sofreu algum tipo de discrimina\u00e7\u00e3o e se sente bem acolhido pelos moradores de Goi\u00e2nia. N\u00e3o se esque\u00e7a de registrar as respostas no seu caderno!<\/p>\n\n\n\n<p class=\"has-vivid-red-color has-text-color has-large-font-size\"> At\u00e9 a pr\u00f3xima!<\/p>\n\n\n\n<hr class=\"wp-block-separator\"\/>\n\n\n\n<p><strong>Para saber mais:<\/strong><\/p>\n\n\n\n<div class=\"wp-block-columns is-layout-flex wp-container-core-columns-is-layout-9d6595d7 wp-block-columns-is-layout-flex\">\n<div class=\"wp-block-column is-layout-flow wp-block-column-is-layout-flow\">\n<figure class=\"wp-block-embed is-type-video is-provider-youtube wp-block-embed-youtube wp-embed-aspect-16-9 wp-has-aspect-ratio\"><div class=\"wp-block-embed__wrapper\">\n<p class=\"responsive-video-wrap clr\"><iframe title=\"Reportagem Especial - Goi\u00e2nia 85 anos: hist\u00f3rias antigas\" width=\"1200\" height=\"675\" src=\"https:\/\/www.youtube.com\/embed\/3tsb7o6ACHc?feature=oembed\" frameborder=\"0\" allow=\"accelerometer; autoplay; clipboard-write; encrypted-media; gyroscope; picture-in-picture\" allowfullscreen><\/iframe><\/p>\n<\/div><figcaption>&#8220;Reportagem Especial &#8211; Goi\u00e2nia 85 anos: hist\u00f3rias antigas&#8221; Canal: TV ALEGO &#8211; https:\/\/www.youtube.com\/watch?v=3tsb7o6ACHc<\/figcaption><\/figure>\n<\/div>\n\n\n\n<div class=\"wp-block-column is-layout-flow wp-block-column-is-layout-flow\"><\/div>\n<\/div>\n\n\n\n<hr class=\"wp-block-separator\"\/>\n\n\n\n<figure class=\"wp-block-table alignfull\"><table><tbody><tr><td>OBJETOS DE CONHECIMENTO:<\/td><td><strong>Hist\u00f3ria<\/strong>: As pessoas e os grupos que comp\u00f5em a cidade e o munic\u00edpio. O \u201cEu\u201d, o \u201cOutro\u201d e os diferentes grupos sociais e \u00e9tnicos que comp\u00f5em a cidade e os munic\u00edpios: os desafios sociais, culturais e ambientais do lugar onde vive: surgimento de cidades e sua rela\u00e7\u00e3o com a natureza, economia e transporte.<br><\/td><\/tr><tr><td>HABILIDADES:<\/td><td>(EF03HI01) Identificar os grupos populacionais que formam a cidade, o munic\u00edpio e a regi\u00e3o, as rela\u00e7\u00f5es estabelecidas entre eles e os eventos que marcam a forma\u00e7\u00e3o da cidade, como fen\u00f4menos migrat\u00f3rios (vida rural\/vida urbana), desmatamentos, estabelecimento de grandes empresas, etc.<\/td><\/tr><\/tbody><\/table><\/figure>\n\n\n\n<hr class=\"wp-block-separator\"\/>\n\n\n\n<figure class=\"wp-block-table alignfull\"><table><tbody><tr><td>PROPONENTES:<\/td><td>Alda de Fatima Martins<\/td><\/tr><tr><td>Institui\u00e7\u00e3o<\/td><td>EM PADRE PEL\u00c1GIO<\/td><\/tr><\/tbody><\/table><\/figure>\n\n\n\n<hr class=\"wp-block-separator\"\/>\n\n\n\n<p>Ensino Fundamental &#8211; Ciclo da Inf\u00e2ncia &#8211; Turma C &#8211; 3\u00ba ano &#8211; \u00c9tica e Cidadania<\/p>\n","protected":false},"author":20,"featured_media":59377,"template":"","ef_categoria":[13,20],"ef_ano":[86],"ef_componente":[95],"class_list":["post-59375","ensino_fundamental","type-ensino_fundamental","status-publish","has-post-thumbnail","hentry","ef_categoria-ciclo-da-infancia-abc","ef_categoria-etica-e-cidadania","ef_ano-3o-ano","ef_componente-historia","entry","has-media"],"acf":[],"_links":{"self":[{"href":"https:\/\/sme.goiania.go.gov.br\/conexaoescola\/wp-json\/wp\/v2\/ensino_fundamental\/59375","targetHints":{"allow":["GET"]}}],"collection":[{"href":"https:\/\/sme.goiania.go.gov.br\/conexaoescola\/wp-json\/wp\/v2\/ensino_fundamental"}],"about":[{"href":"https:\/\/sme.goiania.go.gov.br\/conexaoescola\/wp-json\/wp\/v2\/types\/ensino_fundamental"}],"author":[{"embeddable":true,"href":"https:\/\/sme.goiania.go.gov.br\/conexaoescola\/wp-json\/wp\/v2\/users\/20"}],"version-history":[{"count":0,"href":"https:\/\/sme.goiania.go.gov.br\/conexaoescola\/wp-json\/wp\/v2\/ensino_fundamental\/59375\/revisions"}],"wp:featuredmedia":[{"embeddable":true,"href":"https:\/\/sme.goiania.go.gov.br\/conexaoescola\/wp-json\/wp\/v2\/media\/59377"}],"wp:attachment":[{"href":"https:\/\/sme.goiania.go.gov.br\/conexaoescola\/wp-json\/wp\/v2\/media?parent=59375"}],"wp:term":[{"taxonomy":"ef_categoria","embeddable":true,"href":"https:\/\/sme.goiania.go.gov.br\/conexaoescola\/wp-json\/wp\/v2\/ef_categoria?post=59375"},{"taxonomy":"ef_ano","embeddable":true,"href":"https:\/\/sme.goiania.go.gov.br\/conexaoescola\/wp-json\/wp\/v2\/ef_ano?post=59375"},{"taxonomy":"ef_componente","embeddable":true,"href":"https:\/\/sme.goiania.go.gov.br\/conexaoescola\/wp-json\/wp\/v2\/ef_componente?post=59375"}],"curies":[{"name":"wp","href":"https:\/\/api.w.org\/{rel}","templated":true}]}}

História &#8211; Goiânia, local de gente estimada

<p class="has-drop-cap has-medium-font-size">Você já pensou em morar numa cidade chamada Petrônia? Não! Goiânia passou perto de chamar-se Petrônia, em homenagem à Pedro Ludovico Teixeira, o fundador de Goiânia. Quer saber mais? Então venha conhecer como aconteceu a fundação da cidade e também sobre os povos que migraram para esta região e formou esta cidade.</p>



<hr class="wp-block-separator"/>



<p class="has-medium-font-size">Conheça um pouco sobre a fundação de Goiânia.</p>



<p class="has-very-light-gray-color has-vivid-purple-background-color has-text-color has-background has-medium-font-size"><a href="https://escolakids.uol.com.br/historia/a-fundacao-de-goiania.htm">https://escolakids.uol.com.br/historia/a-fundacao-de-goiania.htm</a></p>



<blockquote class="wp-block-quote is-layout-flow wp-block-quote-is-layout-flow"><p><br><img decoding="async" width="322" height="100" src="https://docs.google.com/drawings/u/0/d/sePKcd5md7k9iiMquL8hZJg/image?w=322&amp;h=100&amp;rev=1&amp;ac=1&amp;parent=1wndkHmu33qLL2iTM3c6fBF7Tw12TsGft"></p><cite><em>(Texto: A história da fundação de Goiânia, uma das mais modernas capitais do Brasil. Site EscolaKids)</em></cite></blockquote>



<p class="has-medium-font-size">E continua crescendo, pois muitas vezes a população aumenta devido ao êxodo rural. E você, sabe o que significa as palavras: êxodo rural e migração? Leia um texto e assista um vídeo que fala sobre isso!&nbsp;</p>



<p class="has-very-light-gray-color has-vivid-purple-background-color has-text-color has-background has-medium-font-size"><a href="https://escolakids.uol.com.br/geografia/exodo-rural.htm">https://escolakids.uol.com.br/geografia/exodo-rural.htm</a></p>



<blockquote class="wp-block-quote is-layout-flow wp-block-quote-is-layout-flow"><p></p><cite><em>(Texto: Êxodo Rural. Site: Escola Kids)</em></cite></blockquote>



<figure class="wp-block-embed is-type-video is-provider-youtube wp-block-embed-youtube wp-embed-aspect-16-9 wp-has-aspect-ratio"><div class="wp-block-embed__wrapper">
<p class="responsive-video-wrap clr"><iframe title="Tipos de migração - Casa no Campo" width="1200" height="675" src="https://www.youtube.com/embed/vFFVDHsOT1A?feature=oembed" frameborder="0" allow="accelerometer; autoplay; clipboard-write; encrypted-media; gyroscope; picture-in-picture" allowfullscreen></iframe></p>
</div><figcaption>&#8220;Tipos de migração&#8221; Canal: Casa no Campo &#8211; <a href="https://www.youtube.com/watch?v=vFFVDHsOT1A">https://www.youtube.com/watch?v=vFFVDHsOT1A</a></figcaption></figure>



<p class="has-medium-font-size">As Nações Unidas querem que refugiados e migrantes sejam tratados com respeito e dignidade.&nbsp; Para isso, a ONU lançou a campanha JUNTOS, para combater a discriminação e o preconceito contra os que precisam deixar seus lares e buscar novas oportunidades de vida em outros lugares. Vamos assistir o vídeo sobre essa Campanha?</p>



<figure class="wp-block-embed is-type-video is-provider-youtube wp-block-embed-youtube wp-embed-aspect-16-9 wp-has-aspect-ratio"><div class="wp-block-embed__wrapper">
<p class="responsive-video-wrap clr"><iframe title="Respeito e dignidade para refugiados e migrantes" width="1200" height="675" src="https://www.youtube.com/embed/Fuxc1TL9kEs?feature=oembed" frameborder="0" allow="accelerometer; autoplay; clipboard-write; encrypted-media; gyroscope; picture-in-picture" allowfullscreen></iframe></p>
</div><figcaption>&#8220;Respeito e dignidade para refugiados e migrantes&#8221; Canal: ONU Brasil &#8211; <a href="https://www.youtube.com/watch?v=Fuxc1TL9kEs">https://www.youtube.com/watch?v=Fuxc1TL9kEs</a></figcaption></figure>



<p class="has-vivid-cyan-blue-color has-text-color has-large-font-size">Agora é sua vez de refletir, pegue seu caderno e vamos lá!</p>



<p class="has-medium-font-size">O vídeo ensina que todos migrantes devem ser tratados com respeito e dignidade. Será que as pessoas que saem da zona rural e migram para a capital sofrem algum tipo de discriminação? Você conhece alguém que saiu da zona rural e migrou para Goiânia?</p>



<p class="has-medium-font-size">Caso conheça, pergunte em qual cidade ele (a) morava e o que mais gosta em nossa capital? Pergunte também se sofreu algum tipo de discriminação e se sente bem acolhido pelos moradores de Goiânia. Não se esqueça de registrar as respostas no seu caderno!</p>



<p class="has-vivid-red-color has-text-color has-large-font-size"> Até a próxima!</p>



<hr class="wp-block-separator"/>



<p><strong>Para saber mais:</strong></p>



<div class="wp-block-columns is-layout-flex wp-container-core-columns-is-layout-9d6595d7 wp-block-columns-is-layout-flex">
<div class="wp-block-column is-layout-flow wp-block-column-is-layout-flow">
<figure class="wp-block-embed is-type-video is-provider-youtube wp-block-embed-youtube wp-embed-aspect-16-9 wp-has-aspect-ratio"><div class="wp-block-embed__wrapper">
<p class="responsive-video-wrap clr"><iframe title="Reportagem Especial - Goiânia 85 anos: histórias antigas" width="1200" height="675" src="https://www.youtube.com/embed/3tsb7o6ACHc?feature=oembed" frameborder="0" allow="accelerometer; autoplay; clipboard-write; encrypted-media; gyroscope; picture-in-picture" allowfullscreen></iframe></p>
</div><figcaption>&#8220;Reportagem Especial &#8211; Goiânia 85 anos: histórias antigas&#8221; Canal: TV ALEGO &#8211; https://www.youtube.com/watch?v=3tsb7o6ACHc</figcaption></figure>
</div>



<div class="wp-block-column is-layout-flow wp-block-column-is-layout-flow"></div>
</div>



<hr class="wp-block-separator"/>



<figure class="wp-block-table alignfull"><table><tbody><tr><td>OBJETOS DE CONHECIMENTO:</td><td><strong>História</strong>: As pessoas e os grupos que compõem a cidade e o município. O “Eu”, o “Outro” e os diferentes grupos sociais e étnicos que compõem a cidade e os municípios: os desafios sociais, culturais e ambientais do lugar onde vive: surgimento de cidades e sua relação com a natureza, economia e transporte.<br></td></tr><tr><td>HABILIDADES:</td><td>(EF03HI01) Identificar os grupos populacionais que formam a cidade, o município e a região, as relações estabelecidas entre eles e os eventos que marcam a formação da cidade, como fenômenos migratórios (vida rural/vida urbana), desmatamentos, estabelecimento de grandes empresas, etc.</td></tr></tbody></table></figure>



<hr class="wp-block-separator"/>



<figure class="wp-block-table alignfull"><table><tbody><tr><td>PROPONENTES:</td><td>Alda de Fatima Martins</td></tr><tr><td>Instituição</td><td>EM PADRE PELÁGIO</td></tr></tbody></table></figure>



<hr class="wp-block-separator"/>



<p>Ensino Fundamental &#8211; Ciclo da Infância &#8211; Turma C &#8211; 3º ano &#8211; Ética e Cidadania</p>
