{"id":59284,"date":"2020-11-23T07:00:00","date_gmt":"2020-11-23T09:00:00","guid":{"rendered":"https:\/\/sme.goiania.go.gov.br\/conexaoescola\/?post_type=ensino_fundamental&#038;p=59284"},"modified":"2021-12-07T17:05:53","modified_gmt":"2021-12-07T19:05:53","slug":"conhecendo-os-brinquedos-cantados","status":"publish","type":"ensino_fundamental","link":"https:\/\/sme.goiania.go.gov.br\/conexaoescola\/ensino_fundamental\/conhecendo-os-brinquedos-cantados\/","title":{"rendered":"Educa\u00e7\u00e3o F\u00edsica &#8211; Conhecendo os brinquedos cantados"},"content":{"rendered":"\n<p class=\"has-very-light-gray-color has-vivid-cyan-blue-background-color has-text-color has-background has-medium-font-size\">Ol\u00e1! Voc\u00ea sabe o que s\u00e3o brinquedos cantados? Na atividade de hoje aprenderemos v\u00e1rias brincadeiras! Vamos l\u00e1!<\/p>\n\n\n\n<hr class=\"wp-block-separator\"\/>\n\n\n\n<p class=\"has-very-light-gray-color has-very-dark-gray-background-color has-text-color has-background has-medium-font-size\">Atividade 1:&nbsp;<\/p>\n\n\n\n<p class=\"has-medium-font-size\"> Assista ao v\u00eddeo e vamos aprender a cantar e a se movimentar de acordo com a m\u00fasica: Sai, piaba! Convide algu\u00e9m da sua casa para brincar com voc\u00ea!<\/p>\n\n\n\n<p class=\"has-medium-font-size\">Dispon\u00edvel no link abaixo &#8211; Canal: Col\u00e9gio Assun\u00e7\u00e3o.&nbsp;<\/p>\n\n\n\n<figure class=\"wp-block-embed is-type-video is-provider-youtube wp-block-embed-youtube wp-embed-aspect-16-9 wp-has-aspect-ratio\"><div class=\"wp-block-embed__wrapper\">\n<p class=\"responsive-video-wrap clr\"><iframe title=\"Sai, piaba!\" width=\"1200\" height=\"675\" src=\"https:\/\/www.youtube.com\/embed\/3vjIKSA-7iQ?feature=oembed\" frameborder=\"0\" allow=\"accelerometer; autoplay; clipboard-write; encrypted-media; gyroscope; picture-in-picture\" allowfullscreen><\/iframe><\/p>\n<\/div><figcaption>&#8220;<strong>Sai, piaba!<\/strong>&#8221; Canal: <a href=\"https:\/\/www.youtube.com\/channel\/UC2of38Ac28ALYyZWLaCBLlA\">Col\u00e9gio Assun\u00e7\u00e3o<\/a> &#8211; https:\/\/www.youtube.com\/watch?v=3vjIKSA-7iQ<\/figcaption><\/figure>\n\n\n\n<p class=\"has-very-light-gray-color has-very-dark-gray-background-color has-text-color has-background has-medium-font-size\">&nbsp;Atividade 2: <\/p>\n\n\n\n<p class=\"has-medium-font-size\">Ent\u00e3o, o que s\u00e3o brinquedos cantados?&nbsp;<\/p>\n\n\n\n<p class=\"has-medium-font-size\">Os brinquedos cantados s\u00e3o brincadeiras cantadas que fazem parte do folclore brasileiro. Geralmente s\u00e3o cantigas acompanhadas de movimentos expressivos saltitantes e \/ ou dramatizados, como a m\u00fasica: Sai, piaba! que voc\u00ea aprendeu antes.<\/p>\n\n\n\n<p class=\"has-medium-font-size\">(Ao apresentar este texto, colocarei, simultaneamente um \u00e1udio, em que leio o texto para que os educandos possam acompanhar a explica\u00e7\u00e3o).<\/p>\n\n\n\n<p class=\"has-medium-font-size\">Agora, para compreender melhor o que \u00e9 brinquedo cantado, vamos assistir o v\u00eddeo da Turma do Ticolicos \/ Narrativas do Brasil \u2013 Por que existe folclore? \u2013 Dispon\u00edvel em:<\/p>\n\n\n\n<figure class=\"wp-block-embed is-type-video is-provider-youtube wp-block-embed-youtube wp-embed-aspect-16-9 wp-has-aspect-ratio\"><div class=\"wp-block-embed__wrapper\">\n<p class=\"responsive-video-wrap clr\"><iframe title=\"POR QUE EXISTE FOLCLORE? #Ticolicos|Narrativas do Brasil\" width=\"1200\" height=\"675\" src=\"https:\/\/www.youtube.com\/embed\/WTyd-MlCmcc?feature=oembed\" frameborder=\"0\" allow=\"accelerometer; autoplay; clipboard-write; encrypted-media; gyroscope; picture-in-picture\" allowfullscreen><\/iframe><\/p>\n<\/div><figcaption>&#8220;POR QUE EXISTE FOLCLORE?&#8221; Canal:&nbsp;<a href=\"https:\/\/www.youtube.com\/results?search_query=%23Ticolicos\"><\/a><a href=\"https:\/\/www.youtube.com\/channel\/UCWLNF6wlHEAin0kukYW0uow\">Ticolicos &#8211; Canal Infantil<\/a> &#8211; https:\/\/www.youtube.com\/watch?v=WTyd-MlCmcc<br><\/figcaption><\/figure>\n\n\n\n<p class=\"has-very-light-gray-color has-very-dark-gray-background-color has-text-color has-background has-medium-font-size\">Atividade 3:<\/p>\n\n\n\n<p class=\"has-medium-font-size\">Depois que voc\u00ea aprendeu sobre o folclore e os brinquedos cantados, vamos aprender mais uma brincadeira cantada? \u00c9 a m\u00fasica: A mulher do sapo, de Danilo Ben\u00edcio \u2013 Batucadan.<\/p>\n\n\n\n<p class=\"has-medium-font-size\">Vamos brincar com a mulher do sapo? \u00c9 s\u00f3 acessar o link abaixo do Canal da Marianinha Show, vamos l\u00e1!<\/p>\n\n\n\n<figure class=\"wp-block-embed is-type-video is-provider-youtube wp-block-embed-youtube wp-embed-aspect-16-9 wp-has-aspect-ratio\"><div class=\"wp-block-embed__wrapper\">\n<p class=\"responsive-video-wrap clr\"><iframe title=\"A Mulher do Sapo - (As crian\u00e7as adoram) - Danilo Ben\u00edcio - Batucadan\" width=\"1200\" height=\"675\" src=\"https:\/\/www.youtube.com\/embed\/zZzJhgTZZpY?feature=oembed\" frameborder=\"0\" allow=\"accelerometer; autoplay; clipboard-write; encrypted-media; gyroscope; picture-in-picture\" allowfullscreen><\/iframe><\/p>\n<\/div><figcaption>&#8220;A Mulher do Sapo &#8211; (As crian\u00e7as adoram) &#8211; Danilo Ben\u00edcio &#8211; Batucadan&#8221; Canal:<a href=\"https:\/\/www.youtube.com\/channel\/UCtA0YGF6-tigBWrbSc_ZS9g\">Marianinha Show<\/a> &#8211; https:\/\/www.youtube.com\/watch?v=zZzJhgTZZpY<\/figcaption><\/figure>\n\n\n\n<p class=\"has-very-light-gray-color has-very-dark-gray-background-color has-text-color has-background has-medium-font-size\">Atividade 4: <\/p>\n\n\n\n<p class=\"has-medium-font-size\">Agora, que tal voc\u00ea desenhar a brincadeira que mais gostou? O desenho pode ser feito em seu caderno ou em uma folha avulsa.&nbsp;<\/p>\n\n\n\n<p class=\"has-vivid-purple-color has-text-color has-large-font-size\">Por hoje \u00e9 s\u00f3. At\u00e9 a pr\u00f3xima aula!<\/p>\n\n\n\n<hr class=\"wp-block-separator\"\/>\n\n\n\n<p><strong>Saiba Mais | Refer\u00eancias:<\/strong><\/p>\n\n\n\n<div class=\"wp-block-columns is-layout-flex wp-container-core-columns-is-layout-9d6595d7 wp-block-columns-is-layout-flex\">\n<div class=\"wp-block-column is-layout-flow wp-block-column-is-layout-flow\">\n<figure class=\"wp-block-embed is-type-video is-provider-youtube wp-block-embed-youtube wp-embed-aspect-16-9 wp-has-aspect-ratio\"><div class=\"wp-block-embed__wrapper\">\n<p class=\"responsive-video-wrap clr\"><iframe title=\"brincadeiras folcloricas\" width=\"1200\" height=\"675\" src=\"https:\/\/www.youtube.com\/embed\/kGTAe9qXapg?feature=oembed\" frameborder=\"0\" allow=\"accelerometer; autoplay; clipboard-write; encrypted-media; gyroscope; picture-in-picture\" allowfullscreen><\/iframe><\/p>\n<\/div><figcaption>&#8220;brincadeiras folcloricas&#8221; Canal: <br>EMEB JOS\u00c9 LUIZ JUC\u00c1 &#8211; https:\/\/www.youtube.com\/watch?v=kGTAe9qXapg<\/figcaption><\/figure>\n<\/div>\n\n\n\n<div class=\"wp-block-column is-layout-flow wp-block-column-is-layout-flow\"><\/div>\n<\/div>\n\n\n\n<hr class=\"wp-block-separator\"\/>\n\n\n\n<figure class=\"wp-block-table alignfull\"><table><tbody><tr><td>Unidade Tem\u00e1tica:<\/td><td>Jogos e brincadeiras<\/td><\/tr><tr><td>Objeto de Conhecimento<\/td><td>Brincadeiras e jogos da cultura popular, presentes no contexto comunit\u00e1rio e regional:ConceitoHist\u00f3ria<\/td><\/tr><tr><td>Habilidades<\/td><td>(GO-EF01EF01) Recordar e conhecer diferentes, brinquedos, brincadeiras e jogos da cultura popular, de diferentes caracter\u00edsticas, principalmente as cooperativas, presentes no contexto comunit\u00e1rio e regional, respeitando as diferen\u00e7as individuais dos colegas e valorizando o trabalho coletivo.<\/td><\/tr><\/tbody><\/table><\/figure>\n\n\n\n<hr class=\"wp-block-separator\"\/>\n\n\n\n<figure class=\"wp-block-table alignfull\"><table><tbody><tr><td>Proponentes\/ Professores:<\/td><td>Climene Rodrigues Ferreira&nbsp;Wanda Maria Oliveira da SilvaRafael Santos NunesJos\u00e9 Ant\u00f4nio Pereira<\/td><\/tr><tr><td>Institui\u00e7\u00e3o Educacional:<\/td><td>Escola Municipal Professora Leon\u00edsia Naves de Almeida<\/td><\/tr><tr><td>CRE:<\/td><td>Maria Helena B. Bretas<\/td><\/tr><\/tbody><\/table><\/figure>\n\n\n\n<hr class=\"wp-block-separator\"\/>\n\n\n\n<p>Ensino Fundamental &#8211; Ciclo da Inf\u00e2ncia \u2013 Turma A \u2013 1\u00ba Ano &#8211; Corpo, Express\u00e3o e Movimento<\/p>\n","protected":false},"author":24,"featured_media":59285,"template":"","ef_categoria":[13,17],"ef_ano":[84],"ef_componente":[97],"class_list":["post-59284","ensino_fundamental","type-ensino_fundamental","status-publish","has-post-thumbnail","hentry","ef_categoria-ciclo-da-infancia-abc","ef_categoria-corpo-e-movimento","ef_ano-1o-ano","ef_componente-educacao-fisica","entry","has-media"],"acf":[],"_links":{"self":[{"href":"https:\/\/sme.goiania.go.gov.br\/conexaoescola\/wp-json\/wp\/v2\/ensino_fundamental\/59284","targetHints":{"allow":["GET"]}}],"collection":[{"href":"https:\/\/sme.goiania.go.gov.br\/conexaoescola\/wp-json\/wp\/v2\/ensino_fundamental"}],"about":[{"href":"https:\/\/sme.goiania.go.gov.br\/conexaoescola\/wp-json\/wp\/v2\/types\/ensino_fundamental"}],"author":[{"embeddable":true,"href":"https:\/\/sme.goiania.go.gov.br\/conexaoescola\/wp-json\/wp\/v2\/users\/24"}],"version-history":[{"count":0,"href":"https:\/\/sme.goiania.go.gov.br\/conexaoescola\/wp-json\/wp\/v2\/ensino_fundamental\/59284\/revisions"}],"wp:featuredmedia":[{"embeddable":true,"href":"https:\/\/sme.goiania.go.gov.br\/conexaoescola\/wp-json\/wp\/v2\/media\/59285"}],"wp:attachment":[{"href":"https:\/\/sme.goiania.go.gov.br\/conexaoescola\/wp-json\/wp\/v2\/media?parent=59284"}],"wp:term":[{"taxonomy":"ef_categoria","embeddable":true,"href":"https:\/\/sme.goiania.go.gov.br\/conexaoescola\/wp-json\/wp\/v2\/ef_categoria?post=59284"},{"taxonomy":"ef_ano","embeddable":true,"href":"https:\/\/sme.goiania.go.gov.br\/conexaoescola\/wp-json\/wp\/v2\/ef_ano?post=59284"},{"taxonomy":"ef_componente","embeddable":true,"href":"https:\/\/sme.goiania.go.gov.br\/conexaoescola\/wp-json\/wp\/v2\/ef_componente?post=59284"}],"curies":[{"name":"wp","href":"https:\/\/api.w.org\/{rel}","templated":true}]}}

Educação Física &#8211; Conhecendo os brinquedos cantados

<p class="has-very-light-gray-color has-vivid-cyan-blue-background-color has-text-color has-background has-medium-font-size">Olá! Você sabe o que são brinquedos cantados? Na atividade de hoje aprenderemos várias brincadeiras! Vamos lá!</p>



<hr class="wp-block-separator"/>



<p class="has-very-light-gray-color has-very-dark-gray-background-color has-text-color has-background has-medium-font-size">Atividade 1:&nbsp;</p>



<p class="has-medium-font-size"> Assista ao vídeo e vamos aprender a cantar e a se movimentar de acordo com a música: Sai, piaba! Convide alguém da sua casa para brincar com você!</p>



<p class="has-medium-font-size">Disponível no link abaixo &#8211; Canal: Colégio Assunção.&nbsp;</p>



<figure class="wp-block-embed is-type-video is-provider-youtube wp-block-embed-youtube wp-embed-aspect-16-9 wp-has-aspect-ratio"><div class="wp-block-embed__wrapper">
<p class="responsive-video-wrap clr"><iframe title="Sai, piaba!" width="1200" height="675" src="https://www.youtube.com/embed/3vjIKSA-7iQ?feature=oembed" frameborder="0" allow="accelerometer; autoplay; clipboard-write; encrypted-media; gyroscope; picture-in-picture" allowfullscreen></iframe></p>
</div><figcaption>&#8220;<strong>Sai, piaba!</strong>&#8221; Canal: <a href="https://www.youtube.com/channel/UC2of38Ac28ALYyZWLaCBLlA">Colégio Assunção</a> &#8211; https://www.youtube.com/watch?v=3vjIKSA-7iQ</figcaption></figure>



<p class="has-very-light-gray-color has-very-dark-gray-background-color has-text-color has-background has-medium-font-size">&nbsp;Atividade 2: </p>



<p class="has-medium-font-size">Então, o que são brinquedos cantados?&nbsp;</p>



<p class="has-medium-font-size">Os brinquedos cantados são brincadeiras cantadas que fazem parte do folclore brasileiro. Geralmente são cantigas acompanhadas de movimentos expressivos saltitantes e / ou dramatizados, como a música: Sai, piaba! que você aprendeu antes.</p>



<p class="has-medium-font-size">(Ao apresentar este texto, colocarei, simultaneamente um áudio, em que leio o texto para que os educandos possam acompanhar a explicação).</p>



<p class="has-medium-font-size">Agora, para compreender melhor o que é brinquedo cantado, vamos assistir o vídeo da Turma do Ticolicos / Narrativas do Brasil – Por que existe folclore? – Disponível em:</p>



<figure class="wp-block-embed is-type-video is-provider-youtube wp-block-embed-youtube wp-embed-aspect-16-9 wp-has-aspect-ratio"><div class="wp-block-embed__wrapper">
<p class="responsive-video-wrap clr"><iframe title="POR QUE EXISTE FOLCLORE? #Ticolicos|Narrativas do Brasil" width="1200" height="675" src="https://www.youtube.com/embed/WTyd-MlCmcc?feature=oembed" frameborder="0" allow="accelerometer; autoplay; clipboard-write; encrypted-media; gyroscope; picture-in-picture" allowfullscreen></iframe></p>
</div><figcaption>&#8220;POR QUE EXISTE FOLCLORE?&#8221; Canal:&nbsp;<a href="https://www.youtube.com/results?search_query=%23Ticolicos"></a><a href="https://www.youtube.com/channel/UCWLNF6wlHEAin0kukYW0uow">Ticolicos &#8211; Canal Infantil</a> &#8211; https://www.youtube.com/watch?v=WTyd-MlCmcc<br></figcaption></figure>



<p class="has-very-light-gray-color has-very-dark-gray-background-color has-text-color has-background has-medium-font-size">Atividade 3:</p>



<p class="has-medium-font-size">Depois que você aprendeu sobre o folclore e os brinquedos cantados, vamos aprender mais uma brincadeira cantada? É a música: A mulher do sapo, de Danilo Benício – Batucadan.</p>



<p class="has-medium-font-size">Vamos brincar com a mulher do sapo? É só acessar o link abaixo do Canal da Marianinha Show, vamos lá!</p>



<figure class="wp-block-embed is-type-video is-provider-youtube wp-block-embed-youtube wp-embed-aspect-16-9 wp-has-aspect-ratio"><div class="wp-block-embed__wrapper">
<p class="responsive-video-wrap clr"><iframe title="A Mulher do Sapo - (As crianças adoram) - Danilo Benício - Batucadan" width="1200" height="675" src="https://www.youtube.com/embed/zZzJhgTZZpY?feature=oembed" frameborder="0" allow="accelerometer; autoplay; clipboard-write; encrypted-media; gyroscope; picture-in-picture" allowfullscreen></iframe></p>
</div><figcaption>&#8220;A Mulher do Sapo &#8211; (As crianças adoram) &#8211; Danilo Benício &#8211; Batucadan&#8221; Canal:<a href="https://www.youtube.com/channel/UCtA0YGF6-tigBWrbSc_ZS9g">Marianinha Show</a> &#8211; https://www.youtube.com/watch?v=zZzJhgTZZpY</figcaption></figure>



<p class="has-very-light-gray-color has-very-dark-gray-background-color has-text-color has-background has-medium-font-size">Atividade 4: </p>



<p class="has-medium-font-size">Agora, que tal você desenhar a brincadeira que mais gostou? O desenho pode ser feito em seu caderno ou em uma folha avulsa.&nbsp;</p>



<p class="has-vivid-purple-color has-text-color has-large-font-size">Por hoje é só. Até a próxima aula!</p>



<hr class="wp-block-separator"/>



<p><strong>Saiba Mais | Referências:</strong></p>



<div class="wp-block-columns is-layout-flex wp-container-core-columns-is-layout-9d6595d7 wp-block-columns-is-layout-flex">
<div class="wp-block-column is-layout-flow wp-block-column-is-layout-flow">
<figure class="wp-block-embed is-type-video is-provider-youtube wp-block-embed-youtube wp-embed-aspect-16-9 wp-has-aspect-ratio"><div class="wp-block-embed__wrapper">
<p class="responsive-video-wrap clr"><iframe title="brincadeiras folcloricas" width="1200" height="675" src="https://www.youtube.com/embed/kGTAe9qXapg?feature=oembed" frameborder="0" allow="accelerometer; autoplay; clipboard-write; encrypted-media; gyroscope; picture-in-picture" allowfullscreen></iframe></p>
</div><figcaption>&#8220;brincadeiras folcloricas&#8221; Canal: <br>EMEB JOSÉ LUIZ JUCÁ &#8211; https://www.youtube.com/watch?v=kGTAe9qXapg</figcaption></figure>
</div>



<div class="wp-block-column is-layout-flow wp-block-column-is-layout-flow"></div>
</div>



<hr class="wp-block-separator"/>



<figure class="wp-block-table alignfull"><table><tbody><tr><td>Unidade Temática:</td><td>Jogos e brincadeiras</td></tr><tr><td>Objeto de Conhecimento</td><td>Brincadeiras e jogos da cultura popular, presentes no contexto comunitário e regional:ConceitoHistória</td></tr><tr><td>Habilidades</td><td>(GO-EF01EF01) Recordar e conhecer diferentes, brinquedos, brincadeiras e jogos da cultura popular, de diferentes características, principalmente as cooperativas, presentes no contexto comunitário e regional, respeitando as diferenças individuais dos colegas e valorizando o trabalho coletivo.</td></tr></tbody></table></figure>



<hr class="wp-block-separator"/>



<figure class="wp-block-table alignfull"><table><tbody><tr><td>Proponentes/ Professores:</td><td>Climene Rodrigues Ferreira&nbsp;Wanda Maria Oliveira da SilvaRafael Santos NunesJosé Antônio Pereira</td></tr><tr><td>Instituição Educacional:</td><td>Escola Municipal Professora Leonísia Naves de Almeida</td></tr><tr><td>CRE:</td><td>Maria Helena B. Bretas</td></tr></tbody></table></figure>



<hr class="wp-block-separator"/>



<p>Ensino Fundamental &#8211; Ciclo da Infância – Turma A – 1º Ano &#8211; Corpo, Expressão e Movimento</p>
