{"id":59248,"date":"2020-11-16T07:00:00","date_gmt":"2020-11-16T09:00:00","guid":{"rendered":"https:\/\/sme.goiania.go.gov.br\/conexaoescola\/?post_type=ensino_fundamental&#038;p=59248"},"modified":"2020-11-15T21:03:46","modified_gmt":"2020-11-15T23:03:46","slug":"leitura-escrita-e-declamacao-de-poemas","status":"publish","type":"ensino_fundamental","link":"https:\/\/sme.goiania.go.gov.br\/conexaoescola\/ensino_fundamental\/leitura-escrita-e-declamacao-de-poemas\/","title":{"rendered":"Leitura, escrita e declama\u00e7\u00e3o de poemas."},"content":{"rendered":"\n<p class=\"has-drop-cap has-medium-font-size\">Ol\u00e1! Hoje vamos conhecer o Poema. Ele \u00e9 um g\u00eanero textual caracterizado como liter\u00e1rio e s\u00e3o estruturados em versos e estrofes. Vamos juntos aprender sobre os Poemas?\u00a0<\/p>\n\n\n\n<hr class=\"wp-block-separator\"\/>\n\n\n\n<p class=\"has-text-color has-background has-medium-font-size has-very-light-gray-color has-very-dark-gray-background-color\"><strong>Atividade 1<\/strong><\/p>\n\n\n\n<p class=\"has-medium-font-size\">Escolha algu\u00e9m da sua fam\u00edlia e fa\u00e7a a leitura do poema e em seguida converse o que voc\u00eas entenderam sobre ele.<\/p>\n\n\n\n<p class=\"has-medium-font-size\"><strong>Que horas s\u00e3o<\/strong><strong>&nbsp;&nbsp;&nbsp;<\/strong><\/p>\n\n\n\n<p class=\"has-medium-font-size\">No rel\u00f3gio do Caio<\/p>\n\n\n\n<p class=\"has-medium-font-size\">n\u00e3o tem nenhum n\u00famero, n\u00e3o.&nbsp;&nbsp;&nbsp;<\/p>\n\n\n\n<p class=\"has-medium-font-size\">No lugar do n\u00famero 12 tem um raio,<\/p>\n\n\n\n<p class=\"has-medium-font-size\">no lugar do 6, um vulc\u00e3o.<\/p>\n\n\n\n<p class=\"has-medium-font-size\">Em vez de 3<\/p>\n\n\n\n<p class=\"has-medium-font-size\">tem um gato xadrez.<\/p>\n\n\n\n<p class=\"has-medium-font-size\">Em vez de 9,<\/p>\n\n\n\n<p class=\"has-medium-font-size\">um cora\u00e7\u00e3o escrito <em>love<\/em>.<\/p>\n\n\n\n<p class=\"has-medium-font-size\">Se o ponteiro do rel\u00f3gio, partindo do vulc\u00e3o,<\/p>\n\n\n\n<p class=\"has-medium-font-size\">der um quarto de volta,<\/p>\n\n\n\n<p class=\"has-medium-font-size\">pra onde ele apontar\u00e1 ent\u00e3o?<\/p>\n\n\n\n<blockquote class=\"wp-block-quote is-layout-flow wp-block-quote-is-layout-flow\"><p><\/p><cite><strong>BUENO, Renata. Poemas problemas. Editora do Brasil, 2014.<\/strong><\/cite><\/blockquote>\n\n\n\n<p class=\"has-text-color has-background has-medium-font-size has-very-light-gray-color has-very-dark-gray-background-color\"><strong>Atividade 2<\/strong><\/p>\n\n\n\n<p class=\"has-medium-font-size\">Agora, para entendermos melhor vamos assistir aos v\u00eddeos:<\/p>\n\n\n\n<figure class=\"wp-block-embed-youtube wp-block-embed is-type-video is-provider-youtube wp-embed-aspect-16-9 wp-has-aspect-ratio\"><div class=\"wp-block-embed__wrapper\">\n<p class=\"responsive-video-wrap clr\"><iframe title=\"Veja um pouco sobre G\u00eanero Poema\" width=\"1200\" height=\"675\" src=\"https:\/\/www.youtube.com\/embed\/I08E7gW1EWA?feature=oembed\" frameborder=\"0\" allow=\"accelerometer; autoplay; clipboard-write; encrypted-media; gyroscope; picture-in-picture\" allowfullscreen><\/iframe><\/p>\n<\/div><figcaption>&#8220;Veja um pouco sobre G\u00eanero Poema&#8221; Canal: Educar Sempre-<a href=\"https:\/\/youtu.be\/I08E7gW1EWA\">https:\/\/youtu.be\/I08E7gW1EWA<\/a><\/figcaption><\/figure>\n\n\n\n<hr class=\"wp-block-separator\"\/>\n\n\n\n<figure class=\"wp-block-embed-youtube wp-block-embed is-type-video is-provider-youtube wp-embed-aspect-16-9 wp-has-aspect-ratio\"><div class=\"wp-block-embed__wrapper\">\n<p class=\"responsive-video-wrap clr\"><iframe title=\"videoclipe - O que \u00e9 um poema?\" width=\"1200\" height=\"675\" src=\"https:\/\/www.youtube.com\/embed\/TedJnMYP0vk?feature=oembed\" frameborder=\"0\" allow=\"accelerometer; autoplay; clipboard-write; encrypted-media; gyroscope; picture-in-picture\" allowfullscreen><\/iframe><\/p>\n<\/div><figcaption>&#8220;O que \u00e9 um poema?&#8221; Canal: Conectturma &#8211; <a href=\"https:\/\/youtu.be\/TedJnMYP0vk\">https:\/\/youtu.be\/TedJnMYP0vk<\/a>\u00a0<\/figcaption><\/figure>\n\n\n\n<p class=\"has-medium-font-size\">Declamar \u00e9 recitar um poema em voz alta.<\/p>\n\n\n\n<p class=\"has-medium-font-size\">Agora assista a declama\u00e7\u00e3o do poema: \u201cNunca \u00e9 tarde\u201d, de Br\u00e1ulio Bessa:<\/p>\n\n\n\n<figure class=\"wp-block-embed-youtube wp-block-embed is-type-video is-provider-youtube wp-embed-aspect-16-9 wp-has-aspect-ratio\"><div class=\"wp-block-embed__wrapper\">\n<p class=\"responsive-video-wrap clr\"><iframe title=\"Br\u00e1ulio Bessa - Nunca \u00e9 tarde\" width=\"1200\" height=\"675\" src=\"https:\/\/www.youtube.com\/embed\/2hSXlu0OtXI?feature=oembed\" frameborder=\"0\" allow=\"accelerometer; autoplay; clipboard-write; encrypted-media; gyroscope; picture-in-picture\" allowfullscreen><\/iframe><\/p>\n<\/div><figcaption>&#8220;Nunca \u00e9 tarde&#8221;Canal: Warley Ribeiro &#8211; <a href=\"https:\/\/youtu.be\/2hSXlu0OtXI\">https:\/\/youtu.be\/2hSXlu0OtXI<\/a>\u00a0<\/figcaption><\/figure>\n\n\n\n<p class=\"has-medium-font-size\"><strong>Atividade 3&nbsp;<\/strong><\/p>\n\n\n\n<p class=\"has-medium-font-size\">Vamos praticar? Agora ponha em a\u00e7\u00e3o tudo o que voc\u00ea aprendeu.<\/p>\n\n\n\n<p class=\"has-medium-font-size\">Escolha um tema para produzir um poema de um assunto do seu interesse.<\/p>\n\n\n\n<p class=\"has-medium-font-size\">Escreva um poema em seu caderno ou em uma folha em branco.<\/p>\n\n\n\n<p class=\"has-medium-font-size\">Ilustre seu poema utilizando figuras de imagens relacionadas a sua escrita ou fa\u00e7a um desenho.<\/p>\n\n\n\n<p class=\"has-medium-font-size\">Fa\u00e7a a declama\u00e7\u00e3o do poema a sua fam\u00edlia. E se voc\u00ea quiser fa\u00e7a ainda um v\u00eddeo declamando o poema e mande para sua escola.\u00a0<\/p>\n\n\n\n<hr class=\"wp-block-separator\"\/>\n\n\n\n<div class=\"wp-block-columns is-layout-flex wp-container-core-columns-is-layout-9d6595d7 wp-block-columns-is-layout-flex\">\n<div class=\"wp-block-column is-layout-flow wp-block-column-is-layout-flow\">\n<figure class=\"wp-block-embed-youtube wp-block-embed is-type-video is-provider-youtube wp-embed-aspect-16-9 wp-has-aspect-ratio\"><div class=\"wp-block-embed__wrapper\">\n<p class=\"responsive-video-wrap clr\"><iframe title=\"Falando de poema\" width=\"1200\" height=\"675\" src=\"https:\/\/www.youtube.com\/embed\/l4w77M52yVc?feature=oembed\" frameborder=\"0\" allow=\"accelerometer; autoplay; clipboard-write; encrypted-media; gyroscope; picture-in-picture\" allowfullscreen><\/iframe><\/p>\n<\/div><figcaption>&#8220;Falando de Poema&#8221; Canal: Joelma Almeida- https:\/\/youtu.be\/l4w77M52yVc<\/figcaption><\/figure>\n<\/div>\n\n\n\n<div class=\"wp-block-column is-layout-flow wp-block-column-is-layout-flow\">\n<figure class=\"wp-block-embed-youtube wp-block-embed is-type-video is-provider-youtube wp-embed-aspect-16-9 wp-has-aspect-ratio\"><div class=\"wp-block-embed__wrapper\">\n<p class=\"responsive-video-wrap clr\"><iframe title=\"VAMOS RIMAR? Aprenda a rimar de forma divertida e musical.\" width=\"1200\" height=\"675\" src=\"https:\/\/www.youtube.com\/embed\/ZjoOT4bp2AE?feature=oembed\" frameborder=\"0\" allow=\"accelerometer; autoplay; clipboard-write; encrypted-media; gyroscope; picture-in-picture\" allowfullscreen><\/iframe><\/p>\n<\/div><figcaption>&#8220;Vamos rimar? Aprenda a rimar de forma divertida e musical.&#8221;Canal: Roberta Paci\u00eancia-https:\/\/youtu.be\/ZjoOT4bp2AE<\/figcaption><\/figure>\n<\/div>\n<\/div>\n\n\n\n<hr class=\"wp-block-separator\"\/>\n\n\n\n<figure class=\"wp-block-table alignfull\"><table><tbody><tr><td>Objeto de Conhecimento<\/td><td>Poemas: entona\u00e7\u00e3o, ritmo, musicalidade;<br>Textos versificados: rimas, alitera\u00e7\u00f5es e diferentes modos de divis\u00e3o dos versos, estrofes e refr\u00e3os e seu efeito de sentido.<\/td><\/tr><tr><td>Habilidades<\/td><td>(EF35LP27) Ler e compreender, com certa autonomia, textos em versos, explorando rimas, sons e jogos de palavras, imagens po\u00e9ticas (sentidos figurados) e recursos visuais e sonoros.<br>(EF35LP23-A) Ler poemas e outros textos versificados, observando rimas, alitera\u00e7\u00f5es e diferentes modos de divis\u00e3o dos versos, estrofes e refr\u00e3os e seus efeitos de sentido.<\/td><\/tr><\/tbody><\/table><\/figure>\n\n\n\n<hr class=\"wp-block-separator\"\/>\n\n\n\n<figure class=\"wp-block-table alignfull\"><table><tbody><tr><td>Proponentes\/ Professores:<\/td><td>Milka Correa de Mendon\u00e7a<\/td><\/tr><tr><td>Institui\u00e7\u00e3o Educacional:<\/td><td>Escola Municipal Jarbas Jayme<\/td><\/tr><tr><td>CRE:<\/td><td>Coordenadoria Regional de Educa\u00e7\u00e3o Jarbas Jayme<\/td><\/tr><\/tbody><\/table><\/figure>\n\n\n\n<hr class=\"wp-block-separator\"\/>\n\n\n\n<p>Ensino Fundamental &#8211; Ciclo da Inf\u00e2ncia \u2013 Turma E \u2013 5\u00ba ano &#8211; \u00c9tica e Cidadania<\/p>\n","protected":false},"author":24,"featured_media":59249,"template":"","ef_categoria":[25],"ef_ano":[],"ef_componente":[],"class_list":["post-59248","ensino_fundamental","type-ensino_fundamental","status-publish","has-post-thumbnail","hentry","ef_categoria-etica-e-cidadania-ciclo-da-infancia-de","entry","has-media"],"acf":[],"_links":{"self":[{"href":"https:\/\/sme.goiania.go.gov.br\/conexaoescola\/wp-json\/wp\/v2\/ensino_fundamental\/59248","targetHints":{"allow":["GET"]}}],"collection":[{"href":"https:\/\/sme.goiania.go.gov.br\/conexaoescola\/wp-json\/wp\/v2\/ensino_fundamental"}],"about":[{"href":"https:\/\/sme.goiania.go.gov.br\/conexaoescola\/wp-json\/wp\/v2\/types\/ensino_fundamental"}],"author":[{"embeddable":true,"href":"https:\/\/sme.goiania.go.gov.br\/conexaoescola\/wp-json\/wp\/v2\/users\/24"}],"version-history":[{"count":0,"href":"https:\/\/sme.goiania.go.gov.br\/conexaoescola\/wp-json\/wp\/v2\/ensino_fundamental\/59248\/revisions"}],"wp:featuredmedia":[{"embeddable":true,"href":"https:\/\/sme.goiania.go.gov.br\/conexaoescola\/wp-json\/wp\/v2\/media\/59249"}],"wp:attachment":[{"href":"https:\/\/sme.goiania.go.gov.br\/conexaoescola\/wp-json\/wp\/v2\/media?parent=59248"}],"wp:term":[{"taxonomy":"ef_categoria","embeddable":true,"href":"https:\/\/sme.goiania.go.gov.br\/conexaoescola\/wp-json\/wp\/v2\/ef_categoria?post=59248"},{"taxonomy":"ef_ano","embeddable":true,"href":"https:\/\/sme.goiania.go.gov.br\/conexaoescola\/wp-json\/wp\/v2\/ef_ano?post=59248"},{"taxonomy":"ef_componente","embeddable":true,"href":"https:\/\/sme.goiania.go.gov.br\/conexaoescola\/wp-json\/wp\/v2\/ef_componente?post=59248"}],"curies":[{"name":"wp","href":"https:\/\/api.w.org\/{rel}","templated":true}]}}

Leitura, escrita e declamação de poemas.

<p class="has-drop-cap has-medium-font-size">Olá! Hoje vamos conhecer o Poema. Ele é um gênero textual caracterizado como literário e são estruturados em versos e estrofes. Vamos juntos aprender sobre os Poemas? </p>



<hr class="wp-block-separator"/>



<p class="has-text-color has-background has-medium-font-size has-very-light-gray-color has-very-dark-gray-background-color"><strong>Atividade 1</strong></p>



<p class="has-medium-font-size">Escolha alguém da sua família e faça a leitura do poema e em seguida converse o que vocês entenderam sobre ele.</p>



<p class="has-medium-font-size"><strong>Que horas são</strong><strong>&nbsp;&nbsp;&nbsp;</strong></p>



<p class="has-medium-font-size">No relógio do Caio</p>



<p class="has-medium-font-size">não tem nenhum número, não.&nbsp;&nbsp;&nbsp;</p>



<p class="has-medium-font-size">No lugar do número 12 tem um raio,</p>



<p class="has-medium-font-size">no lugar do 6, um vulcão.</p>



<p class="has-medium-font-size">Em vez de 3</p>



<p class="has-medium-font-size">tem um gato xadrez.</p>



<p class="has-medium-font-size">Em vez de 9,</p>



<p class="has-medium-font-size">um coração escrito <em>love</em>.</p>



<p class="has-medium-font-size">Se o ponteiro do relógio, partindo do vulcão,</p>



<p class="has-medium-font-size">der um quarto de volta,</p>



<p class="has-medium-font-size">pra onde ele apontará então?</p>



<blockquote class="wp-block-quote is-layout-flow wp-block-quote-is-layout-flow"><p></p><cite><strong>BUENO, Renata. Poemas problemas. Editora do Brasil, 2014.</strong></cite></blockquote>



<p class="has-text-color has-background has-medium-font-size has-very-light-gray-color has-very-dark-gray-background-color"><strong>Atividade 2</strong></p>



<p class="has-medium-font-size">Agora, para entendermos melhor vamos assistir aos vídeos:</p>



<figure class="wp-block-embed-youtube wp-block-embed is-type-video is-provider-youtube wp-embed-aspect-16-9 wp-has-aspect-ratio"><div class="wp-block-embed__wrapper">
<p class="responsive-video-wrap clr"><iframe title="Veja um pouco sobre Gênero Poema" width="1200" height="675" src="https://www.youtube.com/embed/I08E7gW1EWA?feature=oembed" frameborder="0" allow="accelerometer; autoplay; clipboard-write; encrypted-media; gyroscope; picture-in-picture" allowfullscreen></iframe></p>
</div><figcaption>&#8220;Veja um pouco sobre Gênero Poema&#8221; Canal: Educar Sempre-<a href="https://youtu.be/I08E7gW1EWA">https://youtu.be/I08E7gW1EWA</a></figcaption></figure>



<hr class="wp-block-separator"/>



<figure class="wp-block-embed-youtube wp-block-embed is-type-video is-provider-youtube wp-embed-aspect-16-9 wp-has-aspect-ratio"><div class="wp-block-embed__wrapper">
<p class="responsive-video-wrap clr"><iframe title="videoclipe - O que é um poema?" width="1200" height="675" src="https://www.youtube.com/embed/TedJnMYP0vk?feature=oembed" frameborder="0" allow="accelerometer; autoplay; clipboard-write; encrypted-media; gyroscope; picture-in-picture" allowfullscreen></iframe></p>
</div><figcaption>&#8220;O que é um poema?&#8221; Canal: Conectturma &#8211; <a href="https://youtu.be/TedJnMYP0vk">https://youtu.be/TedJnMYP0vk</a> </figcaption></figure>



<p class="has-medium-font-size">Declamar é recitar um poema em voz alta.</p>



<p class="has-medium-font-size">Agora assista a declamação do poema: “Nunca é tarde”, de Bráulio Bessa:</p>



<figure class="wp-block-embed-youtube wp-block-embed is-type-video is-provider-youtube wp-embed-aspect-16-9 wp-has-aspect-ratio"><div class="wp-block-embed__wrapper">
<p class="responsive-video-wrap clr"><iframe title="Bráulio Bessa - Nunca é tarde" width="1200" height="675" src="https://www.youtube.com/embed/2hSXlu0OtXI?feature=oembed" frameborder="0" allow="accelerometer; autoplay; clipboard-write; encrypted-media; gyroscope; picture-in-picture" allowfullscreen></iframe></p>
</div><figcaption>&#8220;Nunca é tarde&#8221;Canal: Warley Ribeiro &#8211; <a href="https://youtu.be/2hSXlu0OtXI">https://youtu.be/2hSXlu0OtXI</a> </figcaption></figure>



<p class="has-medium-font-size"><strong>Atividade 3&nbsp;</strong></p>



<p class="has-medium-font-size">Vamos praticar? Agora ponha em ação tudo o que você aprendeu.</p>



<p class="has-medium-font-size">Escolha um tema para produzir um poema de um assunto do seu interesse.</p>



<p class="has-medium-font-size">Escreva um poema em seu caderno ou em uma folha em branco.</p>



<p class="has-medium-font-size">Ilustre seu poema utilizando figuras de imagens relacionadas a sua escrita ou faça um desenho.</p>



<p class="has-medium-font-size">Faça a declamação do poema a sua família. E se você quiser faça ainda um vídeo declamando o poema e mande para sua escola. </p>



<hr class="wp-block-separator"/>



<div class="wp-block-columns is-layout-flex wp-container-core-columns-is-layout-9d6595d7 wp-block-columns-is-layout-flex">
<div class="wp-block-column is-layout-flow wp-block-column-is-layout-flow">
<figure class="wp-block-embed-youtube wp-block-embed is-type-video is-provider-youtube wp-embed-aspect-16-9 wp-has-aspect-ratio"><div class="wp-block-embed__wrapper">
<p class="responsive-video-wrap clr"><iframe title="Falando de poema" width="1200" height="675" src="https://www.youtube.com/embed/l4w77M52yVc?feature=oembed" frameborder="0" allow="accelerometer; autoplay; clipboard-write; encrypted-media; gyroscope; picture-in-picture" allowfullscreen></iframe></p>
</div><figcaption>&#8220;Falando de Poema&#8221; Canal: Joelma Almeida- https://youtu.be/l4w77M52yVc</figcaption></figure>
</div>



<div class="wp-block-column is-layout-flow wp-block-column-is-layout-flow">
<figure class="wp-block-embed-youtube wp-block-embed is-type-video is-provider-youtube wp-embed-aspect-16-9 wp-has-aspect-ratio"><div class="wp-block-embed__wrapper">
<p class="responsive-video-wrap clr"><iframe title="VAMOS RIMAR? Aprenda a rimar de forma divertida e musical." width="1200" height="675" src="https://www.youtube.com/embed/ZjoOT4bp2AE?feature=oembed" frameborder="0" allow="accelerometer; autoplay; clipboard-write; encrypted-media; gyroscope; picture-in-picture" allowfullscreen></iframe></p>
</div><figcaption>&#8220;Vamos rimar? Aprenda a rimar de forma divertida e musical.&#8221;Canal: Roberta Paciência-https://youtu.be/ZjoOT4bp2AE</figcaption></figure>
</div>
</div>



<hr class="wp-block-separator"/>



<figure class="wp-block-table alignfull"><table><tbody><tr><td>Objeto de Conhecimento</td><td>Poemas: entonação, ritmo, musicalidade;<br>Textos versificados: rimas, aliterações e diferentes modos de divisão dos versos, estrofes e refrãos e seu efeito de sentido.</td></tr><tr><td>Habilidades</td><td>(EF35LP27) Ler e compreender, com certa autonomia, textos em versos, explorando rimas, sons e jogos de palavras, imagens poéticas (sentidos figurados) e recursos visuais e sonoros.<br>(EF35LP23-A) Ler poemas e outros textos versificados, observando rimas, aliterações e diferentes modos de divisão dos versos, estrofes e refrãos e seus efeitos de sentido.</td></tr></tbody></table></figure>



<hr class="wp-block-separator"/>



<figure class="wp-block-table alignfull"><table><tbody><tr><td>Proponentes/ Professores:</td><td>Milka Correa de Mendonça</td></tr><tr><td>Instituição Educacional:</td><td>Escola Municipal Jarbas Jayme</td></tr><tr><td>CRE:</td><td>Coordenadoria Regional de Educação Jarbas Jayme</td></tr></tbody></table></figure>



<hr class="wp-block-separator"/>



<p>Ensino Fundamental &#8211; Ciclo da Infância – Turma E – 5º ano &#8211; Ética e Cidadania</p>
