{"id":59246,"date":"2020-11-16T07:00:00","date_gmt":"2020-11-16T09:00:00","guid":{"rendered":"https:\/\/sme.goiania.go.gov.br\/conexaoescola\/?post_type=ensino_fundamental&#038;p=59246"},"modified":"2020-11-15T20:46:24","modified_gmt":"2020-11-15T22:46:24","slug":"ler-ouvir-e-se-divertir-2","status":"publish","type":"ensino_fundamental","link":"https:\/\/sme.goiania.go.gov.br\/conexaoescola\/ensino_fundamental\/ler-ouvir-e-se-divertir-2\/","title":{"rendered":"Ler, ouvir e se divertir"},"content":{"rendered":"\n<p class=\"has-drop-cap has-medium-font-size\">Oi! Vamos aprender a import\u00e2ncia da literatura em nosso \u00a0dia a dia e como podemos ler, ouvir e nos divertir ao \u00a0mesmo tempo. Vamos seguir juntos nessa viagem dentro \u00a0da literatura e de tudo que ela nos propicia?\u00a0<\/p>\n\n\n\n<hr class=\"wp-block-separator\"\/>\n\n\n\n<p class=\"has-text-color has-background has-medium-font-size has-very-light-gray-color has-vivid-purple-background-color\"><strong>Atividade 1:<\/strong><strong>&nbsp;<\/strong><\/p>\n\n\n\n<p class=\"has-medium-font-size\">Assista ao v\u00eddeo \u201cA semente da honestidade\u201d:<\/p>\n\n\n\n<figure class=\"wp-block-embed-youtube wp-block-embed is-type-video is-provider-youtube wp-embed-aspect-16-9 wp-has-aspect-ratio\"><div class=\"wp-block-embed__wrapper\">\n<p class=\"responsive-video-wrap clr\"><iframe title=\"A SEMENTE DA HONESTIDADE - Hist\u00f3ria Contada\" width=\"1200\" height=\"675\" src=\"https:\/\/www.youtube.com\/embed\/2TRh3Zf5-TA?feature=oembed\" frameborder=\"0\" allow=\"accelerometer; autoplay; clipboard-write; encrypted-media; gyroscope; picture-in-picture\" allowfullscreen><\/iframe><\/p>\n<\/div><figcaption>&#8220;A SEMENTE DA HONESTIDADE &#8211; Hist\u00f3ria Contada&#8221; Canal:Hist\u00f3ria Contada &#8211; https:\/\/www.youtube.com\/watch?v=2TRh3Zf5-TA&amp;feature=youtu.be<\/figcaption><\/figure>\n\n\n\n<hr class=\"wp-block-separator\"\/>\n\n\n\n<p class=\"has-medium-font-size\">Ap\u00f3s assistir ao v\u00eddeo reflita sobre a hist\u00f3ria e que mensagem ela quis nos passar.&nbsp; Se poss\u00edvel reconte a hist\u00f3ria a outras pessoas que convivem com voc\u00ea, para que&nbsp; elas tamb\u00e9m possam aprender sobre a import\u00e2ncia da honestidade em nossa vida. <strong><em>Sugest\u00e3o:&nbsp;<\/em><\/strong><\/p>\n\n\n\n<p class=\"has-medium-font-size\">Fa\u00e7a uma ilustra\u00e7\u00e3o da hist\u00f3ria, mostrando as partes que voc\u00ea achou mais&nbsp; interessante e lembre-se de nomear as personagens. Voc\u00ea poder\u00e1 utilizar l\u00e1pis de&nbsp; escrever, l\u00e1pis de cor, canetinhas, giz de cera, caderno de desenho ou qualquer &nbsp;outro papel que voc\u00ea possa desenhar.&nbsp;<\/p>\n\n\n\n<p class=\"has-text-color has-background has-medium-font-size has-very-light-gray-color has-vivid-purple-background-color\"><strong>Atividade 2:<\/strong><\/p>\n\n\n\n<p class=\"has-medium-font-size\">Acesse o link e leia a f\u00e1bula<strong>: \u201cA abelha e a formiga\u201d \u2013 a honestidade. <\/strong><\/p>\n\n\n\n<figure class=\"wp-block-embed-wordpress wp-block-embed is-type-wp-embed is-provider-blog-da-dad\"><div class=\"wp-block-embed__wrapper\">\n<div class=\"oceanwp-oembed-wrap clr\"><blockquote class=\"wp-embedded-content\" data-secret=\"H8PzIVleBp\"><a href=\"https:\/\/blogs.correiobraziliense.com.br\/dad\/a_abelha_e_a_formiga_-_a_honestidade\/\">A abelha e a formiga &#8212; a honestidade<\/a><\/blockquote><iframe class=\"wp-embedded-content\" sandbox=\"allow-scripts\" security=\"restricted\" style=\"position: absolute; clip: rect(1px, 1px, 1px, 1px);\" title=\"&#8220;A abelha e a formiga &#8212; a honestidade&#8221; &#8212; Blog da Dad\" src=\"https:\/\/blogs.correiobraziliense.com.br\/dad\/a_abelha_e_a_formiga_-_a_honestidade\/embed\/#?secret=H8PzIVleBp\" data-secret=\"H8PzIVleBp\" width=\"600\" height=\"338\" frameborder=\"0\" marginwidth=\"0\" marginheight=\"0\" scrolling=\"no\"><\/iframe><\/div>\n<\/div><\/figure>\n\n\n\n<p class=\"has-medium-font-size\">Com muita divers\u00e3o, vamos explorar novas experi\u00eancias e mergulhar no mundo&nbsp; dos livros e suas hist\u00f3rias? Contos escritos e orais (tradi\u00e7\u00e3o oral).&nbsp;<\/p>\n\n\n\n<p class=\"has-text-color has-background has-medium-font-size has-very-light-gray-color has-vivid-purple-background-color\"><strong><em>Sugest\u00e3o 1<\/em><\/strong><strong><em>&nbsp;<\/em><\/strong><\/p>\n\n\n\n<p class=\"has-medium-font-size\">&#8211; Agora que teve contato com os contos e j\u00e1 ouviu outras hist\u00f3rias de seus&nbsp; familiares, que tal selecionar algumas e fazer um sarau (<em>reuni\u00e3o com finalidade&nbsp; liter\u00e1ria<\/em>) de hist\u00f3rias? Depois poder\u00e1 fazer uma pizza de contos. &#8211; Como assim, professora? Acho que posso te ajudar. Sabe aquelas caixas de&nbsp; pizzas? Pegue uma e vai colocando os contos que voc\u00ea ouviu e pesquisou at\u00e9&nbsp; formar uma pizza, que s\u00e3o seis, sete, oito peda\u00e7os. Voc\u00ea decide. Caso n\u00e3o tenha a caixa, fa\u00e7a apenas os recortes dos contos em formato de pizza e cole os peda\u00e7os&nbsp; formando uma pizza de contos.&nbsp;<\/p>\n\n\n\n<p class=\"has-medium-font-size\"><strong><em>Sugest\u00e3o 2<\/em><\/strong><strong><em>&nbsp;<\/em><\/strong><\/p>\n\n\n\n<p class=\"has-medium-font-size\">Um cabide como varal de poesias&#8230; Pegue um cabide fa\u00e7a uma decora\u00e7\u00e3o legal, \u00e0&nbsp; sua maneira e cole os contos narrativos (f\u00e1bulas, cr\u00f4nicas, contos de fadas e&nbsp; outros&#8230;)&nbsp;<\/p>\n\n\n\n<p class=\"has-text-color has-background has-medium-font-size has-very-light-gray-color has-vivid-purple-background-color\"><strong>Atividade 3:&nbsp;<\/strong><\/p>\n\n\n\n<p class=\"has-medium-font-size\">Narrativa musical (hist\u00f3rias que nos provocam uma ideia de continuidade, se &nbsp;utilizando de express\u00f5es, movimentos dos corpos ou objetos).&nbsp;<\/p>\n\n\n\n<p class=\"has-medium-font-size\">Clique no link abaixo e vamos ver, ouvir e brincar&#8230;&nbsp;<\/p>\n\n\n\n<figure class=\"wp-block-embed-youtube wp-block-embed is-type-video is-provider-youtube wp-embed-aspect-16-9 wp-has-aspect-ratio\"><div class=\"wp-block-embed__wrapper\">\n<p class=\"responsive-video-wrap clr\"><iframe title=\"Palavra Cantada | Como fazer ABC dos Copos\" width=\"1200\" height=\"675\" src=\"https:\/\/www.youtube.com\/embed\/fFo1i8EIS74?feature=oembed\" frameborder=\"0\" allow=\"accelerometer; autoplay; clipboard-write; encrypted-media; gyroscope; picture-in-picture\" allowfullscreen><\/iframe><\/p>\n<\/div><figcaption>&#8220;Como fazer ABC dos Copos&#8221; Canal:Palavra Cantada-https:\/\/www.youtube.com\/watch?v=fFo1i8EIS74<\/figcaption><\/figure>\n\n\n\n<hr class=\"wp-block-separator\"\/>\n\n\n\n<p><strong>Saiba Mais\/ \u00a0Refer\u00eancias:\u00a0<\/strong><\/p>\n\n\n\n<p class=\"has-text-color has-background has-very-light-gray-color has-vivid-cyan-blue-background-color\"><a href=\"https:\/\/eraumavezumpodcast.com.br\/o-rato-e-o-elefante-o grilo-e-as-formigas-a-raposa-e-o-corvo-o-ratinho\/ \">https:\/\/eraumavezumpodcast.com.br\/o-rato-e-o-elefante-o grilo-e-as-formigas-a-raposa-e-o-corvo-o-ratinho\/ <\/a><\/p>\n\n\n\n<hr class=\"wp-block-separator\"\/>\n\n\n\n<figure class=\"wp-block-table alignfull\"><table><tbody><tr><td>Objeto de \u00a0Conhecimento<\/td><td>Leitura multissemi\u00f3tica;\u00a0Forma\u00e7\u00e3o de leitor liter\u00e1rio;\u00a0 Formas de composi\u00e7\u00e3o de narrativas;\u00a0 Personagens, enredo, tempo e espa\u00e7o;\u00a0 Identifica\u00e7\u00e3o nas narrativas de: cen\u00e1rio, personagem\u00a0 central, conflito gerador, resolu\u00e7\u00e3o e o ponto de vista\u00a0 de hist\u00f3rias narradas, foco narrativo;<\/td><\/tr><tr><td>Habilidades<\/td><td><strong>(EF15LP18) <\/strong>Relacionar textos com ilustra\u00e7\u00f5es e outros\u00a0 recursos gr\u00e1ficos (leitura multissemi\u00f3tica).\u00a0<strong>(EF15LP15-A\/B\/C) <\/strong>Reconhecer que os textos\u00a0\u00a0 liter\u00e1rios fazem parte do mundo do imagin\u00e1rio e\u00a0\u00a0 apresentam uma dimens\u00e3o l\u00fadica, de encantamento,\u00a0\u00a0 valorizando-os, em sua diversidade cultural, como\u00a0\u00a0 patrim\u00f4nio art\u00edstico da humanidade, incluindo a\u00a0\u00a0 literatura goiana.\u00a0<br><strong>(EF15LP02-C) <\/strong>Reconhecer o uso de recursos\u00a0\u00a0 expressivos gr\u00e1ficos-visuais, como caixa alta, negrito\u00a0\u00a0 it\u00e1lico, caracteres especiais, fontes coloridas, sinais do texto,\u00a0 demonstrando compreens\u00e3o global.\u00a0<strong>(EF35LP26) <\/strong>Ler e compreender, com certa\u00a0 autonomia, narrativas ficcionais (contos, cr\u00f4nicas,\u00a0 pe\u00e7as teatrais, entre outros&#8230;) observando os\u00a0 elementos e a estrutura narrativa (enredo, tempo,\u00a0 espa\u00e7o, personagens, narrador) e a constru\u00e7\u00e3o do\u00a0 discurso indireto e discurso direto.\u00a0 <strong>(GO-EF35LP39) <\/strong>Recontar textos narrativos ficcionais\u00a0 ap\u00f3s sua leitura e compreens\u00e3o.\u00a0 <strong>(EF15LP10-C)<\/strong> Desenvolver o senso cr\u00edtico, ap\u00f3s\u00a0 escuta atenta, sobre assuntos discutidos e estudados\u00a0 em diferentes situa\u00e7\u00f5es comunicativas.<\/td><\/tr><\/tbody><\/table><\/figure>\n\n\n\n<hr class=\"wp-block-separator\"\/>\n\n\n\n<figure class=\"wp-block-table alignfull\"><table><tbody><tr><td>Proponentes\/ \u00a0Professores:<\/td><td>Ana Karla de Oliveira\u00a0Luciane Moreira da Fonseca \u00a0Magda Rissatti Martins<\/td><\/tr><tr><td>Institui\u00e7\u00e3o \u00a0Educacional:<\/td><td>Escola Municipal de Tempo Integral Zevera Andrea Vecci\u00a0<\/td><\/tr><tr><td>CRE<\/td><td>Maria Thom\u00e9 Neto\u00a0<\/td><\/tr><\/tbody><\/table><\/figure>\n\n\n\n<hr class=\"wp-block-separator\"\/>\n\n\n\n<p>Ensino Fundamental -Ciclo da Inf\u00e2ncia &#8211; Turma E \u2013 5\u00ba ano &#8211; Experi\u00eancias e Curiosidades<\/p>\n\n\n\n<p><\/p>\n","protected":false},"author":24,"featured_media":59247,"template":"","ef_categoria":[14,26],"ef_ano":[],"ef_componente":[],"class_list":["post-59246","ensino_fundamental","type-ensino_fundamental","status-publish","has-post-thumbnail","hentry","ef_categoria-ciclo-da-infancia-de","ef_categoria-experiencias-e-curiosidades-ciclo-da-infancia-de","entry","has-media"],"acf":[],"_links":{"self":[{"href":"https:\/\/sme.goiania.go.gov.br\/conexaoescola\/wp-json\/wp\/v2\/ensino_fundamental\/59246","targetHints":{"allow":["GET"]}}],"collection":[{"href":"https:\/\/sme.goiania.go.gov.br\/conexaoescola\/wp-json\/wp\/v2\/ensino_fundamental"}],"about":[{"href":"https:\/\/sme.goiania.go.gov.br\/conexaoescola\/wp-json\/wp\/v2\/types\/ensino_fundamental"}],"author":[{"embeddable":true,"href":"https:\/\/sme.goiania.go.gov.br\/conexaoescola\/wp-json\/wp\/v2\/users\/24"}],"version-history":[{"count":0,"href":"https:\/\/sme.goiania.go.gov.br\/conexaoescola\/wp-json\/wp\/v2\/ensino_fundamental\/59246\/revisions"}],"wp:featuredmedia":[{"embeddable":true,"href":"https:\/\/sme.goiania.go.gov.br\/conexaoescola\/wp-json\/wp\/v2\/media\/59247"}],"wp:attachment":[{"href":"https:\/\/sme.goiania.go.gov.br\/conexaoescola\/wp-json\/wp\/v2\/media?parent=59246"}],"wp:term":[{"taxonomy":"ef_categoria","embeddable":true,"href":"https:\/\/sme.goiania.go.gov.br\/conexaoescola\/wp-json\/wp\/v2\/ef_categoria?post=59246"},{"taxonomy":"ef_ano","embeddable":true,"href":"https:\/\/sme.goiania.go.gov.br\/conexaoescola\/wp-json\/wp\/v2\/ef_ano?post=59246"},{"taxonomy":"ef_componente","embeddable":true,"href":"https:\/\/sme.goiania.go.gov.br\/conexaoescola\/wp-json\/wp\/v2\/ef_componente?post=59246"}],"curies":[{"name":"wp","href":"https:\/\/api.w.org\/{rel}","templated":true}]}}

<p class="has-drop-cap has-medium-font-size">Oi! Vamos aprender a importância da literatura em nosso  dia a dia e como podemos ler, ouvir e nos divertir ao  mesmo tempo. Vamos seguir juntos nessa viagem dentro  da literatura e de tudo que ela nos propicia? </p>



<hr class="wp-block-separator"/>



<p class="has-text-color has-background has-medium-font-size has-very-light-gray-color has-vivid-purple-background-color"><strong>Atividade 1:</strong><strong>&nbsp;</strong></p>



<p class="has-medium-font-size">Assista ao vídeo “A semente da honestidade”:</p>



<figure class="wp-block-embed-youtube wp-block-embed is-type-video is-provider-youtube wp-embed-aspect-16-9 wp-has-aspect-ratio"><div class="wp-block-embed__wrapper">
<p class="responsive-video-wrap clr"><iframe title="A SEMENTE DA HONESTIDADE - História Contada" width="1200" height="675" src="https://www.youtube.com/embed/2TRh3Zf5-TA?feature=oembed" frameborder="0" allow="accelerometer; autoplay; clipboard-write; encrypted-media; gyroscope; picture-in-picture" allowfullscreen></iframe></p>
</div><figcaption>&#8220;A SEMENTE DA HONESTIDADE &#8211; História Contada&#8221; Canal:História Contada &#8211; https://www.youtube.com/watch?v=2TRh3Zf5-TA&amp;feature=youtu.be</figcaption></figure>



<hr class="wp-block-separator"/>



<p class="has-medium-font-size">Após assistir ao vídeo reflita sobre a história e que mensagem ela quis nos passar.&nbsp; Se possível reconte a história a outras pessoas que convivem com você, para que&nbsp; elas também possam aprender sobre a importância da honestidade em nossa vida. <strong><em>Sugestão:&nbsp;</em></strong></p>



<p class="has-medium-font-size">Faça uma ilustração da história, mostrando as partes que você achou mais&nbsp; interessante e lembre-se de nomear as personagens. Você poderá utilizar lápis de&nbsp; escrever, lápis de cor, canetinhas, giz de cera, caderno de desenho ou qualquer &nbsp;outro papel que você possa desenhar.&nbsp;</p>



<p class="has-text-color has-background has-medium-font-size has-very-light-gray-color has-vivid-purple-background-color"><strong>Atividade 2:</strong></p>



<p class="has-medium-font-size">Acesse o link e leia a fábula<strong>: “A abelha e a formiga” – a honestidade. </strong></p>



<figure class="wp-block-embed-wordpress wp-block-embed is-type-wp-embed is-provider-blog-da-dad"><div class="wp-block-embed__wrapper">
<div class="oceanwp-oembed-wrap clr"><blockquote class="wp-embedded-content" data-secret="H8PzIVleBp"><a href="https://blogs.correiobraziliense.com.br/dad/a_abelha_e_a_formiga_-_a_honestidade/">A abelha e a formiga &#8212; a honestidade</a></blockquote><iframe class="wp-embedded-content" sandbox="allow-scripts" security="restricted" style="position: absolute; clip: rect(1px, 1px, 1px, 1px);" title="&#8220;A abelha e a formiga &#8212; a honestidade&#8221; &#8212; Blog da Dad" src="https://blogs.correiobraziliense.com.br/dad/a_abelha_e_a_formiga_-_a_honestidade/embed/#?secret=H8PzIVleBp" data-secret="H8PzIVleBp" width="600" height="338" frameborder="0" marginwidth="0" marginheight="0" scrolling="no"></iframe></div>
</div></figure>



<p class="has-medium-font-size">Com muita diversão, vamos explorar novas experiências e mergulhar no mundo&nbsp; dos livros e suas histórias? Contos escritos e orais (tradição oral).&nbsp;</p>



<p class="has-text-color has-background has-medium-font-size has-very-light-gray-color has-vivid-purple-background-color"><strong><em>Sugestão 1</em></strong><strong><em>&nbsp;</em></strong></p>



<p class="has-medium-font-size">&#8211; Agora que teve contato com os contos e já ouviu outras histórias de seus&nbsp; familiares, que tal selecionar algumas e fazer um sarau (<em>reunião com finalidade&nbsp; literária</em>) de histórias? Depois poderá fazer uma pizza de contos. &#8211; Como assim, professora? Acho que posso te ajudar. Sabe aquelas caixas de&nbsp; pizzas? Pegue uma e vai colocando os contos que você ouviu e pesquisou até&nbsp; formar uma pizza, que são seis, sete, oito pedaços. Você decide. Caso não tenha a caixa, faça apenas os recortes dos contos em formato de pizza e cole os pedaços&nbsp; formando uma pizza de contos.&nbsp;</p>



<p class="has-medium-font-size"><strong><em>Sugestão 2</em></strong><strong><em>&nbsp;</em></strong></p>



<p class="has-medium-font-size">Um cabide como varal de poesias&#8230; Pegue um cabide faça uma decoração legal, à&nbsp; sua maneira e cole os contos narrativos (fábulas, crônicas, contos de fadas e&nbsp; outros&#8230;)&nbsp;</p>



<p class="has-text-color has-background has-medium-font-size has-very-light-gray-color has-vivid-purple-background-color"><strong>Atividade 3:&nbsp;</strong></p>



<p class="has-medium-font-size">Narrativa musical (histórias que nos provocam uma ideia de continuidade, se &nbsp;utilizando de expressões, movimentos dos corpos ou objetos).&nbsp;</p>



<p class="has-medium-font-size">Clique no link abaixo e vamos ver, ouvir e brincar&#8230;&nbsp;</p>



<figure class="wp-block-embed-youtube wp-block-embed is-type-video is-provider-youtube wp-embed-aspect-16-9 wp-has-aspect-ratio"><div class="wp-block-embed__wrapper">
<p class="responsive-video-wrap clr"><iframe title="Palavra Cantada | Como fazer ABC dos Copos" width="1200" height="675" src="https://www.youtube.com/embed/fFo1i8EIS74?feature=oembed" frameborder="0" allow="accelerometer; autoplay; clipboard-write; encrypted-media; gyroscope; picture-in-picture" allowfullscreen></iframe></p>
</div><figcaption>&#8220;Como fazer ABC dos Copos&#8221; Canal:Palavra Cantada-https://www.youtube.com/watch?v=fFo1i8EIS74</figcaption></figure>



<hr class="wp-block-separator"/>



<p><strong>Saiba Mais/  Referências: </strong></p>



<p class="has-text-color has-background has-very-light-gray-color has-vivid-cyan-blue-background-color"><a href="https://eraumavezumpodcast.com.br/o-rato-e-o-elefante-o grilo-e-as-formigas-a-raposa-e-o-corvo-o-ratinho/ ">https://eraumavezumpodcast.com.br/o-rato-e-o-elefante-o grilo-e-as-formigas-a-raposa-e-o-corvo-o-ratinho/ </a></p>



<hr class="wp-block-separator"/>



<figure class="wp-block-table alignfull"><table><tbody><tr><td>Objeto de  Conhecimento</td><td>Leitura multissemiótica; Formação de leitor literário;  Formas de composição de narrativas;  Personagens, enredo, tempo e espaço;  Identificação nas narrativas de: cenário, personagem  central, conflito gerador, resolução e o ponto de vista  de histórias narradas, foco narrativo;</td></tr><tr><td>Habilidades</td><td><strong>(EF15LP18) </strong>Relacionar textos com ilustrações e outros  recursos gráficos (leitura multissemiótica). <strong>(EF15LP15-A/B/C) </strong>Reconhecer que os textos   literários fazem parte do mundo do imaginário e   apresentam uma dimensão lúdica, de encantamento,   valorizando-os, em sua diversidade cultural, como   patrimônio artístico da humanidade, incluindo a   literatura goiana. <br><strong>(EF15LP02-C) </strong>Reconhecer o uso de recursos   expressivos gráficos-visuais, como caixa alta, negrito   itálico, caracteres especiais, fontes coloridas, sinais do texto,  demonstrando compreensão global. <strong>(EF35LP26) </strong>Ler e compreender, com certa  autonomia, narrativas ficcionais (contos, crônicas,  peças teatrais, entre outros&#8230;) observando os  elementos e a estrutura narrativa (enredo, tempo,  espaço, personagens, narrador) e a construção do  discurso indireto e discurso direto.  <strong>(GO-EF35LP39) </strong>Recontar textos narrativos ficcionais  após sua leitura e compreensão.  <strong>(EF15LP10-C)</strong> Desenvolver o senso crítico, após  escuta atenta, sobre assuntos discutidos e estudados  em diferentes situações comunicativas.</td></tr></tbody></table></figure>



<hr class="wp-block-separator"/>



<figure class="wp-block-table alignfull"><table><tbody><tr><td>Proponentes/  Professores:</td><td>Ana Karla de Oliveira Luciane Moreira da Fonseca  Magda Rissatti Martins</td></tr><tr><td>Instituição  Educacional:</td><td>Escola Municipal de Tempo Integral Zevera Andrea Vecci </td></tr><tr><td>CRE</td><td>Maria Thomé Neto </td></tr></tbody></table></figure>



<hr class="wp-block-separator"/>



<p>Ensino Fundamental -Ciclo da Infância &#8211; Turma E – 5º ano &#8211; Experiências e Curiosidades</p>



<p></p>
