{"id":59171,"date":"2020-11-23T22:37:00","date_gmt":"2020-11-24T00:37:00","guid":{"rendered":"https:\/\/sme.goiania.go.gov.br\/conexaoescola\/?post_type=ensino_fundamental&#038;p=59171"},"modified":"2021-12-07T16:58:23","modified_gmt":"2021-12-07T18:58:23","slug":"estacoes-do-ano-verao","status":"publish","type":"ensino_fundamental","link":"https:\/\/sme.goiania.go.gov.br\/conexaoescola\/ensino_fundamental\/estacoes-do-ano-verao\/","title":{"rendered":"GEOGRAFIA &#8211; ESTA\u00c7\u00d5ES DO ANO \u2013 VER\u00c3O"},"content":{"rendered":"\n<hr class=\"wp-block-separator\"\/>\n\n\n\n<p class=\"has-text-align-center has-luminous-vivid-orange-color has-text-color has-small-font-size\">Ol\u00e1, estudante! Esta aula est\u00e1 vinculada ao programa da TV no dia 27\/11, sexta-feira, contemplando o eixo Experi\u00eancias e Curiosidades. No Portal Conex\u00e3o Escola, ela est\u00e1 apresentada em forma de atividade, mas voc\u00ea pode assistir a programa\u00e7\u00e3o quando desejar, acessando link na parte inferior da tela. Aproveite, assista e compartilhe!<\/p>\n\n\n\n<hr class=\"wp-block-separator\"\/>\n\n\n\n<p>Ol\u00e1, crian\u00e7as! Tudo bem com voc\u00eas?<\/p>\n\n\n\n<p>T\u00e1 fazendo calor a\u00ed? Bom, falando em tempo quente, a esta\u00e7\u00e3o que vem logo depois da PRIMAVERA, \u00e9 o VER\u00c3O. Essa palavra nasceu do latim, aquela l\u00edngua antiga que as pessoas falavam h\u00e1 muito tempo atr\u00e1s, e era assim: <strong><em>veranum tempus<\/em><\/strong>, que significa <strong>tempo da frutifica\u00e7\u00e3o<\/strong>. <\/p>\n\n\n\n<p>A professora Ge\u00f3rgia Ara\u00fajo, do canal Fora de Sala (do Youtube) explica de uma forma bem legal o motivo de termos, de 3 em 3 meses, as esta\u00e7\u00f5es do ano, vamos assistir:<\/p>\n\n\n\n<figure class=\"wp-block-embed is-type-video is-provider-youtube wp-block-embed-youtube wp-embed-aspect-16-9 wp-has-aspect-ratio\"><div class=\"wp-block-embed__wrapper\">\n<p class=\"responsive-video-wrap clr\"><iframe title=\"Esta\u00e7\u00f5es do Ano e a multiplica\u00e7\u00e3o das bolas de isopor. (Aula 8)\" width=\"1200\" height=\"675\" src=\"https:\/\/www.youtube.com\/embed\/iAFHPy8FFTw?feature=oembed\" frameborder=\"0\" allow=\"accelerometer; autoplay; clipboard-write; encrypted-media; gyroscope; picture-in-picture\" allowfullscreen><\/iframe><\/p>\n<\/div><\/figure>\n\n\n\n<p>Muito legal! Agora, vamos desenhar o que aprendemos?<\/p>\n\n\n\n<p class=\"has-luminous-vivid-orange-color has-text-color\"><strong>ATIVIDADE<\/strong><\/p>\n\n\n\n<p>Pegue seu caderno e divida a p\u00e1gina em quatro partes. Depois, escreva em cada uma o nome das esta\u00e7\u00f5es do ano, assim como mostramos na figura abaixo: <\/p>\n\n\n\n<div class=\"wp-block-image\"><figure class=\"aligncenter size-large\"><img fetchpriority=\"high\" decoding=\"async\" width=\"1024\" height=\"576\" src=\"https:\/\/sme.goiania.go.gov.br\/conexaoescola\/wp-content\/uploads\/2020\/11\/ATIVIDADECADERNOESTA\u00c7\u00d5ES-1024x576.jpg\" alt=\"\" class=\"wp-image-59173\" srcset=\"https:\/\/sme.goiania.go.gov.br\/conexaoescola\/wp-content\/uploads\/2020\/11\/ATIVIDADECADERNOESTA\u00c7\u00d5ES-1024x576.jpg 1024w, https:\/\/sme.goiania.go.gov.br\/conexaoescola\/wp-content\/uploads\/2020\/11\/ATIVIDADECADERNOESTA\u00c7\u00d5ES-300x169.jpg 300w, https:\/\/sme.goiania.go.gov.br\/conexaoescola\/wp-content\/uploads\/2020\/11\/ATIVIDADECADERNOESTA\u00c7\u00d5ES-768x432.jpg 768w, https:\/\/sme.goiania.go.gov.br\/conexaoescola\/wp-content\/uploads\/2020\/11\/ATIVIDADECADERNOESTA\u00c7\u00d5ES.jpg 1280w\" sizes=\"(max-width: 1024px) 100vw, 1024px\" \/><\/figure><\/div>\n\n\n\n<p>Agora, desenhe em cada espa\u00e7o, o que pode representar cada \u00e9poca. Se quiser, pode ver o v\u00eddeo da professora Ge\u00f3rgia mais uma vez OU, assista abaixo o Programa Conex\u00e3o Escola, quando abordamos esse assunto: <\/p>\n\n\n\n<figure class=\"wp-block-embed is-type-video is-provider-youtube wp-block-embed-youtube wp-embed-aspect-16-9 wp-has-aspect-ratio\"><div class=\"wp-block-embed__wrapper\">\n<p class=\"responsive-video-wrap clr\"><iframe title=\"Esta\u00e7\u00f5es do ano - Ver\u00e3o\/Inverno - Exp.  e Curiosidades - E. Fund. - A. I. - Bl 1   - 27 nov 2020\" width=\"1200\" height=\"675\" src=\"https:\/\/www.youtube.com\/embed\/dLqlAga4SY8?feature=oembed\" frameborder=\"0\" allow=\"accelerometer; autoplay; clipboard-write; encrypted-media; gyroscope; picture-in-picture\" allowfullscreen><\/iframe><\/p>\n<\/div><\/figure>\n","protected":false},"author":24,"featured_media":59165,"template":"","ef_categoria":[13,21],"ef_ano":[85],"ef_componente":[96],"class_list":["post-59171","ensino_fundamental","type-ensino_fundamental","status-publish","has-post-thumbnail","hentry","ef_categoria-ciclo-da-infancia-abc","ef_categoria-experiencias-e-curiosidades","ef_ano-2o-ano","ef_componente-geografia","entry","has-media"],"acf":[],"_links":{"self":[{"href":"https:\/\/sme.goiania.go.gov.br\/conexaoescola\/wp-json\/wp\/v2\/ensino_fundamental\/59171","targetHints":{"allow":["GET"]}}],"collection":[{"href":"https:\/\/sme.goiania.go.gov.br\/conexaoescola\/wp-json\/wp\/v2\/ensino_fundamental"}],"about":[{"href":"https:\/\/sme.goiania.go.gov.br\/conexaoescola\/wp-json\/wp\/v2\/types\/ensino_fundamental"}],"author":[{"embeddable":true,"href":"https:\/\/sme.goiania.go.gov.br\/conexaoescola\/wp-json\/wp\/v2\/users\/24"}],"version-history":[{"count":0,"href":"https:\/\/sme.goiania.go.gov.br\/conexaoescola\/wp-json\/wp\/v2\/ensino_fundamental\/59171\/revisions"}],"wp:featuredmedia":[{"embeddable":true,"href":"https:\/\/sme.goiania.go.gov.br\/conexaoescola\/wp-json\/wp\/v2\/media\/59165"}],"wp:attachment":[{"href":"https:\/\/sme.goiania.go.gov.br\/conexaoescola\/wp-json\/wp\/v2\/media?parent=59171"}],"wp:term":[{"taxonomy":"ef_categoria","embeddable":true,"href":"https:\/\/sme.goiania.go.gov.br\/conexaoescola\/wp-json\/wp\/v2\/ef_categoria?post=59171"},{"taxonomy":"ef_ano","embeddable":true,"href":"https:\/\/sme.goiania.go.gov.br\/conexaoescola\/wp-json\/wp\/v2\/ef_ano?post=59171"},{"taxonomy":"ef_componente","embeddable":true,"href":"https:\/\/sme.goiania.go.gov.br\/conexaoescola\/wp-json\/wp\/v2\/ef_componente?post=59171"}],"curies":[{"name":"wp","href":"https:\/\/api.w.org\/{rel}","templated":true}]}}

GEOGRAFIA &#8211; ESTAÇÕES DO ANO – VERÃO

<hr class="wp-block-separator"/>



<p class="has-text-align-center has-luminous-vivid-orange-color has-text-color has-small-font-size">Olá, estudante! Esta aula está vinculada ao programa da TV no dia 27/11, sexta-feira, contemplando o eixo Experiências e Curiosidades. No Portal Conexão Escola, ela está apresentada em forma de atividade, mas você pode assistir a programação quando desejar, acessando link na parte inferior da tela. Aproveite, assista e compartilhe!</p>



<hr class="wp-block-separator"/>



<p>Olá, crianças! Tudo bem com vocês?</p>



<p>Tá fazendo calor aí? Bom, falando em tempo quente, a estação que vem logo depois da PRIMAVERA, é o VERÃO. Essa palavra nasceu do latim, aquela língua antiga que as pessoas falavam há muito tempo atrás, e era assim: <strong><em>veranum tempus</em></strong>, que significa <strong>tempo da frutificação</strong>. </p>



<p>A professora Geórgia Araújo, do canal Fora de Sala (do Youtube) explica de uma forma bem legal o motivo de termos, de 3 em 3 meses, as estações do ano, vamos assistir:</p>



<figure class="wp-block-embed is-type-video is-provider-youtube wp-block-embed-youtube wp-embed-aspect-16-9 wp-has-aspect-ratio"><div class="wp-block-embed__wrapper">
<p class="responsive-video-wrap clr"><iframe title="Estações do Ano e a multiplicação das bolas de isopor. (Aula 8)" width="1200" height="675" src="https://www.youtube.com/embed/iAFHPy8FFTw?feature=oembed" frameborder="0" allow="accelerometer; autoplay; clipboard-write; encrypted-media; gyroscope; picture-in-picture" allowfullscreen></iframe></p>
</div></figure>



<p>Muito legal! Agora, vamos desenhar o que aprendemos?</p>



<p class="has-luminous-vivid-orange-color has-text-color"><strong>ATIVIDADE</strong></p>



<p>Pegue seu caderno e divida a página em quatro partes. Depois, escreva em cada uma o nome das estações do ano, assim como mostramos na figura abaixo: </p>



<div class="wp-block-image"><figure class="aligncenter size-large"><img fetchpriority="high" decoding="async" width="1024" height="576" src="https://sme.goiania.go.gov.br/conexaoescola/wp-content/uploads/2020/11/ATIVIDADECADERNOESTAÇÕES-1024x576.jpg" alt="" class="wp-image-59173" srcset="https://sme.goiania.go.gov.br/conexaoescola/wp-content/uploads/2020/11/ATIVIDADECADERNOESTAÇÕES-1024x576.jpg 1024w, https://sme.goiania.go.gov.br/conexaoescola/wp-content/uploads/2020/11/ATIVIDADECADERNOESTAÇÕES-300x169.jpg 300w, https://sme.goiania.go.gov.br/conexaoescola/wp-content/uploads/2020/11/ATIVIDADECADERNOESTAÇÕES-768x432.jpg 768w, https://sme.goiania.go.gov.br/conexaoescola/wp-content/uploads/2020/11/ATIVIDADECADERNOESTAÇÕES.jpg 1280w" sizes="(max-width: 1024px) 100vw, 1024px" /></figure></div>



<p>Agora, desenhe em cada espaço, o que pode representar cada época. Se quiser, pode ver o vídeo da professora Geórgia mais uma vez OU, assista abaixo o Programa Conexão Escola, quando abordamos esse assunto: </p>



<figure class="wp-block-embed is-type-video is-provider-youtube wp-block-embed-youtube wp-embed-aspect-16-9 wp-has-aspect-ratio"><div class="wp-block-embed__wrapper">
<p class="responsive-video-wrap clr"><iframe title="Estações do ano - Verão/Inverno - Exp.  e Curiosidades - E. Fund. - A. I. - Bl 1   - 27 nov 2020" width="1200" height="675" src="https://www.youtube.com/embed/dLqlAga4SY8?feature=oembed" frameborder="0" allow="accelerometer; autoplay; clipboard-write; encrypted-media; gyroscope; picture-in-picture" allowfullscreen></iframe></p>
</div></figure>
