{"id":59065,"date":"2020-11-16T07:00:00","date_gmt":"2020-11-16T09:00:00","guid":{"rendered":"https:\/\/sme.goiania.go.gov.br\/conexaoescola\/?post_type=ensino_fundamental&#038;p=59065"},"modified":"2022-01-12T12:04:09","modified_gmt":"2022-01-12T14:04:09","slug":"construindo-a-linha-do-tempo","status":"publish","type":"ensino_fundamental","link":"https:\/\/sme.goiania.go.gov.br\/conexaoescola\/ensino_fundamental\/construindo-a-linha-do-tempo\/","title":{"rendered":"Hist\u00f3ria &#8211; Construindo a linha do tempo"},"content":{"rendered":"\n<p class=\"has-medium-font-size\">Ol\u00e1, Hoje vamos construir uma Linha do Tempo, saber sobre alguns acontecimentos importantes de sua fam\u00edlia e comunidade, como tamb\u00e9m descobrir a import\u00e2ncia da sua participa\u00e7\u00e3o nessa comunidade.<\/p>\n\n\n\n<hr class=\"wp-block-separator\"\/>\n\n\n\n<p class=\"has-very-light-gray-color has-luminous-vivid-orange-background-color has-text-color has-background has-medium-font-size\">Atividade 1:<\/p>\n\n\n\n<p class=\"has-medium-font-size\"><br>Pesquise, junto a seus familiares, os acontecimentos mais marcantes de suas vidas e tamb\u00e9m acontecimentos da sua comunidade, ressaltando as datas em que ocorreram, do per\u00edodo do seu nascimento at\u00e9 os dias de hoje, se necess\u00e1rio pesquise tamb\u00e9m nos livros ou internet se voc\u00ea tiver acesso. \u00c9 muito importante que fa\u00e7a as anota\u00e7\u00f5es no seu caderno, anote tudo que conseguir das informa\u00e7\u00f5es que ser\u00e3o repassadas por seus familiares e as pesquisas realizadas.<\/p>\n\n\n\n<p class=\"has-very-light-gray-color has-luminous-vivid-orange-background-color has-text-color has-background has-medium-font-size\">Atividade 2:<\/p>\n\n\n\n<p class=\"has-medium-font-size\"><br>Agora vamos construir sua linha do tempo aproveitando as informa\u00e7\u00f5es da pesquisa que foi realizada, para isso voc\u00ea precisa de uma folha chamex, ou uma folha de caderno, um rolinho de papel higi\u00eanico, cola, l\u00e1pis de cor e r\u00e9gua. <\/p>\n\n\n\n<p class=\"has-medium-font-size\">Assista ao v\u00eddeo explicando a montagem desse material:<\/p>\n\n\n\n<figure class=\"wp-block-embed is-type-video is-provider-youtube wp-block-embed-youtube wp-embed-aspect-16-9 wp-has-aspect-ratio\"><div class=\"wp-block-embed__wrapper\">\n<p class=\"responsive-video-wrap clr\"><iframe title=\"LINHA DO TEMPO F\u00c1CIL para fazer com os ALUNOS!\" width=\"1200\" height=\"675\" src=\"https:\/\/www.youtube.com\/embed\/XZSxe5z7TUw?feature=oembed\" frameborder=\"0\" allow=\"accelerometer; autoplay; clipboard-write; encrypted-media; gyroscope; picture-in-picture\" allowfullscreen><\/iframe><\/p>\n<\/div><figcaption>&#8220;LINHA DO TEMPO F\u00c1CIL para fazer com os ALUNOS!&#8221; Canal:<a href=\"https:\/\/www.youtube.com\/channel\/UCiST4h0J3mhckWalebsVjOg\">janaina spolidorio<\/a> &#8211; https:\/\/www.youtube.com\/watch?v=XZSxe5z7TUw<\/figcaption><\/figure>\n\n\n\n<p class=\"has-medium-font-size\">Veja juntamente aos seus familiares \u00e1lbuns de fotografias, v\u00eddeos e recorda\u00e7\u00f5es diversas de sua fam\u00edlia e de sua comunidade. E principalmente, ou\u00e7a com aten\u00e7\u00e3o e respeito as hist\u00f3rias narradas por eles, dos costumes e realidades vividos no passado.<br>M\u00e3os a obra.<\/p>\n\n\n\n<p class=\"has-very-light-gray-color has-luminous-vivid-orange-background-color has-text-color has-background has-medium-font-size\">Atividade 3:<\/p>\n\n\n\n<p class=\"has-medium-font-size\"><br>Produza um texto relatando suas impress\u00f5es sobre a atividade, as descobertas que fez. Guarde com carinho seu trabalho, para que quando retornarmos as aulas presenciais, possamos socializar com toda a turma a linha do tempo de cada um.<\/p>\n\n\n\n<hr class=\"wp-block-separator\"\/>\n\n\n\n<p><strong>Saiba Mais \/ Refer\u00eancias:<\/strong><\/p>\n\n\n\n<div class=\"wp-block-columns is-layout-flex wp-container-core-columns-is-layout-9d6595d7 wp-block-columns-is-layout-flex\">\n<div class=\"wp-block-column is-layout-flow wp-block-column-is-layout-flow\">\n<figure class=\"wp-block-embed is-type-video is-provider-youtube wp-block-embed-youtube wp-embed-aspect-16-9 wp-has-aspect-ratio\"><div class=\"wp-block-embed__wrapper\">\n<p class=\"responsive-video-wrap clr\"><iframe title=\"Hist\u00f3ria - Linha do tempo- 1\u00b0 Ano Ensino Fundamental\" width=\"1200\" height=\"675\" src=\"https:\/\/www.youtube.com\/embed\/1EmZXMnipsM?feature=oembed\" frameborder=\"0\" allow=\"accelerometer; autoplay; clipboard-write; encrypted-media; gyroscope; picture-in-picture\" allowfullscreen><\/iframe><\/p>\n<\/div><figcaption>&#8220;Hist\u00f3ria &#8211; Linha do tempo- 1\u00b0 Ano Ensino Fundamental&#8221; Canal: <a href=\"https:\/\/www.youtube.com\/channel\/UCnw49pHWwQexVGEwo9mVNGA\">Intera Online<\/a> &#8211; https:\/\/www.youtube.com\/watch?v=1EmZXMnipsM<\/figcaption><\/figure>\n<\/div>\n<\/div>\n\n\n\n<hr class=\"wp-block-separator\"\/>\n\n\n\n<figure class=\"wp-block-table alignfull\"><table><tbody><tr><td>Objeto de Conhecimento<\/td><td>O \u201cEu\u201d, o \u201cOutro\u201d e os diferentes grupos sociais e \u00e9tnicos que comp\u00f5em a cidade e os munic\u00edpios: os desafios sociais, culturais e ambientais do lugar onde vive.<\/td><\/tr><tr><td>Componente<br>curricular<\/td><td>Hist\u00f3ria<\/td><\/tr><tr><td>Habilidades<\/td><td>(EF03HI02-A) Identificar acontecimentos ocorridos ao longo do tempo na cidade ou na regi\u00e3o em que vive<br>(EF03HI02-B) Selecionar, por meio da consulta de fontes de diferentes naturezas, informa\u00e7\u00f5es sobre acontecimentos<br>ocorridos ao longo do tempo na cidade ou na regi\u00e3o em que vive<br>(EF03HI02-C). Registrar em ordem cronol\u00f3gica acontecimentos ocorridos ao longo do tempo na cidade ou na regi\u00e3o em que vive.<\/td><\/tr><\/tbody><\/table><\/figure>\n\n\n\n<hr class=\"wp-block-separator\"\/>\n\n\n\n<figure class=\"wp-block-table alignfull\"><table><tbody><tr><td>Proponentes\/ Professores:<\/td><td>Prof.a Lizandra Oliveira<\/td><\/tr><tr><td>Institui\u00e7\u00e3o<\/td><td>Escola Municipal de Tempo Integral Moises Santana<\/td><\/tr><tr><td>CRE:<\/td><td>Brasil de Ramos<\/td><\/tr><\/tbody><\/table><\/figure>\n\n\n\n<hr class=\"wp-block-separator\"\/>\n\n\n\n<p>Ensino Fundamental &#8211; Ciclo da Inf\u00e2ncia &#8211; Turma C &#8211; 3\u00ba ano &#8211; \u00c9tica e Cidadania<\/p>\n","protected":false},"author":24,"featured_media":59067,"template":"","ef_categoria":[13,20],"ef_ano":[86],"ef_componente":[95],"class_list":["post-59065","ensino_fundamental","type-ensino_fundamental","status-publish","has-post-thumbnail","hentry","ef_categoria-ciclo-da-infancia-abc","ef_categoria-etica-e-cidadania","ef_ano-3o-ano","ef_componente-historia","entry","has-media"],"acf":[],"_links":{"self":[{"href":"https:\/\/sme.goiania.go.gov.br\/conexaoescola\/wp-json\/wp\/v2\/ensino_fundamental\/59065","targetHints":{"allow":["GET"]}}],"collection":[{"href":"https:\/\/sme.goiania.go.gov.br\/conexaoescola\/wp-json\/wp\/v2\/ensino_fundamental"}],"about":[{"href":"https:\/\/sme.goiania.go.gov.br\/conexaoescola\/wp-json\/wp\/v2\/types\/ensino_fundamental"}],"author":[{"embeddable":true,"href":"https:\/\/sme.goiania.go.gov.br\/conexaoescola\/wp-json\/wp\/v2\/users\/24"}],"version-history":[{"count":0,"href":"https:\/\/sme.goiania.go.gov.br\/conexaoescola\/wp-json\/wp\/v2\/ensino_fundamental\/59065\/revisions"}],"wp:featuredmedia":[{"embeddable":true,"href":"https:\/\/sme.goiania.go.gov.br\/conexaoescola\/wp-json\/wp\/v2\/media\/59067"}],"wp:attachment":[{"href":"https:\/\/sme.goiania.go.gov.br\/conexaoescola\/wp-json\/wp\/v2\/media?parent=59065"}],"wp:term":[{"taxonomy":"ef_categoria","embeddable":true,"href":"https:\/\/sme.goiania.go.gov.br\/conexaoescola\/wp-json\/wp\/v2\/ef_categoria?post=59065"},{"taxonomy":"ef_ano","embeddable":true,"href":"https:\/\/sme.goiania.go.gov.br\/conexaoescola\/wp-json\/wp\/v2\/ef_ano?post=59065"},{"taxonomy":"ef_componente","embeddable":true,"href":"https:\/\/sme.goiania.go.gov.br\/conexaoescola\/wp-json\/wp\/v2\/ef_componente?post=59065"}],"curies":[{"name":"wp","href":"https:\/\/api.w.org\/{rel}","templated":true}]}}

História &#8211; Construindo a linha do tempo

<p class="has-medium-font-size">Olá, Hoje vamos construir uma Linha do Tempo, saber sobre alguns acontecimentos importantes de sua família e comunidade, como também descobrir a importância da sua participação nessa comunidade.</p>



<hr class="wp-block-separator"/>



<p class="has-very-light-gray-color has-luminous-vivid-orange-background-color has-text-color has-background has-medium-font-size">Atividade 1:</p>



<p class="has-medium-font-size"><br>Pesquise, junto a seus familiares, os acontecimentos mais marcantes de suas vidas e também acontecimentos da sua comunidade, ressaltando as datas em que ocorreram, do período do seu nascimento até os dias de hoje, se necessário pesquise também nos livros ou internet se você tiver acesso. É muito importante que faça as anotações no seu caderno, anote tudo que conseguir das informações que serão repassadas por seus familiares e as pesquisas realizadas.</p>



<p class="has-very-light-gray-color has-luminous-vivid-orange-background-color has-text-color has-background has-medium-font-size">Atividade 2:</p>



<p class="has-medium-font-size"><br>Agora vamos construir sua linha do tempo aproveitando as informações da pesquisa que foi realizada, para isso você precisa de uma folha chamex, ou uma folha de caderno, um rolinho de papel higiênico, cola, lápis de cor e régua. </p>



<p class="has-medium-font-size">Assista ao vídeo explicando a montagem desse material:</p>



<figure class="wp-block-embed is-type-video is-provider-youtube wp-block-embed-youtube wp-embed-aspect-16-9 wp-has-aspect-ratio"><div class="wp-block-embed__wrapper">
<p class="responsive-video-wrap clr"><iframe title="LINHA DO TEMPO FÁCIL para fazer com os ALUNOS!" width="1200" height="675" src="https://www.youtube.com/embed/XZSxe5z7TUw?feature=oembed" frameborder="0" allow="accelerometer; autoplay; clipboard-write; encrypted-media; gyroscope; picture-in-picture" allowfullscreen></iframe></p>
</div><figcaption>&#8220;LINHA DO TEMPO FÁCIL para fazer com os ALUNOS!&#8221; Canal:<a href="https://www.youtube.com/channel/UCiST4h0J3mhckWalebsVjOg">janaina spolidorio</a> &#8211; https://www.youtube.com/watch?v=XZSxe5z7TUw</figcaption></figure>



<p class="has-medium-font-size">Veja juntamente aos seus familiares álbuns de fotografias, vídeos e recordações diversas de sua família e de sua comunidade. E principalmente, ouça com atenção e respeito as histórias narradas por eles, dos costumes e realidades vividos no passado.<br>Mãos a obra.</p>



<p class="has-very-light-gray-color has-luminous-vivid-orange-background-color has-text-color has-background has-medium-font-size">Atividade 3:</p>



<p class="has-medium-font-size"><br>Produza um texto relatando suas impressões sobre a atividade, as descobertas que fez. Guarde com carinho seu trabalho, para que quando retornarmos as aulas presenciais, possamos socializar com toda a turma a linha do tempo de cada um.</p>



<hr class="wp-block-separator"/>



<p><strong>Saiba Mais / Referências:</strong></p>



<div class="wp-block-columns is-layout-flex wp-container-core-columns-is-layout-9d6595d7 wp-block-columns-is-layout-flex">
<div class="wp-block-column is-layout-flow wp-block-column-is-layout-flow">
<figure class="wp-block-embed is-type-video is-provider-youtube wp-block-embed-youtube wp-embed-aspect-16-9 wp-has-aspect-ratio"><div class="wp-block-embed__wrapper">
<p class="responsive-video-wrap clr"><iframe title="História - Linha do tempo- 1° Ano Ensino Fundamental" width="1200" height="675" src="https://www.youtube.com/embed/1EmZXMnipsM?feature=oembed" frameborder="0" allow="accelerometer; autoplay; clipboard-write; encrypted-media; gyroscope; picture-in-picture" allowfullscreen></iframe></p>
</div><figcaption>&#8220;História &#8211; Linha do tempo- 1° Ano Ensino Fundamental&#8221; Canal: <a href="https://www.youtube.com/channel/UCnw49pHWwQexVGEwo9mVNGA">Intera Online</a> &#8211; https://www.youtube.com/watch?v=1EmZXMnipsM</figcaption></figure>
</div>
</div>



<hr class="wp-block-separator"/>



<figure class="wp-block-table alignfull"><table><tbody><tr><td>Objeto de Conhecimento</td><td>O “Eu”, o “Outro” e os diferentes grupos sociais e étnicos que compõem a cidade e os municípios: os desafios sociais, culturais e ambientais do lugar onde vive.</td></tr><tr><td>Componente<br>curricular</td><td>História</td></tr><tr><td>Habilidades</td><td>(EF03HI02-A) Identificar acontecimentos ocorridos ao longo do tempo na cidade ou na região em que vive<br>(EF03HI02-B) Selecionar, por meio da consulta de fontes de diferentes naturezas, informações sobre acontecimentos<br>ocorridos ao longo do tempo na cidade ou na região em que vive<br>(EF03HI02-C). Registrar em ordem cronológica acontecimentos ocorridos ao longo do tempo na cidade ou na região em que vive.</td></tr></tbody></table></figure>



<hr class="wp-block-separator"/>



<figure class="wp-block-table alignfull"><table><tbody><tr><td>Proponentes/ Professores:</td><td>Prof.a Lizandra Oliveira</td></tr><tr><td>Instituição</td><td>Escola Municipal de Tempo Integral Moises Santana</td></tr><tr><td>CRE:</td><td>Brasil de Ramos</td></tr></tbody></table></figure>



<hr class="wp-block-separator"/>



<p>Ensino Fundamental &#8211; Ciclo da Infância &#8211; Turma C &#8211; 3º ano &#8211; Ética e Cidadania</p>
