{"id":59040,"date":"2020-11-16T07:00:00","date_gmt":"2020-11-16T09:00:00","guid":{"rendered":"https:\/\/sme.goiania.go.gov.br\/conexaoescola\/?post_type=ensino_fundamental&#038;p=59040"},"modified":"2020-11-12T09:44:05","modified_gmt":"2020-11-12T11:44:05","slug":"voce-gosta-de-teatro","status":"publish","type":"ensino_fundamental","link":"https:\/\/sme.goiania.go.gov.br\/conexaoescola\/ensino_fundamental\/voce-gosta-de-teatro\/","title":{"rendered":"Voc\u00ea gosta de teatro?"},"content":{"rendered":"\n<p class=\"has-drop-cap has-medium-font-size\">Ol\u00e1! Voc\u00ea j\u00e1 foi ao teatro? O teatro faz parte das artes visuais, no qual uma\u00a0pessoa ou v\u00e1rias pessoas juntas, chamadas atores, interpretam uma hist\u00f3ria. As hist\u00f3rias encenadas s\u00e3o recheadas de emo\u00e7\u00f5es que s\u00e3o transmitidas para quem assiste, atrav\u00e9s das express\u00f5es do rosto e do corpo. Na atividade a seguir voc\u00ea vai perceber um pouco dessas emo\u00e7\u00f5es.\u00a0<\/p>\n\n\n\n<p class=\"has-text-color has-large-font-size has-vivid-red-color\">Vamos l\u00e1?<\/p>\n\n\n\n<hr class=\"wp-block-separator\"\/>\n\n\n\n<p class=\"has-medium-font-size\">Voc\u00ea sabia que o nosso corpo tamb\u00e9m fala? Alguns sentimentos (emo\u00e7\u00f5es) s\u00e3o revelados por meio das nossas express\u00f5es do rosto ou do corpo. Observe as imagens e veja algumas express\u00f5es da face.<\/p>\n\n\n\n<p class=\"has-text-color has-background has-medium-font-size has-very-light-gray-color has-vivid-red-background-color\">Atividade 1<\/p>\n\n\n\n<p class=\"has-medium-font-size\">Assista o v\u00eddeo e veja cara e caretas que mostram os sentimentos por meio das express\u00f5es faciais (rosto).&nbsp;<\/p>\n\n\n\n<figure class=\"wp-block-embed-youtube wp-block-embed is-type-video is-provider-youtube wp-embed-aspect-16-9 wp-has-aspect-ratio\"><div class=\"wp-block-embed__wrapper\">\n<p class=\"responsive-video-wrap clr\"><iframe title=\"Caras e caretas - As express\u00f5es faciais. V\u00eddeo educativo infantil\" width=\"1200\" height=\"675\" src=\"https:\/\/www.youtube.com\/embed\/pzc2ennU6ew?feature=oembed\" frameborder=\"0\" allow=\"accelerometer; autoplay; clipboard-write; encrypted-media; gyroscope; picture-in-picture\" allowfullscreen><\/iframe><\/p>\n<\/div><figcaption>&#8220;Cara e caretas \u2013 As Express\u00f5es faciais. V\u00eddeo educativo&#8221; Canal: Ensinando Meu filho &#8211; https:\/\/www.youtube.com\/watch?v=pzc2ennU6ew&amp;feature=youtu.be<\/figcaption><\/figure>\n\n\n\n<p class=\"has-medium-font-size\">Muitas s\u00e3o as caras e caretas que aparecem no v\u00eddeo, n\u00e3o \u00e9? Agora \u00e9 sua vez!&nbsp;<\/p>\n\n\n\n<p class=\"has-text-color has-background has-medium-font-size has-very-light-gray-color has-vivid-red-background-color\">Atividade 2<\/p>\n\n\n\n<p class=\"has-medium-font-size\">Escolha tr\u00eas caretas e fa\u00e7a tr\u00eas fotos diferentes. Voc\u00ea pode enviar as fotos para algu\u00e9m da sua fam\u00edlia pelo celular.&nbsp;<\/p>\n\n\n\n<p class=\"has-medium-font-size\">Quando assistimos uma hist\u00f3ria contada atrav\u00e9s do teatro podemos perceber as emo\u00e7\u00f5es por meio das caras e caretas dos atores.&nbsp;<\/p>\n\n\n\n<p class=\"has-text-color has-background has-medium-font-size has-very-light-gray-color has-vivid-red-background-color\">Atividade 3<\/p>\n\n\n\n<p class=\"has-medium-font-size\">Clique no link e assista o v\u00eddeo para prestigiar a magia das emo\u00e7\u00f5es transmitida pelas express\u00f5es faciais (rosto) e corporal (corpo).<\/p>\n\n\n\n<figure class=\"wp-block-embed-youtube wp-block-embed is-type-video is-provider-youtube wp-embed-aspect-16-9 wp-has-aspect-ratio\"><div class=\"wp-block-embed__wrapper\">\n<p class=\"responsive-video-wrap clr\"><iframe title=\"Palavra Cantada | Rato\" width=\"1200\" height=\"675\" src=\"https:\/\/www.youtube.com\/embed\/MeDBP8OU6q4?feature=oembed\" frameborder=\"0\" allow=\"accelerometer; autoplay; clipboard-write; encrypted-media; gyroscope; picture-in-picture\" allowfullscreen><\/iframe><\/p>\n<\/div><figcaption>&#8220;Palavra Cantada: Rato&#8221; Canal: Palavra cantada oficial &#8211; https:\/\/www.youtube.com\/watch?v=MeDBP8OU6q4<\/figcaption><\/figure>\n\n\n\n<p class=\"has-text-color has-background has-medium-font-size has-very-light-gray-color has-vivid-red-background-color\">Atividade 4<\/p>\n\n\n\n<p class=\"has-medium-font-size\">Ap\u00f3s assistir o v\u00eddeo voc\u00ea vai exercitar algumas express\u00f5es que aparecem nele. Procure um espelho e fa\u00e7a express\u00f5es:<\/p>\n\n\n\n<p class=\"has-medium-font-size\">1\u00aa express\u00e3o: Rato assustado<\/p>\n\n\n\n<p class=\"has-medium-font-size\">2\u00aa express\u00e3o: Rato feliz<\/p>\n\n\n\n<p class=\"has-medium-font-size\">3\u00aa express\u00e3o: Rato apaixonado<\/p>\n\n\n\n<p class=\"has-medium-font-size\">4\u00aa express\u00e3o: Rato triste<\/p>\n\n\n\n<p class=\"has-text-color has-background has-medium-font-size has-very-light-gray-color has-vivid-red-background-color\">Atividade 4<\/p>\n\n\n\n<p class=\"has-medium-font-size\">Vamos fazer um top Quiz?<\/p>\n\n\n\n<p class=\"has-medium-font-size\">Clique no link abaixo e identifique o nome do personagem pela sombra.<\/p>\n\n\n\n<figure class=\"wp-block-embed-youtube wp-block-embed is-type-video is-provider-youtube wp-embed-aspect-16-9 wp-has-aspect-ratio\"><div class=\"wp-block-embed__wrapper\">\n<p class=\"responsive-video-wrap clr\"><iframe title=\"TE DESAFIO A ADIVINHAR QUAL \u00c9 O PERSONAGEM PELA SOMBRA!\" width=\"1200\" height=\"675\" src=\"https:\/\/www.youtube.com\/embed\/videoseries?list=RDCMUC5ozo7rbeZarF_ttYOZKDfA\" frameborder=\"0\" allow=\"accelerometer; autoplay; clipboard-write; encrypted-media; gyroscope; picture-in-picture\" allowfullscreen><\/iframe><\/p>\n<\/div><figcaption>&#8220;TE DESAFIO A ADIVINHAR QUAL \u00c9 O PERSONAGEM PELA SOMBRA!&#8221; Canal:<a href=\"https:\/\/www.youtube.com\/channel\/UC5ozo7rbeZarF_ttYOZKDfA\">Top Quis<\/a> &#8211; https:\/\/www.youtube.com\/watch?v=7ZhwubY9vX0&amp;list=RDCMUC5ozo7rbeZarF_ttYOZKDfA&amp;index=1<\/figcaption><\/figure>\n\n\n\n<p class=\"has-text-color has-background has-large-font-size has-very-light-gray-color has-vivid-green-cyan-background-color\">At\u00e9 a pr\u00f3xima!<\/p>\n\n\n\n<hr class=\"wp-block-separator\"\/>\n\n\n\n<p><strong>Saiba Mais | Refer\u00eancias:<\/strong><\/p>\n\n\n\n<div class=\"wp-block-columns is-layout-flex wp-container-core-columns-is-layout-9d6595d7 wp-block-columns-is-layout-flex\">\n<div class=\"wp-block-column is-layout-flow wp-block-column-is-layout-flow\">\n<figure class=\"wp-block-embed-youtube wp-block-embed is-type-video is-provider-youtube wp-embed-aspect-16-9 wp-has-aspect-ratio\"><div class=\"wp-block-embed__wrapper\">\n<p class=\"responsive-video-wrap clr\"><iframe title=\"O Teatro de Fantoches | Turma da M\u00f4nica\" width=\"1200\" height=\"675\" src=\"https:\/\/www.youtube.com\/embed\/g9VkgfajaBU?feature=oembed\" frameborder=\"0\" allow=\"accelerometer; autoplay; clipboard-write; encrypted-media; gyroscope; picture-in-picture\" allowfullscreen><\/iframe><\/p>\n<\/div><figcaption>&#8220;O Teatro de Fantoches | Turma da M\u00f4nica&#8221; Canal: Turma da M\u00f4nica &#8211; https:\/\/www.youtube.com\/watch?v=g9VkgfajaBU&amp;feature=youtu.be<\/figcaption><\/figure>\n<\/div>\n\n\n\n<div class=\"wp-block-column is-layout-flow wp-block-column-is-layout-flow\">\n<figure class=\"wp-block-embed-youtube wp-block-embed is-type-video is-provider-youtube wp-embed-aspect-16-9 wp-has-aspect-ratio\"><div class=\"wp-block-embed__wrapper\">\n<p class=\"responsive-video-wrap clr\"><iframe title=\"APRENDA A FAZER FANTOCHE DE MEIA\" width=\"1200\" height=\"675\" src=\"https:\/\/www.youtube.com\/embed\/CoBGxXi6Vt8?feature=oembed\" frameborder=\"0\" allow=\"accelerometer; autoplay; clipboard-write; encrypted-media; gyroscope; picture-in-picture\" allowfullscreen><\/iframe><\/p>\n<\/div><figcaption>&#8220;APRENDA A FAZER FANTOCHE DE MEIA&#8221; Canal: Descubra o mundo Brincando \u2013 Sunny Brinquedos &#8211; https:\/\/www.youtube.com\/watch?v=CoBGxXi6Vt8&amp;feature=youtu.be<br><\/figcaption><\/figure>\n<\/div>\n<\/div>\n\n\n\n<hr class=\"wp-block-separator\"\/>\n\n\n\n<figure class=\"wp-block-table alignfull\"><table><tbody><tr><td>Objeto de Conhecimento<\/td><td>Fundamentos da Linguagem teatral.<\/td><\/tr><tr><td>Componente Curricular<\/td><td>Arte<\/td><\/tr><tr><td>Habilidades<\/td><td>(GO-EF02AR19-A) Identificar os elementos fundamentais da linguagem teatral, como personagem, espa\u00e7o dram\u00e1tico e a\u00e7\u00e3odram\u00e1tica, dialogando sobre o significado e a import\u00e2ncia de cada de um deles.<\/td><\/tr><\/tbody><\/table><\/figure>\n\n\n\n<hr class=\"wp-block-separator\"\/>\n\n\n\n<figure class=\"wp-block-table alignfull\"><table><tbody><tr><td>Proponentes\/ Professores:<\/td><td>Adalva Francisco de Lima&nbsp;Pollyanna de Sousa Bueno Pereira<\/td><\/tr><tr><td>Institui\u00e7\u00e3o Educacional:<\/td><td>Centro Promocional Todos os Santos II.<\/td><\/tr><tr><td>CRE:<\/td><td>Coordenadoria Regional Brasil Di Ramos Caiado<\/td><\/tr><\/tbody><\/table><\/figure>\n\n\n\n<hr class=\"wp-block-separator\"\/>\n\n\n\n<p>Ensino Fundamental &#8211; Ciclo da Inf\u00e2ncia &#8211; Turma B &#8211; 2\u00ba ano &#8211; Corpo, Express\u00e3o e Movimento<\/p>\n","protected":false},"author":24,"featured_media":59042,"template":"","ef_categoria":[13,17],"ef_ano":[],"ef_componente":[],"class_list":["post-59040","ensino_fundamental","type-ensino_fundamental","status-publish","has-post-thumbnail","hentry","ef_categoria-ciclo-da-infancia-abc","ef_categoria-corpo-e-movimento","entry","has-media"],"acf":[],"_links":{"self":[{"href":"https:\/\/sme.goiania.go.gov.br\/conexaoescola\/wp-json\/wp\/v2\/ensino_fundamental\/59040","targetHints":{"allow":["GET"]}}],"collection":[{"href":"https:\/\/sme.goiania.go.gov.br\/conexaoescola\/wp-json\/wp\/v2\/ensino_fundamental"}],"about":[{"href":"https:\/\/sme.goiania.go.gov.br\/conexaoescola\/wp-json\/wp\/v2\/types\/ensino_fundamental"}],"author":[{"embeddable":true,"href":"https:\/\/sme.goiania.go.gov.br\/conexaoescola\/wp-json\/wp\/v2\/users\/24"}],"version-history":[{"count":0,"href":"https:\/\/sme.goiania.go.gov.br\/conexaoescola\/wp-json\/wp\/v2\/ensino_fundamental\/59040\/revisions"}],"wp:featuredmedia":[{"embeddable":true,"href":"https:\/\/sme.goiania.go.gov.br\/conexaoescola\/wp-json\/wp\/v2\/media\/59042"}],"wp:attachment":[{"href":"https:\/\/sme.goiania.go.gov.br\/conexaoescola\/wp-json\/wp\/v2\/media?parent=59040"}],"wp:term":[{"taxonomy":"ef_categoria","embeddable":true,"href":"https:\/\/sme.goiania.go.gov.br\/conexaoescola\/wp-json\/wp\/v2\/ef_categoria?post=59040"},{"taxonomy":"ef_ano","embeddable":true,"href":"https:\/\/sme.goiania.go.gov.br\/conexaoescola\/wp-json\/wp\/v2\/ef_ano?post=59040"},{"taxonomy":"ef_componente","embeddable":true,"href":"https:\/\/sme.goiania.go.gov.br\/conexaoescola\/wp-json\/wp\/v2\/ef_componente?post=59040"}],"curies":[{"name":"wp","href":"https:\/\/api.w.org\/{rel}","templated":true}]}}

Você gosta de teatro?

<p class="has-drop-cap has-medium-font-size">Olá! Você já foi ao teatro? O teatro faz parte das artes visuais, no qual uma pessoa ou várias pessoas juntas, chamadas atores, interpretam uma história. As histórias encenadas são recheadas de emoções que são transmitidas para quem assiste, através das expressões do rosto e do corpo. Na atividade a seguir você vai perceber um pouco dessas emoções. </p>



<p class="has-text-color has-large-font-size has-vivid-red-color">Vamos lá?</p>



<hr class="wp-block-separator"/>



<p class="has-medium-font-size">Você sabia que o nosso corpo também fala? Alguns sentimentos (emoções) são revelados por meio das nossas expressões do rosto ou do corpo. Observe as imagens e veja algumas expressões da face.</p>



<p class="has-text-color has-background has-medium-font-size has-very-light-gray-color has-vivid-red-background-color">Atividade 1</p>



<p class="has-medium-font-size">Assista o vídeo e veja cara e caretas que mostram os sentimentos por meio das expressões faciais (rosto).&nbsp;</p>



<figure class="wp-block-embed-youtube wp-block-embed is-type-video is-provider-youtube wp-embed-aspect-16-9 wp-has-aspect-ratio"><div class="wp-block-embed__wrapper">
<p class="responsive-video-wrap clr"><iframe title="Caras e caretas - As expressões faciais. Vídeo educativo infantil" width="1200" height="675" src="https://www.youtube.com/embed/pzc2ennU6ew?feature=oembed" frameborder="0" allow="accelerometer; autoplay; clipboard-write; encrypted-media; gyroscope; picture-in-picture" allowfullscreen></iframe></p>
</div><figcaption>&#8220;Cara e caretas – As Expressões faciais. Vídeo educativo&#8221; Canal: Ensinando Meu filho &#8211; https://www.youtube.com/watch?v=pzc2ennU6ew&amp;feature=youtu.be</figcaption></figure>



<p class="has-medium-font-size">Muitas são as caras e caretas que aparecem no vídeo, não é? Agora é sua vez!&nbsp;</p>



<p class="has-text-color has-background has-medium-font-size has-very-light-gray-color has-vivid-red-background-color">Atividade 2</p>



<p class="has-medium-font-size">Escolha três caretas e faça três fotos diferentes. Você pode enviar as fotos para alguém da sua família pelo celular.&nbsp;</p>



<p class="has-medium-font-size">Quando assistimos uma história contada através do teatro podemos perceber as emoções por meio das caras e caretas dos atores.&nbsp;</p>



<p class="has-text-color has-background has-medium-font-size has-very-light-gray-color has-vivid-red-background-color">Atividade 3</p>



<p class="has-medium-font-size">Clique no link e assista o vídeo para prestigiar a magia das emoções transmitida pelas expressões faciais (rosto) e corporal (corpo).</p>



<figure class="wp-block-embed-youtube wp-block-embed is-type-video is-provider-youtube wp-embed-aspect-16-9 wp-has-aspect-ratio"><div class="wp-block-embed__wrapper">
<p class="responsive-video-wrap clr"><iframe title="Palavra Cantada | Rato" width="1200" height="675" src="https://www.youtube.com/embed/MeDBP8OU6q4?feature=oembed" frameborder="0" allow="accelerometer; autoplay; clipboard-write; encrypted-media; gyroscope; picture-in-picture" allowfullscreen></iframe></p>
</div><figcaption>&#8220;Palavra Cantada: Rato&#8221; Canal: Palavra cantada oficial &#8211; https://www.youtube.com/watch?v=MeDBP8OU6q4</figcaption></figure>



<p class="has-text-color has-background has-medium-font-size has-very-light-gray-color has-vivid-red-background-color">Atividade 4</p>



<p class="has-medium-font-size">Após assistir o vídeo você vai exercitar algumas expressões que aparecem nele. Procure um espelho e faça expressões:</p>



<p class="has-medium-font-size">1ª expressão: Rato assustado</p>



<p class="has-medium-font-size">2ª expressão: Rato feliz</p>



<p class="has-medium-font-size">3ª expressão: Rato apaixonado</p>



<p class="has-medium-font-size">4ª expressão: Rato triste</p>



<p class="has-text-color has-background has-medium-font-size has-very-light-gray-color has-vivid-red-background-color">Atividade 4</p>



<p class="has-medium-font-size">Vamos fazer um top Quiz?</p>



<p class="has-medium-font-size">Clique no link abaixo e identifique o nome do personagem pela sombra.</p>



<figure class="wp-block-embed-youtube wp-block-embed is-type-video is-provider-youtube wp-embed-aspect-16-9 wp-has-aspect-ratio"><div class="wp-block-embed__wrapper">
<p class="responsive-video-wrap clr"><iframe title="TE DESAFIO A ADIVINHAR QUAL É O PERSONAGEM PELA SOMBRA!" width="1200" height="675" src="https://www.youtube.com/embed/videoseries?list=RDCMUC5ozo7rbeZarF_ttYOZKDfA" frameborder="0" allow="accelerometer; autoplay; clipboard-write; encrypted-media; gyroscope; picture-in-picture" allowfullscreen></iframe></p>
</div><figcaption>&#8220;TE DESAFIO A ADIVINHAR QUAL É O PERSONAGEM PELA SOMBRA!&#8221; Canal:<a href="https://www.youtube.com/channel/UC5ozo7rbeZarF_ttYOZKDfA">Top Quis</a> &#8211; https://www.youtube.com/watch?v=7ZhwubY9vX0&amp;list=RDCMUC5ozo7rbeZarF_ttYOZKDfA&amp;index=1</figcaption></figure>



<p class="has-text-color has-background has-large-font-size has-very-light-gray-color has-vivid-green-cyan-background-color">Até a próxima!</p>



<hr class="wp-block-separator"/>



<p><strong>Saiba Mais | Referências:</strong></p>



<div class="wp-block-columns is-layout-flex wp-container-core-columns-is-layout-9d6595d7 wp-block-columns-is-layout-flex">
<div class="wp-block-column is-layout-flow wp-block-column-is-layout-flow">
<figure class="wp-block-embed-youtube wp-block-embed is-type-video is-provider-youtube wp-embed-aspect-16-9 wp-has-aspect-ratio"><div class="wp-block-embed__wrapper">
<p class="responsive-video-wrap clr"><iframe title="O Teatro de Fantoches | Turma da Mônica" width="1200" height="675" src="https://www.youtube.com/embed/g9VkgfajaBU?feature=oembed" frameborder="0" allow="accelerometer; autoplay; clipboard-write; encrypted-media; gyroscope; picture-in-picture" allowfullscreen></iframe></p>
</div><figcaption>&#8220;O Teatro de Fantoches | Turma da Mônica&#8221; Canal: Turma da Mônica &#8211; https://www.youtube.com/watch?v=g9VkgfajaBU&amp;feature=youtu.be</figcaption></figure>
</div>



<div class="wp-block-column is-layout-flow wp-block-column-is-layout-flow">
<figure class="wp-block-embed-youtube wp-block-embed is-type-video is-provider-youtube wp-embed-aspect-16-9 wp-has-aspect-ratio"><div class="wp-block-embed__wrapper">
<p class="responsive-video-wrap clr"><iframe title="APRENDA A FAZER FANTOCHE DE MEIA" width="1200" height="675" src="https://www.youtube.com/embed/CoBGxXi6Vt8?feature=oembed" frameborder="0" allow="accelerometer; autoplay; clipboard-write; encrypted-media; gyroscope; picture-in-picture" allowfullscreen></iframe></p>
</div><figcaption>&#8220;APRENDA A FAZER FANTOCHE DE MEIA&#8221; Canal: Descubra o mundo Brincando – Sunny Brinquedos &#8211; https://www.youtube.com/watch?v=CoBGxXi6Vt8&amp;feature=youtu.be<br></figcaption></figure>
</div>
</div>



<hr class="wp-block-separator"/>



<figure class="wp-block-table alignfull"><table><tbody><tr><td>Objeto de Conhecimento</td><td>Fundamentos da Linguagem teatral.</td></tr><tr><td>Componente Curricular</td><td>Arte</td></tr><tr><td>Habilidades</td><td>(GO-EF02AR19-A) Identificar os elementos fundamentais da linguagem teatral, como personagem, espaço dramático e açãodramática, dialogando sobre o significado e a importância de cada de um deles.</td></tr></tbody></table></figure>



<hr class="wp-block-separator"/>



<figure class="wp-block-table alignfull"><table><tbody><tr><td>Proponentes/ Professores:</td><td>Adalva Francisco de Lima&nbsp;Pollyanna de Sousa Bueno Pereira</td></tr><tr><td>Instituição Educacional:</td><td>Centro Promocional Todos os Santos II.</td></tr><tr><td>CRE:</td><td>Coordenadoria Regional Brasil Di Ramos Caiado</td></tr></tbody></table></figure>



<hr class="wp-block-separator"/>



<p>Ensino Fundamental &#8211; Ciclo da Infância &#8211; Turma B &#8211; 2º ano &#8211; Corpo, Expressão e Movimento</p>
