{"id":58965,"date":"2020-11-23T07:00:40","date_gmt":"2020-11-23T09:00:40","guid":{"rendered":"https:\/\/sme.goiania.go.gov.br\/conexaoescola\/?post_type=ensino_fundamental&#038;p=58965"},"modified":"2021-12-07T16:59:54","modified_gmt":"2021-12-07T18:59:54","slug":"sistema-de-equacoes-o-desafio","status":"publish","type":"ensino_fundamental","link":"https:\/\/sme.goiania.go.gov.br\/conexaoescola\/ensino_fundamental\/sistema-de-equacoes-o-desafio\/","title":{"rendered":"Matem\u00e1tica &#8211; Sistema de equa\u00e7\u00f5es \u2013 O desafio"},"content":{"rendered":"\n<p class=\"has-very-light-gray-color has-vivid-red-background-color has-text-color has-background has-medium-font-size\"><strong>Ol\u00e1, estudante! Esta aula foi veiculada na TV no dia 23\/11, segunda-feira, contemplando o eixo Educa\u00e7\u00e3o Financeira e Empreendedorismo. No Portal Conex\u00e3o Escola, ela est\u00e1 apresentada em uma forma de atividade, mas voc\u00ea pode assistir \u00e0 videoaula quando desejar, acessando o link na parte inferior da tela. Aproveite, assista e compartilhe! Vamos l\u00e1?<\/strong><\/p>\n\n\n\n<p class=\"has-medium-font-size\">Nesta atividade conversaremos sobre o sistema de equa\u00e7\u00f5es e apresentaremos um desafio pra voc\u00ea colocar a \u201cCUCA\u201d para pensar.<\/p>\n\n\n\n<p class=\"has-medium-font-size\">As redes sociais compartilham desafios que envolvem racioc\u00ednio l\u00f3gico. Normalmente, esses desafios apresentam algum detalhe que se n\u00e3o ficar atento, o erro ser\u00e1 inevit\u00e1vel!!<\/p>\n\n\n\n<p class=\"has-medium-font-size\">Veja alguns exemplos:<\/p>\n\n\n\n<p class=\"has-very-light-gray-color has-vivid-red-background-color has-text-color has-background has-medium-font-size\"><strong>EXEMPLO 1: Desafio com figuras, n\u00fameros e  que envolve opera\u00e7\u00f5es matem\u00e1ticas.<\/strong><\/p>\n\n\n\n<div class=\"wp-block-image\"><figure class=\"aligncenter size-large is-resized\"><img fetchpriority=\"high\" decoding=\"async\" src=\"https:\/\/sme.goiania.go.gov.br\/conexaoescola\/wp-content\/uploads\/2020\/11\/OFF-1-3-e1605129315135.png\" alt=\"\" class=\"wp-image-59032\" width=\"547\" height=\"420\"\/><\/figure><\/div>\n\n\n\n<hr class=\"wp-block-separator\"\/>\n\n\n\n<p class=\"has-very-light-gray-color has-vivid-red-background-color has-text-color has-background has-medium-font-size\"><strong>EXEMPLO 2: <strong>Desafio com express\u00f5es num\u00e9ricas.<\/strong><\/strong><\/p>\n\n\n\n<div class=\"wp-block-image\"><figure class=\"aligncenter size-large is-resized\"><img decoding=\"async\" src=\"https:\/\/sme.goiania.go.gov.br\/conexaoescola\/wp-content\/uploads\/2020\/11\/OFF-4-e1605130337372.png\" alt=\"\" class=\"wp-image-59036\" width=\"529\" height=\"534\" srcset=\"https:\/\/sme.goiania.go.gov.br\/conexaoescola\/wp-content\/uploads\/2020\/11\/OFF-4-e1605130337372.png 399w, https:\/\/sme.goiania.go.gov.br\/conexaoescola\/wp-content\/uploads\/2020\/11\/OFF-4-e1605130337372-297x300.png 297w, https:\/\/sme.goiania.go.gov.br\/conexaoescola\/wp-content\/uploads\/2020\/11\/OFF-4-e1605130337372-150x150.png 150w\" sizes=\"(max-width: 529px) 100vw, 529px\" \/><\/figure><\/div>\n\n\n\n<hr class=\"wp-block-separator\"\/>\n\n\n\n<p class=\"has-very-light-gray-color has-vivid-red-background-color has-text-color has-background has-medium-font-size\"><strong><strong>EXEMPLO 3: <strong><strong>Desafio com letras, n\u00fameros e opera\u00e7\u00f5es matem\u00e1ticas.<\/strong><\/strong><\/strong><\/strong><\/p>\n\n\n\n<div class=\"wp-block-image\"><figure class=\"aligncenter size-large is-resized\"><img decoding=\"async\" src=\"https:\/\/sme.goiania.go.gov.br\/conexaoescola\/wp-content\/uploads\/2020\/11\/OFF-3-e1605129410447.png\" alt=\"\" class=\"wp-image-59034\" width=\"545\" height=\"527\" srcset=\"https:\/\/sme.goiania.go.gov.br\/conexaoescola\/wp-content\/uploads\/2020\/11\/OFF-3-e1605129410447.png 399w, https:\/\/sme.goiania.go.gov.br\/conexaoescola\/wp-content\/uploads\/2020\/11\/OFF-3-e1605129410447-300x290.png 300w\" sizes=\"(max-width: 545px) 100vw, 545px\" \/><\/figure><\/div>\n\n\n\n<hr class=\"wp-block-separator\"\/>\n\n\n\n<p class=\"has-very-light-gray-color has-vivid-red-background-color has-text-color has-background has-medium-font-size\"><strong>DESAFIO:<\/strong><\/p>\n\n\n\n<p class=\"has-medium-font-size\">Apresentaremos um desafio no v\u00eddeo a seguir e para resolv\u00ea-lo o professor Samuel utiliza o sistemas de equa\u00e7\u00f5es. Preste bastante aten\u00e7\u00e3o no que ele faz!!! <\/p>\n\n\n\n<figure class=\"wp-block-embed is-type-video is-provider-youtube wp-block-embed-youtube wp-embed-aspect-16-9 wp-has-aspect-ratio\"><div class=\"wp-block-embed__wrapper\">\n<p class=\"responsive-video-wrap clr\"><iframe title=\"Ser\u00e1 que VOC\u00ca descobre o valor de cada quadrado?  #desafio #matem\u00e1ticatube #quarentena\" width=\"1200\" height=\"675\" src=\"https:\/\/www.youtube.com\/embed\/K8xR7QDhEeU?feature=oembed\" frameborder=\"0\" allow=\"accelerometer; autoplay; clipboard-write; encrypted-media; gyroscope; picture-in-picture\" allowfullscreen><\/iframe><\/p>\n<\/div><\/figure>\n\n\n\n<hr class=\"wp-block-separator\"\/>\n\n\n\n<p class=\"has-very-light-gray-color has-vivid-red-background-color has-text-color has-background has-medium-font-size\"><strong>ATIVIDADE<\/strong>: <\/p>\n\n\n\n<p class=\"has-medium-font-size\">Resolva os desafios que est\u00e3o nos exemplos 1, 2 e 3 da atividades de hoje e ainda compartilhe com seus amigos e familiares para que eles resolvam tamb\u00e9m!!<\/p>\n\n\n\n<hr class=\"wp-block-separator\"\/>\n\n\n\n<figure class=\"wp-block-table\"><table><tbody><tr><td><strong>COMPONENTE<\/strong><\/td><td><strong>HABILIDADES<\/strong><\/td><\/tr><tr><td>Matem\u00e1tica<\/td><td>(EF08MA08) Resolver e elaborar problemas relacionados ao seu contexto pr\u00f3ximo, que possam ser representados por sistemas de equa\u00e7\u00f5es de 1\u00ba grau com duas inc\u00f3gnitas e interpreta-los, utilizando, inclusive, o plano cartesiano como recurso.<\/td><\/tr><\/tbody><\/table><\/figure>\n\n\n\n<hr class=\"wp-block-separator\"\/>\n\n\n\n<p class=\"has-text-align-center\">Ciclo da Adolesc\u00eancia &#8211; Educa\u00e7\u00e3o Financeira e Empreendedorismo \u2013&nbsp;8\u00ba ano<\/p>\n","protected":false},"author":22,"featured_media":59032,"template":"","ef_categoria":[16,35],"ef_ano":[91],"ef_componente":[94],"class_list":["post-58965","ensino_fundamental","type-ensino_fundamental","status-publish","has-post-thumbnail","hentry","ef_categoria-ciclo-da-adolescencia-hi","ef_categoria-educacao-financeira-e-empreendedorismo-ciclo-da-adolescencia-hi","ef_ano-8o-ano","ef_componente-matematica","entry","has-media"],"acf":[],"_links":{"self":[{"href":"https:\/\/sme.goiania.go.gov.br\/conexaoescola\/wp-json\/wp\/v2\/ensino_fundamental\/58965","targetHints":{"allow":["GET"]}}],"collection":[{"href":"https:\/\/sme.goiania.go.gov.br\/conexaoescola\/wp-json\/wp\/v2\/ensino_fundamental"}],"about":[{"href":"https:\/\/sme.goiania.go.gov.br\/conexaoescola\/wp-json\/wp\/v2\/types\/ensino_fundamental"}],"author":[{"embeddable":true,"href":"https:\/\/sme.goiania.go.gov.br\/conexaoescola\/wp-json\/wp\/v2\/users\/22"}],"version-history":[{"count":0,"href":"https:\/\/sme.goiania.go.gov.br\/conexaoescola\/wp-json\/wp\/v2\/ensino_fundamental\/58965\/revisions"}],"wp:featuredmedia":[{"embeddable":true,"href":"https:\/\/sme.goiania.go.gov.br\/conexaoescola\/wp-json\/wp\/v2\/media\/59032"}],"wp:attachment":[{"href":"https:\/\/sme.goiania.go.gov.br\/conexaoescola\/wp-json\/wp\/v2\/media?parent=58965"}],"wp:term":[{"taxonomy":"ef_categoria","embeddable":true,"href":"https:\/\/sme.goiania.go.gov.br\/conexaoescola\/wp-json\/wp\/v2\/ef_categoria?post=58965"},{"taxonomy":"ef_ano","embeddable":true,"href":"https:\/\/sme.goiania.go.gov.br\/conexaoescola\/wp-json\/wp\/v2\/ef_ano?post=58965"},{"taxonomy":"ef_componente","embeddable":true,"href":"https:\/\/sme.goiania.go.gov.br\/conexaoescola\/wp-json\/wp\/v2\/ef_componente?post=58965"}],"curies":[{"name":"wp","href":"https:\/\/api.w.org\/{rel}","templated":true}]}}

Matemática &#8211; Sistema de equações – O desafio

<p class="has-very-light-gray-color has-vivid-red-background-color has-text-color has-background has-medium-font-size"><strong>Olá, estudante! Esta aula foi veiculada na TV no dia 23/11, segunda-feira, contemplando o eixo Educação Financeira e Empreendedorismo. No Portal Conexão Escola, ela está apresentada em uma forma de atividade, mas você pode assistir à videoaula quando desejar, acessando o link na parte inferior da tela. Aproveite, assista e compartilhe! Vamos lá?</strong></p>



<p class="has-medium-font-size">Nesta atividade conversaremos sobre o sistema de equações e apresentaremos um desafio pra você colocar a “CUCA” para pensar.</p>



<p class="has-medium-font-size">As redes sociais compartilham desafios que envolvem raciocínio lógico. Normalmente, esses desafios apresentam algum detalhe que se não ficar atento, o erro será inevitável!!</p>



<p class="has-medium-font-size">Veja alguns exemplos:</p>



<p class="has-very-light-gray-color has-vivid-red-background-color has-text-color has-background has-medium-font-size"><strong>EXEMPLO 1: Desafio com figuras, números e  que envolve operações matemáticas.</strong></p>



<div class="wp-block-image"><figure class="aligncenter size-large is-resized"><img fetchpriority="high" decoding="async" src="https://sme.goiania.go.gov.br/conexaoescola/wp-content/uploads/2020/11/OFF-1-3-e1605129315135.png" alt="" class="wp-image-59032" width="547" height="420"/></figure></div>



<hr class="wp-block-separator"/>



<p class="has-very-light-gray-color has-vivid-red-background-color has-text-color has-background has-medium-font-size"><strong>EXEMPLO 2: <strong>Desafio com expressões numéricas.</strong></strong></p>



<div class="wp-block-image"><figure class="aligncenter size-large is-resized"><img decoding="async" src="https://sme.goiania.go.gov.br/conexaoescola/wp-content/uploads/2020/11/OFF-4-e1605130337372.png" alt="" class="wp-image-59036" width="529" height="534" srcset="https://sme.goiania.go.gov.br/conexaoescola/wp-content/uploads/2020/11/OFF-4-e1605130337372.png 399w, https://sme.goiania.go.gov.br/conexaoescola/wp-content/uploads/2020/11/OFF-4-e1605130337372-297x300.png 297w, https://sme.goiania.go.gov.br/conexaoescola/wp-content/uploads/2020/11/OFF-4-e1605130337372-150x150.png 150w" sizes="(max-width: 529px) 100vw, 529px" /></figure></div>



<hr class="wp-block-separator"/>



<p class="has-very-light-gray-color has-vivid-red-background-color has-text-color has-background has-medium-font-size"><strong><strong>EXEMPLO 3: <strong><strong>Desafio com letras, números e operações matemáticas.</strong></strong></strong></strong></p>



<div class="wp-block-image"><figure class="aligncenter size-large is-resized"><img decoding="async" src="https://sme.goiania.go.gov.br/conexaoescola/wp-content/uploads/2020/11/OFF-3-e1605129410447.png" alt="" class="wp-image-59034" width="545" height="527" srcset="https://sme.goiania.go.gov.br/conexaoescola/wp-content/uploads/2020/11/OFF-3-e1605129410447.png 399w, https://sme.goiania.go.gov.br/conexaoescola/wp-content/uploads/2020/11/OFF-3-e1605129410447-300x290.png 300w" sizes="(max-width: 545px) 100vw, 545px" /></figure></div>



<hr class="wp-block-separator"/>



<p class="has-very-light-gray-color has-vivid-red-background-color has-text-color has-background has-medium-font-size"><strong>DESAFIO:</strong></p>



<p class="has-medium-font-size">Apresentaremos um desafio no vídeo a seguir e para resolvê-lo o professor Samuel utiliza o sistemas de equações. Preste bastante atenção no que ele faz!!! </p>



<figure class="wp-block-embed is-type-video is-provider-youtube wp-block-embed-youtube wp-embed-aspect-16-9 wp-has-aspect-ratio"><div class="wp-block-embed__wrapper">
<p class="responsive-video-wrap clr"><iframe title="Será que VOCÊ descobre o valor de cada quadrado?  #desafio #matemáticatube #quarentena" width="1200" height="675" src="https://www.youtube.com/embed/K8xR7QDhEeU?feature=oembed" frameborder="0" allow="accelerometer; autoplay; clipboard-write; encrypted-media; gyroscope; picture-in-picture" allowfullscreen></iframe></p>
</div></figure>



<hr class="wp-block-separator"/>



<p class="has-very-light-gray-color has-vivid-red-background-color has-text-color has-background has-medium-font-size"><strong>ATIVIDADE</strong>: </p>



<p class="has-medium-font-size">Resolva os desafios que estão nos exemplos 1, 2 e 3 da atividades de hoje e ainda compartilhe com seus amigos e familiares para que eles resolvam também!!</p>



<hr class="wp-block-separator"/>



<figure class="wp-block-table"><table><tbody><tr><td><strong>COMPONENTE</strong></td><td><strong>HABILIDADES</strong></td></tr><tr><td>Matemática</td><td>(EF08MA08) Resolver e elaborar problemas relacionados ao seu contexto próximo, que possam ser representados por sistemas de equações de 1º grau com duas incógnitas e interpreta-los, utilizando, inclusive, o plano cartesiano como recurso.</td></tr></tbody></table></figure>



<hr class="wp-block-separator"/>



<p class="has-text-align-center">Ciclo da Adolescência &#8211; Educação Financeira e Empreendedorismo –&nbsp;8º ano</p>
