{"id":58936,"date":"2020-11-16T07:00:00","date_gmt":"2020-11-16T09:00:00","guid":{"rendered":"https:\/\/sme.goiania.go.gov.br\/conexaoescola\/?post_type=ensino_fundamental&#038;p=58936"},"modified":"2020-11-16T09:56:49","modified_gmt":"2020-11-16T11:56:49","slug":"vamos-criar-desenhos-so-com-formas-geometricas","status":"publish","type":"ensino_fundamental","link":"https:\/\/sme.goiania.go.gov.br\/conexaoescola\/ensino_fundamental\/vamos-criar-desenhos-so-com-formas-geometricas\/","title":{"rendered":"Vamos criar desenhos s\u00f3 com formas geom\u00e9tricas?"},"content":{"rendered":"\n<p class=\"has-drop-cap has-medium-font-size\">Que tal fazer uns desenhos diferentes usando s\u00f3 formas geom\u00e9tricas ? Venha conhecer os nomes de algumas formas planas e, com elas, cantar e desenhar.<\/p>\n\n\n\n<hr class=\"wp-block-separator\"\/>\n\n\n\n<p class=\"has-text-color has-background has-medium-font-size has-very-light-gray-color has-vivid-red-background-color\">Atividade 1. <\/p>\n\n\n\n<p class=\"has-medium-font-size\">Que tal come\u00e7ar cantando para conhecer as formas geom\u00e9tricas? Para isso acesse:<\/p>\n\n\n\n<figure class=\"wp-block-embed-youtube wp-block-embed is-type-video is-provider-youtube wp-embed-aspect-16-9 wp-has-aspect-ratio\"><div class=\"wp-block-embed__wrapper\">\n<p class=\"responsive-video-wrap clr\"><iframe title=\"M\u00fasicas e Can\u00e7\u00f5es para Crian\u00e7as | Can\u00e7\u00e3o das formas | Video Musical Infantil | Toobys\" width=\"1200\" height=\"675\" src=\"https:\/\/www.youtube.com\/embed\/5NjG7gIgf_0?feature=oembed\" frameborder=\"0\" allow=\"accelerometer; autoplay; clipboard-write; encrypted-media; gyroscope; picture-in-picture\" allowfullscreen><\/iframe><\/p>\n<\/div><figcaption>&#8220;M\u00fasicas e Can\u00e7\u00f5es para Crian\u00e7as | Can\u00e7\u00e3o das formas | Video Musical Infantil | Toobys&#8221; Canal:<a href=\"https:\/\/www.youtube.com\/channel\/UCjT9KdfbeG0hK01XkCTaNTw\">Toobys Portugues<\/a> &#8211; https:\/\/www.youtube.com\/watch?v=5NjG7gIgf_0<\/figcaption><\/figure>\n\n\n\n<p class=\"has-medium-font-size\"><br>Enquanto canta, v\u00e1 desenhando coloridos e diferentes tamanhos de c\u00edrculos, quadrados, ret\u00e2ngulos e tri\u00e2ngulos, mas cada forma em uma folha diferente.<br>Quando terminar, coloque o nome da forma desenhada em cada folha: QUADRADO, TRI\u00c2NGULO, RET\u00c2NGULO, C\u00cdRCULO.<\/p>\n\n\n\n<p class=\"has-text-color has-background has-medium-font-size has-very-light-gray-color has-vivid-red-background-color\">Atividade 2.<\/p>\n\n\n\n<p class=\"has-medium-font-size\"> Quantos lados tem cada uma dessas figuras? Veja uma hist\u00f3ria inventada com essas figuras acessando:<\/p>\n\n\n\n<figure class=\"wp-block-embed-youtube wp-block-embed is-type-video is-provider-youtube wp-embed-aspect-16-9 wp-has-aspect-ratio\"><div class=\"wp-block-embed__wrapper\">\n<p class=\"responsive-video-wrap clr\"><iframe title=\"Agora \u00e9 a sua vez - Formas Geom\u00e9tricas\" width=\"1200\" height=\"675\" src=\"https:\/\/www.youtube.com\/embed\/CeH9QWbZVoU?feature=oembed\" frameborder=\"0\" allow=\"accelerometer; autoplay; clipboard-write; encrypted-media; gyroscope; picture-in-picture\" allowfullscreen><\/iframe><\/p>\n<\/div><figcaption>&#8220;Agora \u00e9 a sua vez &#8211; Formas Geom\u00e9tricas&#8221; Canal: <a href=\"https:\/\/www.youtube.com\/channel\/UCtXVrEFdvdS5Gof7XWYw-CA\">Quintal da Cultura<\/a> &#8211; https:\/\/www.youtube.com\/watch?v=CeH9QWbZVoU<\/figcaption><\/figure>\n\n\n\n<p class=\"has-medium-font-size\"><br>Agora, nas folhas que desenhou as figuras geom\u00e9tricas escreva o n\u00famero de lados que as figuras da folha t\u00eam.<\/p>\n\n\n\n<p class=\"has-text-color has-background has-medium-font-size has-very-light-gray-color has-vivid-red-background-color\">Atividade 3.<\/p>\n\n\n\n<p class=\"has-medium-font-size\"> Voc\u00ea j\u00e1 fez desenhos usando s\u00f3 tri\u00e2ngulos, quadrados, ret\u00e2ngulos e c\u00edrculos? Acesse e veja como pode ser bem legal fazer alguns desenhos assim.<\/p>\n\n\n\n<figure class=\"wp-block-embed-youtube wp-block-embed is-type-video is-provider-youtube wp-embed-aspect-16-9 wp-has-aspect-ratio\"><div class=\"wp-block-embed__wrapper\">\n<p class=\"responsive-video-wrap clr\"><iframe title=\"Agora \u00e9 a sua vez - Formas Geom\u00e9tricas\" width=\"1200\" height=\"675\" src=\"https:\/\/www.youtube.com\/embed\/CeH9QWbZVoU?feature=oembed\" frameborder=\"0\" allow=\"accelerometer; autoplay; clipboard-write; encrypted-media; gyroscope; picture-in-picture\" allowfullscreen><\/iframe><\/p>\n<\/div><figcaption>&#8220;Agora \u00e9 a sua vez &#8211; Formas Geom\u00e9tricas&#8221; Canal: <a href=\"https:\/\/www.youtube.com\/channel\/UCtXVrEFdvdS5Gof7XWYw-CA\">Quintal da Cultura<\/a> &#8211; https:\/\/www.youtube.com\/watch?v=CeH9QWbZVoU<\/figcaption><\/figure>\n\n\n\n<p class=\"has-text-color has-background has-medium-font-size has-very-light-gray-color has-luminous-vivid-orange-background-color\"><br>Agora \u00e9 a sua vez, fa\u00e7a um desenho bem caprichado usando as formas geom\u00e9tricas. Para os lados ficarem bem retos use uma r\u00e9gua. N\u00e3o esque\u00e7a de deix\u00e1-lo bem colorido.<\/p>\n\n\n\n<p class=\"has-medium-font-size\">Depois que fez todas as atividades propostas pense se voc\u00ea j\u00e1 sabe:<\/p>\n\n\n\n<p class=\"has-medium-font-size\">separar os tri\u00e2ngulos dos quadrados e dos c\u00edrculos.<\/p>\n\n\n\n<p class=\"has-medium-font-size\">dizer quantos lados tem um tri\u00e2ngulo e quantos lados tem um quadrado.<\/p>\n\n\n\n<p class=\"has-medium-font-size\">montar desenhos usando apenas tri\u00e2ngulos, quadrados e c\u00edrculos.<\/p>\n\n\n\n<hr class=\"wp-block-separator\"\/>\n\n\n\n<p><strong>Saiba Mais | Refer\u00eancias:<\/strong><\/p>\n\n\n\n<div class=\"wp-block-columns is-layout-flex wp-container-core-columns-is-layout-9d6595d7 wp-block-columns-is-layout-flex\">\n<div class=\"wp-block-column is-layout-flow wp-block-column-is-layout-flow\">\n<figure class=\"wp-block-embed-youtube wp-block-embed is-type-video is-provider-youtube wp-embed-aspect-16-9 wp-has-aspect-ratio\"><div class=\"wp-block-embed__wrapper\">\n<p class=\"responsive-video-wrap clr\"><iframe title=\"Agora \u00e9 a sua vez - Formas Geom\u00e9tricas\" width=\"1200\" height=\"675\" src=\"https:\/\/www.youtube.com\/embed\/CeH9QWbZVoU?feature=oembed\" frameborder=\"0\" allow=\"accelerometer; autoplay; clipboard-write; encrypted-media; gyroscope; picture-in-picture\" allowfullscreen><\/iframe><\/p>\n<\/div><figcaption>&#8220;Formas &#8211; Crian\u00e7as Inteligentes&#8221; Canal: <a href=\"https:\/\/www.youtube.com\/channel\/UCZasI9QbgE4_EMDbZn5OA5Q\">CRIAN\u00c7AS INTELIGENTES<\/a> &#8211; https:\/\/www.youtube.com\/watch?v=CeH9QWbZVoU<\/figcaption><\/figure>\n<\/div>\n\n\n\n<div class=\"wp-block-column is-layout-flow wp-block-column-is-layout-flow\">\n<figure class=\"wp-block-embed-youtube wp-block-embed is-type-video is-provider-youtube wp-embed-aspect-16-9 wp-has-aspect-ratio\"><div class=\"wp-block-embed__wrapper\">\n<p class=\"responsive-video-wrap clr\"><iframe title=\"A cidade das FORMAS GEOM\u00c9TRICAS\" width=\"1200\" height=\"675\" src=\"https:\/\/www.youtube.com\/embed\/vrMbowzuEoQ?feature=oembed\" frameborder=\"0\" allow=\"accelerometer; autoplay; clipboard-write; encrypted-media; gyroscope; picture-in-picture\" allowfullscreen><\/iframe><\/p>\n<\/div><figcaption>&#8220;A cidade das FORMAS GEOM\u00c9TRICAS&#8221; Canal: <a href=\"https:\/\/www.youtube.com\/channel\/UCrN8RF-N1pEzmGBSQDSsf7g\"><\/a> <a href=\"https:\/\/www.youtube.com\/channel\/UCrN8RF-N1pEzmGBSQDSsf7g\">Pedagogia on-line<\/a> &#8211; https:\/\/www.youtube.com\/watch?v=vrMbowzuEoQ<\/figcaption><\/figure>\n<\/div>\n<\/div>\n\n\n\n<hr class=\"wp-block-separator\"\/>\n\n\n\n<figure class=\"wp-block-table alignfull\"><table><tbody><tr><td>Objeto de Conhecimento<\/td><td>Reconhecer formas geom\u00e9tricas planas: tri\u00e2ngulo, quadrado, ret\u00e2ngulo e c\u00edrculo.<br>Identificar caracter\u00edsticas de cada uma dessas formas &#8211; n\u00famero de lados. Empregar essas formas geom\u00e9tricas para representar cenas do mundo real.<\/td><\/tr><tr><td>Habilidades<\/td><td>EF01MA14: Identificar e nomear figuras planas (c\u00edrculo, quadrado, ret\u00e2ngulo e tri\u00e2ngulo) em desenhos apresentados em diferentes disposi\u00e7\u00f5es ou em contornos de faces de s\u00f3lidos geom\u00e9tricos.<\/td><\/tr><\/tbody><\/table><\/figure>\n\n\n\n<hr class=\"wp-block-separator\"\/>\n\n\n\n<figure class=\"wp-block-table alignfull\"><table><tbody><tr><td>Proponentes\/ Professores:<\/td><td>Juliana Fernanda Amorim Sarmento<\/td><\/tr><tr><td>Institui\u00e7\u00e3o Educacional:<\/td><td>https:\/\/escoladigital.org.br<\/td><\/tr><\/tbody><\/table><\/figure>\n\n\n\n<hr class=\"wp-block-separator\"\/>\n\n\n\n<p>Ensino Fundamental &#8211; Ciclo da Inf\u00e2ncia &#8211; Turma A &#8211; 1\u00ba ano &#8211; Educa\u00e7\u00e3o Financeira e Empreendedorismo<\/p>\n","protected":false},"author":30,"featured_media":58937,"template":"","ef_categoria":[13,19],"ef_ano":[],"ef_componente":[],"class_list":["post-58936","ensino_fundamental","type-ensino_fundamental","status-publish","has-post-thumbnail","hentry","ef_categoria-ciclo-da-infancia-abc","ef_categoria-educacao-financeira-e-empreendedorismo","entry","has-media"],"acf":[],"_links":{"self":[{"href":"https:\/\/sme.goiania.go.gov.br\/conexaoescola\/wp-json\/wp\/v2\/ensino_fundamental\/58936","targetHints":{"allow":["GET"]}}],"collection":[{"href":"https:\/\/sme.goiania.go.gov.br\/conexaoescola\/wp-json\/wp\/v2\/ensino_fundamental"}],"about":[{"href":"https:\/\/sme.goiania.go.gov.br\/conexaoescola\/wp-json\/wp\/v2\/types\/ensino_fundamental"}],"author":[{"embeddable":true,"href":"https:\/\/sme.goiania.go.gov.br\/conexaoescola\/wp-json\/wp\/v2\/users\/30"}],"version-history":[{"count":0,"href":"https:\/\/sme.goiania.go.gov.br\/conexaoescola\/wp-json\/wp\/v2\/ensino_fundamental\/58936\/revisions"}],"wp:featuredmedia":[{"embeddable":true,"href":"https:\/\/sme.goiania.go.gov.br\/conexaoescola\/wp-json\/wp\/v2\/media\/58937"}],"wp:attachment":[{"href":"https:\/\/sme.goiania.go.gov.br\/conexaoescola\/wp-json\/wp\/v2\/media?parent=58936"}],"wp:term":[{"taxonomy":"ef_categoria","embeddable":true,"href":"https:\/\/sme.goiania.go.gov.br\/conexaoescola\/wp-json\/wp\/v2\/ef_categoria?post=58936"},{"taxonomy":"ef_ano","embeddable":true,"href":"https:\/\/sme.goiania.go.gov.br\/conexaoescola\/wp-json\/wp\/v2\/ef_ano?post=58936"},{"taxonomy":"ef_componente","embeddable":true,"href":"https:\/\/sme.goiania.go.gov.br\/conexaoescola\/wp-json\/wp\/v2\/ef_componente?post=58936"}],"curies":[{"name":"wp","href":"https:\/\/api.w.org\/{rel}","templated":true}]}}

Vamos criar desenhos só com formas geométricas?

<p class="has-drop-cap has-medium-font-size">Que tal fazer uns desenhos diferentes usando só formas geométricas ? Venha conhecer os nomes de algumas formas planas e, com elas, cantar e desenhar.</p>



<hr class="wp-block-separator"/>



<p class="has-text-color has-background has-medium-font-size has-very-light-gray-color has-vivid-red-background-color">Atividade 1. </p>



<p class="has-medium-font-size">Que tal começar cantando para conhecer as formas geométricas? Para isso acesse:</p>



<figure class="wp-block-embed-youtube wp-block-embed is-type-video is-provider-youtube wp-embed-aspect-16-9 wp-has-aspect-ratio"><div class="wp-block-embed__wrapper">
<p class="responsive-video-wrap clr"><iframe title="Músicas e Canções para Crianças | Canção das formas | Video Musical Infantil | Toobys" width="1200" height="675" src="https://www.youtube.com/embed/5NjG7gIgf_0?feature=oembed" frameborder="0" allow="accelerometer; autoplay; clipboard-write; encrypted-media; gyroscope; picture-in-picture" allowfullscreen></iframe></p>
</div><figcaption>&#8220;Músicas e Canções para Crianças | Canção das formas | Video Musical Infantil | Toobys&#8221; Canal:<a href="https://www.youtube.com/channel/UCjT9KdfbeG0hK01XkCTaNTw">Toobys Portugues</a> &#8211; https://www.youtube.com/watch?v=5NjG7gIgf_0</figcaption></figure>



<p class="has-medium-font-size"><br>Enquanto canta, vá desenhando coloridos e diferentes tamanhos de círculos, quadrados, retângulos e triângulos, mas cada forma em uma folha diferente.<br>Quando terminar, coloque o nome da forma desenhada em cada folha: QUADRADO, TRIÂNGULO, RETÂNGULO, CÍRCULO.</p>



<p class="has-text-color has-background has-medium-font-size has-very-light-gray-color has-vivid-red-background-color">Atividade 2.</p>



<p class="has-medium-font-size"> Quantos lados tem cada uma dessas figuras? Veja uma história inventada com essas figuras acessando:</p>



<figure class="wp-block-embed-youtube wp-block-embed is-type-video is-provider-youtube wp-embed-aspect-16-9 wp-has-aspect-ratio"><div class="wp-block-embed__wrapper">
<p class="responsive-video-wrap clr"><iframe title="Agora é a sua vez - Formas Geométricas" width="1200" height="675" src="https://www.youtube.com/embed/CeH9QWbZVoU?feature=oembed" frameborder="0" allow="accelerometer; autoplay; clipboard-write; encrypted-media; gyroscope; picture-in-picture" allowfullscreen></iframe></p>
</div><figcaption>&#8220;Agora é a sua vez &#8211; Formas Geométricas&#8221; Canal: <a href="https://www.youtube.com/channel/UCtXVrEFdvdS5Gof7XWYw-CA">Quintal da Cultura</a> &#8211; https://www.youtube.com/watch?v=CeH9QWbZVoU</figcaption></figure>



<p class="has-medium-font-size"><br>Agora, nas folhas que desenhou as figuras geométricas escreva o número de lados que as figuras da folha têm.</p>



<p class="has-text-color has-background has-medium-font-size has-very-light-gray-color has-vivid-red-background-color">Atividade 3.</p>



<p class="has-medium-font-size"> Você já fez desenhos usando só triângulos, quadrados, retângulos e círculos? Acesse e veja como pode ser bem legal fazer alguns desenhos assim.</p>



<figure class="wp-block-embed-youtube wp-block-embed is-type-video is-provider-youtube wp-embed-aspect-16-9 wp-has-aspect-ratio"><div class="wp-block-embed__wrapper">
<p class="responsive-video-wrap clr"><iframe title="Agora é a sua vez - Formas Geométricas" width="1200" height="675" src="https://www.youtube.com/embed/CeH9QWbZVoU?feature=oembed" frameborder="0" allow="accelerometer; autoplay; clipboard-write; encrypted-media; gyroscope; picture-in-picture" allowfullscreen></iframe></p>
</div><figcaption>&#8220;Agora é a sua vez &#8211; Formas Geométricas&#8221; Canal: <a href="https://www.youtube.com/channel/UCtXVrEFdvdS5Gof7XWYw-CA">Quintal da Cultura</a> &#8211; https://www.youtube.com/watch?v=CeH9QWbZVoU</figcaption></figure>



<p class="has-text-color has-background has-medium-font-size has-very-light-gray-color has-luminous-vivid-orange-background-color"><br>Agora é a sua vez, faça um desenho bem caprichado usando as formas geométricas. Para os lados ficarem bem retos use uma régua. Não esqueça de deixá-lo bem colorido.</p>



<p class="has-medium-font-size">Depois que fez todas as atividades propostas pense se você já sabe:</p>



<p class="has-medium-font-size">separar os triângulos dos quadrados e dos círculos.</p>



<p class="has-medium-font-size">dizer quantos lados tem um triângulo e quantos lados tem um quadrado.</p>



<p class="has-medium-font-size">montar desenhos usando apenas triângulos, quadrados e círculos.</p>



<hr class="wp-block-separator"/>



<p><strong>Saiba Mais | Referências:</strong></p>



<div class="wp-block-columns is-layout-flex wp-container-core-columns-is-layout-9d6595d7 wp-block-columns-is-layout-flex">
<div class="wp-block-column is-layout-flow wp-block-column-is-layout-flow">
<figure class="wp-block-embed-youtube wp-block-embed is-type-video is-provider-youtube wp-embed-aspect-16-9 wp-has-aspect-ratio"><div class="wp-block-embed__wrapper">
<p class="responsive-video-wrap clr"><iframe title="Agora é a sua vez - Formas Geométricas" width="1200" height="675" src="https://www.youtube.com/embed/CeH9QWbZVoU?feature=oembed" frameborder="0" allow="accelerometer; autoplay; clipboard-write; encrypted-media; gyroscope; picture-in-picture" allowfullscreen></iframe></p>
</div><figcaption>&#8220;Formas &#8211; Crianças Inteligentes&#8221; Canal: <a href="https://www.youtube.com/channel/UCZasI9QbgE4_EMDbZn5OA5Q">CRIANÇAS INTELIGENTES</a> &#8211; https://www.youtube.com/watch?v=CeH9QWbZVoU</figcaption></figure>
</div>



<div class="wp-block-column is-layout-flow wp-block-column-is-layout-flow">
<figure class="wp-block-embed-youtube wp-block-embed is-type-video is-provider-youtube wp-embed-aspect-16-9 wp-has-aspect-ratio"><div class="wp-block-embed__wrapper">
<p class="responsive-video-wrap clr"><iframe title="A cidade das FORMAS GEOMÉTRICAS" width="1200" height="675" src="https://www.youtube.com/embed/vrMbowzuEoQ?feature=oembed" frameborder="0" allow="accelerometer; autoplay; clipboard-write; encrypted-media; gyroscope; picture-in-picture" allowfullscreen></iframe></p>
</div><figcaption>&#8220;A cidade das FORMAS GEOMÉTRICAS&#8221; Canal: <a href="https://www.youtube.com/channel/UCrN8RF-N1pEzmGBSQDSsf7g"></a> <a href="https://www.youtube.com/channel/UCrN8RF-N1pEzmGBSQDSsf7g">Pedagogia on-line</a> &#8211; https://www.youtube.com/watch?v=vrMbowzuEoQ</figcaption></figure>
</div>
</div>



<hr class="wp-block-separator"/>



<figure class="wp-block-table alignfull"><table><tbody><tr><td>Objeto de Conhecimento</td><td>Reconhecer formas geométricas planas: triângulo, quadrado, retângulo e círculo.<br>Identificar características de cada uma dessas formas &#8211; número de lados. Empregar essas formas geométricas para representar cenas do mundo real.</td></tr><tr><td>Habilidades</td><td>EF01MA14: Identificar e nomear figuras planas (círculo, quadrado, retângulo e triângulo) em desenhos apresentados em diferentes disposições ou em contornos de faces de sólidos geométricos.</td></tr></tbody></table></figure>



<hr class="wp-block-separator"/>



<figure class="wp-block-table alignfull"><table><tbody><tr><td>Proponentes/ Professores:</td><td>Juliana Fernanda Amorim Sarmento</td></tr><tr><td>Instituição Educacional:</td><td>https://escoladigital.org.br</td></tr></tbody></table></figure>



<hr class="wp-block-separator"/>



<p>Ensino Fundamental &#8211; Ciclo da Infância &#8211; Turma A &#8211; 1º ano &#8211; Educação Financeira e Empreendedorismo</p>
