{"id":58921,"date":"2020-11-16T07:00:00","date_gmt":"2020-11-16T09:00:00","guid":{"rendered":"https:\/\/sme.goiania.go.gov.br\/conexaoescola\/?post_type=ensino_fundamental&#038;p=58921"},"modified":"2020-11-17T08:28:26","modified_gmt":"2020-11-17T10:28:26","slug":"sentindo-o-ambiente","status":"publish","type":"ensino_fundamental","link":"https:\/\/sme.goiania.go.gov.br\/conexaoescola\/ensino_fundamental\/sentindo-o-ambiente\/","title":{"rendered":"Sentindo o Ambiente"},"content":{"rendered":"\n<p class=\"has-drop-cap has-medium-font-size\">Ol\u00e1 tudo bem? Voc\u00ea sabia que o nosso corpo tem superpoderes? Isso mesmo que voc\u00ea ouviu, superpoderes! Eles s\u00e3o os \u00f3rg\u00e3os dos sentidos, eles s\u00e3o respons\u00e1veis por captarem tudo ao nosso redor, o que vemos, ouvimos, cheiramos e sentimos! Ent\u00e3o, que tal conhecer um pouco mais sobre eles e o nosso corpo? Vamos assistir&nbsp; um v\u00eddeo sobre o assunto!<\/p>\n\n\n\n<hr class=\"wp-block-separator\"\/>\n\n\n\n<p class=\"has-text-color has-background has-medium-font-size has-very-light-gray-color has-very-dark-gray-background-color\">Atividade 1: <\/p>\n\n\n\n<p class=\"has-medium-font-size\">Primeiro assista o v\u00eddeo no link para saber mais sobre os 5 sentidos do nosso corpo.\u00a0<\/p>\n\n\n\n<figure class=\"wp-block-embed-youtube wp-block-embed is-type-video is-provider-youtube wp-embed-aspect-16-9 wp-has-aspect-ratio\"><div class=\"wp-block-embed__wrapper\">\n<p class=\"responsive-video-wrap clr\"><iframe title=\"OS CINCO SENTIDOS!\" width=\"1200\" height=\"675\" src=\"https:\/\/www.youtube.com\/embed\/4f6E2Jkckik?feature=oembed\" frameborder=\"0\" allow=\"accelerometer; autoplay; clipboard-write; encrypted-media; gyroscope; picture-in-picture\" allowfullscreen><\/iframe><\/p>\n<\/div><figcaption>&#8220;OS CINCO SENTIDOS&#8221; Canal:<a href=\"https:\/\/www.youtube.com\/channel\/UClSQP2GbVLcoM_nfnYiXejw\">Educar Sempre<\/a> &#8211; https:\/\/www.youtube.com\/watch?v=4f6E2Jkckik<\/figcaption><\/figure>\n\n\n\n<p>&nbsp;<\/p>\n\n\n\n<p class=\"has-text-color has-background has-very-light-gray-color has-very-dark-gray-background-color\">Atividade 2: <\/p>\n\n\n\n<p class=\"has-medium-font-size\">Agora recorte uma imagem que represente cada um dos 5 sentidos e cole-as no seu caderno.<\/p>\n\n\n\n<p class=\"has-text-color has-background has-medium-font-size has-very-light-gray-color has-very-dark-gray-background-color\">Atividade 3:<\/p>\n\n\n\n<p class=\"has-medium-font-size\"> Para finalizar pratique o que voc\u00ea aprendeu no jogo dos sentidos <\/p>\n\n\n\n<p class=\"has-text-color has-background has-very-light-gray-color has-vivid-purple-background-color\"><a href=\"http:\/\/www.escolagames.com.br\/jogos\/cincoSentidos\/?deviceType=computer\">http:\/\/www.escolagames.com.br\/jogos\/cincoSentidos\/?deviceType=computer<\/a><\/p>\n\n\n\n<hr class=\"wp-block-separator\"\/>\n\n\n\n<p><strong>Saiba Mais | Refer\u00eancias:<\/strong><\/p>\n\n\n\n<div class=\"wp-block-columns is-layout-flex wp-container-core-columns-is-layout-9d6595d7 wp-block-columns-is-layout-flex\">\n<div class=\"wp-block-column is-layout-flow wp-block-column-is-layout-flow\">\n<figure class=\"wp-block-embed-youtube wp-block-embed is-type-link is-provider-descomplica-ensina\"><div class=\"wp-block-embed__wrapper\">\n<div class=\"oceanwp-oembed-wrap clr\"><a href=\"https:\/\/descomplicaensinasiteblog.wordpress.com\/2017\/03\/09\/jogos-e-brincadeiras-5-sentidos\/\">Jogos e Brincadeiras &#8211; 5&nbsp;Sentidos<\/a><\/div>\n<\/div><figcaption>https:\/\/descomplicaensinasiteblog.wordpress.com\/2017\/03\/09\/jogos-e-brincadeiras-5-sentidos\/<\/figcaption><\/figure>\n<\/div>\n\n\n\n<div class=\"wp-block-column is-layout-flow wp-block-column-is-layout-flow\"><\/div>\n<\/div>\n\n\n\n<hr class=\"wp-block-separator\"\/>\n\n\n\n<figure class=\"wp-block-table alignfull\"><table><tbody><tr><td>Objeto de Conhecimento<\/td><td>Corpo humano Respeito \u00e0 diversidade&nbsp;<\/td><\/tr><tr><td>Componente Curricular<\/td><td>Ci\u00eancias<\/td><\/tr><tr><td>Habilidades<\/td><td>(EF01CI02-A) Apresentar, localizar, nomear e representar (por meio de desenhos) partes do corpo humano.&nbsp;(EF01CI02-B) Identificar a divis\u00e3o do corpo humano em cabe\u00e7a, pesco\u00e7o, tronco e membros re- presentando-as por meio de imagens.&nbsp;(EF01CI02-C) Explicar, oralmente, as fun\u00e7\u00f5es das diferentes partes do corpo humano.&nbsp;<\/td><\/tr><\/tbody><\/table><\/figure>\n\n\n\n<hr class=\"wp-block-separator\"\/>\n\n\n\n<figure class=\"wp-block-table alignfull\"><table><tbody><tr><td>Proponentes\/ Professores:<\/td><td>Deise Lane Dias e Julia Christina Machado<\/td><\/tr><tr><td>Institui\u00e7\u00e3o Educacional:<\/td><td>Escola Municipal Mois\u00e9s Santana<\/td><\/tr><tr><td>CRE:<\/td><td>Brasil de Ramos<\/td><\/tr><\/tbody><\/table><\/figure>\n\n\n\n<hr class=\"wp-block-separator\"\/>\n\n\n\n<p>Ensino Fundamental &#8211; Ciclo da Inf\u00e2ncia -Turma A &#8211; 1\u00ba ano &#8211;  Educa\u00e7\u00e3o Ambiental e Sa\u00fade<\/p>\n\n\n\n<p><\/p>\n","protected":false},"author":24,"featured_media":58923,"template":"","ef_categoria":[13,18],"ef_ano":[],"ef_componente":[],"class_list":["post-58921","ensino_fundamental","type-ensino_fundamental","status-publish","has-post-thumbnail","hentry","ef_categoria-ciclo-da-infancia-abc","ef_categoria-educacao-ambiental-e-saude","entry","has-media"],"acf":[],"_links":{"self":[{"href":"https:\/\/sme.goiania.go.gov.br\/conexaoescola\/wp-json\/wp\/v2\/ensino_fundamental\/58921","targetHints":{"allow":["GET"]}}],"collection":[{"href":"https:\/\/sme.goiania.go.gov.br\/conexaoescola\/wp-json\/wp\/v2\/ensino_fundamental"}],"about":[{"href":"https:\/\/sme.goiania.go.gov.br\/conexaoescola\/wp-json\/wp\/v2\/types\/ensino_fundamental"}],"author":[{"embeddable":true,"href":"https:\/\/sme.goiania.go.gov.br\/conexaoescola\/wp-json\/wp\/v2\/users\/24"}],"version-history":[{"count":0,"href":"https:\/\/sme.goiania.go.gov.br\/conexaoescola\/wp-json\/wp\/v2\/ensino_fundamental\/58921\/revisions"}],"wp:featuredmedia":[{"embeddable":true,"href":"https:\/\/sme.goiania.go.gov.br\/conexaoescola\/wp-json\/wp\/v2\/media\/58923"}],"wp:attachment":[{"href":"https:\/\/sme.goiania.go.gov.br\/conexaoescola\/wp-json\/wp\/v2\/media?parent=58921"}],"wp:term":[{"taxonomy":"ef_categoria","embeddable":true,"href":"https:\/\/sme.goiania.go.gov.br\/conexaoescola\/wp-json\/wp\/v2\/ef_categoria?post=58921"},{"taxonomy":"ef_ano","embeddable":true,"href":"https:\/\/sme.goiania.go.gov.br\/conexaoescola\/wp-json\/wp\/v2\/ef_ano?post=58921"},{"taxonomy":"ef_componente","embeddable":true,"href":"https:\/\/sme.goiania.go.gov.br\/conexaoescola\/wp-json\/wp\/v2\/ef_componente?post=58921"}],"curies":[{"name":"wp","href":"https:\/\/api.w.org\/{rel}","templated":true}]}}

<p class="has-drop-cap has-medium-font-size">Olá tudo bem? Você sabia que o nosso corpo tem superpoderes? Isso mesmo que você ouviu, superpoderes! Eles são os órgãos dos sentidos, eles são responsáveis por captarem tudo ao nosso redor, o que vemos, ouvimos, cheiramos e sentimos! Então, que tal conhecer um pouco mais sobre eles e o nosso corpo? Vamos assistir&nbsp; um vídeo sobre o assunto!</p>



<hr class="wp-block-separator"/>



<p class="has-text-color has-background has-medium-font-size has-very-light-gray-color has-very-dark-gray-background-color">Atividade 1: </p>



<p class="has-medium-font-size">Primeiro assista o vídeo no link para saber mais sobre os 5 sentidos do nosso corpo. </p>



<figure class="wp-block-embed-youtube wp-block-embed is-type-video is-provider-youtube wp-embed-aspect-16-9 wp-has-aspect-ratio"><div class="wp-block-embed__wrapper">
<p class="responsive-video-wrap clr"><iframe title="OS CINCO SENTIDOS!" width="1200" height="675" src="https://www.youtube.com/embed/4f6E2Jkckik?feature=oembed" frameborder="0" allow="accelerometer; autoplay; clipboard-write; encrypted-media; gyroscope; picture-in-picture" allowfullscreen></iframe></p>
</div><figcaption>&#8220;OS CINCO SENTIDOS&#8221; Canal:<a href="https://www.youtube.com/channel/UClSQP2GbVLcoM_nfnYiXejw">Educar Sempre</a> &#8211; https://www.youtube.com/watch?v=4f6E2Jkckik</figcaption></figure>



<p>&nbsp;</p>



<p class="has-text-color has-background has-very-light-gray-color has-very-dark-gray-background-color">Atividade 2: </p>



<p class="has-medium-font-size">Agora recorte uma imagem que represente cada um dos 5 sentidos e cole-as no seu caderno.</p>



<p class="has-text-color has-background has-medium-font-size has-very-light-gray-color has-very-dark-gray-background-color">Atividade 3:</p>



<p class="has-medium-font-size"> Para finalizar pratique o que você aprendeu no jogo dos sentidos </p>



<p class="has-text-color has-background has-very-light-gray-color has-vivid-purple-background-color"><a href="http://www.escolagames.com.br/jogos/cincoSentidos/?deviceType=computer">http://www.escolagames.com.br/jogos/cincoSentidos/?deviceType=computer</a></p>



<hr class="wp-block-separator"/>



<p><strong>Saiba Mais | Referências:</strong></p>



<div class="wp-block-columns is-layout-flex wp-container-core-columns-is-layout-9d6595d7 wp-block-columns-is-layout-flex">
<div class="wp-block-column is-layout-flow wp-block-column-is-layout-flow">
<figure class="wp-block-embed-youtube wp-block-embed is-type-link is-provider-descomplica-ensina"><div class="wp-block-embed__wrapper">
<div class="oceanwp-oembed-wrap clr"><a href="https://descomplicaensinasiteblog.wordpress.com/2017/03/09/jogos-e-brincadeiras-5-sentidos/">Jogos e Brincadeiras &#8211; 5&nbsp;Sentidos</a></div>
</div><figcaption>https://descomplicaensinasiteblog.wordpress.com/2017/03/09/jogos-e-brincadeiras-5-sentidos/</figcaption></figure>
</div>



<div class="wp-block-column is-layout-flow wp-block-column-is-layout-flow"></div>
</div>



<hr class="wp-block-separator"/>



<figure class="wp-block-table alignfull"><table><tbody><tr><td>Objeto de Conhecimento</td><td>Corpo humano Respeito à diversidade&nbsp;</td></tr><tr><td>Componente Curricular</td><td>Ciências</td></tr><tr><td>Habilidades</td><td>(EF01CI02-A) Apresentar, localizar, nomear e representar (por meio de desenhos) partes do corpo humano.&nbsp;(EF01CI02-B) Identificar a divisão do corpo humano em cabeça, pescoço, tronco e membros re- presentando-as por meio de imagens.&nbsp;(EF01CI02-C) Explicar, oralmente, as funções das diferentes partes do corpo humano.&nbsp;</td></tr></tbody></table></figure>



<hr class="wp-block-separator"/>



<figure class="wp-block-table alignfull"><table><tbody><tr><td>Proponentes/ Professores:</td><td>Deise Lane Dias e Julia Christina Machado</td></tr><tr><td>Instituição Educacional:</td><td>Escola Municipal Moisés Santana</td></tr><tr><td>CRE:</td><td>Brasil de Ramos</td></tr></tbody></table></figure>



<hr class="wp-block-separator"/>



<p>Ensino Fundamental &#8211; Ciclo da Infância -Turma A &#8211; 1º ano &#8211;  Educação Ambiental e Saúde</p>



<p></p>
