{"id":58872,"date":"2020-11-09T07:00:00","date_gmt":"2020-11-09T09:00:00","guid":{"rendered":"https:\/\/sme.goiania.go.gov.br\/conexaoescola\/?post_type=ensino_fundamental&#038;p=58872"},"modified":"2021-12-07T12:26:53","modified_gmt":"2021-12-07T14:26:53","slug":"a-primeira-guerra-mundial-1914","status":"publish","type":"ensino_fundamental","link":"https:\/\/sme.goiania.go.gov.br\/conexaoescola\/ensino_fundamental\/a-primeira-guerra-mundial-1914\/","title":{"rendered":"Hist\u00f3ria &#8211; A Primeira Guerra Mundial 1914"},"content":{"rendered":"\n<p class=\"has-drop-cap has-medium-font-size\">Ol\u00e1 pessoal, bom dia! Na aula de hoje vamos estudar a Primeira Guerra Mundial, um conflito que envolveu pa\u00edses de todos os continentes e provocou milhares de mortes. Um triste exemplo para a humanidade.<\/p>\n\n\n\n<p class=\"has-background has-medium-font-size\" style=\"background-color:#a4dcff\">A primeira Guerra Mundial foi um longo conflito que envolveu as na\u00e7\u00f5es imperialistas que disputavam territ\u00f3rios e mercados nos continentes asi\u00e1ticos e africanos. Essas disputas que tem in\u00edcio no s\u00e9culo XlX, gerou violentas rivalidades entre as pot\u00eancias europeias, pois cada pa\u00eds, como a Gr\u00e3- Bretanha, Alemanha e a Fran\u00e7a, buscava conservar ou ampliar seu imp\u00e9rio colonial. Essas rivalidades entre os pa\u00edses imperialistas s\u00e3o umas das principais causas da Primeira Guerra Mundial (1914- 1918), conflito mundial disputado nos cinco continentes e que provocaram milhares de mortos.<\/p>\n\n\n\n<p class=\"has-luminous-vivid-amber-background-color has-background has-medium-font-size\"><strong>Responda as quest\u00f5es a seguir:<\/strong><\/p>\n\n\n\n<p class=\"has-light-green-cyan-background-color has-text-color has-background has-medium-font-size\" style=\"color:#000000\">&nbsp;1 &#8211; De acordo com a narrativa acima voc\u00ea se considera um belicista (defende o uso de armas) ou um pacifista (contr\u00e1rio ao uso de armas)? <\/p>\n\n\n\n<p class=\"has-light-green-cyan-background-color has-text-color has-background has-medium-font-size\" style=\"color:#000000\">2) Fa\u00e7a uma pesquisa sobre um grande l\u00edder pacifista?<\/p>\n\n\n\n<p class=\"has-text-color has-background has-medium-font-size\" style=\"background-color:#000000;color:#ffffff\"><strong>Saiba Mais | Refer\u00eancias:<\/strong><\/p>\n\n\n\n<figure class=\"wp-block-embed is-type-video is-provider-youtube wp-block-embed-youtube wp-embed-aspect-16-9 wp-has-aspect-ratio\"><div class=\"wp-block-embed__wrapper\">\n<p class=\"responsive-video-wrap clr\"><iframe title=\"A Primeira Guerra Mundial em 5 Minutos\" width=\"1200\" height=\"675\" src=\"https:\/\/www.youtube.com\/embed\/jACiIe8Ly5o?feature=oembed\" frameborder=\"0\" allow=\"accelerometer; autoplay; clipboard-write; encrypted-media; gyroscope; picture-in-picture\" allowfullscreen><\/iframe><\/p>\n<\/div><figcaption><a href=\"https:\/\/www.youtube.com\/watch?v=jACiIe8Ly5o\" target=\"_blank\" rel=\"noreferrer noopener\">A Primeira Guerra Mundial em 5 Minutos &#8211; Canal DGP Mundo &#8211; YouTube<\/a><\/figcaption><\/figure>\n\n\n\n<hr class=\"wp-block-separator\"\/>\n\n\n\n<figure class=\"wp-block-table alignfull\"><table><tbody><tr><td>Objeto de Conhecimento<\/td><td>O mundo e conflitos mundiais: A Primeira Guerra Mundial<\/td><\/tr><tr><td>Habilidades<\/td><td>(EF09HI10) Identificar e relacionar as din\u00e2micas do capitalismo e suas crises, os grandes conflitos mundiais e os grandes conflitos mundiais e os conflitos vivenciados na Europa.&nbsp;<\/td><\/tr><tr><td>Proponentes\/ Professores:<\/td><td>Eur\u00edpedes Viana<\/td><\/tr><tr><td>Institui\u00e7\u00e3o Educacional:<\/td><td>E. Mul. Nova Conquista<\/td><\/tr><tr><td>CRE:<\/td><td>Maria Helena Batista Bretas<\/td><\/tr><\/tbody><\/table><\/figure>\n\n\n\n<hr class=\"wp-block-separator\"\/>\n\n\n\n<p class=\"has-text-align-center\">Ciclo da Adolesc\u00eancia \u2013 Turma I (9\u00ba ano) \u2013 \u00c9tica e Cidadania<\/p>\n","protected":false},"author":28,"featured_media":58873,"template":"","ef_categoria":[16,32,36],"ef_ano":[92],"ef_componente":[95],"class_list":["post-58872","ensino_fundamental","type-ensino_fundamental","status-publish","has-post-thumbnail","hentry","ef_categoria-ciclo-da-adolescencia-hi","ef_categoria-corpo-e-movimento-ciclo-da-adolescencia-hi","ef_categoria-etica-e-cidadania-ciclo-da-adolescencia-hi","ef_ano-9o-ano","ef_componente-historia","entry","has-media"],"acf":[],"_links":{"self":[{"href":"https:\/\/sme.goiania.go.gov.br\/conexaoescola\/wp-json\/wp\/v2\/ensino_fundamental\/58872","targetHints":{"allow":["GET"]}}],"collection":[{"href":"https:\/\/sme.goiania.go.gov.br\/conexaoescola\/wp-json\/wp\/v2\/ensino_fundamental"}],"about":[{"href":"https:\/\/sme.goiania.go.gov.br\/conexaoescola\/wp-json\/wp\/v2\/types\/ensino_fundamental"}],"author":[{"embeddable":true,"href":"https:\/\/sme.goiania.go.gov.br\/conexaoescola\/wp-json\/wp\/v2\/users\/28"}],"version-history":[{"count":0,"href":"https:\/\/sme.goiania.go.gov.br\/conexaoescola\/wp-json\/wp\/v2\/ensino_fundamental\/58872\/revisions"}],"wp:featuredmedia":[{"embeddable":true,"href":"https:\/\/sme.goiania.go.gov.br\/conexaoescola\/wp-json\/wp\/v2\/media\/58873"}],"wp:attachment":[{"href":"https:\/\/sme.goiania.go.gov.br\/conexaoescola\/wp-json\/wp\/v2\/media?parent=58872"}],"wp:term":[{"taxonomy":"ef_categoria","embeddable":true,"href":"https:\/\/sme.goiania.go.gov.br\/conexaoescola\/wp-json\/wp\/v2\/ef_categoria?post=58872"},{"taxonomy":"ef_ano","embeddable":true,"href":"https:\/\/sme.goiania.go.gov.br\/conexaoescola\/wp-json\/wp\/v2\/ef_ano?post=58872"},{"taxonomy":"ef_componente","embeddable":true,"href":"https:\/\/sme.goiania.go.gov.br\/conexaoescola\/wp-json\/wp\/v2\/ef_componente?post=58872"}],"curies":[{"name":"wp","href":"https:\/\/api.w.org\/{rel}","templated":true}]}}

História &#8211; A Primeira Guerra Mundial 1914

<p class="has-drop-cap has-medium-font-size">Olá pessoal, bom dia! Na aula de hoje vamos estudar a Primeira Guerra Mundial, um conflito que envolveu países de todos os continentes e provocou milhares de mortes. Um triste exemplo para a humanidade.</p>



<p class="has-background has-medium-font-size" style="background-color:#a4dcff">A primeira Guerra Mundial foi um longo conflito que envolveu as nações imperialistas que disputavam territórios e mercados nos continentes asiáticos e africanos. Essas disputas que tem início no século XlX, gerou violentas rivalidades entre as potências europeias, pois cada país, como a Grã- Bretanha, Alemanha e a França, buscava conservar ou ampliar seu império colonial. Essas rivalidades entre os países imperialistas são umas das principais causas da Primeira Guerra Mundial (1914- 1918), conflito mundial disputado nos cinco continentes e que provocaram milhares de mortos.</p>



<p class="has-luminous-vivid-amber-background-color has-background has-medium-font-size"><strong>Responda as questões a seguir:</strong></p>



<p class="has-light-green-cyan-background-color has-text-color has-background has-medium-font-size" style="color:#000000">&nbsp;1 &#8211; De acordo com a narrativa acima você se considera um belicista (defende o uso de armas) ou um pacifista (contrário ao uso de armas)? </p>



<p class="has-light-green-cyan-background-color has-text-color has-background has-medium-font-size" style="color:#000000">2) Faça uma pesquisa sobre um grande líder pacifista?</p>



<p class="has-text-color has-background has-medium-font-size" style="background-color:#000000;color:#ffffff"><strong>Saiba Mais | Referências:</strong></p>



<figure class="wp-block-embed is-type-video is-provider-youtube wp-block-embed-youtube wp-embed-aspect-16-9 wp-has-aspect-ratio"><div class="wp-block-embed__wrapper">
<p class="responsive-video-wrap clr"><iframe title="A Primeira Guerra Mundial em 5 Minutos" width="1200" height="675" src="https://www.youtube.com/embed/jACiIe8Ly5o?feature=oembed" frameborder="0" allow="accelerometer; autoplay; clipboard-write; encrypted-media; gyroscope; picture-in-picture" allowfullscreen></iframe></p>
</div><figcaption><a href="https://www.youtube.com/watch?v=jACiIe8Ly5o" target="_blank" rel="noreferrer noopener">A Primeira Guerra Mundial em 5 Minutos &#8211; Canal DGP Mundo &#8211; YouTube</a></figcaption></figure>



<hr class="wp-block-separator"/>



<figure class="wp-block-table alignfull"><table><tbody><tr><td>Objeto de Conhecimento</td><td>O mundo e conflitos mundiais: A Primeira Guerra Mundial</td></tr><tr><td>Habilidades</td><td>(EF09HI10) Identificar e relacionar as dinâmicas do capitalismo e suas crises, os grandes conflitos mundiais e os grandes conflitos mundiais e os conflitos vivenciados na Europa.&nbsp;</td></tr><tr><td>Proponentes/ Professores:</td><td>Eurípedes Viana</td></tr><tr><td>Instituição Educacional:</td><td>E. Mul. Nova Conquista</td></tr><tr><td>CRE:</td><td>Maria Helena Batista Bretas</td></tr></tbody></table></figure>



<hr class="wp-block-separator"/>



<p class="has-text-align-center">Ciclo da Adolescência – Turma I (9º ano) – Ética e Cidadania</p>
