{"id":58768,"date":"2020-11-09T07:00:00","date_gmt":"2020-11-09T09:00:00","guid":{"rendered":"https:\/\/sme.goiania.go.gov.br\/conexaoescola\/?post_type=ensino_fundamental&#038;p=58768"},"modified":"2020-11-06T15:40:34","modified_gmt":"2020-11-06T17:40:34","slug":"tipos-de-graficos","status":"publish","type":"ensino_fundamental","link":"https:\/\/sme.goiania.go.gov.br\/conexaoescola\/ensino_fundamental\/tipos-de-graficos\/","title":{"rendered":"Tipos de Gr\u00e1ficos"},"content":{"rendered":"\n<p class=\"has-background has-drop-cap has-medium-font-size has-pale-cyan-blue-background-color\">Ol\u00e1, voc\u00ea j\u00e1 deve ter visto ou ouvido falar em Gr\u00e1fico? E voc\u00ea saberia dizer quais s\u00e3o os Tipos de Gr\u00e1ficos que existem?<\/p>\n\n\n\n<hr class=\"wp-block-separator\"\/>\n\n\n\n<p class=\"has-text-color has-background has-medium-font-size has-very-light-gray-color has-very-dark-gray-background-color\">Atividade 1:<\/p>\n\n\n\n<p class=\"has-medium-font-size\"><br>Agora vamos aprender um pouco mais sobre os \u201cTipos de Gr\u00e1ficos\u201d.<br>Vamos Come\u00e7ar?<br>Assista os dois v\u00eddeos:<\/p>\n\n\n\n<figure class=\"wp-block-embed-youtube wp-block-embed is-type-video is-provider-youtube wp-embed-aspect-16-9 wp-has-aspect-ratio\"><div class=\"wp-block-embed__wrapper\">\n<p class=\"responsive-video-wrap clr\"><iframe title=\"Tipos de Gr\u00e1ficos - Tipos de Gr\u00e1ficos Estat\u00edsticos - B\u00e1sico\" width=\"1200\" height=\"675\" src=\"https:\/\/www.youtube.com\/embed\/eS7wYUc7ZjM?feature=oembed\" frameborder=\"0\" allow=\"accelerometer; autoplay; clipboard-write; encrypted-media; gyroscope; picture-in-picture\" allowfullscreen><\/iframe><\/p>\n<\/div><figcaption>&#8220;Tipos de Gr\u00e1ficos &#8211; Tipos de Gr\u00e1ficos Estat\u00edsticos &#8211; B\u00e1sico&#8221; Canal:<a href=\"https:\/\/www.youtube.com\/channel\/UCwAsbhUqm4hxb4w9XkgZaxA\">Pedro Tartuci<\/a> &#8211; https:\/\/www.youtube.com\/watch?v=eS7wYUc7ZjM<\/figcaption><\/figure>\n\n\n\n<figure class=\"wp-block-embed-youtube wp-block-embed is-type-video is-provider-youtube wp-embed-aspect-4-3 wp-has-aspect-ratio\"><div class=\"wp-block-embed__wrapper\">\n<p class=\"responsive-video-wrap clr\"><iframe title=\"tipos de gr\u00e1ficos\" width=\"1200\" height=\"900\" src=\"https:\/\/www.youtube.com\/embed\/Tqyg95SVD9s?feature=oembed\" frameborder=\"0\" allow=\"accelerometer; autoplay; clipboard-write; encrypted-media; gyroscope; picture-in-picture\" allowfullscreen><\/iframe><\/p>\n<\/div><figcaption>\u201cTipos de Gr\u00e1ficos\u201d \u2013 Canal: F\u00edsica F\u00e1cil -https:\/\/www.youtube.com\/watch?v=Tqyg95SVD9s<\/figcaption><\/figure>\n\n\n\n<p class=\"has-medium-font-size\"><br>Agora que voc\u00ea assistiu os v\u00eddeos 1 e 2 no Youtube, pode observar que existe v\u00e1rios Tipos de Gr\u00e1ficos e que devemos aprender a ler todos pois, esse assunto faz parte do nosso cotidiano e est\u00e1 presente em v\u00e1rios segmentos da nossa sociedade. Utilize seus conhecimentos adquiridos, se necess\u00e1rio retome os v\u00eddeos e responda utilizando uma folha pautada para copiar e responder o \u201cQuestion\u00e1rio\u201d.<\/p>\n\n\n\n<p class=\"has-medium-font-size\">Question\u00e1rio<br>1 \u2013 Quais os tipos de Gr\u00e1ficos que foi mostrado no v\u00eddeo 1?<br>2 \u2013 E quais os tipos de Gr\u00e1ficos que foi mostrado no v\u00eddeo 2?<br>3 \u2013 Qual dos Gr\u00e1ficos apresentados nos v\u00eddeos voc\u00ea j\u00e1 tinha visto antes?<br>4 \u2013 E qual Gr\u00e1fico voc\u00ea achou mais interessante?<br>5 \u2013 Agora escolha um tipo de gr\u00e1fico que foi explicado nos v\u00eddeos e tente desenh\u00e1-lo:<\/p>\n\n\n\n<p class=\"has-text-color has-background has-medium-font-size has-very-light-gray-color has-very-dark-gray-background-color\"><br>Atividade 2:<\/p>\n\n\n\n<p class=\"has-medium-font-size\">Existem v\u00e1rios tipos de gr\u00e1ficos, e cada um \u00e9 usado em diferentes contextos. Conhec\u00ea-los \u00e9 fundamental para realizar a sua correta leitura. Agora que voc\u00ea j\u00e1 aprendeu um pouco sobre os \u201cTipos de Gr\u00e1ficos\u201d no v\u00eddeo, realize a leitura do texto, clicando no link abaixo e conhe\u00e7a um pouco mais sobre esse assunto:<\/p>\n\n\n\n<p class=\"has-text-color has-background has-very-light-gray-color has-vivid-purple-background-color\"><a href=\"https:\/\/www.educamaisbrasil.com.br\/enem\/matematica\/tipos-de-graficos\">https:\/\/www.educamaisbrasil.com.br\/enem\/matematica\/tipos-de-graficos<\/a><\/p>\n\n\n\n<blockquote class=\"wp-block-quote is-layout-flow wp-block-quote-is-layout-flow\"><p><br><\/p><cite><em>https:\/\/www.educamaisbrasil.com.br\/enem\/matematica\/tipos-de-graficos<\/em><br><em>(Artigo: \u201cTipos de Gr\u00e1ficos\u201d- Publicado por: Educa Mais Brasil)<\/em><\/cite><\/blockquote>\n\n\n\n<p class=\"has-text-color has-background has-medium-font-size has-very-light-gray-color has-very-dark-gray-background-color\"><br>Atividade 3:<\/p>\n\n\n\n<p class=\"has-medium-font-size\"><br>Depois de ler o texto e assistir os v\u00eddeos vamos tentar criar um Gr\u00e1fico online? <\/p>\n\n\n\n<p class=\"has-medium-font-size\">Como criar um Gr\u00e1fico de Barra: Siga o passo a passo: <\/p>\n\n\n\n<p>1\u00ba passo: acessar o link :<\/p>\n\n\n\n<p class=\"has-text-color has-background has-very-light-gray-color has-vivid-purple-background-color\"><a href=\"https:\/\/spark.adobe.com\/pt-BR\/make\/charts\/\">https:\/\/spark.adobe.com\/pt-BR\/make\/charts\/<\/a><\/p>\n\n\n\n<p class=\"has-medium-font-size\"><br>2\u00ba passo: click em (fazer gr\u00e1fico agora) est\u00e1 no centro da tela.<br><\/p>\n\n\n\n<p class=\"has-medium-font-size\">3\u00ba passo: click em (DESIGN) &#8211; significa Projeto &#8211; para escolher o modelo de Gr\u00e1fico. <\/p>\n\n\n\n<p class=\"has-medium-font-size\">4\u00ba passo: click em (Bar Chart) &#8211; significa Gr\u00e1fico de Barra &#8211; para escolher o modelo Gr\u00e1fico de Barra.<\/p>\n\n\n\n<p class=\"has-medium-font-size\"><br>5\u00ba passo: click em (THEME) &#8211; significa Tema &#8211; e escolha as cores: roxo e amarelo.<\/p>\n\n\n\n<p><br>6o passo: click em (CONTENT) &#8211; significa Conte\u00fado &#8211; para completar o Gr\u00e1fico.<br><\/p>\n\n\n\n<p class=\"has-medium-font-size\">7\u00ba passo: em (CHART TITLE) &#8211; significa T\u00edtulo do Quadro &#8211; e escreva \u201cFilmes Assistidos\u201d esse ser\u00e1 o T\u00edtulo do Gr\u00e1fico.<\/p>\n\n\n\n<p class=\"has-medium-font-size\"><br>8\u00ba passo: em (Item) escreva em cada item os seguintes nomes:<\/p>\n\n\n\n<p class=\"has-medium-font-size\">\uf0d8 1o Item Carlos<br>\uf0d8 2o Item Igor<br>\uf0d8 3o Item Marcelo<br>\uf0d8 4o Item Pedro<br>\uf0d8 5o Item Jonas<\/p>\n\n\n\n<p class=\"has-medium-font-size\">9\u00ba passo: em (Value) &#8211; significa Valor \u2013 E escreva a quantidade de filmes que cada um dos garotos assistiu:<br>\uf0d8 1o Value 6<br>\uf0d8 2o Value 7<br>\uf0d8 3o Value 9<br>\uf0d8 4o Value 5<br>\uf0d8 5o Value 8<\/p>\n\n\n\n<p class=\"has-medium-font-size\">10\u00ba passo: Agora \u00e9 s\u00f3 observar no lado direito da tela como ficou os seu gr\u00e1fico. Se voc\u00ea depois quiser explorar mais um pouco esse assunto v\u00e1 em (DESIGN) e modifique o tipo de gr\u00e1fico para verificar como fica em outros modelos.<\/p>\n\n\n\n<p class=\"has-text-color has-large-font-size has-vivid-red-color\"><br>Espero que tenha gostado dessa aula sobre os \u201cTipos de Gr\u00e1ficos\u201d at\u00e9 a pr\u00f3xima.<\/p>\n\n\n\n<hr class=\"wp-block-separator\"\/>\n\n\n\n<p><strong>SAIBA MAIS |REFER\u00caNCIAS:<\/strong><\/p>\n\n\n\n<div class=\"wp-block-columns is-layout-flex wp-container-core-columns-is-layout-9d6595d7 wp-block-columns-is-layout-flex\">\n<div class=\"wp-block-column is-layout-flow wp-block-column-is-layout-flow\">\n<p class=\"has-text-color has-background has-very-light-gray-color has-vivid-purple-background-color\"><a href=\"https:\/\/www.todamateria.com.br\/tipos-de-graficos\/\">https:\/\/www.todamateria.com.br\/tipos-de-graficos\/<\/a><\/p>\n<\/div>\n\n\n\n<div class=\"wp-block-column is-layout-flow wp-block-column-is-layout-flow\">\n<p class=\"has-text-color has-background has-very-light-gray-color has-vivid-cyan-blue-background-color\"><a href=\"https:\/\/brasilescola.uol.com.br\/matematica\/graficos.htm\">https:\/\/brasilescola.uol.com.br\/matematica\/graficos.htm<\/a><\/p>\n<\/div>\n<\/div>\n\n\n\n<hr class=\"wp-block-separator\"\/>\n\n\n\n<figure class=\"wp-block-table alignfull\"><table><tbody><tr><td>OBJETO DE CONHECIMENTO:<\/td><td>Gr\u00e1ficos de Barra ou Coluna Simples.<\/td><\/tr><tr><td>HABILIDADES:<\/td><td>(EF03MA26-A) Resolver problemas com dados apresentados<br>em tabelas de dupla entrada e gr\u00e1ficos de barras ou colunas<br>simples em situa\u00e7\u00f5es significativas das realidades sociocultural<br>e econ\u00f4mica.<br>(EF03MA26-B) Estabelecer rela\u00e7\u00f5es entre dados, fazer<br>estimativas e previs\u00f5es de dados associadas \u00e0 coleta, leitura,<br>compara\u00e7\u00e3o e interpreta\u00e7\u00e3o de dados, com apoio de recursos<br>multissemi\u00f3ticos, incluindo gr\u00e1ficos de barras ou coluna simples<br>e tabelas de dupla entrada.<\/td><\/tr><\/tbody><\/table><\/figure>\n\n\n\n<hr class=\"wp-block-separator\"\/>\n\n\n\n<figure class=\"wp-block-table alignfull\"><table><tbody><tr><td>PROPONENTES\/ PROFESSORES:<\/td><td>Cleidioni de Oliveira Klein (cleidioniklein@hotmail.com)<\/td><\/tr><tr><td>INSTITUI\u00c7\u00c3O EDUCACIONAL:<\/td><td>Escola Municipal Donata Monteiro da Motta<\/td><\/tr><tr><td>CRE:<\/td><td>Maria Helena B. Bretas<\/td><\/tr><\/tbody><\/table><\/figure>\n\n\n\n<hr class=\"wp-block-separator\"\/>\n\n\n\n<p>Ensino Fundamental &#8211; Ensino Fundamental \u2013 Turma \u201dC\u201d \u2013 3\u00ba Ano &#8211; Educa\u00e7\u00e3o   Financeira e Empreendedorismo<\/p>\n","protected":false},"author":24,"featured_media":58769,"template":"","ef_categoria":[13,19],"ef_ano":[],"ef_componente":[],"class_list":["post-58768","ensino_fundamental","type-ensino_fundamental","status-publish","has-post-thumbnail","hentry","ef_categoria-ciclo-da-infancia-abc","ef_categoria-educacao-financeira-e-empreendedorismo","entry","has-media"],"acf":[],"_links":{"self":[{"href":"https:\/\/sme.goiania.go.gov.br\/conexaoescola\/wp-json\/wp\/v2\/ensino_fundamental\/58768","targetHints":{"allow":["GET"]}}],"collection":[{"href":"https:\/\/sme.goiania.go.gov.br\/conexaoescola\/wp-json\/wp\/v2\/ensino_fundamental"}],"about":[{"href":"https:\/\/sme.goiania.go.gov.br\/conexaoescola\/wp-json\/wp\/v2\/types\/ensino_fundamental"}],"author":[{"embeddable":true,"href":"https:\/\/sme.goiania.go.gov.br\/conexaoescola\/wp-json\/wp\/v2\/users\/24"}],"version-history":[{"count":0,"href":"https:\/\/sme.goiania.go.gov.br\/conexaoescola\/wp-json\/wp\/v2\/ensino_fundamental\/58768\/revisions"}],"wp:featuredmedia":[{"embeddable":true,"href":"https:\/\/sme.goiania.go.gov.br\/conexaoescola\/wp-json\/wp\/v2\/media\/58769"}],"wp:attachment":[{"href":"https:\/\/sme.goiania.go.gov.br\/conexaoescola\/wp-json\/wp\/v2\/media?parent=58768"}],"wp:term":[{"taxonomy":"ef_categoria","embeddable":true,"href":"https:\/\/sme.goiania.go.gov.br\/conexaoescola\/wp-json\/wp\/v2\/ef_categoria?post=58768"},{"taxonomy":"ef_ano","embeddable":true,"href":"https:\/\/sme.goiania.go.gov.br\/conexaoescola\/wp-json\/wp\/v2\/ef_ano?post=58768"},{"taxonomy":"ef_componente","embeddable":true,"href":"https:\/\/sme.goiania.go.gov.br\/conexaoescola\/wp-json\/wp\/v2\/ef_componente?post=58768"}],"curies":[{"name":"wp","href":"https:\/\/api.w.org\/{rel}","templated":true}]}}

Tipos de Gráficos

<p class="has-background has-drop-cap has-medium-font-size has-pale-cyan-blue-background-color">Olá, você já deve ter visto ou ouvido falar em Gráfico? E você saberia dizer quais são os Tipos de Gráficos que existem?</p>



<hr class="wp-block-separator"/>



<p class="has-text-color has-background has-medium-font-size has-very-light-gray-color has-very-dark-gray-background-color">Atividade 1:</p>



<p class="has-medium-font-size"><br>Agora vamos aprender um pouco mais sobre os “Tipos de Gráficos”.<br>Vamos Começar?<br>Assista os dois vídeos:</p>



<figure class="wp-block-embed-youtube wp-block-embed is-type-video is-provider-youtube wp-embed-aspect-16-9 wp-has-aspect-ratio"><div class="wp-block-embed__wrapper">
<p class="responsive-video-wrap clr"><iframe title="Tipos de Gráficos - Tipos de Gráficos Estatísticos - Básico" width="1200" height="675" src="https://www.youtube.com/embed/eS7wYUc7ZjM?feature=oembed" frameborder="0" allow="accelerometer; autoplay; clipboard-write; encrypted-media; gyroscope; picture-in-picture" allowfullscreen></iframe></p>
</div><figcaption>&#8220;Tipos de Gráficos &#8211; Tipos de Gráficos Estatísticos &#8211; Básico&#8221; Canal:<a href="https://www.youtube.com/channel/UCwAsbhUqm4hxb4w9XkgZaxA">Pedro Tartuci</a> &#8211; https://www.youtube.com/watch?v=eS7wYUc7ZjM</figcaption></figure>



<figure class="wp-block-embed-youtube wp-block-embed is-type-video is-provider-youtube wp-embed-aspect-4-3 wp-has-aspect-ratio"><div class="wp-block-embed__wrapper">
<p class="responsive-video-wrap clr"><iframe title="tipos de gráficos" width="1200" height="900" src="https://www.youtube.com/embed/Tqyg95SVD9s?feature=oembed" frameborder="0" allow="accelerometer; autoplay; clipboard-write; encrypted-media; gyroscope; picture-in-picture" allowfullscreen></iframe></p>
</div><figcaption>“Tipos de Gráficos” – Canal: Física Fácil -https://www.youtube.com/watch?v=Tqyg95SVD9s</figcaption></figure>



<p class="has-medium-font-size"><br>Agora que você assistiu os vídeos 1 e 2 no Youtube, pode observar que existe vários Tipos de Gráficos e que devemos aprender a ler todos pois, esse assunto faz parte do nosso cotidiano e está presente em vários segmentos da nossa sociedade. Utilize seus conhecimentos adquiridos, se necessário retome os vídeos e responda utilizando uma folha pautada para copiar e responder o “Questionário”.</p>



<p class="has-medium-font-size">Questionário<br>1 – Quais os tipos de Gráficos que foi mostrado no vídeo 1?<br>2 – E quais os tipos de Gráficos que foi mostrado no vídeo 2?<br>3 – Qual dos Gráficos apresentados nos vídeos você já tinha visto antes?<br>4 – E qual Gráfico você achou mais interessante?<br>5 – Agora escolha um tipo de gráfico que foi explicado nos vídeos e tente desenhá-lo:</p>



<p class="has-text-color has-background has-medium-font-size has-very-light-gray-color has-very-dark-gray-background-color"><br>Atividade 2:</p>



<p class="has-medium-font-size">Existem vários tipos de gráficos, e cada um é usado em diferentes contextos. Conhecê-los é fundamental para realizar a sua correta leitura. Agora que você já aprendeu um pouco sobre os “Tipos de Gráficos” no vídeo, realize a leitura do texto, clicando no link abaixo e conheça um pouco mais sobre esse assunto:</p>



<p class="has-text-color has-background has-very-light-gray-color has-vivid-purple-background-color"><a href="https://www.educamaisbrasil.com.br/enem/matematica/tipos-de-graficos">https://www.educamaisbrasil.com.br/enem/matematica/tipos-de-graficos</a></p>



<blockquote class="wp-block-quote is-layout-flow wp-block-quote-is-layout-flow"><p><br></p><cite><em>https://www.educamaisbrasil.com.br/enem/matematica/tipos-de-graficos</em><br><em>(Artigo: “Tipos de Gráficos”- Publicado por: Educa Mais Brasil)</em></cite></blockquote>



<p class="has-text-color has-background has-medium-font-size has-very-light-gray-color has-very-dark-gray-background-color"><br>Atividade 3:</p>



<p class="has-medium-font-size"><br>Depois de ler o texto e assistir os vídeos vamos tentar criar um Gráfico online? </p>



<p class="has-medium-font-size">Como criar um Gráfico de Barra: Siga o passo a passo: </p>



<p>1º passo: acessar o link :</p>



<p class="has-text-color has-background has-very-light-gray-color has-vivid-purple-background-color"><a href="https://spark.adobe.com/pt-BR/make/charts/">https://spark.adobe.com/pt-BR/make/charts/</a></p>



<p class="has-medium-font-size"><br>2º passo: click em (fazer gráfico agora) está no centro da tela.<br></p>



<p class="has-medium-font-size">3º passo: click em (DESIGN) &#8211; significa Projeto &#8211; para escolher o modelo de Gráfico. </p>



<p class="has-medium-font-size">4º passo: click em (Bar Chart) &#8211; significa Gráfico de Barra &#8211; para escolher o modelo Gráfico de Barra.</p>



<p class="has-medium-font-size"><br>5º passo: click em (THEME) &#8211; significa Tema &#8211; e escolha as cores: roxo e amarelo.</p>



<p><br>6o passo: click em (CONTENT) &#8211; significa Conteúdo &#8211; para completar o Gráfico.<br></p>



<p class="has-medium-font-size">7º passo: em (CHART TITLE) &#8211; significa Título do Quadro &#8211; e escreva “Filmes Assistidos” esse será o Título do Gráfico.</p>



<p class="has-medium-font-size"><br>8º passo: em (Item) escreva em cada item os seguintes nomes:</p>



<p class="has-medium-font-size"> 1o Item Carlos<br> 2o Item Igor<br> 3o Item Marcelo<br> 4o Item Pedro<br> 5o Item Jonas</p>



<p class="has-medium-font-size">9º passo: em (Value) &#8211; significa Valor – E escreva a quantidade de filmes que cada um dos garotos assistiu:<br> 1o Value 6<br> 2o Value 7<br> 3o Value 9<br> 4o Value 5<br> 5o Value 8</p>



<p class="has-medium-font-size">10º passo: Agora é só observar no lado direito da tela como ficou os seu gráfico. Se você depois quiser explorar mais um pouco esse assunto vá em (DESIGN) e modifique o tipo de gráfico para verificar como fica em outros modelos.</p>



<p class="has-text-color has-large-font-size has-vivid-red-color"><br>Espero que tenha gostado dessa aula sobre os “Tipos de Gráficos” até a próxima.</p>



<hr class="wp-block-separator"/>



<p><strong>SAIBA MAIS |REFERÊNCIAS:</strong></p>



<div class="wp-block-columns is-layout-flex wp-container-core-columns-is-layout-9d6595d7 wp-block-columns-is-layout-flex">
<div class="wp-block-column is-layout-flow wp-block-column-is-layout-flow">
<p class="has-text-color has-background has-very-light-gray-color has-vivid-purple-background-color"><a href="https://www.todamateria.com.br/tipos-de-graficos/">https://www.todamateria.com.br/tipos-de-graficos/</a></p>
</div>



<div class="wp-block-column is-layout-flow wp-block-column-is-layout-flow">
<p class="has-text-color has-background has-very-light-gray-color has-vivid-cyan-blue-background-color"><a href="https://brasilescola.uol.com.br/matematica/graficos.htm">https://brasilescola.uol.com.br/matematica/graficos.htm</a></p>
</div>
</div>



<hr class="wp-block-separator"/>



<figure class="wp-block-table alignfull"><table><tbody><tr><td>OBJETO DE CONHECIMENTO:</td><td>Gráficos de Barra ou Coluna Simples.</td></tr><tr><td>HABILIDADES:</td><td>(EF03MA26-A) Resolver problemas com dados apresentados<br>em tabelas de dupla entrada e gráficos de barras ou colunas<br>simples em situações significativas das realidades sociocultural<br>e econômica.<br>(EF03MA26-B) Estabelecer relações entre dados, fazer<br>estimativas e previsões de dados associadas à coleta, leitura,<br>comparação e interpretação de dados, com apoio de recursos<br>multissemióticos, incluindo gráficos de barras ou coluna simples<br>e tabelas de dupla entrada.</td></tr></tbody></table></figure>



<hr class="wp-block-separator"/>



<figure class="wp-block-table alignfull"><table><tbody><tr><td>PROPONENTES/ PROFESSORES:</td><td>Cleidioni de Oliveira Klein (cleidioniklein@hotmail.com)</td></tr><tr><td>INSTITUIÇÃO EDUCACIONAL:</td><td>Escola Municipal Donata Monteiro da Motta</td></tr><tr><td>CRE:</td><td>Maria Helena B. Bretas</td></tr></tbody></table></figure>



<hr class="wp-block-separator"/>



<p>Ensino Fundamental &#8211; Ensino Fundamental – Turma ”C” – 3º Ano &#8211; Educação   Financeira e Empreendedorismo</p>
