{"id":58529,"date":"2020-11-02T07:00:00","date_gmt":"2020-11-02T09:00:00","guid":{"rendered":"https:\/\/sme.goiania.go.gov.br\/conexaoescola\/?post_type=ensino_fundamental&#038;p=58529"},"modified":"2020-10-31T15:32:05","modified_gmt":"2020-10-31T18:32:05","slug":"compras-de-supermercado-consciente","status":"publish","type":"ensino_fundamental","link":"https:\/\/sme.goiania.go.gov.br\/conexaoescola\/ensino_fundamental\/compras-de-supermercado-consciente\/","title":{"rendered":"\u201cCompras de supermercado consciente\u201d"},"content":{"rendered":"\n<p class=\"has-drop-cap has-medium-font-size\">O cen\u00e1rio de instabilidade criado pela Pandemia, fez com que muitas fam\u00edlias perdessem parte das suas rendas,o or\u00e7amento ficou apertado e os pre\u00e7o nos supermercados aumentaram consideravelmente. Muitas fam\u00edlias est\u00e3o se adaptando a esse per\u00edodo de dificuldade, buscando alternativas para poupar o dinheiro, tais como: cortar gastos, economizar energia,<br>pesquisar pre\u00e7os, consumir com consci\u00eancia e economizar no supermercado.<\/p>\n\n\n\n<hr class=\"wp-block-separator\"\/>\n\n\n\n<p class=\"has-text-color has-background has-medium-font-size has-very-light-gray-color has-very-dark-gray-background-color\">Atividade 1<\/p>\n\n\n\n<p class=\"has-medium-font-size\"><br>Acesse o link abaixo e assista ao v\u00eddeo \u201cHist\u00f3ria para crian\u00e7as: No Supermercado \u2013 Prioridade x Sup\u00e9rfluos \u201d, junto com algu\u00e9m da sua fam\u00edlia, para voc\u00ea aprender um pouco sobre o que \u00e9 necessidade x vontade, o que \u00e9 o dinheiro e o que os adultos fazem para consegui-lo.<\/p>\n\n\n\n<figure class=\"wp-block-embed-youtube wp-block-embed is-type-video is-provider-youtube wp-embed-aspect-16-9 wp-has-aspect-ratio\"><div class=\"wp-block-embed__wrapper\">\n<p class=\"responsive-video-wrap clr\"><iframe title=\"Hist\u00f3ria para crian\u00e7as - No Supermercado - Prioridade x Sup\u00e9rfluos \/ Educa\u00e7\u00e3o financeira\" width=\"1200\" height=\"675\" src=\"https:\/\/www.youtube.com\/embed\/DVMy9ZGF3FU?feature=oembed\" frameborder=\"0\" allow=\"accelerometer; autoplay; clipboard-write; encrypted-media; gyroscope; picture-in-picture\" allowfullscreen><\/iframe><\/p>\n<\/div><figcaption>&#8220;Hist\u00f3ria para crian\u00e7as &#8211; No Supermercado &#8211; Prioridade x Sup\u00e9rfluos \/ Educa\u00e7\u00e3o financeira&#8221; Canal:<a href=\"https:\/\/www.youtube.com\/channel\/UCwRbg7oqPHISbUx_jtqRgaw\">Finan\u00e7as.com.crian\u00e7as \/ Renata Davite Fernandino<\/a> &#8211; https:\/\/www.youtube.com\/watch?v=DVMy9ZGF3FU<\/figcaption><\/figure>\n\n\n\n<p class=\"has-text-color has-background has-medium-font-size has-very-light-gray-color has-very-dark-gray-background-color\"><br>Atividade 2<\/p>\n\n\n\n<p class=\"has-medium-font-size\">Voc\u00eas sabem diferenciar as coisas que s\u00e3o de necessidade com as coisas que<br>s\u00e3o da nossa vontade?<\/p>\n\n\n\n<p class=\"has-medium-font-size\">E voc\u00ea, o que tem feito para poupar dinheiro nesse per\u00edodo de Pandemia?<\/p>\n\n\n\n<p class=\"has-text-color has-background has-medium-font-size has-very-light-gray-color has-very-dark-gray-background-color\">Atividade 3<\/p>\n\n\n\n<p class=\"has-medium-font-size\"><br>Veja o folheto abaixo:<\/p>\n\n\n\n<p><img fetchpriority=\"high\" decoding=\"async\" src=\"https:\/\/lh5.googleusercontent.com\/K190kjl2jEKBcqei_GP3_Ztys-BpXmKIPKDnfLZvxhlb62WPgywMeB9wc7NVO0Un52BGg2ORRsEn2QiPG5_t7Bn1TYyQt30zz_MDkdw5P9JbHWASfTU0peOeoPZ1nngVOa-1QJ12\" width=\"587\" height=\"751\"><\/p>\n\n\n\n<blockquote class=\"wp-block-quote is-layout-flow wp-block-quote-is-layout-flow\"><p><\/p><cite>&lt;https:\/\/http2.mlstatic.com\/arte-personalizada-tabloides-e-folhetos-supermercado-e-lojas D_NQ_NP_845407-MLB25645922070_062017-F.webp><\/cite><\/blockquote>\n\n\n\n<p class=\"has-medium-font-size\">Agora responda as seguintes quest\u00f5es em seu caderno:<\/p>\n\n\n\n<p class=\"has-medium-font-size\"><br>a) Fa\u00e7a uma tabela em seu caderno conforme o modelo abaixo (utilize a quantidade de linhas correspondente \u00e0 quantidade de produtos) e escreva todos os produtos e seus respectivos valores:<\/p>\n\n\n\n<figure class=\"wp-block-table alignwide\"><table><tbody><tr><td>PRODUTO <\/td><td>VALOR<\/td><\/tr><tr><td>Arroz branco Camil<\/td><td>12,49<\/td><\/tr><\/tbody><\/table><\/figure>\n\n\n\n<p class=\"has-medium-font-size\">b) Agora circule na tabela que voc\u00ea construiu todos os produtos que voc\u00ea considera prioridade durante as compras no supermercado.<\/p>\n\n\n\n<p class=\"has-medium-font-size\"><br>c) Escreva os nomes do produto mais caro e do mais barato:<\/p>\n\n\n\n<p class=\"has-medium-font-size\"><br>d) Quanto voc\u00ea gastaria se comprasse todos os produtos dispon\u00edveis no folheto?<\/p>\n\n\n\n<p class=\"has-medium-font-size\"><br>e) Existe algum produto que voc\u00ea e sua fam\u00edlia tem comprado ultimamente que voc\u00eas perceberam que podem deixar fora da compra e assim economizar e<br>us\u00e1-lo em outra coisa?<\/p>\n\n\n\n<hr class=\"wp-block-separator\"\/>\n\n\n\n<p><strong>Saiba Mais | Refer\u00eancias:<\/strong><\/p>\n\n\n\n<figure class=\"wp-block-embed-youtube wp-block-embed is-type-video is-provider-youtube wp-embed-aspect-4-3 wp-has-aspect-ratio\"><div class=\"wp-block-embed__wrapper\">\n<p class=\"responsive-video-wrap clr\"><iframe title=\"Educa\u00e7\u00e3o Financeira para crian\u00e7as - Intus Forma\" width=\"1200\" height=\"900\" src=\"https:\/\/www.youtube.com\/embed\/qtZFBzzSQFE?feature=oembed\" frameborder=\"0\" allow=\"accelerometer; autoplay; clipboard-write; encrypted-media; gyroscope; picture-in-picture\" allowfullscreen><\/iframe><\/p>\n<\/div><figcaption>&#8220;Educa\u00e7\u00e3o Financeira para crian\u00e7as &#8211; Intus Forma&#8221; Canal: <a href=\"https:\/\/www.youtube.com\/channel\/UCdx7YVyd-u_AYF42GbqCPbQ\">Caren Penaloza<\/a> &#8211; https:\/\/www.youtube.com\/watch?v=qtZFBzzSQFE<\/figcaption><\/figure>\n\n\n\n<hr class=\"wp-block-separator\"\/>\n\n\n\n<figure class=\"wp-block-table alignfull\"><table><tbody><tr><td>Objeto de<br>Conhecimento<\/td><td>Matem\u00e1tica: Adi\u00e7\u00e3o e subtra\u00e7\u00e3o envolvendo n\u00fameros naturais e racionais cuja representa\u00e7\u00e3o decimal \u00e9 finita<br>Leitura, coleta, classifica\u00e7\u00e3o interpreta\u00e7\u00e3o e representa\u00e7\u00e3o de dados em tabelas de dupla entrada.<br>L\u00edngua portuguesa Estrat\u00e9gias de leitura: Utiliza\u00e7\u00e3o das estrat\u00e9gias de leitura: antecipa\u00e7\u00e3o, sele\u00e7\u00e3o, levantamento de hip\u00f3teses, infer\u00eancia e verifica\u00e7\u00e3o.<\/td><\/tr><tr><td><\/td><td><\/td><\/tr><\/tbody><\/table><\/figure>\n\n\n\n<figure class=\"wp-block-table alignfull\"><table><tbody><tr><td>Proponentes\/ Professores:<\/td><td>Tany Patr\u00edcia Mendes Fernandes<\/td><\/tr><tr><td>Institui\u00e7\u00e3o Educacional:<\/td><td>Escola Municipal S\u00e3o Jos\u00e9<\/td><\/tr><tr><td>CRE:<\/td><td>Brasil di Ramos Caiado<\/td><\/tr><\/tbody><\/table><\/figure>\n\n\n\n<hr class=\"wp-block-separator\"\/>\n\n\n\n<p>Ensino Fundamental &#8211; Ciclo da Inf\u00e2ncia &#8211; Turma E &#8211; 5\u00ba ano &#8211; Educa\u00e7\u00e3o Financeira e Empreendedorismo<\/p>\n","protected":false},"author":24,"featured_media":58532,"template":"","ef_categoria":[14,24],"ef_ano":[],"ef_componente":[],"class_list":["post-58529","ensino_fundamental","type-ensino_fundamental","status-publish","has-post-thumbnail","hentry","ef_categoria-ciclo-da-infancia-de","ef_categoria-educacao-financeira-e-empreendedorismo-ciclo-da-infancia-de","entry","has-media"],"acf":[],"_links":{"self":[{"href":"https:\/\/sme.goiania.go.gov.br\/conexaoescola\/wp-json\/wp\/v2\/ensino_fundamental\/58529","targetHints":{"allow":["GET"]}}],"collection":[{"href":"https:\/\/sme.goiania.go.gov.br\/conexaoescola\/wp-json\/wp\/v2\/ensino_fundamental"}],"about":[{"href":"https:\/\/sme.goiania.go.gov.br\/conexaoescola\/wp-json\/wp\/v2\/types\/ensino_fundamental"}],"author":[{"embeddable":true,"href":"https:\/\/sme.goiania.go.gov.br\/conexaoescola\/wp-json\/wp\/v2\/users\/24"}],"version-history":[{"count":0,"href":"https:\/\/sme.goiania.go.gov.br\/conexaoescola\/wp-json\/wp\/v2\/ensino_fundamental\/58529\/revisions"}],"wp:featuredmedia":[{"embeddable":true,"href":"https:\/\/sme.goiania.go.gov.br\/conexaoescola\/wp-json\/wp\/v2\/media\/58532"}],"wp:attachment":[{"href":"https:\/\/sme.goiania.go.gov.br\/conexaoescola\/wp-json\/wp\/v2\/media?parent=58529"}],"wp:term":[{"taxonomy":"ef_categoria","embeddable":true,"href":"https:\/\/sme.goiania.go.gov.br\/conexaoescola\/wp-json\/wp\/v2\/ef_categoria?post=58529"},{"taxonomy":"ef_ano","embeddable":true,"href":"https:\/\/sme.goiania.go.gov.br\/conexaoescola\/wp-json\/wp\/v2\/ef_ano?post=58529"},{"taxonomy":"ef_componente","embeddable":true,"href":"https:\/\/sme.goiania.go.gov.br\/conexaoescola\/wp-json\/wp\/v2\/ef_componente?post=58529"}],"curies":[{"name":"wp","href":"https:\/\/api.w.org\/{rel}","templated":true}]}}

<p class="has-drop-cap has-medium-font-size">O cenário de instabilidade criado pela Pandemia, fez com que muitas famílias perdessem parte das suas rendas,o orçamento ficou apertado e os preço nos supermercados aumentaram consideravelmente. Muitas famílias estão se adaptando a esse período de dificuldade, buscando alternativas para poupar o dinheiro, tais como: cortar gastos, economizar energia,<br>pesquisar preços, consumir com consciência e economizar no supermercado.</p>



<hr class="wp-block-separator"/>



<p class="has-text-color has-background has-medium-font-size has-very-light-gray-color has-very-dark-gray-background-color">Atividade 1</p>



<p class="has-medium-font-size"><br>Acesse o link abaixo e assista ao vídeo “História para crianças: No Supermercado – Prioridade x Supérfluos ”, junto com alguém da sua família, para você aprender um pouco sobre o que é necessidade x vontade, o que é o dinheiro e o que os adultos fazem para consegui-lo.</p>



<figure class="wp-block-embed-youtube wp-block-embed is-type-video is-provider-youtube wp-embed-aspect-16-9 wp-has-aspect-ratio"><div class="wp-block-embed__wrapper">
<p class="responsive-video-wrap clr"><iframe title="História para crianças - No Supermercado - Prioridade x Supérfluos / Educação financeira" width="1200" height="675" src="https://www.youtube.com/embed/DVMy9ZGF3FU?feature=oembed" frameborder="0" allow="accelerometer; autoplay; clipboard-write; encrypted-media; gyroscope; picture-in-picture" allowfullscreen></iframe></p>
</div><figcaption>&#8220;História para crianças &#8211; No Supermercado &#8211; Prioridade x Supérfluos / Educação financeira&#8221; Canal:<a href="https://www.youtube.com/channel/UCwRbg7oqPHISbUx_jtqRgaw">Finanças.com.crianças / Renata Davite Fernandino</a> &#8211; https://www.youtube.com/watch?v=DVMy9ZGF3FU</figcaption></figure>



<p class="has-text-color has-background has-medium-font-size has-very-light-gray-color has-very-dark-gray-background-color"><br>Atividade 2</p>



<p class="has-medium-font-size">Vocês sabem diferenciar as coisas que são de necessidade com as coisas que<br>são da nossa vontade?</p>



<p class="has-medium-font-size">E você, o que tem feito para poupar dinheiro nesse período de Pandemia?</p>



<p class="has-text-color has-background has-medium-font-size has-very-light-gray-color has-very-dark-gray-background-color">Atividade 3</p>



<p class="has-medium-font-size"><br>Veja o folheto abaixo:</p>



<p><img fetchpriority="high" decoding="async" src="https://lh5.googleusercontent.com/K190kjl2jEKBcqei_GP3_Ztys-BpXmKIPKDnfLZvxhlb62WPgywMeB9wc7NVO0Un52BGg2ORRsEn2QiPG5_t7Bn1TYyQt30zz_MDkdw5P9JbHWASfTU0peOeoPZ1nngVOa-1QJ12" width="587" height="751"></p>



<blockquote class="wp-block-quote is-layout-flow wp-block-quote-is-layout-flow"><p></p><cite>&lt;https://http2.mlstatic.com/arte-personalizada-tabloides-e-folhetos-supermercado-e-lojas D_NQ_NP_845407-MLB25645922070_062017-F.webp></cite></blockquote>



<p class="has-medium-font-size">Agora responda as seguintes questões em seu caderno:</p>



<p class="has-medium-font-size"><br>a) Faça uma tabela em seu caderno conforme o modelo abaixo (utilize a quantidade de linhas correspondente à quantidade de produtos) e escreva todos os produtos e seus respectivos valores:</p>



<figure class="wp-block-table alignwide"><table><tbody><tr><td>PRODUTO </td><td>VALOR</td></tr><tr><td>Arroz branco Camil</td><td>12,49</td></tr></tbody></table></figure>



<p class="has-medium-font-size">b) Agora circule na tabela que você construiu todos os produtos que você considera prioridade durante as compras no supermercado.</p>



<p class="has-medium-font-size"><br>c) Escreva os nomes do produto mais caro e do mais barato:</p>



<p class="has-medium-font-size"><br>d) Quanto você gastaria se comprasse todos os produtos disponíveis no folheto?</p>



<p class="has-medium-font-size"><br>e) Existe algum produto que você e sua família tem comprado ultimamente que vocês perceberam que podem deixar fora da compra e assim economizar e<br>usá-lo em outra coisa?</p>



<hr class="wp-block-separator"/>



<p><strong>Saiba Mais | Referências:</strong></p>



<figure class="wp-block-embed-youtube wp-block-embed is-type-video is-provider-youtube wp-embed-aspect-4-3 wp-has-aspect-ratio"><div class="wp-block-embed__wrapper">
<p class="responsive-video-wrap clr"><iframe title="Educação Financeira para crianças - Intus Forma" width="1200" height="900" src="https://www.youtube.com/embed/qtZFBzzSQFE?feature=oembed" frameborder="0" allow="accelerometer; autoplay; clipboard-write; encrypted-media; gyroscope; picture-in-picture" allowfullscreen></iframe></p>
</div><figcaption>&#8220;Educação Financeira para crianças &#8211; Intus Forma&#8221; Canal: <a href="https://www.youtube.com/channel/UCdx7YVyd-u_AYF42GbqCPbQ">Caren Penaloza</a> &#8211; https://www.youtube.com/watch?v=qtZFBzzSQFE</figcaption></figure>



<hr class="wp-block-separator"/>



<figure class="wp-block-table alignfull"><table><tbody><tr><td>Objeto de<br>Conhecimento</td><td>Matemática: Adição e subtração envolvendo números naturais e racionais cuja representação decimal é finita<br>Leitura, coleta, classificação interpretação e representação de dados em tabelas de dupla entrada.<br>Língua portuguesa Estratégias de leitura: Utilização das estratégias de leitura: antecipação, seleção, levantamento de hipóteses, inferência e verificação.</td></tr><tr><td></td><td></td></tr></tbody></table></figure>



<figure class="wp-block-table alignfull"><table><tbody><tr><td>Proponentes/ Professores:</td><td>Tany Patrícia Mendes Fernandes</td></tr><tr><td>Instituição Educacional:</td><td>Escola Municipal São José</td></tr><tr><td>CRE:</td><td>Brasil di Ramos Caiado</td></tr></tbody></table></figure>



<hr class="wp-block-separator"/>



<p>Ensino Fundamental &#8211; Ciclo da Infância &#8211; Turma E &#8211; 5º ano &#8211; Educação Financeira e Empreendedorismo</p>
