{"id":58500,"date":"2020-11-02T07:36:00","date_gmt":"2020-11-02T09:36:00","guid":{"rendered":"https:\/\/sme.goiania.go.gov.br\/conexaoescola\/?post_type=ensino_fundamental&#038;p=58500"},"modified":"2020-11-08T11:43:34","modified_gmt":"2020-11-08T13:43:34","slug":"conhecendo-as-origens-do-municipio-de-goiania-por-meio-de-entrevista","status":"publish","type":"ensino_fundamental","link":"https:\/\/sme.goiania.go.gov.br\/conexaoescola\/ensino_fundamental\/conhecendo-as-origens-do-municipio-de-goiania-por-meio-de-entrevista\/","title":{"rendered":"Conhecendo as origens do munic\u00edpio de Goi\u00e2nia por meio de entrevista."},"content":{"rendered":"\n<p class=\"has-medium-font-size\">Goi\u00e1s recebeu diversos fluxos migrat\u00f3rios ao longo de toda sua hist\u00f3ria. Por isso em quase todos os munic\u00edpios goianos \u00e9 poss\u00edvel encontrar paisagens, h\u00e1bitos e costumes em meio a popula\u00e7\u00e3o que retratam a presen\u00e7a de povos migrantes de diferentes regi\u00f5es do Brasil que passaram a viver em nosso estado. Agora vamos conhecer um pouco a hist\u00f3ria do munic\u00edpio onde voc\u00ea mora.<\/p>\n\n\n\n<p class=\"has-medium-font-size\">Voc\u00ea dever\u00e1 convidar um antigo morador da cidade para entrevist\u00e1-lo. O convite poder\u00e1 ser feito por meio de uma carta que explique sua atividade, ressaltando a import\u00e2ncia do di\u00e1logo com uma pessoa que testemunhou as origens da cidade de Goi\u00e2nia que \u00e9 uma capital bastante jovem, pois com 86 anos \u00e9 a 3\u00aa capital mais nova do Brasil. A mais antiga \u00e9 Recife-PE com 483 anos. Antes da entrevista, elabore um roteiro de perguntas. Sugest\u00f5es:<\/p>\n\n\n\n<p class=\"has-background has-medium-font-size has-pale-cyan-blue-background-color\">1 &#8211; Qual seu nome, sua idade e local de nascimento?<br>2 &#8211; Voc\u00ea mora no munic\u00edpio a quanto tempo?<br>3 &#8211; Quais s\u00e3o os bairros mais antigos de nossa cidade?<br>4 &#8211; Quais suas lembran\u00e7as sobre a forma\u00e7\u00e3o do munic\u00edpio onde moramos?<br>5 &#8211; Qual a origem dos moradores que vieram para o munic\u00edpio durante a sua forma\u00e7\u00e3o?<br>6 &#8211; Havia migrantes de outros estados entre os moradores naquele per\u00edodo? De onde eram?<br>7 &#8211; Atualmente, existe alguma constru\u00e7\u00e3o, festa popular ou com\u00e9rcio t\u00edpico que registre a heran\u00e7a cultural dos migrantes que vieram para o munic\u00edpio durante sua forma\u00e7\u00e3o?<\/p>\n\n\n\n<p class=\"has-medium-font-size\">A partir das respostas obtidas iremos analisar as seguintes quest\u00f5es:<\/p>\n\n\n\n<p class=\"has-medium-font-size\">Na forma\u00e7\u00e3o ou em outro momento hist\u00f3rico do mun\u00edcipio houve a participa\u00e7\u00e3o de migrantes? Esses povos deixaram heran\u00e7as culturais no munic\u00edpio onde vivemos?<\/p>\n\n\n\n<p class=\"has-medium-font-size\">Saiba Mais | Refer\u00eancias:<\/p>\n\n\n\n<p class=\"has-medium-font-size\">\u2022 <strong><a rel=\"noreferrer noopener\" href=\"https:\/\/www.goiania.go.gov.br\/sobre-goiania\/historia-de-goiania\/\" target=\"_blank\">https:\/\/www.goiania.go.gov.br\/sobre-goiania\/historia-de-goiania\/<\/a><br>\u2022 <a rel=\"noreferrer noopener\" href=\"http:\/\/seeg-go.com.br\/conheca-goiania\/historia-de-goiania-e-outras-informacoes\/\" target=\"_blank\">http:\/\/seeg-go.com.br\/conheca-goiania\/historia-de-goiania-e-outras-informacoes\/<\/a>.<br>\u2022 <a rel=\"noreferrer noopener\" href=\"https:\/\/secom.ufg.br\/n\/68115-goiania-e-a-segunda-capital-que-mais-atrai-migrantes-no-pais\" target=\"_blank\">https:\/\/secom.ufg.br\/n\/68115-goiania-e-a-segunda-capital-que-mais-atrai-migrantes-no-pais<\/a><\/strong><br>\u2022 ALVES, Maria de Lourdes. Goi\u00e2nia uma cidade de migrantes (2004), disserta\u00e7\u00e3o de mestrado da FCHF UFG.<\/p>\n\n\n\n<figure class=\"wp-block-table\"><table><tbody><tr><td>Objeto de<br>Conhecimento<\/td><td>Distribui\u00e7\u00e3o da popula\u00e7\u00e3o mundial e deslocamentos populacionais.<br>Diversidade e din\u00e2mica da popula\u00e7\u00e3o mundial e local.<\/td><\/tr><tr><td>Habilidades<\/td><td>EF08GE01<br>EF08GE02<\/td><\/tr><tr><td>Institui\u00e7\u00e3o<br>Educacional:<\/td><td>Escola Municipal Orlando de Morais<\/td><\/tr><tr><td>CRE:<\/td><td>Maria Helena Bretas<\/td><\/tr><\/tbody><\/table><\/figure>\n\n\n\n<hr class=\"wp-block-separator\"\/>\n\n\n\n<p class=\"has-text-align-center\">Ciclo da Adolesc\u00eancia \u2013 Turma H (8\u00ba ano) \u2013 Educa\u00e7\u00e3o Ambiental e Sa\u00fade<\/p>\n","protected":false},"author":28,"featured_media":58313,"template":"","ef_categoria":[16,33],"ef_ano":[],"ef_componente":[],"class_list":["post-58500","ensino_fundamental","type-ensino_fundamental","status-publish","has-post-thumbnail","hentry","ef_categoria-ciclo-da-adolescencia-hi","ef_categoria-educacao-ambiental-e-saude-ciclo-da-adolescencia-hi","entry","has-media"],"acf":[],"_links":{"self":[{"href":"https:\/\/sme.goiania.go.gov.br\/conexaoescola\/wp-json\/wp\/v2\/ensino_fundamental\/58500","targetHints":{"allow":["GET"]}}],"collection":[{"href":"https:\/\/sme.goiania.go.gov.br\/conexaoescola\/wp-json\/wp\/v2\/ensino_fundamental"}],"about":[{"href":"https:\/\/sme.goiania.go.gov.br\/conexaoescola\/wp-json\/wp\/v2\/types\/ensino_fundamental"}],"author":[{"embeddable":true,"href":"https:\/\/sme.goiania.go.gov.br\/conexaoescola\/wp-json\/wp\/v2\/users\/28"}],"version-history":[{"count":0,"href":"https:\/\/sme.goiania.go.gov.br\/conexaoescola\/wp-json\/wp\/v2\/ensino_fundamental\/58500\/revisions"}],"wp:featuredmedia":[{"embeddable":true,"href":"https:\/\/sme.goiania.go.gov.br\/conexaoescola\/wp-json\/wp\/v2\/media\/58313"}],"wp:attachment":[{"href":"https:\/\/sme.goiania.go.gov.br\/conexaoescola\/wp-json\/wp\/v2\/media?parent=58500"}],"wp:term":[{"taxonomy":"ef_categoria","embeddable":true,"href":"https:\/\/sme.goiania.go.gov.br\/conexaoescola\/wp-json\/wp\/v2\/ef_categoria?post=58500"},{"taxonomy":"ef_ano","embeddable":true,"href":"https:\/\/sme.goiania.go.gov.br\/conexaoescola\/wp-json\/wp\/v2\/ef_ano?post=58500"},{"taxonomy":"ef_componente","embeddable":true,"href":"https:\/\/sme.goiania.go.gov.br\/conexaoescola\/wp-json\/wp\/v2\/ef_componente?post=58500"}],"curies":[{"name":"wp","href":"https:\/\/api.w.org\/{rel}","templated":true}]}}

Conhecendo as origens do município de Goiânia por meio de entrevista.

<p class="has-medium-font-size">Goiás recebeu diversos fluxos migratórios ao longo de toda sua história. Por isso em quase todos os municípios goianos é possível encontrar paisagens, hábitos e costumes em meio a população que retratam a presença de povos migrantes de diferentes regiões do Brasil que passaram a viver em nosso estado. Agora vamos conhecer um pouco a história do município onde você mora.</p>



<p class="has-medium-font-size">Você deverá convidar um antigo morador da cidade para entrevistá-lo. O convite poderá ser feito por meio de uma carta que explique sua atividade, ressaltando a importância do diálogo com uma pessoa que testemunhou as origens da cidade de Goiânia que é uma capital bastante jovem, pois com 86 anos é a 3ª capital mais nova do Brasil. A mais antiga é Recife-PE com 483 anos. Antes da entrevista, elabore um roteiro de perguntas. Sugestões:</p>



<p class="has-background has-medium-font-size has-pale-cyan-blue-background-color">1 &#8211; Qual seu nome, sua idade e local de nascimento?<br>2 &#8211; Você mora no município a quanto tempo?<br>3 &#8211; Quais são os bairros mais antigos de nossa cidade?<br>4 &#8211; Quais suas lembranças sobre a formação do município onde moramos?<br>5 &#8211; Qual a origem dos moradores que vieram para o município durante a sua formação?<br>6 &#8211; Havia migrantes de outros estados entre os moradores naquele período? De onde eram?<br>7 &#8211; Atualmente, existe alguma construção, festa popular ou comércio típico que registre a herança cultural dos migrantes que vieram para o município durante sua formação?</p>



<p class="has-medium-font-size">A partir das respostas obtidas iremos analisar as seguintes questões:</p>



<p class="has-medium-font-size">Na formação ou em outro momento histórico do munícipio houve a participação de migrantes? Esses povos deixaram heranças culturais no município onde vivemos?</p>



<p class="has-medium-font-size">Saiba Mais | Referências:</p>



<p class="has-medium-font-size">• <strong><a rel="noreferrer noopener" href="https://www.goiania.go.gov.br/sobre-goiania/historia-de-goiania/" target="_blank">https://www.goiania.go.gov.br/sobre-goiania/historia-de-goiania/</a><br>• <a rel="noreferrer noopener" href="http://seeg-go.com.br/conheca-goiania/historia-de-goiania-e-outras-informacoes/" target="_blank">http://seeg-go.com.br/conheca-goiania/historia-de-goiania-e-outras-informacoes/</a>.<br>• <a rel="noreferrer noopener" href="https://secom.ufg.br/n/68115-goiania-e-a-segunda-capital-que-mais-atrai-migrantes-no-pais" target="_blank">https://secom.ufg.br/n/68115-goiania-e-a-segunda-capital-que-mais-atrai-migrantes-no-pais</a></strong><br>• ALVES, Maria de Lourdes. Goiânia uma cidade de migrantes (2004), dissertação de mestrado da FCHF UFG.</p>



<figure class="wp-block-table"><table><tbody><tr><td>Objeto de<br>Conhecimento</td><td>Distribuição da população mundial e deslocamentos populacionais.<br>Diversidade e dinâmica da população mundial e local.</td></tr><tr><td>Habilidades</td><td>EF08GE01<br>EF08GE02</td></tr><tr><td>Instituição<br>Educacional:</td><td>Escola Municipal Orlando de Morais</td></tr><tr><td>CRE:</td><td>Maria Helena Bretas</td></tr></tbody></table></figure>



<hr class="wp-block-separator"/>



<p class="has-text-align-center">Ciclo da Adolescência – Turma H (8º ano) – Educação Ambiental e Saúde</p>
