{"id":58452,"date":"2020-11-02T07:05:00","date_gmt":"2020-11-02T09:05:00","guid":{"rendered":"https:\/\/sme.goiania.go.gov.br\/conexaoescola\/?post_type=ensino_fundamental&#038;p=58452"},"modified":"2020-10-29T11:52:33","modified_gmt":"2020-10-29T14:52:33","slug":"deveres-e-direitos","status":"publish","type":"ensino_fundamental","link":"https:\/\/sme.goiania.go.gov.br\/conexaoescola\/ensino_fundamental\/deveres-e-direitos\/","title":{"rendered":"Deveres e direitos"},"content":{"rendered":"\n<p class=\"has-background has-drop-cap has-medium-font-size has-very-light-gray-background-color\">Ol\u00e1, pessoal, tudo bem com voc\u00eas?\u00a0 Como tenho ficado bastante em casa com as pessoas que eu moro, a gente tem conversado muito sobre as regras que precisamos respeitar para que todos possam se sentir bem e respeitados uns pelos outros. E voc\u00eas, t\u00eam conversado sobre isso com as pessoas que moram com voc\u00eas?<\/p>\n\n\n\n<p class=\"has-medium-font-size\">\u00c0s vezes, para vivermos melhor em sociedade, precisamos de algumas regras, n\u00e3o \u00e9 mesmo? Por exemplo, imaginem que todos os carros decidissem passar na hora que quisessem nas ruas e avenidas.\u00a0<\/p>\n\n\n\n<p class=\"has-background has-medium-font-size has-luminous-vivid-orange-background-color\">J\u00e1 imaginou a confus\u00e3o?&nbsp;<\/p>\n\n\n\n<p class=\"has-medium-font-size\">Para isso existe uma regra que voc\u00ea j\u00e1 deve conhecer muito bem: no sinal verde podemos passar e no vermelho temos que esperar.\u00a0Essa regra, quando \u00e9 pra uma cidade ou pa\u00eds inteiro, tem um nome espec\u00edfico: \u00e9 uma lei.\u00a0<\/p>\n\n\n\n<p class=\"has-background has-medium-font-size has-pale-pink-background-color\">Voc\u00ea sabe o que s\u00e3o leis?\u00a0<\/p>\n\n\n\n<p class=\"has-background has-medium-font-size has-light-green-cyan-background-color\">Voc\u00ea j\u00e1 sabe que todos n\u00f3s temos deveres: cumprir as leis, respeitar as regras e respeitar todo mundo. Mas, voc\u00ea j\u00e1 ouviu que tamb\u00e9m temos direitos?&nbsp;<\/p>\n\n\n\n<p class=\"has-medium-font-size\">Quando a gente fala em direitos e deveres a gente precisa falar sobre respeito tamb\u00e9m.&nbsp;<\/p>\n\n\n\n<p class=\"has-background has-medium-font-size has-pale-cyan-blue-background-color\">Voc\u00eas lembram que hoje mais cedo eu contei das regras que estamos combinando aqui em casa para que todos se sintam bem e respeitados uns pelos outros?<\/p>\n\n\n\n<p class=\"has-drop-cap\">ATIVIDADE<\/p>\n\n\n\n<p class=\"has-medium-font-size\">Recolha elementos da natureza que encontrar na sua casa, como folhas secas, plantas em vasos e pedrinhas, e monte uma obra de arte!\u00a0<\/p>\n\n\n\n<p class=\"has-medium-font-size\">Caso voc\u00ea n\u00e3o tenha muitas coisas desse tipo a\u00ed na sua casa, pegue outros objetos.&nbsp;<\/p>\n\n\n\n<p class=\"has-medium-font-size\">Que tal montar uma escultura de objetos?<\/p>\n\n\n\n<p class=\"has-medium-font-size\">N\u00e3o se esque\u00e7am de lavar bem as m\u00e3os depois de mexer nos objetos!<\/p>\n\n\n\n<hr class=\"wp-block-separator\"\/>\n\n\n\n<p class=\"has-medium-font-size\">Acesse o link abaixo e assista ao v\u00eddeo que orienta esta atividade. <\/p>\n\n\n\n<p><a href=\"https:\/\/vod-progressive.akamaized.net\/exp=1603994826~acl=%2Fvimeo-prod-skyfire-std-us%2F01%2F2300%2F17%2F436500789%2F1903596009.mp4~hmac=82db51c339d10d8a3f8a470751a89ba2396a1b4fd328987f52954b773b456188\/vimeo-prod-skyfire-std-us\/01\/2300\/17\/436500789\/1903596009.mp4?filename=Pack8+-+R4-AI-1-3-CH+-+Deveres+e+Direitos.mp4\">https:\/\/vod-progressive.akamaized.net\/exp=1603994826~acl=%2Fvimeo-prod-skyfire-std-us%2F01%2F2300%2F17%2F436500789%2F1903596009.mp4~hmac=82db51c339d10d8a3f8a470751a89ba2396a1b4fd328987f52954b773b456188\/vimeo-prod-skyfire-std-us\/01\/2300\/17\/436500789\/1903596009.mp4?filename=Pack8+-+R4-AI-1-3-CH+-+Deveres+e+Direitos.mp4<\/a><\/p>\n\n\n\n<hr class=\"wp-block-separator\"\/>\n\n\n\n<figure class=\"wp-block-table\"><table><tbody><tr><td>Hist\u00f3ria<\/td><td>(EF01HI03)<strong> <\/strong>Descrever e distinguir os seus pap\u00e9is e responsabilidades relacionados \u00e0 fam\u00edlia, \u00e0 escola e \u00e0 comunidade.<br>(EF02HI02) Identificar e descrever pr\u00e1ticas e pap\u00e9is sociais que as pessoas exercem em diferentes comunidades.\u00a0<br>(EF02HI03) Selecionar situa\u00e7\u00f5es cotidianas que remetam \u00e0 percep\u00e7\u00e3o de mudan\u00e7a, pertencimento e mem\u00f3ria. A no\u00e7\u00e3o do \u201cEu\u201d e do \u201cOutro\u201d: registros de experi\u00eancias pessoais e da comunidade no tempo e no espa\u00e7o<br><\/td><\/tr><tr><td>L\u00edngua Portuguesa<\/td><td>(GO-EF01LP43) Produzir, em colabora\u00e7\u00e3o com os colegas e com a ajuda do<br>professor, entrevistas, curiosidades, entre outros g\u00eaneros do campo investigativo, digitais ou impressos, considerando a situa\u00e7\u00e3o comunicativa e o<br>tema\/assunto\/finalidade do texto.<br>(EF15LP05-C) Produzir pequenos textos com roteiros associados a imagens e<br>atentar-se \u00e0 estrutura textual.<\/td><\/tr><\/tbody><\/table><figcaption>HABILIDADES<\/figcaption><\/figure>\n\n\n\n<hr class=\"wp-block-separator\"\/>\n","protected":false},"author":18,"featured_media":58367,"template":"","ef_categoria":[14,25],"ef_ano":[],"ef_componente":[],"class_list":["post-58452","ensino_fundamental","type-ensino_fundamental","status-publish","has-post-thumbnail","hentry","ef_categoria-ciclo-da-infancia-de","ef_categoria-etica-e-cidadania-ciclo-da-infancia-de","entry","has-media"],"acf":[],"_links":{"self":[{"href":"https:\/\/sme.goiania.go.gov.br\/conexaoescola\/wp-json\/wp\/v2\/ensino_fundamental\/58452","targetHints":{"allow":["GET"]}}],"collection":[{"href":"https:\/\/sme.goiania.go.gov.br\/conexaoescola\/wp-json\/wp\/v2\/ensino_fundamental"}],"about":[{"href":"https:\/\/sme.goiania.go.gov.br\/conexaoescola\/wp-json\/wp\/v2\/types\/ensino_fundamental"}],"author":[{"embeddable":true,"href":"https:\/\/sme.goiania.go.gov.br\/conexaoescola\/wp-json\/wp\/v2\/users\/18"}],"version-history":[{"count":0,"href":"https:\/\/sme.goiania.go.gov.br\/conexaoescola\/wp-json\/wp\/v2\/ensino_fundamental\/58452\/revisions"}],"wp:featuredmedia":[{"embeddable":true,"href":"https:\/\/sme.goiania.go.gov.br\/conexaoescola\/wp-json\/wp\/v2\/media\/58367"}],"wp:attachment":[{"href":"https:\/\/sme.goiania.go.gov.br\/conexaoescola\/wp-json\/wp\/v2\/media?parent=58452"}],"wp:term":[{"taxonomy":"ef_categoria","embeddable":true,"href":"https:\/\/sme.goiania.go.gov.br\/conexaoescola\/wp-json\/wp\/v2\/ef_categoria?post=58452"},{"taxonomy":"ef_ano","embeddable":true,"href":"https:\/\/sme.goiania.go.gov.br\/conexaoescola\/wp-json\/wp\/v2\/ef_ano?post=58452"},{"taxonomy":"ef_componente","embeddable":true,"href":"https:\/\/sme.goiania.go.gov.br\/conexaoescola\/wp-json\/wp\/v2\/ef_componente?post=58452"}],"curies":[{"name":"wp","href":"https:\/\/api.w.org\/{rel}","templated":true}]}}

<p class="has-background has-drop-cap has-medium-font-size has-very-light-gray-background-color">Olá, pessoal, tudo bem com vocês?  Como tenho ficado bastante em casa com as pessoas que eu moro, a gente tem conversado muito sobre as regras que precisamos respeitar para que todos possam se sentir bem e respeitados uns pelos outros. E vocês, têm conversado sobre isso com as pessoas que moram com vocês?</p>



<p class="has-medium-font-size">Às vezes, para vivermos melhor em sociedade, precisamos de algumas regras, não é mesmo? Por exemplo, imaginem que todos os carros decidissem passar na hora que quisessem nas ruas e avenidas. </p>



<p class="has-background has-medium-font-size has-luminous-vivid-orange-background-color">Já imaginou a confusão?&nbsp;</p>



<p class="has-medium-font-size">Para isso existe uma regra que você já deve conhecer muito bem: no sinal verde podemos passar e no vermelho temos que esperar. Essa regra, quando é pra uma cidade ou país inteiro, tem um nome específico: é uma lei. </p>



<p class="has-background has-medium-font-size has-pale-pink-background-color">Você sabe o que são leis? </p>



<p class="has-background has-medium-font-size has-light-green-cyan-background-color">Você já sabe que todos nós temos deveres: cumprir as leis, respeitar as regras e respeitar todo mundo. Mas, você já ouviu que também temos direitos?&nbsp;</p>



<p class="has-medium-font-size">Quando a gente fala em direitos e deveres a gente precisa falar sobre respeito também.&nbsp;</p>



<p class="has-background has-medium-font-size has-pale-cyan-blue-background-color">Vocês lembram que hoje mais cedo eu contei das regras que estamos combinando aqui em casa para que todos se sintam bem e respeitados uns pelos outros?</p>



<p class="has-drop-cap">ATIVIDADE</p>



<p class="has-medium-font-size">Recolha elementos da natureza que encontrar na sua casa, como folhas secas, plantas em vasos e pedrinhas, e monte uma obra de arte! </p>



<p class="has-medium-font-size">Caso você não tenha muitas coisas desse tipo aí na sua casa, pegue outros objetos.&nbsp;</p>



<p class="has-medium-font-size">Que tal montar uma escultura de objetos?</p>



<p class="has-medium-font-size">Não se esqueçam de lavar bem as mãos depois de mexer nos objetos!</p>



<hr class="wp-block-separator"/>



<p class="has-medium-font-size">Acesse o link abaixo e assista ao vídeo que orienta esta atividade. </p>



<p><a href="https://vod-progressive.akamaized.net/exp=1603994826~acl=%2Fvimeo-prod-skyfire-std-us%2F01%2F2300%2F17%2F436500789%2F1903596009.mp4~hmac=82db51c339d10d8a3f8a470751a89ba2396a1b4fd328987f52954b773b456188/vimeo-prod-skyfire-std-us/01/2300/17/436500789/1903596009.mp4?filename=Pack8+-+R4-AI-1-3-CH+-+Deveres+e+Direitos.mp4">https://vod-progressive.akamaized.net/exp=1603994826~acl=%2Fvimeo-prod-skyfire-std-us%2F01%2F2300%2F17%2F436500789%2F1903596009.mp4~hmac=82db51c339d10d8a3f8a470751a89ba2396a1b4fd328987f52954b773b456188/vimeo-prod-skyfire-std-us/01/2300/17/436500789/1903596009.mp4?filename=Pack8+-+R4-AI-1-3-CH+-+Deveres+e+Direitos.mp4</a></p>



<hr class="wp-block-separator"/>



<figure class="wp-block-table"><table><tbody><tr><td>História</td><td>(EF01HI03)<strong> </strong>Descrever e distinguir os seus papéis e responsabilidades relacionados à família, à escola e à comunidade.<br>(EF02HI02) Identificar e descrever práticas e papéis sociais que as pessoas exercem em diferentes comunidades. <br>(EF02HI03) Selecionar situações cotidianas que remetam à percepção de mudança, pertencimento e memória. A noção do “Eu” e do “Outro”: registros de experiências pessoais e da comunidade no tempo e no espaço<br></td></tr><tr><td>Língua Portuguesa</td><td>(GO-EF01LP43) Produzir, em colaboração com os colegas e com a ajuda do<br>professor, entrevistas, curiosidades, entre outros gêneros do campo investigativo, digitais ou impressos, considerando a situação comunicativa e o<br>tema/assunto/finalidade do texto.<br>(EF15LP05-C) Produzir pequenos textos com roteiros associados a imagens e<br>atentar-se à estrutura textual.</td></tr></tbody></table><figcaption>HABILIDADES</figcaption></figure>



<hr class="wp-block-separator"/>
