{"id":58273,"date":"2020-11-02T07:05:00","date_gmt":"2020-11-02T09:05:00","guid":{"rendered":"http:\/\/sme.goiania.go.gov.br\/conexaoescola\/?post_type=ensino_fundamental&#038;p=58273"},"modified":"2021-12-27T16:50:41","modified_gmt":"2021-12-27T18:50:41","slug":"cada-casa-tem-seu-jeito-de-ser","status":"publish","type":"ensino_fundamental","link":"https:\/\/sme.goiania.go.gov.br\/conexaoescola\/ensino_fundamental\/cada-casa-tem-seu-jeito-de-ser\/","title":{"rendered":"Geografia &#8211; Cada casa tem seu jeito de ser!"},"content":{"rendered":"\n<hr class=\"wp-block-separator\"\/>\n\n\n\n<p class=\"has-drop-cap has-medium-font-size\">Cada mundo cabe em cada casa. Cada casa tem seu jeito de ser!<br>Como \u00e9 o lugar onde voc\u00ea mora?<br>Voc\u00ea sabia que existe v\u00e1rios tipos de moradias?<br>As moradia tem por objetivo servir \u00e0s necessidades do homem conforme suas condi\u00e7\u00f5es espec\u00edficas. Por isso, acabam se transformando em seus lares.<br>Vamos conhecer um pouco mais sobre isso?<\/p>\n\n\n\n<hr class=\"wp-block-separator\"\/>\n\n\n\n<p class=\"has-medium-font-size\">Assista o v\u00eddeo: A Casa <\/p>\n\n\n\n<figure class=\"wp-block-embed is-type-video is-provider-youtube wp-block-embed-youtube wp-embed-aspect-4-3 wp-has-aspect-ratio\"><div class=\"wp-block-embed__wrapper\">\n<p class=\"responsive-video-wrap clr\"><iframe title=\"A Casa - Vin\u00edcius de Moraes por Eliana\" width=\"1200\" height=\"900\" src=\"https:\/\/www.youtube.com\/embed\/Tr64alpIxeY?feature=oembed\" frameborder=\"0\" allow=\"accelerometer; autoplay; clipboard-write; encrypted-media; gyroscope; picture-in-picture\" allowfullscreen><\/iframe><\/p>\n<\/div><figcaption>&#8220;A Casa&#8221; Canal: Tatiana Canelhas &#8211; https:\/\/www.youtube.com\/watch?v=Tr64alpIxeY<\/figcaption><\/figure>\n\n\n\n<p class=\"has-very-light-gray-color has-very-dark-gray-background-color has-text-color has-background has-medium-font-size\">ATIVIDADE: 1<\/p>\n\n\n\n<p><\/p>\n\n\n\n<p class=\"has-medium-font-size\">\u2022 Ent\u00e3o agora vamos pensar um pouco sobre:<\/p>\n\n\n\n<p class=\"has-medium-font-size\">\u2022 Por que n\u00e3o \u00e9 poss\u00edvel existir uma casa assim?<\/p>\n\n\n\n<p class=\"has-medium-font-size\">\u2022 Qual a fun\u00e7\u00e3o de uma moradia?<\/p>\n\n\n\n<p class=\"has-medium-font-size\">Na regi\u00e3o onde moramos o tipo de casa mais comum, \u00e9 a casa de ALVENARIA. Vamos conhecer um pouco sobre os tipos de casa que existem? \u00c9 s\u00f3 acessar o link do v\u00eddeo abaixo: Tipos de Moradia do canal Nossa vida<br>com Alice:<\/p>\n\n\n\n<figure class=\"wp-block-embed is-type-video is-provider-youtube wp-block-embed-youtube wp-embed-aspect-16-9 wp-has-aspect-ratio\"><div class=\"wp-block-embed__wrapper\">\n<p class=\"responsive-video-wrap clr\"><iframe title=\"[ Cart\u00f5es ] Tipos de Moradia\" width=\"1200\" height=\"675\" src=\"https:\/\/www.youtube.com\/embed\/U6HuzL3CPLU?start=3&#038;feature=oembed\" frameborder=\"0\" allow=\"accelerometer; autoplay; clipboard-write; encrypted-media; gyroscope; picture-in-picture\" allowfullscreen><\/iframe><\/p>\n<\/div><figcaption>&#8221;&nbsp;Tipos de Moradia&#8221; Canal: <a href=\"https:\/\/www.youtube.com\/channel\/UCIy9Dy8JYRaWLFfzH3G5gmw\">Nossa vida com Alice<\/a> &#8211; https:\/\/www.youtube.com\/watch?v=U6HuzL3CPLU&amp;t=3s<\/figcaption><\/figure>\n\n\n\n<hr class=\"wp-block-separator\"\/>\n\n\n\n<p class=\"has-very-light-gray-color has-very-dark-gray-background-color has-text-color has-background has-medium-font-size\">ATIVIDADE 2<\/p>\n\n\n\n<p class=\"has-medium-font-size\"><br>\u2022 Como \u00e9 o lugar onde voc\u00ea mora?<br>\u2022 E as divis\u00f5es de uma moradia (c\u00f4modos), quais s\u00e3o?<br>\u2022 Qual parte da casa voc\u00ea mais gosta de ficar? Por qu\u00ea?<\/p>\n\n\n\n<p class=\"has-medium-font-size\">\u2022 E sua escola como \u00e9?<br>\u2022 Qual o melhor espa\u00e7o na escola na sua opini\u00e3o?<br>\u2022 Em uma folha em branco desenhe sua casa e sua escola (N\u00e3o esque\u00e7a de colorir). Em seguida com ajuda de<br>uma pessoa da sua fam\u00edlia fa\u00e7am uma lista com as diferen\u00e7as entre sua casa e a escola que voc\u00ea estuda.<br>(Aproveita e tente matar a saudade se lembrando dela).<\/p>\n\n\n\n<p class=\"has-very-light-gray-color has-very-dark-gray-background-color has-text-color has-background has-medium-font-size\">ATIVIDADE 3<\/p>\n\n\n\n<p class=\"has-medium-font-size\">Observe as imagens a seguir e responda as quest\u00f5es a seguir:<\/p>\n\n\n\n<p><img decoding=\"async\" width=\"170\" height=\"170\" src=\"https:\/\/lh3.googleusercontent.com\/s-b2W_oqmMhJExjJX0ZYNRTnXnHNdRlKFD5Er3Thz1cRq4QFlWdF0tltmqcXxzuiP9VkseREPf1OIGEBHoRlJdRDp3kZtZ-4WdQPNLs7Dy1B5iT-9U5DvwUIR2G_afpWUGdYs_Bz\">  Imagem      <img decoding=\"async\" width=\"229\" height=\"172\" src=\"https:\/\/lh5.googleusercontent.com\/N2wHMm38eHhPf4lg8jZQCZHHx_MeOYC0-gHbbMkWLjs9CgR7J6_mzzFk6W1qff0ngm54Ti-t1mDBk9AIyHP59rx2s0TXuUUPGfDrRM1eU0Dl04K_YymRWRMhW5_56dQ-riA4Q0WF\">Imagem 2 <\/p>\n\n\n\n<p><img decoding=\"async\" width=\"235\" height=\"172\" src=\"https:\/\/lh5.googleusercontent.com\/K5pka-8GBryo9EkvielZrlXSTC2yBcP3yCZEeFMNFF5Os33rayO9q1QLqRVWEFLkZdmsJXwA3T3QnE37z6xX62VDFymgmKlL2u2bjqHZPiyqxxiHivbJad3qILfgEcwI5HKMzR85\">Imagem 3<\/p>\n\n\n\n<blockquote class=\"wp-block-quote is-layout-flow wp-block-quote-is-layout-flow\"><p><\/p><cite>Fonte das imagens: &nbsp;<br>Imagem 1: https:\/\/br.habcdn.com\/photos\/quotation\/gallery\/mini-casa-de-arvore-jardim-1366226.jpg Imagem 2: https:\/\/engenharia360.com\/tijolos-se-faz-uma-casa\/&nbsp;<br>Imagem 3: https:\/\/img.socioambiental.org\/v\/publico\/pibmirim\/como-vivem\/habitacoes\/Xavante_red.JPG.html<\/cite><\/blockquote>\n\n\n\n<hr class=\"wp-block-separator\"\/>\n\n\n\n<p class=\"has-medium-font-size\">\u2022 Quais materiais voc\u00eas acham que foram utilizados para construir as tr\u00eas moradias?<br>\u2022 Quais materiais voc\u00eas observam que foram utilizados nas moradias?<br>\u2022 Voc\u00eas conhecem outros materiais que podem ser utilizados para construir moradias?<br>\u2022 Voc\u00ea quais s\u00e3o os profissionais respons\u00e1veis pela constru\u00e7\u00e3o de casas?<\/p>\n\n\n\n<hr class=\"wp-block-separator\"\/>\n\n\n\n<figure class=\"wp-block-table alignfull\"><table><tbody><tr><td>Objeto de Conhecimento<\/td><td>Diferentes moradias;<br>Espa\u00e7os f\u00edsicos diversos.<\/td><\/tr><tr><td>Componente<br>Curricular<\/td><td>Geografia.<\/td><\/tr><tr><td>Habilidades<\/td><td>(EF01GE01-B\/C) Observar e descrever caracter\u00edsticas de seus lugares de viv\u00eancia,<br>identificando semelhan\u00e7as e diferen\u00e7as de outros lugares.<\/td><\/tr><\/tbody><\/table><\/figure>\n\n\n\n<hr class=\"wp-block-separator\"\/>\n\n\n\n<figure class=\"wp-block-table alignfull\"><table><tbody><tr><td>Proponentes\/<br>Professores:<\/td><td>Eloisa Vieira da Silva<br>Greyce Kely de Freitas Mariano<br>Marlene Ant\u00f4nia da Silva<br>Silvia Xavier do Nascimento Medeiros<\/td><\/tr><tr><td>Institui\u00e7\u00e3o<br>Educacional:<\/td><td>Escola Municipal Rotary Goi\u00e2nia Sul<\/td><\/tr><tr><td>CRE:<\/td><td>Brasil Di Ramos Caiado<\/td><\/tr><\/tbody><\/table><\/figure>\n\n\n\n<hr class=\"wp-block-separator\"\/>\n\n\n\n<p> Ensino Fundamental &#8211; Ciclo da Inf\u00e2ncia &#8211; Turma B &#8211; 2\u00ba ano &#8211; \u00c9tica e Cidadania<\/p>\n","protected":false},"author":24,"featured_media":58276,"template":"","ef_categoria":[13,18],"ef_ano":[84],"ef_componente":[96],"class_list":["post-58273","ensino_fundamental","type-ensino_fundamental","status-publish","has-post-thumbnail","hentry","ef_categoria-ciclo-da-infancia-abc","ef_categoria-educacao-ambiental-e-saude","ef_ano-1o-ano","ef_componente-geografia","entry","has-media"],"acf":[],"_links":{"self":[{"href":"https:\/\/sme.goiania.go.gov.br\/conexaoescola\/wp-json\/wp\/v2\/ensino_fundamental\/58273","targetHints":{"allow":["GET"]}}],"collection":[{"href":"https:\/\/sme.goiania.go.gov.br\/conexaoescola\/wp-json\/wp\/v2\/ensino_fundamental"}],"about":[{"href":"https:\/\/sme.goiania.go.gov.br\/conexaoescola\/wp-json\/wp\/v2\/types\/ensino_fundamental"}],"author":[{"embeddable":true,"href":"https:\/\/sme.goiania.go.gov.br\/conexaoescola\/wp-json\/wp\/v2\/users\/24"}],"version-history":[{"count":0,"href":"https:\/\/sme.goiania.go.gov.br\/conexaoescola\/wp-json\/wp\/v2\/ensino_fundamental\/58273\/revisions"}],"wp:featuredmedia":[{"embeddable":true,"href":"https:\/\/sme.goiania.go.gov.br\/conexaoescola\/wp-json\/wp\/v2\/media\/58276"}],"wp:attachment":[{"href":"https:\/\/sme.goiania.go.gov.br\/conexaoescola\/wp-json\/wp\/v2\/media?parent=58273"}],"wp:term":[{"taxonomy":"ef_categoria","embeddable":true,"href":"https:\/\/sme.goiania.go.gov.br\/conexaoescola\/wp-json\/wp\/v2\/ef_categoria?post=58273"},{"taxonomy":"ef_ano","embeddable":true,"href":"https:\/\/sme.goiania.go.gov.br\/conexaoescola\/wp-json\/wp\/v2\/ef_ano?post=58273"},{"taxonomy":"ef_componente","embeddable":true,"href":"https:\/\/sme.goiania.go.gov.br\/conexaoescola\/wp-json\/wp\/v2\/ef_componente?post=58273"}],"curies":[{"name":"wp","href":"https:\/\/api.w.org\/{rel}","templated":true}]}}

<hr class="wp-block-separator"/>



<p class="has-drop-cap has-medium-font-size">Cada mundo cabe em cada casa. Cada casa tem seu jeito de ser!<br>Como é o lugar onde você mora?<br>Você sabia que existe vários tipos de moradias?<br>As moradia tem por objetivo servir às necessidades do homem conforme suas condições específicas. Por isso, acabam se transformando em seus lares.<br>Vamos conhecer um pouco mais sobre isso?</p>



<hr class="wp-block-separator"/>



<p class="has-medium-font-size">Assista o vídeo: A Casa </p>



<figure class="wp-block-embed is-type-video is-provider-youtube wp-block-embed-youtube wp-embed-aspect-4-3 wp-has-aspect-ratio"><div class="wp-block-embed__wrapper">
<p class="responsive-video-wrap clr"><iframe title="A Casa - Vinícius de Moraes por Eliana" width="1200" height="900" src="https://www.youtube.com/embed/Tr64alpIxeY?feature=oembed" frameborder="0" allow="accelerometer; autoplay; clipboard-write; encrypted-media; gyroscope; picture-in-picture" allowfullscreen></iframe></p>
</div><figcaption>&#8220;A Casa&#8221; Canal: Tatiana Canelhas &#8211; https://www.youtube.com/watch?v=Tr64alpIxeY</figcaption></figure>



<p class="has-very-light-gray-color has-very-dark-gray-background-color has-text-color has-background has-medium-font-size">ATIVIDADE: 1</p>



<p></p>



<p class="has-medium-font-size">• Então agora vamos pensar um pouco sobre:</p>



<p class="has-medium-font-size">• Por que não é possível existir uma casa assim?</p>



<p class="has-medium-font-size">• Qual a função de uma moradia?</p>



<p class="has-medium-font-size">Na região onde moramos o tipo de casa mais comum, é a casa de ALVENARIA. Vamos conhecer um pouco sobre os tipos de casa que existem? É só acessar o link do vídeo abaixo: Tipos de Moradia do canal Nossa vida<br>com Alice:</p>



<figure class="wp-block-embed is-type-video is-provider-youtube wp-block-embed-youtube wp-embed-aspect-16-9 wp-has-aspect-ratio"><div class="wp-block-embed__wrapper">
<p class="responsive-video-wrap clr"><iframe title="[ Cartões ] Tipos de Moradia" width="1200" height="675" src="https://www.youtube.com/embed/U6HuzL3CPLU?start=3&#038;feature=oembed" frameborder="0" allow="accelerometer; autoplay; clipboard-write; encrypted-media; gyroscope; picture-in-picture" allowfullscreen></iframe></p>
</div><figcaption>&#8221;&nbsp;Tipos de Moradia&#8221; Canal: <a href="https://www.youtube.com/channel/UCIy9Dy8JYRaWLFfzH3G5gmw">Nossa vida com Alice</a> &#8211; https://www.youtube.com/watch?v=U6HuzL3CPLU&amp;t=3s</figcaption></figure>



<hr class="wp-block-separator"/>



<p class="has-very-light-gray-color has-very-dark-gray-background-color has-text-color has-background has-medium-font-size">ATIVIDADE 2</p>



<p class="has-medium-font-size"><br>• Como é o lugar onde você mora?<br>• E as divisões de uma moradia (cômodos), quais são?<br>• Qual parte da casa você mais gosta de ficar? Por quê?</p>



<p class="has-medium-font-size">• E sua escola como é?<br>• Qual o melhor espaço na escola na sua opinião?<br>• Em uma folha em branco desenhe sua casa e sua escola (Não esqueça de colorir). Em seguida com ajuda de<br>uma pessoa da sua família façam uma lista com as diferenças entre sua casa e a escola que você estuda.<br>(Aproveita e tente matar a saudade se lembrando dela).</p>



<p class="has-very-light-gray-color has-very-dark-gray-background-color has-text-color has-background has-medium-font-size">ATIVIDADE 3</p>



<p class="has-medium-font-size">Observe as imagens a seguir e responda as questões a seguir:</p>



<p><img decoding="async" width="170" height="170" src="https://lh3.googleusercontent.com/s-b2W_oqmMhJExjJX0ZYNRTnXnHNdRlKFD5Er3Thz1cRq4QFlWdF0tltmqcXxzuiP9VkseREPf1OIGEBHoRlJdRDp3kZtZ-4WdQPNLs7Dy1B5iT-9U5DvwUIR2G_afpWUGdYs_Bz">  Imagem      <img decoding="async" width="229" height="172" src="https://lh5.googleusercontent.com/N2wHMm38eHhPf4lg8jZQCZHHx_MeOYC0-gHbbMkWLjs9CgR7J6_mzzFk6W1qff0ngm54Ti-t1mDBk9AIyHP59rx2s0TXuUUPGfDrRM1eU0Dl04K_YymRWRMhW5_56dQ-riA4Q0WF">Imagem 2 </p>



<p><img decoding="async" width="235" height="172" src="https://lh5.googleusercontent.com/K5pka-8GBryo9EkvielZrlXSTC2yBcP3yCZEeFMNFF5Os33rayO9q1QLqRVWEFLkZdmsJXwA3T3QnE37z6xX62VDFymgmKlL2u2bjqHZPiyqxxiHivbJad3qILfgEcwI5HKMzR85">Imagem 3</p>



<blockquote class="wp-block-quote is-layout-flow wp-block-quote-is-layout-flow"><p></p><cite>Fonte das imagens: &nbsp;<br>Imagem 1: https://br.habcdn.com/photos/quotation/gallery/mini-casa-de-arvore-jardim-1366226.jpg Imagem 2: https://engenharia360.com/tijolos-se-faz-uma-casa/&nbsp;<br>Imagem 3: https://img.socioambiental.org/v/publico/pibmirim/como-vivem/habitacoes/Xavante_red.JPG.html</cite></blockquote>



<hr class="wp-block-separator"/>



<p class="has-medium-font-size">• Quais materiais vocês acham que foram utilizados para construir as três moradias?<br>• Quais materiais vocês observam que foram utilizados nas moradias?<br>• Vocês conhecem outros materiais que podem ser utilizados para construir moradias?<br>• Você quais são os profissionais responsáveis pela construção de casas?</p>



<hr class="wp-block-separator"/>



<figure class="wp-block-table alignfull"><table><tbody><tr><td>Objeto de Conhecimento</td><td>Diferentes moradias;<br>Espaços físicos diversos.</td></tr><tr><td>Componente<br>Curricular</td><td>Geografia.</td></tr><tr><td>Habilidades</td><td>(EF01GE01-B/C) Observar e descrever características de seus lugares de vivência,<br>identificando semelhanças e diferenças de outros lugares.</td></tr></tbody></table></figure>



<hr class="wp-block-separator"/>



<figure class="wp-block-table alignfull"><table><tbody><tr><td>Proponentes/<br>Professores:</td><td>Eloisa Vieira da Silva<br>Greyce Kely de Freitas Mariano<br>Marlene Antônia da Silva<br>Silvia Xavier do Nascimento Medeiros</td></tr><tr><td>Instituição<br>Educacional:</td><td>Escola Municipal Rotary Goiânia Sul</td></tr><tr><td>CRE:</td><td>Brasil Di Ramos Caiado</td></tr></tbody></table></figure>



<hr class="wp-block-separator"/>



<p> Ensino Fundamental &#8211; Ciclo da Infância &#8211; Turma B &#8211; 2º ano &#8211; Ética e Cidadania</p>
