{"id":58258,"date":"2020-11-02T07:10:00","date_gmt":"2020-11-02T09:10:00","guid":{"rendered":"http:\/\/sme.goiania.go.gov.br\/conexaoescola\/?post_type=ensino_fundamental&#038;p=58258"},"modified":"2020-11-02T13:28:26","modified_gmt":"2020-11-02T15:28:26","slug":"o-corpo-humano-2","status":"publish","type":"ensino_fundamental","link":"https:\/\/sme.goiania.go.gov.br\/conexaoescola\/ensino_fundamental\/o-corpo-humano-2\/","title":{"rendered":"O Corpo Humano"},"content":{"rendered":"\n<p class=\"has-drop-cap has-medium-font-size\">Ol\u00e1 Crian\u00e7as!! Hoje vamos conhecer um pouquinho mais sobre o nosso corpo, voc\u00eas sabiam que cada parte do nosso corpo possui um nome e tem uma utilidade importante para n\u00f3s? Ent\u00e3o venha comigo descobrir que o nosso corpo \u00e9 uma \u201cm\u00e1quina perfeita\u201d.<\/p>\n\n\n\n<hr class=\"wp-block-separator\"\/>\n\n\n\n<p class=\"has-text-color has-background has-medium-font-size has-very-light-gray-color has-very-dark-gray-background-color\">Atividade 1:<\/p>\n\n\n\n<p class=\"has-medium-font-size\"><br>Vamos assistir esse v\u00eddeo de anima\u00e7\u00e3o e com aten\u00e7\u00e3o conhecer algumas partes do nosso corpo e para que servem.<br>Dispon\u00edvel em:<\/p>\n\n\n\n<figure class=\"wp-block-embed-youtube wp-block-embed is-type-video is-provider-youtube wp-embed-aspect-16-9 wp-has-aspect-ratio\"><div class=\"wp-block-embed__wrapper\">\n<p class=\"responsive-video-wrap clr\"><iframe title=\"GUGUDADA - As Partes do Corpo (anima\u00e7\u00e3o infantil)\" width=\"1200\" height=\"675\" src=\"https:\/\/www.youtube.com\/embed\/_NSkoWouWME?feature=oembed\" frameborder=\"0\" allow=\"accelerometer; autoplay; clipboard-write; encrypted-media; gyroscope; picture-in-picture\" allowfullscreen><\/iframe><\/p>\n<\/div><figcaption>&#8220;GUGUDADA &#8211; As Partes do Corpo (anima\u00e7\u00e3o infantil)&#8221; Canal: <br>Gugu DadaTV &#8211; https:\/\/www.youtube.com\/watch?v=_NSkoWouWME&amp;feature=youtu.be<\/figcaption><\/figure>\n\n\n\n<p class=\"has-text-color has-background has-medium-font-size has-very-light-gray-color has-very-dark-gray-background-color\">Atividade 2:<\/p>\n\n\n\n<p class=\"has-medium-font-size\"><br>Vamos colocar em pr\u00e1tica o que aprendemos sobre as partes do nosso corpo e suas fun\u00e7\u00f5es, brincando de Advinha!! Quero ver voc\u00ea acertar!!!<\/p>\n\n\n\n<figure class=\"wp-block-embed-youtube wp-block-embed is-type-video is-provider-youtube wp-embed-aspect-16-9 wp-has-aspect-ratio\"><div class=\"wp-block-embed__wrapper\">\n<p class=\"responsive-video-wrap clr\"><iframe title=\"M\u00fasica As Partes do Corpo 2 :: O Ba\u00fa da Camilinha :: M\u00fasica Infantil\" width=\"1200\" height=\"675\" src=\"https:\/\/www.youtube.com\/embed\/YBdslqfmUfQ?feature=oembed\" frameborder=\"0\" allow=\"accelerometer; autoplay; clipboard-write; encrypted-media; gyroscope; picture-in-picture\" allowfullscreen><\/iframe><\/p>\n<\/div><figcaption>&#8220;M\u00fasica As Partes do Corpo 2&#8221; Canal: O Ba\u00fa da Camilinha&nbsp;&#8211; https:\/\/www.youtube.com\/watch?v=YBdslqfmUfQ&amp;feature=youtu.be<\/figcaption><\/figure>\n\n\n\n<p class=\"has-text-color has-background has-medium-font-size has-very-light-gray-color has-very-dark-gray-background-color\">Atividade 3:<\/p>\n\n\n\n<p class=\"has-text-color has-large-font-size has-luminous-vivid-orange-color\"><br>\u00c9 hora de Produzir!! Capriche!!<\/p>\n\n\n\n<p class=\"has-medium-font-size\"><br>Recorte de jornais ou revistas partes do corpo humano e cole em seu caderno. Depois com ajuda de uma pessoal especial (respons\u00e1vel), escreva o nome de todas as partes que voc\u00ea encontrou.<\/p>\n\n\n\n<hr class=\"wp-block-separator\"\/>\n\n\n\n<p><strong>Saiba Mais | Refer\u00eancias:<\/strong><\/p>\n\n\n\n<div class=\"wp-block-columns is-layout-flex wp-container-core-columns-is-layout-9d6595d7 wp-block-columns-is-layout-flex\">\n<div class=\"wp-block-column is-layout-flow wp-block-column-is-layout-flow\">\n<figure class=\"wp-block-embed-youtube wp-block-embed is-type-video is-provider-youtube wp-embed-aspect-16-9 wp-has-aspect-ratio\"><div class=\"wp-block-embed__wrapper\">\n<p class=\"responsive-video-wrap clr\"><iframe title=\"Sacudir o Esqueleto - As Diferentes Partes do Corpo - 18\/11\/13\" width=\"1200\" height=\"675\" src=\"https:\/\/www.youtube.com\/embed\/zhvWvo9BfV0?feature=oembed\" frameborder=\"0\" allow=\"accelerometer; autoplay; clipboard-write; encrypted-media; gyroscope; picture-in-picture\" allowfullscreen><\/iframe><\/p>\n<\/div><figcaption>&#8220;Sacudir o Esqueleto &#8211; As Diferentes Partes do Corpo&#8221; Canal:<a href=\"https:\/\/www.youtube.com\/channel\/UCtXVrEFdvdS5Gof7XWYw-CA\">Quintal da Cultura<\/a> &#8211; https:\/\/www.youtube.com\/watch?v=zhvWvo9BfV0&amp;feature=youtu.be<\/figcaption><\/figure>\n\n\n\n<p><\/p>\n<\/div>\n\n\n\n<div class=\"wp-block-column is-layout-flow wp-block-column-is-layout-flow\">\n<figure class=\"wp-block-embed-youtube wp-block-embed is-type-video is-provider-youtube wp-embed-aspect-16-9 wp-has-aspect-ratio\"><div class=\"wp-block-embed__wrapper\">\n<p class=\"responsive-video-wrap clr\"><iframe title=\"Aprender as Partes do Corpo (Cabe\u00e7a) | Como Ensinar as Partes do Corpo Humano na Educa\u00e7\u00e3o Infantil\" width=\"1200\" height=\"675\" src=\"https:\/\/www.youtube.com\/embed\/OHb8Mj1r56A?feature=oembed\" frameborder=\"0\" allow=\"accelerometer; autoplay; clipboard-write; encrypted-media; gyroscope; picture-in-picture\" allowfullscreen><\/iframe><\/p>\n<\/div><figcaption>&#8220;Aprender as Partes do Corpo (Cabe\u00e7a) | Como Ensinar as Partes do Corpo Humano na Educa\u00e7\u00e3o Infantil&#8221; Canal:<br>Brink &amp; Aprenda &#8211; https:\/\/www.youtube.com\/watch?v=OHb8Mj1r56A<\/figcaption><\/figure>\n<\/div>\n\n\n\n<div class=\"wp-block-column is-layout-flow wp-block-column-is-layout-flow\"><\/div>\n<\/div>\n\n\n\n<hr class=\"wp-block-separator\"\/>\n\n\n\n<figure class=\"wp-block-table alignfull\"><table><tbody><tr><td>Objeto de Conhecimento<\/td><td>Corpo humano: Estrutura do corpo humano<br>Materialidades e Imaterialidades: Formas de<br>express\u00e3o art\u00edstica Rimas e alitera\u00e7\u00f5es e asson\u00e2ncias em textos po\u00e9ticos, can\u00e7\u00f5es<\/td><\/tr><tr><td>Componentes<br>Curriculares<\/td><td>Ci\u00eancias da Natureza<br>Arte\/ Artes Visuais<br>L\u00edngua Portuguesa\/Campo da Vida Cotidiana\/An\u00e1lise Lingu\u00edstica<br>Semi\u00f3tica<\/td><\/tr><tr><td>Habilidades<\/td><td>(EF01CI02-A\/B\/C) Localizar, nomear e representar,<br>por meio de desenhos, partes do corpo humano<br>(incluindo \u00f3rg\u00e3os dos sentidos) e explicar oralmente<br>suas fun\u00e7\u00f5es.<br>(GO-EF01AR04-A) Distinguir, experimentar,<br>vivenciar e explorar diferentes formas de express\u00e3o<br>art\u00edstica, como desenhos, croquis, pinturas,<br>gravuras, colagens, HQs, dobraduras, esculturas,<br>modelagens, instala\u00e7\u00f5es, v\u00eddeos, fotografias,<br>performances, usando sustentavelmente mate-<br>riais, instrumentos, recursos, t\u00e9cnicas<br>convencionais e n\u00e3o convencionais, bem como<br>desenvolver o senso cr\u00edtico, a investiga\u00e7\u00e3o e a<br>colabora\u00e7\u00e3o.<br>(EF12LP07) Identificar e (re)produzir, em cantigas,<br>quadrinhas, parlendas, trava- l\u00ednguas e can\u00e7\u00f5es,<br>entre outros, rimas, alitera\u00e7\u00f5es, asson\u00e2ncias, o<br>ritmo de fala relacionado ao ritmo e \u00e0 melodia das<br>m\u00fasicas e seus efeitos de sentido.<\/td><\/tr><\/tbody><\/table><\/figure>\n\n\n\n<hr class=\"wp-block-separator\"\/>\n\n\n\n<figure class=\"wp-block-table alignfull\"><table><tbody><tr><td>Proponentes\/<br>Professores:<\/td><td>Laudelina Martins<br>Silma Aparecida de Sousa Moraes<br>Zenaide Nascimento Sousa<\/td><\/tr><tr><td>Institui\u00e7\u00e3o<br>Educacional:<\/td><td>Escola Municipal de Tempo Integral Sebasti\u00e3o Arantes<\/td><\/tr><tr><td>CRE:<\/td><td>Regional Maria Tom\u00e9 Neto<\/td><\/tr><\/tbody><\/table><\/figure>\n\n\n\n<p>Ensino Fundamental &#8211; Ciclo da Inf\u00e2ncia \u2013 Turma &#8211; A &#8211; 1\u00ba ano &#8211; Educa\u00e7\u00e3o Ambiental e Sa\u00fade<\/p>\n","protected":false},"author":30,"featured_media":58262,"template":"","ef_categoria":[13,18],"ef_ano":[],"ef_componente":[],"class_list":["post-58258","ensino_fundamental","type-ensino_fundamental","status-publish","has-post-thumbnail","hentry","ef_categoria-ciclo-da-infancia-abc","ef_categoria-educacao-ambiental-e-saude","entry","has-media"],"acf":[],"_links":{"self":[{"href":"https:\/\/sme.goiania.go.gov.br\/conexaoescola\/wp-json\/wp\/v2\/ensino_fundamental\/58258","targetHints":{"allow":["GET"]}}],"collection":[{"href":"https:\/\/sme.goiania.go.gov.br\/conexaoescola\/wp-json\/wp\/v2\/ensino_fundamental"}],"about":[{"href":"https:\/\/sme.goiania.go.gov.br\/conexaoescola\/wp-json\/wp\/v2\/types\/ensino_fundamental"}],"author":[{"embeddable":true,"href":"https:\/\/sme.goiania.go.gov.br\/conexaoescola\/wp-json\/wp\/v2\/users\/30"}],"version-history":[{"count":0,"href":"https:\/\/sme.goiania.go.gov.br\/conexaoescola\/wp-json\/wp\/v2\/ensino_fundamental\/58258\/revisions"}],"wp:featuredmedia":[{"embeddable":true,"href":"https:\/\/sme.goiania.go.gov.br\/conexaoescola\/wp-json\/wp\/v2\/media\/58262"}],"wp:attachment":[{"href":"https:\/\/sme.goiania.go.gov.br\/conexaoescola\/wp-json\/wp\/v2\/media?parent=58258"}],"wp:term":[{"taxonomy":"ef_categoria","embeddable":true,"href":"https:\/\/sme.goiania.go.gov.br\/conexaoescola\/wp-json\/wp\/v2\/ef_categoria?post=58258"},{"taxonomy":"ef_ano","embeddable":true,"href":"https:\/\/sme.goiania.go.gov.br\/conexaoescola\/wp-json\/wp\/v2\/ef_ano?post=58258"},{"taxonomy":"ef_componente","embeddable":true,"href":"https:\/\/sme.goiania.go.gov.br\/conexaoescola\/wp-json\/wp\/v2\/ef_componente?post=58258"}],"curies":[{"name":"wp","href":"https:\/\/api.w.org\/{rel}","templated":true}]}}

<p class="has-drop-cap has-medium-font-size">Olá Crianças!! Hoje vamos conhecer um pouquinho mais sobre o nosso corpo, vocês sabiam que cada parte do nosso corpo possui um nome e tem uma utilidade importante para nós? Então venha comigo descobrir que o nosso corpo é uma “máquina perfeita”.</p>



<hr class="wp-block-separator"/>



<p class="has-text-color has-background has-medium-font-size has-very-light-gray-color has-very-dark-gray-background-color">Atividade 1:</p>



<p class="has-medium-font-size"><br>Vamos assistir esse vídeo de animação e com atenção conhecer algumas partes do nosso corpo e para que servem.<br>Disponível em:</p>



<figure class="wp-block-embed-youtube wp-block-embed is-type-video is-provider-youtube wp-embed-aspect-16-9 wp-has-aspect-ratio"><div class="wp-block-embed__wrapper">
<p class="responsive-video-wrap clr"><iframe title="GUGUDADA - As Partes do Corpo (animação infantil)" width="1200" height="675" src="https://www.youtube.com/embed/_NSkoWouWME?feature=oembed" frameborder="0" allow="accelerometer; autoplay; clipboard-write; encrypted-media; gyroscope; picture-in-picture" allowfullscreen></iframe></p>
</div><figcaption>&#8220;GUGUDADA &#8211; As Partes do Corpo (animação infantil)&#8221; Canal: <br>Gugu DadaTV &#8211; https://www.youtube.com/watch?v=_NSkoWouWME&amp;feature=youtu.be</figcaption></figure>



<p class="has-text-color has-background has-medium-font-size has-very-light-gray-color has-very-dark-gray-background-color">Atividade 2:</p>



<p class="has-medium-font-size"><br>Vamos colocar em prática o que aprendemos sobre as partes do nosso corpo e suas funções, brincando de Advinha!! Quero ver você acertar!!!</p>



<figure class="wp-block-embed-youtube wp-block-embed is-type-video is-provider-youtube wp-embed-aspect-16-9 wp-has-aspect-ratio"><div class="wp-block-embed__wrapper">
<p class="responsive-video-wrap clr"><iframe title="Música As Partes do Corpo 2 :: O Baú da Camilinha :: Música Infantil" width="1200" height="675" src="https://www.youtube.com/embed/YBdslqfmUfQ?feature=oembed" frameborder="0" allow="accelerometer; autoplay; clipboard-write; encrypted-media; gyroscope; picture-in-picture" allowfullscreen></iframe></p>
</div><figcaption>&#8220;Música As Partes do Corpo 2&#8221; Canal: O Baú da Camilinha&nbsp;&#8211; https://www.youtube.com/watch?v=YBdslqfmUfQ&amp;feature=youtu.be</figcaption></figure>



<p class="has-text-color has-background has-medium-font-size has-very-light-gray-color has-very-dark-gray-background-color">Atividade 3:</p>



<p class="has-text-color has-large-font-size has-luminous-vivid-orange-color"><br>É hora de Produzir!! Capriche!!</p>



<p class="has-medium-font-size"><br>Recorte de jornais ou revistas partes do corpo humano e cole em seu caderno. Depois com ajuda de uma pessoal especial (responsável), escreva o nome de todas as partes que você encontrou.</p>



<hr class="wp-block-separator"/>



<p><strong>Saiba Mais | Referências:</strong></p>



<div class="wp-block-columns is-layout-flex wp-container-core-columns-is-layout-9d6595d7 wp-block-columns-is-layout-flex">
<div class="wp-block-column is-layout-flow wp-block-column-is-layout-flow">
<figure class="wp-block-embed-youtube wp-block-embed is-type-video is-provider-youtube wp-embed-aspect-16-9 wp-has-aspect-ratio"><div class="wp-block-embed__wrapper">
<p class="responsive-video-wrap clr"><iframe title="Sacudir o Esqueleto - As Diferentes Partes do Corpo - 18/11/13" width="1200" height="675" src="https://www.youtube.com/embed/zhvWvo9BfV0?feature=oembed" frameborder="0" allow="accelerometer; autoplay; clipboard-write; encrypted-media; gyroscope; picture-in-picture" allowfullscreen></iframe></p>
</div><figcaption>&#8220;Sacudir o Esqueleto &#8211; As Diferentes Partes do Corpo&#8221; Canal:<a href="https://www.youtube.com/channel/UCtXVrEFdvdS5Gof7XWYw-CA">Quintal da Cultura</a> &#8211; https://www.youtube.com/watch?v=zhvWvo9BfV0&amp;feature=youtu.be</figcaption></figure>



<p></p>
</div>



<div class="wp-block-column is-layout-flow wp-block-column-is-layout-flow">
<figure class="wp-block-embed-youtube wp-block-embed is-type-video is-provider-youtube wp-embed-aspect-16-9 wp-has-aspect-ratio"><div class="wp-block-embed__wrapper">
<p class="responsive-video-wrap clr"><iframe title="Aprender as Partes do Corpo (Cabeça) | Como Ensinar as Partes do Corpo Humano na Educação Infantil" width="1200" height="675" src="https://www.youtube.com/embed/OHb8Mj1r56A?feature=oembed" frameborder="0" allow="accelerometer; autoplay; clipboard-write; encrypted-media; gyroscope; picture-in-picture" allowfullscreen></iframe></p>
</div><figcaption>&#8220;Aprender as Partes do Corpo (Cabeça) | Como Ensinar as Partes do Corpo Humano na Educação Infantil&#8221; Canal:<br>Brink &amp; Aprenda &#8211; https://www.youtube.com/watch?v=OHb8Mj1r56A</figcaption></figure>
</div>



<div class="wp-block-column is-layout-flow wp-block-column-is-layout-flow"></div>
</div>



<hr class="wp-block-separator"/>



<figure class="wp-block-table alignfull"><table><tbody><tr><td>Objeto de Conhecimento</td><td>Corpo humano: Estrutura do corpo humano<br>Materialidades e Imaterialidades: Formas de<br>expressão artística Rimas e aliterações e assonâncias em textos poéticos, canções</td></tr><tr><td>Componentes<br>Curriculares</td><td>Ciências da Natureza<br>Arte/ Artes Visuais<br>Língua Portuguesa/Campo da Vida Cotidiana/Análise Linguística<br>Semiótica</td></tr><tr><td>Habilidades</td><td>(EF01CI02-A/B/C) Localizar, nomear e representar,<br>por meio de desenhos, partes do corpo humano<br>(incluindo órgãos dos sentidos) e explicar oralmente<br>suas funções.<br>(GO-EF01AR04-A) Distinguir, experimentar,<br>vivenciar e explorar diferentes formas de expressão<br>artística, como desenhos, croquis, pinturas,<br>gravuras, colagens, HQs, dobraduras, esculturas,<br>modelagens, instalações, vídeos, fotografias,<br>performances, usando sustentavelmente mate-<br>riais, instrumentos, recursos, técnicas<br>convencionais e não convencionais, bem como<br>desenvolver o senso crítico, a investigação e a<br>colaboração.<br>(EF12LP07) Identificar e (re)produzir, em cantigas,<br>quadrinhas, parlendas, trava- línguas e canções,<br>entre outros, rimas, aliterações, assonâncias, o<br>ritmo de fala relacionado ao ritmo e à melodia das<br>músicas e seus efeitos de sentido.</td></tr></tbody></table></figure>



<hr class="wp-block-separator"/>



<figure class="wp-block-table alignfull"><table><tbody><tr><td>Proponentes/<br>Professores:</td><td>Laudelina Martins<br>Silma Aparecida de Sousa Moraes<br>Zenaide Nascimento Sousa</td></tr><tr><td>Instituição<br>Educacional:</td><td>Escola Municipal de Tempo Integral Sebastião Arantes</td></tr><tr><td>CRE:</td><td>Regional Maria Tomé Neto</td></tr></tbody></table></figure>



<p>Ensino Fundamental &#8211; Ciclo da Infância – Turma &#8211; A &#8211; 1º ano &#8211; Educação Ambiental e Saúde</p>
