{"id":58253,"date":"2020-11-09T07:00:00","date_gmt":"2020-11-09T09:00:00","guid":{"rendered":"http:\/\/sme.goiania.go.gov.br\/conexaoescola\/?post_type=ensino_fundamental&#038;p=58253"},"modified":"2020-11-09T10:10:24","modified_gmt":"2020-11-09T12:10:24","slug":"as-estacoes-do-ano-primavera","status":"publish","type":"ensino_fundamental","link":"https:\/\/sme.goiania.go.gov.br\/conexaoescola\/ensino_fundamental\/as-estacoes-do-ano-primavera\/","title":{"rendered":"AS ESTA\u00c7\u00d5ES DO ANO: PRIMAVERA"},"content":{"rendered":"\n<hr class=\"wp-block-separator\"\/>\n\n\n\n<p class=\"has-text-align-center\"><span class=\"has-inline-color has-luminous-vivid-orange-color\">Ol\u00e1, estudante! Esta aula est\u00e1 vinculada ao programa da TV no dia 13\/11, sexta-feira, contemplando o eixo Experi\u00eancias e Curiosidades. No Portal Conex\u00e3o Escola, ela est\u00e1 apresentada em forma de atividade, mas voc\u00ea pode assistir a programa\u00e7\u00e3o quando desejar, acessando link na parte inferior da tela. Aproveite, assista e compartilhe!<\/span><\/p>\n\n\n\n<hr class=\"wp-block-separator\"\/>\n\n\n\n<p>Ao longo do ano, passamos por 4 esta\u00e7\u00f5es:&nbsp;<strong>primavera, ver\u00e3o, outono e inverno<\/strong>; elas dizem respeito a quantidade de luz que atinge a terra, mas n\u00e3o \u00e9 s\u00f3 isso: a inclina\u00e7\u00e3o do nosso planeta em rela\u00e7\u00e3o ao sol \u00e9 determinante para que isso aconte\u00e7a.<\/p>\n\n\n\n<p>Assista abaixo o v\u00eddeo do Canal Britannica Escola, que fala mais sobre esse assunto:<\/p>\n\n\n\n<figure class=\"wp-block-embed-youtube wp-block-embed is-type-video is-provider-youtube wp-embed-aspect-16-9 wp-has-aspect-ratio\"><div class=\"wp-block-embed__wrapper\">\n<p class=\"responsive-video-wrap clr\"><iframe title=\"Quanto voc\u00ea sabe sobre as esta\u00e7\u00f5es do ano?\" width=\"1200\" height=\"675\" src=\"https:\/\/www.youtube.com\/embed\/i_KXreoJFXA?feature=oembed\" frameborder=\"0\" allow=\"accelerometer; autoplay; clipboard-write; encrypted-media; gyroscope; picture-in-picture\" allowfullscreen><\/iframe><\/p>\n<\/div><\/figure>\n\n\n\n<hr class=\"wp-block-separator\"\/>\n\n\n\n<p><span class=\"has-inline-color has-luminous-vivid-orange-color\">ATIVIDADE 1<\/span><\/p>\n\n\n\n<p>Gostou do v\u00eddeo acima? Agora, pesquise imagens com a palavra PRIMAVERA e veja quantas cores v\u00e3o aparecer para voc\u00ea! Flores, animais, \u00e1rvores!!<\/p>\n\n\n\n<p>Escolha a foto que mais gostar e desenhe no seu caderno. N\u00e3o esque\u00e7a de colocar data , para que fique registrado a \u00e9poca em que voc\u00ea observou.<\/p>\n","protected":false},"author":30,"featured_media":58247,"template":"","ef_categoria":[13,21],"ef_ano":[],"ef_componente":[],"class_list":["post-58253","ensino_fundamental","type-ensino_fundamental","status-publish","has-post-thumbnail","hentry","ef_categoria-ciclo-da-infancia-abc","ef_categoria-experiencias-e-curiosidades","entry","has-media"],"acf":[],"_links":{"self":[{"href":"https:\/\/sme.goiania.go.gov.br\/conexaoescola\/wp-json\/wp\/v2\/ensino_fundamental\/58253","targetHints":{"allow":["GET"]}}],"collection":[{"href":"https:\/\/sme.goiania.go.gov.br\/conexaoescola\/wp-json\/wp\/v2\/ensino_fundamental"}],"about":[{"href":"https:\/\/sme.goiania.go.gov.br\/conexaoescola\/wp-json\/wp\/v2\/types\/ensino_fundamental"}],"author":[{"embeddable":true,"href":"https:\/\/sme.goiania.go.gov.br\/conexaoescola\/wp-json\/wp\/v2\/users\/30"}],"version-history":[{"count":0,"href":"https:\/\/sme.goiania.go.gov.br\/conexaoescola\/wp-json\/wp\/v2\/ensino_fundamental\/58253\/revisions"}],"wp:featuredmedia":[{"embeddable":true,"href":"https:\/\/sme.goiania.go.gov.br\/conexaoescola\/wp-json\/wp\/v2\/media\/58247"}],"wp:attachment":[{"href":"https:\/\/sme.goiania.go.gov.br\/conexaoescola\/wp-json\/wp\/v2\/media?parent=58253"}],"wp:term":[{"taxonomy":"ef_categoria","embeddable":true,"href":"https:\/\/sme.goiania.go.gov.br\/conexaoescola\/wp-json\/wp\/v2\/ef_categoria?post=58253"},{"taxonomy":"ef_ano","embeddable":true,"href":"https:\/\/sme.goiania.go.gov.br\/conexaoescola\/wp-json\/wp\/v2\/ef_ano?post=58253"},{"taxonomy":"ef_componente","embeddable":true,"href":"https:\/\/sme.goiania.go.gov.br\/conexaoescola\/wp-json\/wp\/v2\/ef_componente?post=58253"}],"curies":[{"name":"wp","href":"https:\/\/api.w.org\/{rel}","templated":true}]}}

AS ESTAÇÕES DO ANO: PRIMAVERA

<hr class="wp-block-separator"/>



<p class="has-text-align-center"><span class="has-inline-color has-luminous-vivid-orange-color">Olá, estudante! Esta aula está vinculada ao programa da TV no dia 13/11, sexta-feira, contemplando o eixo Experiências e Curiosidades. No Portal Conexão Escola, ela está apresentada em forma de atividade, mas você pode assistir a programação quando desejar, acessando link na parte inferior da tela. Aproveite, assista e compartilhe!</span></p>



<hr class="wp-block-separator"/>



<p>Ao longo do ano, passamos por 4 estações:&nbsp;<strong>primavera, verão, outono e inverno</strong>; elas dizem respeito a quantidade de luz que atinge a terra, mas não é só isso: a inclinação do nosso planeta em relação ao sol é determinante para que isso aconteça.</p>



<p>Assista abaixo o vídeo do Canal Britannica Escola, que fala mais sobre esse assunto:</p>



<figure class="wp-block-embed-youtube wp-block-embed is-type-video is-provider-youtube wp-embed-aspect-16-9 wp-has-aspect-ratio"><div class="wp-block-embed__wrapper">
<p class="responsive-video-wrap clr"><iframe title="Quanto você sabe sobre as estações do ano?" width="1200" height="675" src="https://www.youtube.com/embed/i_KXreoJFXA?feature=oembed" frameborder="0" allow="accelerometer; autoplay; clipboard-write; encrypted-media; gyroscope; picture-in-picture" allowfullscreen></iframe></p>
</div></figure>



<hr class="wp-block-separator"/>



<p><span class="has-inline-color has-luminous-vivid-orange-color">ATIVIDADE 1</span></p>



<p>Gostou do vídeo acima? Agora, pesquise imagens com a palavra PRIMAVERA e veja quantas cores vão aparecer para você! Flores, animais, árvores!!</p>



<p>Escolha a foto que mais gostar e desenhe no seu caderno. Não esqueça de colocar data , para que fique registrado a época em que você observou.</p>
