{"id":578,"date":"2020-04-15T11:50:34","date_gmt":"2020-04-15T14:50:34","guid":{"rendered":"http:\/\/conexao.ilustrarweb.com.br\/?post_type=ensino_fundamental&#038;p=578"},"modified":"2020-05-27T19:54:55","modified_gmt":"2020-05-27T22:54:55","slug":"declaracao-universal-dos-direitos-humanos","status":"publish","type":"ensino_fundamental","link":"https:\/\/sme.goiania.go.gov.br\/conexaoescola\/ensino_fundamental\/declaracao-universal-dos-direitos-humanos\/","title":{"rendered":"Declara\u00e7\u00e3o Universal dos Direitos Humanos"},"content":{"rendered":"\n<figure class=\"wp-block-embed-youtube wp-block-embed is-type-video is-provider-youtube wp-embed-aspect-16-9 wp-has-aspect-ratio\"><div class=\"wp-block-embed__wrapper\">\n<p class=\"responsive-video-wrap clr\"><iframe title=\"A Declara\u00e7\u00e3o Universal dos Direitos Humanos\" width=\"1200\" height=\"675\" src=\"https:\/\/www.youtube.com\/embed\/HbZHqeuWOVE?feature=oembed\" frameborder=\"0\" allow=\"accelerometer; autoplay; encrypted-media; gyroscope; picture-in-picture\" allowfullscreen><\/iframe><\/p>\n<\/div><\/figure>\n\n\n\n<p class=\"has-medium-font-size\"><br><br>Ol\u00e1 jovem! <br><br>Voc\u00ea sabia que todas as pessoas t\u00eam direitos? Voc\u00ea conhece os direitos b\u00e1sicos que todo ser humano deve possuir? Esses direitos foram escritos em um texto que se chama \u201cDeclara\u00e7\u00e3o Universal dos Direitos Humanos\u201d.<br><br>Agora, no canal da \u201cCharlotte\u201d, voc\u00ea conhecer\u00e1 melhor esses direitos humanos:<br><\/p>\n\n\n\n<figure class=\"wp-block-embed-youtube wp-block-embed is-type-video is-provider-youtube wp-embed-aspect-16-9 wp-has-aspect-ratio\"><div class=\"wp-block-embed__wrapper\">\n<p class=\"responsive-video-wrap clr\"><iframe title=\"Direitos Humanos\" width=\"1200\" height=\"675\" src=\"https:\/\/www.youtube.com\/embed\/95pHjoKfeAA?feature=oembed\" frameborder=\"0\" allow=\"accelerometer; autoplay; encrypted-media; gyroscope; picture-in-picture\" allowfullscreen><\/iframe><\/p>\n<\/div><\/figure>\n\n\n\n<p class=\"has-medium-font-size\"><br>Depois de ter assistido ao v\u00eddeo da \u201cCharlotte\u201d, voc\u00ea pode refletir sobre o seu direito de liberdade e de respeitar as diferen\u00e7as entre as pessoas.<br><br><strong>No seu caderno, responda: <\/strong>Os meninos valent\u00f5es do v\u00eddeo respeitaram o Romano e Charlotte? Por qu\u00ea?&nbsp; Todos os seres humanos merecem respeito? Como voc\u00ea demonstra respeito pelos outros?&nbsp;<br><\/p>\n\n\n\n<hr class=\"wp-block-separator\"\/>\n\n\n\n<p class=\"has-medium-font-size\"><strong><br><\/strong>No v\u00eddeo de Charlotte, a professora pede que os alunos reproduzam uma receita de <em>slime<\/em>. A receita \u00e9 um g\u00eanero textual que apresenta duas partes bem definidas: ingredientes e modo de fazer, que podem ou n\u00e3o vir indicadas por t\u00edtulos.<br><br>Com base na Declara\u00e7\u00e3o Universal dos Direitos Humanos, <strong>crie uma receita para um mundo mais justo<\/strong>.<strong><br><\/strong><\/p>\n\n\n\n<hr class=\"wp-block-separator\"\/>\n\n\n\n<p><br><br><a rel=\"noreferrer noopener\" href=\"http:\/\/sme.goiania.go.gov.br\/conexaoescola\/page-ensino-fundamental\/ciclo-da-infancia-turmas-f-e-g\/\" target=\"_blank\">Ensino Fundamental \u2013 Ciclo da Adolesc\u00eancia \u2013 F e G \u2013&nbsp;\u00c9tica e Cidadania<\/a>.<\/p>\n","protected":false},"author":8,"featured_media":641,"template":"","ef_categoria":[15,30],"ef_ano":[],"ef_componente":[],"class_list":["post-578","ensino_fundamental","type-ensino_fundamental","status-publish","has-post-thumbnail","hentry","ef_categoria-ciclo-da-adolescencia-fg","ef_categoria-etica-e-cidadania-ciclo-da-adolescencia-fg","entry","has-media"],"acf":[],"_links":{"self":[{"href":"https:\/\/sme.goiania.go.gov.br\/conexaoescola\/wp-json\/wp\/v2\/ensino_fundamental\/578","targetHints":{"allow":["GET"]}}],"collection":[{"href":"https:\/\/sme.goiania.go.gov.br\/conexaoescola\/wp-json\/wp\/v2\/ensino_fundamental"}],"about":[{"href":"https:\/\/sme.goiania.go.gov.br\/conexaoescola\/wp-json\/wp\/v2\/types\/ensino_fundamental"}],"author":[{"embeddable":true,"href":"https:\/\/sme.goiania.go.gov.br\/conexaoescola\/wp-json\/wp\/v2\/users\/8"}],"version-history":[{"count":0,"href":"https:\/\/sme.goiania.go.gov.br\/conexaoescola\/wp-json\/wp\/v2\/ensino_fundamental\/578\/revisions"}],"wp:featuredmedia":[{"embeddable":true,"href":"https:\/\/sme.goiania.go.gov.br\/conexaoescola\/wp-json\/wp\/v2\/media\/641"}],"wp:attachment":[{"href":"https:\/\/sme.goiania.go.gov.br\/conexaoescola\/wp-json\/wp\/v2\/media?parent=578"}],"wp:term":[{"taxonomy":"ef_categoria","embeddable":true,"href":"https:\/\/sme.goiania.go.gov.br\/conexaoescola\/wp-json\/wp\/v2\/ef_categoria?post=578"},{"taxonomy":"ef_ano","embeddable":true,"href":"https:\/\/sme.goiania.go.gov.br\/conexaoescola\/wp-json\/wp\/v2\/ef_ano?post=578"},{"taxonomy":"ef_componente","embeddable":true,"href":"https:\/\/sme.goiania.go.gov.br\/conexaoescola\/wp-json\/wp\/v2\/ef_componente?post=578"}],"curies":[{"name":"wp","href":"https:\/\/api.w.org\/{rel}","templated":true}]}}

Declaração Universal dos Direitos Humanos

<figure class="wp-block-embed-youtube wp-block-embed is-type-video is-provider-youtube wp-embed-aspect-16-9 wp-has-aspect-ratio"><div class="wp-block-embed__wrapper">
<p class="responsive-video-wrap clr"><iframe title="A Declaração Universal dos Direitos Humanos" width="1200" height="675" src="https://www.youtube.com/embed/HbZHqeuWOVE?feature=oembed" frameborder="0" allow="accelerometer; autoplay; encrypted-media; gyroscope; picture-in-picture" allowfullscreen></iframe></p>
</div></figure>



<p class="has-medium-font-size"><br><br>Olá jovem! <br><br>Você sabia que todas as pessoas têm direitos? Você conhece os direitos básicos que todo ser humano deve possuir? Esses direitos foram escritos em um texto que se chama “Declaração Universal dos Direitos Humanos”.<br><br>Agora, no canal da “Charlotte”, você conhecerá melhor esses direitos humanos:<br></p>



<figure class="wp-block-embed-youtube wp-block-embed is-type-video is-provider-youtube wp-embed-aspect-16-9 wp-has-aspect-ratio"><div class="wp-block-embed__wrapper">
<p class="responsive-video-wrap clr"><iframe title="Direitos Humanos" width="1200" height="675" src="https://www.youtube.com/embed/95pHjoKfeAA?feature=oembed" frameborder="0" allow="accelerometer; autoplay; encrypted-media; gyroscope; picture-in-picture" allowfullscreen></iframe></p>
</div></figure>



<p class="has-medium-font-size"><br>Depois de ter assistido ao vídeo da “Charlotte”, você pode refletir sobre o seu direito de liberdade e de respeitar as diferenças entre as pessoas.<br><br><strong>No seu caderno, responda: </strong>Os meninos valentões do vídeo respeitaram o Romano e Charlotte? Por quê?&nbsp; Todos os seres humanos merecem respeito? Como você demonstra respeito pelos outros?&nbsp;<br></p>



<hr class="wp-block-separator"/>



<p class="has-medium-font-size"><strong><br></strong>No vídeo de Charlotte, a professora pede que os alunos reproduzam uma receita de <em>slime</em>. A receita é um gênero textual que apresenta duas partes bem definidas: ingredientes e modo de fazer, que podem ou não vir indicadas por títulos.<br><br>Com base na Declaração Universal dos Direitos Humanos, <strong>crie uma receita para um mundo mais justo</strong>.<strong><br></strong></p>



<hr class="wp-block-separator"/>



<p><br><br><a rel="noreferrer noopener" href="http://sme.goiania.go.gov.br/conexaoescola/page-ensino-fundamental/ciclo-da-infancia-turmas-f-e-g/" target="_blank">Ensino Fundamental – Ciclo da Adolescência – F e G –&nbsp;Ética e Cidadania</a>.</p>
