{"id":571,"date":"2020-04-15T11:27:59","date_gmt":"2020-04-15T14:27:59","guid":{"rendered":"http:\/\/conexao.ilustrarweb.com.br\/?post_type=ensino_fundamental&#038;p=571"},"modified":"2020-05-27T19:06:33","modified_gmt":"2020-05-27T22:06:33","slug":"composicao-do-plastico","status":"publish","type":"ensino_fundamental","link":"https:\/\/sme.goiania.go.gov.br\/conexaoescola\/ensino_fundamental\/composicao-do-plastico\/","title":{"rendered":"Composi\u00e7\u00e3o do pl\u00e1stico"},"content":{"rendered":"\n<figure class=\"wp-block-embed-youtube wp-block-embed is-type-video is-provider-youtube wp-embed-aspect-16-9 wp-has-aspect-ratio\"><div class=\"wp-block-embed__wrapper\">\n<p class=\"responsive-video-wrap clr\"><iframe title=\"Planeta\" width=\"1200\" height=\"675\" src=\"https:\/\/www.youtube.com\/embed\/dSluBS8c3Fk?feature=oembed\" frameborder=\"0\" allow=\"accelerometer; autoplay; encrypted-media; gyroscope; picture-in-picture\" allowfullscreen><\/iframe><\/p>\n<\/div><\/figure>\n\n\n\n<p class=\"has-medium-font-size\"><strong>Ser\u00e1 que as coisas duram para sempre? <br><\/strong><br>Os objetos que produzimos causam um impacto no nosso planeta, pois, exigem o consumo de recursos naturais essenciais como a \u00e1gua, tanto no processo de produ\u00e7\u00e3o quanto no descarte desses produtos.<br><\/p>\n\n\n\n<p class=\"has-medium-font-size\"><strong>Veja a tabela abaixo e conhe\u00e7a o tempo que alguns elementos levam para se decompor na natureza.<\/strong> O artigo completo pode ser visto no \u201cManual de Educa\u00e7\u00e3o para o Consumo Sustent\u00e1vel \u2013 2\u00aa edi\u00e7\u00e3o (2005)\u201d.<br><\/p>\n\n\n\n<div class=\"wp-block-image\"><figure class=\"aligncenter size-large is-resized\"><img fetchpriority=\"high\" decoding=\"async\" src=\"http:\/\/sme.goiania.go.gov.br\/conexaoescola\/wp-content\/uploads\/2020\/04\/tabela-decomposicao1-1-1024x576.jpg\" alt=\"\" class=\"wp-image-844\" width=\"1181\" height=\"662\"\/><\/figure><\/div>\n\n\n\n<p class=\"has-medium-font-size\"><br>Alguns desses elementos, como o pl\u00e1stico, tem uma longa dura\u00e7\u00e3o ap\u00f3s seu descarte. Podem se passar at\u00e9 4 gera\u00e7\u00f5es para que ele se decomponha completamente.<br><br>Acesse o site da revista \u201cSuper Interessante\u201d para saber mais sobre esse processo.<br><\/p>\n\n\n\n<figure class=\"wp-block-image size-medium is-resized\"><a href=\"https:\/\/super.abril.com.br\/mundo-estranho\/por-que-o-plastico-demora-tanto-tempo-para-desaparecer-na-natureza\/\"><img decoding=\"async\" src=\"http:\/\/sme.goiania.go.gov.br\/conexaoescola\/wp-content\/uploads\/2020\/04\/garrafas-super-interessante-300x169.jpg\" alt=\"\" class=\"wp-image-841\" width=\"596\" height=\"337\"\/><\/a><\/figure>\n\n\n\n<p class=\"has-medium-font-size\"><br>Interessantes essas informa\u00e7\u00f5es, n\u00e3o acha?<\/p>\n\n\n\n<p class=\"has-medium-font-size\"><br>Depois de estudar um pouco a respeito do tempo de dura\u00e7\u00e3o do pl\u00e1stico, voc\u00ea concorda que seria uma atitude muito positiva reutilizar o pl\u00e1stico que temos em casa e aproveitar ao m\u00e1ximo esse produto, evitando o descarte?<br><br><br>Que tal contar para sua fam\u00edlia a respeito dessas descobertas que voc\u00ea fez?<br><\/p>\n\n\n\n<hr class=\"wp-block-separator\"\/>\n\n\n\n<p class=\"has-medium-font-size\"><br><br>Agora, observe na sua casa objetos de pl\u00e1stico que ser\u00e3o descartados e escreva uma lista de possibilidades para reutilizar esses objetos. Em seguida, construa um livreto informativo com as informa\u00e7\u00f5es apresentadas. Capriche! N\u00e3o esque\u00e7a de ilustrar sua obra.<\/p>\n\n\n\n<p class=\"has-medium-font-size\"><br>No v\u00eddeo abaixo, postado no Youtube pelo Canal Secretaria da Educa\u00e7\u00e3o de S\u00e3o Paulo, voc\u00ea aprender\u00e1 como reutilizar o pl\u00e1stico de maneira divertida. Vamos l\u00e1?<br><\/p>\n\n\n\n<figure class=\"wp-block-embed-youtube wp-block-embed is-type-video is-provider-youtube wp-embed-aspect-16-9 wp-has-aspect-ratio\"><div class=\"wp-block-embed__wrapper\">\n<p class=\"responsive-video-wrap clr\"><iframe title=\"Aprenda a fazer uma peteca com sacola pl\u00e1stica e jornal\" width=\"1200\" height=\"675\" src=\"https:\/\/www.youtube.com\/embed\/DIwylF8oGaw?feature=oembed\" frameborder=\"0\" allow=\"accelerometer; autoplay; encrypted-media; gyroscope; picture-in-picture\" allowfullscreen><\/iframe><\/p>\n<\/div><\/figure>\n\n\n\n<p class=\"has-medium-font-size\"><br>Agora \u00e9 a sua vez! Construa uma peteca para jogar com algu\u00e9m da sua casa. Foi um percurso muito divertido! E lembre-se sempre da possibilidade de reutilizar objetos de pl\u00e1stico para cuidar bem do nosso planeta. <br><br>                                                            At\u00e9 a pr\u00f3xima!<br><\/p>\n\n\n\n<hr class=\"wp-block-separator\"\/>\n\n\n\n<p class=\"has-medium-font-size\"><br>Manual de Educa\u00e7\u00e3o para o Consumo Sustent\u00e1vel &#8211; 2\u00aa ed (2005) &#8211; Clique <strong><a href=\"https:\/\/drive.google.com\/file\/d\/1TZPvhOGSATliOLcscOdPOsTs6jIg0EA4\/view?usp=sharing\">AQUI<\/a><\/strong><br><br><br><\/p>\n\n\n\n<hr class=\"wp-block-separator\"\/>\n\n\n\n<p><br><br><a href=\"http:\/\/sme.goiania.go.gov.br\/conexaoescola\/page-ensino-fundamental\/ciclo-da-infancia-turmas-f-e-g\/\">Ensino Fundamental &#8211; Ciclo da Adolesc\u00eancia &#8211; F e G &#8211; Educa\u00e7\u00e3o Ambiental e Sa\u00fade<\/a><\/p>\n","protected":false},"author":8,"featured_media":644,"template":"","ef_categoria":[15,28],"ef_ano":[],"ef_componente":[],"class_list":["post-571","ensino_fundamental","type-ensino_fundamental","status-publish","has-post-thumbnail","hentry","ef_categoria-ciclo-da-adolescencia-fg","ef_categoria-educacao-ambiental-e-saude-ciclo-da-adolescencia-fg","entry","has-media"],"acf":[],"_links":{"self":[{"href":"https:\/\/sme.goiania.go.gov.br\/conexaoescola\/wp-json\/wp\/v2\/ensino_fundamental\/571","targetHints":{"allow":["GET"]}}],"collection":[{"href":"https:\/\/sme.goiania.go.gov.br\/conexaoescola\/wp-json\/wp\/v2\/ensino_fundamental"}],"about":[{"href":"https:\/\/sme.goiania.go.gov.br\/conexaoescola\/wp-json\/wp\/v2\/types\/ensino_fundamental"}],"author":[{"embeddable":true,"href":"https:\/\/sme.goiania.go.gov.br\/conexaoescola\/wp-json\/wp\/v2\/users\/8"}],"version-history":[{"count":0,"href":"https:\/\/sme.goiania.go.gov.br\/conexaoescola\/wp-json\/wp\/v2\/ensino_fundamental\/571\/revisions"}],"wp:featuredmedia":[{"embeddable":true,"href":"https:\/\/sme.goiania.go.gov.br\/conexaoescola\/wp-json\/wp\/v2\/media\/644"}],"wp:attachment":[{"href":"https:\/\/sme.goiania.go.gov.br\/conexaoescola\/wp-json\/wp\/v2\/media?parent=571"}],"wp:term":[{"taxonomy":"ef_categoria","embeddable":true,"href":"https:\/\/sme.goiania.go.gov.br\/conexaoescola\/wp-json\/wp\/v2\/ef_categoria?post=571"},{"taxonomy":"ef_ano","embeddable":true,"href":"https:\/\/sme.goiania.go.gov.br\/conexaoescola\/wp-json\/wp\/v2\/ef_ano?post=571"},{"taxonomy":"ef_componente","embeddable":true,"href":"https:\/\/sme.goiania.go.gov.br\/conexaoescola\/wp-json\/wp\/v2\/ef_componente?post=571"}],"curies":[{"name":"wp","href":"https:\/\/api.w.org\/{rel}","templated":true}]}}

Composição do plástico

<figure class="wp-block-embed-youtube wp-block-embed is-type-video is-provider-youtube wp-embed-aspect-16-9 wp-has-aspect-ratio"><div class="wp-block-embed__wrapper">
<p class="responsive-video-wrap clr"><iframe title="Planeta" width="1200" height="675" src="https://www.youtube.com/embed/dSluBS8c3Fk?feature=oembed" frameborder="0" allow="accelerometer; autoplay; encrypted-media; gyroscope; picture-in-picture" allowfullscreen></iframe></p>
</div></figure>



<p class="has-medium-font-size"><strong>Será que as coisas duram para sempre? <br></strong><br>Os objetos que produzimos causam um impacto no nosso planeta, pois, exigem o consumo de recursos naturais essenciais como a água, tanto no processo de produção quanto no descarte desses produtos.<br></p>



<p class="has-medium-font-size"><strong>Veja a tabela abaixo e conheça o tempo que alguns elementos levam para se decompor na natureza.</strong> O artigo completo pode ser visto no “Manual de Educação para o Consumo Sustentável – 2ª edição (2005)”.<br></p>



<div class="wp-block-image"><figure class="aligncenter size-large is-resized"><img fetchpriority="high" decoding="async" src="http://sme.goiania.go.gov.br/conexaoescola/wp-content/uploads/2020/04/tabela-decomposicao1-1-1024x576.jpg" alt="" class="wp-image-844" width="1181" height="662"/></figure></div>



<p class="has-medium-font-size"><br>Alguns desses elementos, como o plástico, tem uma longa duração após seu descarte. Podem se passar até 4 gerações para que ele se decomponha completamente.<br><br>Acesse o site da revista “Super Interessante” para saber mais sobre esse processo.<br></p>



<figure class="wp-block-image size-medium is-resized"><a href="https://super.abril.com.br/mundo-estranho/por-que-o-plastico-demora-tanto-tempo-para-desaparecer-na-natureza/"><img decoding="async" src="http://sme.goiania.go.gov.br/conexaoescola/wp-content/uploads/2020/04/garrafas-super-interessante-300x169.jpg" alt="" class="wp-image-841" width="596" height="337"/></a></figure>



<p class="has-medium-font-size"><br>Interessantes essas informações, não acha?</p>



<p class="has-medium-font-size"><br>Depois de estudar um pouco a respeito do tempo de duração do plástico, você concorda que seria uma atitude muito positiva reutilizar o plástico que temos em casa e aproveitar ao máximo esse produto, evitando o descarte?<br><br><br>Que tal contar para sua família a respeito dessas descobertas que você fez?<br></p>



<hr class="wp-block-separator"/>



<p class="has-medium-font-size"><br><br>Agora, observe na sua casa objetos de plástico que serão descartados e escreva uma lista de possibilidades para reutilizar esses objetos. Em seguida, construa um livreto informativo com as informações apresentadas. Capriche! Não esqueça de ilustrar sua obra.</p>



<p class="has-medium-font-size"><br>No vídeo abaixo, postado no Youtube pelo Canal Secretaria da Educação de São Paulo, você aprenderá como reutilizar o plástico de maneira divertida. Vamos lá?<br></p>



<figure class="wp-block-embed-youtube wp-block-embed is-type-video is-provider-youtube wp-embed-aspect-16-9 wp-has-aspect-ratio"><div class="wp-block-embed__wrapper">
<p class="responsive-video-wrap clr"><iframe title="Aprenda a fazer uma peteca com sacola plástica e jornal" width="1200" height="675" src="https://www.youtube.com/embed/DIwylF8oGaw?feature=oembed" frameborder="0" allow="accelerometer; autoplay; encrypted-media; gyroscope; picture-in-picture" allowfullscreen></iframe></p>
</div></figure>



<p class="has-medium-font-size"><br>Agora é a sua vez! Construa uma peteca para jogar com alguém da sua casa. Foi um percurso muito divertido! E lembre-se sempre da possibilidade de reutilizar objetos de plástico para cuidar bem do nosso planeta. <br><br>                                                            Até a próxima!<br></p>



<hr class="wp-block-separator"/>



<p class="has-medium-font-size"><br>Manual de Educação para o Consumo Sustentável &#8211; 2ª ed (2005) &#8211; Clique <strong><a href="https://drive.google.com/file/d/1TZPvhOGSATliOLcscOdPOsTs6jIg0EA4/view?usp=sharing">AQUI</a></strong><br><br><br></p>



<hr class="wp-block-separator"/>



<p><br><br><a href="http://sme.goiania.go.gov.br/conexaoescola/page-ensino-fundamental/ciclo-da-infancia-turmas-f-e-g/">Ensino Fundamental &#8211; Ciclo da Adolescência &#8211; F e G &#8211; Educação Ambiental e Saúde</a></p>
