{"id":5686,"date":"2020-10-05T07:00:00","date_gmt":"2020-10-05T10:00:00","guid":{"rendered":"http:\/\/sme.goiania.go.gov.br\/conexaoescola\/?post_type=ensino_fundamental&#038;p=5686"},"modified":"2021-11-25T10:28:27","modified_gmt":"2021-11-25T12:28:27","slug":"porcentagens","status":"publish","type":"ensino_fundamental","link":"https:\/\/sme.goiania.go.gov.br\/conexaoescola\/ensino_fundamental\/porcentagens\/","title":{"rendered":"Matem\u00e1tica &#8211; Porcentagens"},"content":{"rendered":"\n<p class=\"has-drop-cap has-medium-font-size\">Ol\u00e1! Voc\u00ea j\u00e1 deve ter visto e ouvido, muitas vezes, a express\u00e3o \u2018por cento\u2019. Mas voc\u00ea sabe o que \u00e9 porcentagem? Como se calcula? Hoje vamos descobrir como a utilizamos na nossa vida cotidiana em descontos e acr\u00e9scimos.<\/p>\n\n\n\n<hr class=\"wp-block-separator\"\/>\n\n\n\n<p class=\"has-very-light-gray-background-color has-background has-medium-font-size\">Utilizamos a porcentagem para fazer acr\u00e9scimos e decr\u00e9scimo em situa\u00e7\u00f5es financeiras e o que utilizamos para representa-la \u00e9 o % (por cento). Para melhor compreender leia a charge e assista aos v\u00eddeos sugeridos!<\/p>\n\n\n\n<p class=\"has-pale-cyan-blue-background-color has-text-color has-background has-medium-font-size\" style=\"color:#000000\"><strong>ATIVIDADE 1<\/strong><\/p>\n\n\n\n<p class=\"has-medium-font-size\">Vamos compreender porcentagens:<\/p>\n\n\n\n<figure class=\"wp-block-image size-large\"><img fetchpriority=\"high\" decoding=\"async\" width=\"902\" height=\"720\" src=\"http:\/\/sme.goiania.go.gov.br\/conexaoescola\/wp-content\/uploads\/2020\/10\/cxv005478-e1601576805886.jpg\" alt=\"\" class=\"wp-image-5687\" srcset=\"https:\/\/sme.goiania.go.gov.br\/conexaoescola\/wp-content\/uploads\/2020\/10\/cxv005478-e1601576805886.jpg 902w, https:\/\/sme.goiania.go.gov.br\/conexaoescola\/wp-content\/uploads\/2020\/10\/cxv005478-e1601576805886-300x239.jpg 300w, https:\/\/sme.goiania.go.gov.br\/conexaoescola\/wp-content\/uploads\/2020\/10\/cxv005478-e1601576805886-768x613.jpg 768w\" sizes=\"(max-width: 902px) 100vw, 902px\" \/><figcaption><a href=\"http:\/\/eletroscience.blogspot.com\/\" target=\"_blank\" rel=\"noreferrer noopener\">Fonte<\/a><\/figcaption><\/figure>\n\n\n\n<p class=\"has-medium-font-size\">Agora assista ao desenho animado Cyberchase (A corrida do espa\u00e7o quest\u00e3o de porcentagem)<\/p>\n\n\n\n<figure class=\"wp-block-embed is-type-video is-provider-youtube wp-block-embed-youtube wp-embed-aspect-4-3 wp-has-aspect-ratio\"><div class=\"wp-block-embed__wrapper\">\n<p class=\"responsive-video-wrap clr\"><iframe title=\"CYBERCHASE A CORRIDA DO ESPA\u00c7O QUEST\u00c3O DE PORCENTAGEM HD!\" width=\"1200\" height=\"900\" src=\"https:\/\/www.youtube.com\/embed\/epSScfsvtaM?feature=oembed\" frameborder=\"0\" allow=\"accelerometer; autoplay; clipboard-write; encrypted-media; gyroscope; picture-in-picture\" allowfullscreen><\/iframe><\/p>\n<\/div><figcaption><a href=\"https:\/\/www.youtube.com\/watch?v=epSScfsvtaM&amp;feature=youtu.be\" target=\"_blank\" rel=\"noreferrer noopener\">CYBERCHASE A CORRIDA DO ESPA\u00c7O QUEST\u00c3O DE PORCENTAGEM HD! &#8211; Canal &#8211; CANAL HORA DO INTERVALO &#8211; YouTube<\/a><\/figcaption><\/figure>\n\n\n\n<p class=\"has-medium-font-size\">Ap\u00f3s a leitura da charge e ter assistido o desenho animado, voc\u00ea pode definir com suas palavras em seu caderno o que \u00e9 porcentagem e para que serve?<\/p>\n\n\n\n<p class=\"has-pale-cyan-blue-background-color has-text-color has-background has-medium-font-size\" style=\"color:#000000\"><strong>ATIVIDADE 2<\/strong><\/p>\n\n\n\n<div class=\"wp-block-image\"><figure class=\"aligncenter size-large\"><img decoding=\"async\" width=\"510\" height=\"287\" src=\"http:\/\/sme.goiania.go.gov.br\/conexaoescola\/wp-content\/uploads\/2020\/10\/zxa8009007-e1601577295420.png\" alt=\"\" class=\"wp-image-5688\" srcset=\"https:\/\/sme.goiania.go.gov.br\/conexaoescola\/wp-content\/uploads\/2020\/10\/zxa8009007-e1601577295420.png 510w, https:\/\/sme.goiania.go.gov.br\/conexaoescola\/wp-content\/uploads\/2020\/10\/zxa8009007-e1601577295420-300x169.png 300w\" sizes=\"(max-width: 510px) 100vw, 510px\" \/><\/figure><\/div>\n\n\n\n<p class=\"has-medium-font-size\">De acordo com a fala dos personagens e do que voc\u00ea aprendeu da atividade 1. Calcule o lucro da garota.<\/p>\n\n\n\n<p class=\"has-pale-cyan-blue-background-color has-text-color has-background has-medium-font-size\" style=\"color:#000000\"><strong>ATIVIDADE 3<\/strong><\/p>\n\n\n\n<div class=\"wp-block-image\"><figure class=\"aligncenter size-large\"><img decoding=\"async\" width=\"512\" height=\"211\" src=\"http:\/\/sme.goiania.go.gov.br\/conexaoescola\/wp-content\/uploads\/2020\/10\/xsf008745610-e1601577697484.png\" alt=\"\" class=\"wp-image-5689\" srcset=\"https:\/\/sme.goiania.go.gov.br\/conexaoescola\/wp-content\/uploads\/2020\/10\/xsf008745610-e1601577697484.png 512w, https:\/\/sme.goiania.go.gov.br\/conexaoescola\/wp-content\/uploads\/2020\/10\/xsf008745610-e1601577697484-300x124.png 300w\" sizes=\"(max-width: 512px) 100vw, 512px\" \/><\/figure><\/div>\n\n\n\n<p class=\"has-very-light-gray-background-color has-background has-medium-font-size\">Por que o Cebolinha ter\u00e1 desconto e o restante dos clientes n\u00e3o? O que \u00e9 desconto?<\/p>\n\n\n\n<p class=\"has-pale-cyan-blue-background-color has-text-color has-background has-medium-font-size\" style=\"color:#000000\"><strong>ATIVIDADE 4 <\/strong><\/p>\n\n\n\n<div class=\"wp-block-image\"><figure class=\"aligncenter size-large\"><img loading=\"lazy\" decoding=\"async\" width=\"510\" height=\"287\" src=\"http:\/\/sme.goiania.go.gov.br\/conexaoescola\/wp-content\/uploads\/2020\/10\/VCT00021235-e1601578274881.jpg\" alt=\"\" class=\"wp-image-5690\" srcset=\"https:\/\/sme.goiania.go.gov.br\/conexaoescola\/wp-content\/uploads\/2020\/10\/VCT00021235-e1601578274881.jpg 510w, https:\/\/sme.goiania.go.gov.br\/conexaoescola\/wp-content\/uploads\/2020\/10\/VCT00021235-e1601578274881-300x169.jpg 300w\" sizes=\"(max-width: 510px) 100vw, 510px\" \/><\/figure><\/div>\n\n\n\n<p class=\"has-medium-font-size\">Suponha que a garota ganha R$1200,00. Com o aumento (acr\u00e9scimo) agora de 5% qual ser\u00e1 seu novo sal\u00e1rio?<\/p>\n\n\n\n<hr class=\"wp-block-separator\"\/>\n\n\n\n<p class=\"has-text-color has-background has-medium-font-size\" style=\"background-color:#000000;color:#ffffff\">Saiba Mais | Refer\u00eancias:<\/p>\n\n\n\n<p class=\"has-light-green-cyan-background-color has-background has-medium-font-size\">V\u00eddeo aulas:<\/p>\n\n\n\n<p class=\"has-medium-font-size\">Porcentagem<\/p>\n\n\n\n<figure class=\"wp-block-embed is-type-video is-provider-youtube wp-block-embed-youtube wp-embed-aspect-16-9 wp-has-aspect-ratio\"><div class=\"wp-block-embed__wrapper\">\n<p class=\"responsive-video-wrap clr\"><iframe title=\"Porcentagem - Introdu\u00e7\u00e3o | Matem\u00e1tica Rio\" width=\"1200\" height=\"675\" src=\"https:\/\/www.youtube.com\/embed\/Kn6al_RauLE?feature=oembed\" frameborder=\"0\" allow=\"accelerometer; autoplay; clipboard-write; encrypted-media; gyroscope; picture-in-picture\" allowfullscreen><\/iframe><\/p>\n<\/div><figcaption><a href=\"https:\/\/www.youtube.com\/watch?v=Kn6al_RauLE&amp;feature=youtu.be\" target=\"_blank\" rel=\"noreferrer noopener\">Porcentagem &#8211; Introdu\u00e7\u00e3o | Matem\u00e1tica Rio &#8211; Canal &#8211; Matem\u00e1tica Rio com Prof. Rafael Procopio &#8211; YouTube<\/a><\/figcaption><\/figure>\n\n\n\n<hr class=\"wp-block-separator\"\/>\n\n\n\n<p class=\"has-medium-font-size\">Porcentagem<\/p>\n\n\n\n<figure class=\"wp-block-embed is-type-video is-provider-youtube wp-block-embed-youtube wp-embed-aspect-16-9 wp-has-aspect-ratio\"><div class=\"wp-block-embed__wrapper\">\n<p class=\"responsive-video-wrap clr\"><iframe title=\"PORCENTAGEM -  BLACK FRIDAY - 7\u00b0 Ano - Aula 10\" width=\"1200\" height=\"675\" src=\"https:\/\/www.youtube.com\/embed\/PuaX1C7xmXc?feature=oembed\" frameborder=\"0\" allow=\"accelerometer; autoplay; clipboard-write; encrypted-media; gyroscope; picture-in-picture\" allowfullscreen><\/iframe><\/p>\n<\/div><figcaption><a href=\"https:\/\/www.youtube.com\/watch?v=PuaX1C7xmXc&amp;feature=youtu.be\" target=\"_blank\" rel=\"noreferrer noopener\">PORCENTAGEM &#8211; BLACK FRIDAY &#8211; 7\u00b0 Ano &#8211; Aula 10 &#8211; Canal &#8211; Marcos Aba Matem\u00e1tica &#8211; YouTube<\/a><\/figcaption><\/figure>\n\n\n\n<hr class=\"wp-block-separator\"\/>\n\n\n\n<p class=\"has-medium-font-size\">Porcentagem, Acr\u00e9scimo e Desconto<\/p>\n\n\n\n<figure class=\"wp-block-embed is-type-video is-provider-youtube wp-block-embed-youtube wp-embed-aspect-16-9 wp-has-aspect-ratio\"><div class=\"wp-block-embed__wrapper\">\n<p class=\"responsive-video-wrap clr\"><iframe title=\"Porcentagem, Acr\u00e9scimo e Desconto - Professora Angela\" width=\"1200\" height=\"675\" src=\"https:\/\/www.youtube.com\/embed\/ZeB4i1ns_ns?feature=oembed\" frameborder=\"0\" allow=\"accelerometer; autoplay; clipboard-write; encrypted-media; gyroscope; picture-in-picture\" allowfullscreen><\/iframe><\/p>\n<\/div><figcaption><a href=\"https:\/\/www.youtube.com\/watch?v=ZeB4i1ns_ns&amp;feature=youtu.be\" target=\"_blank\" rel=\"noreferrer noopener\">Porcentagem, Acr\u00e9scimo e Desconto &#8211; Professora Angela &#8211; Canal &#8211; Professora Angela Matem\u00e1tica &#8211; YouTube<\/a><\/figcaption><\/figure>\n\n\n\n<hr class=\"wp-block-separator\"\/>\n\n\n\n<figure class=\"wp-block-table alignfull is-style-regular\"><table><tbody><tr><td><strong>Objeto de Conhecimento<\/strong><\/td><td>C\u00e1lculo de porcentagens e de acr\u00e9scimos e decr\u00e9scimos simples: Porcentagem Acr\u00e9scimos e decr\u00e9scimos simples<\/td><\/tr><tr><td><strong>Habilidades<\/strong><\/td><td>(EF07MA02-A) Ler, interpretar, resolver e elaborar problemas que envolvam porcentagens, como os que lidam com acr\u00e9scimos e decr\u00e9scimos simples, utilizando a proporcionalidade em contextos diversos.<br>(EF07MA02-B) Ler, interpretar, resolver e elaborar problemas que envolvam porcentagens, como os que lidam com acr\u00e9scimos e decr\u00e9scimos simples, utilizando estrat\u00e9giaspessoais, c\u00e1lculo mental e calculadora, no contexto de educa\u00e7\u00e3o financeira, entre outros.<\/td><\/tr><tr><td><strong>Proponentes\/ Professores:<\/strong><\/td><td>Adriana Maria Lima Gouveia; Lu\u00eds Henrique Pereira da Silva e Regina C\u00e9lia Prado de Oliveira<\/td><\/tr><tr><td><strong>Institui\u00e7\u00e3o Educacional:<\/strong><\/td><td>Escola Municipal Pedro Costa de Medeiros<\/td><\/tr><tr><td><strong>CRE:<\/strong><\/td><td>Central<\/td><\/tr><\/tbody><\/table><\/figure>\n\n\n\n<hr class=\"wp-block-separator\"\/>\n\n\n\n<p class=\"has-text-align-center\">Ciclo da Adolesc\u00eancia \u2013 Turma G (7\u00ba ano) \u2013 Ed. Financeira e Empreendedorismo<\/p>\n","protected":false},"author":28,"featured_media":5693,"template":"","ef_categoria":[15,29],"ef_ano":[90],"ef_componente":[94],"class_list":["post-5686","ensino_fundamental","type-ensino_fundamental","status-publish","has-post-thumbnail","hentry","ef_categoria-ciclo-da-adolescencia-fg","ef_categoria-educacao-financeira-e-empreendedorismo-ciclo-da-adolescencia-fg","ef_ano-7o-ano","ef_componente-matematica","entry","has-media"],"acf":[],"_links":{"self":[{"href":"https:\/\/sme.goiania.go.gov.br\/conexaoescola\/wp-json\/wp\/v2\/ensino_fundamental\/5686","targetHints":{"allow":["GET"]}}],"collection":[{"href":"https:\/\/sme.goiania.go.gov.br\/conexaoescola\/wp-json\/wp\/v2\/ensino_fundamental"}],"about":[{"href":"https:\/\/sme.goiania.go.gov.br\/conexaoescola\/wp-json\/wp\/v2\/types\/ensino_fundamental"}],"author":[{"embeddable":true,"href":"https:\/\/sme.goiania.go.gov.br\/conexaoescola\/wp-json\/wp\/v2\/users\/28"}],"version-history":[{"count":0,"href":"https:\/\/sme.goiania.go.gov.br\/conexaoescola\/wp-json\/wp\/v2\/ensino_fundamental\/5686\/revisions"}],"wp:featuredmedia":[{"embeddable":true,"href":"https:\/\/sme.goiania.go.gov.br\/conexaoescola\/wp-json\/wp\/v2\/media\/5693"}],"wp:attachment":[{"href":"https:\/\/sme.goiania.go.gov.br\/conexaoescola\/wp-json\/wp\/v2\/media?parent=5686"}],"wp:term":[{"taxonomy":"ef_categoria","embeddable":true,"href":"https:\/\/sme.goiania.go.gov.br\/conexaoescola\/wp-json\/wp\/v2\/ef_categoria?post=5686"},{"taxonomy":"ef_ano","embeddable":true,"href":"https:\/\/sme.goiania.go.gov.br\/conexaoescola\/wp-json\/wp\/v2\/ef_ano?post=5686"},{"taxonomy":"ef_componente","embeddable":true,"href":"https:\/\/sme.goiania.go.gov.br\/conexaoescola\/wp-json\/wp\/v2\/ef_componente?post=5686"}],"curies":[{"name":"wp","href":"https:\/\/api.w.org\/{rel}","templated":true}]}}

Matemática &#8211; Porcentagens

<p class="has-drop-cap has-medium-font-size">Olá! Você já deve ter visto e ouvido, muitas vezes, a expressão ‘por cento’. Mas você sabe o que é porcentagem? Como se calcula? Hoje vamos descobrir como a utilizamos na nossa vida cotidiana em descontos e acréscimos.</p>



<hr class="wp-block-separator"/>



<p class="has-very-light-gray-background-color has-background has-medium-font-size">Utilizamos a porcentagem para fazer acréscimos e decréscimo em situações financeiras e o que utilizamos para representa-la é o % (por cento). Para melhor compreender leia a charge e assista aos vídeos sugeridos!</p>



<p class="has-pale-cyan-blue-background-color has-text-color has-background has-medium-font-size" style="color:#000000"><strong>ATIVIDADE 1</strong></p>



<p class="has-medium-font-size">Vamos compreender porcentagens:</p>



<figure class="wp-block-image size-large"><img fetchpriority="high" decoding="async" width="902" height="720" src="http://sme.goiania.go.gov.br/conexaoescola/wp-content/uploads/2020/10/cxv005478-e1601576805886.jpg" alt="" class="wp-image-5687" srcset="https://sme.goiania.go.gov.br/conexaoescola/wp-content/uploads/2020/10/cxv005478-e1601576805886.jpg 902w, https://sme.goiania.go.gov.br/conexaoescola/wp-content/uploads/2020/10/cxv005478-e1601576805886-300x239.jpg 300w, https://sme.goiania.go.gov.br/conexaoescola/wp-content/uploads/2020/10/cxv005478-e1601576805886-768x613.jpg 768w" sizes="(max-width: 902px) 100vw, 902px" /><figcaption><a href="http://eletroscience.blogspot.com/" target="_blank" rel="noreferrer noopener">Fonte</a></figcaption></figure>



<p class="has-medium-font-size">Agora assista ao desenho animado Cyberchase (A corrida do espaço questão de porcentagem)</p>



<figure class="wp-block-embed is-type-video is-provider-youtube wp-block-embed-youtube wp-embed-aspect-4-3 wp-has-aspect-ratio"><div class="wp-block-embed__wrapper">
<p class="responsive-video-wrap clr"><iframe title="CYBERCHASE A CORRIDA DO ESPAÇO QUESTÃO DE PORCENTAGEM HD!" width="1200" height="900" src="https://www.youtube.com/embed/epSScfsvtaM?feature=oembed" frameborder="0" allow="accelerometer; autoplay; clipboard-write; encrypted-media; gyroscope; picture-in-picture" allowfullscreen></iframe></p>
</div><figcaption><a href="https://www.youtube.com/watch?v=epSScfsvtaM&amp;feature=youtu.be" target="_blank" rel="noreferrer noopener">CYBERCHASE A CORRIDA DO ESPAÇO QUESTÃO DE PORCENTAGEM HD! &#8211; Canal &#8211; CANAL HORA DO INTERVALO &#8211; YouTube</a></figcaption></figure>



<p class="has-medium-font-size">Após a leitura da charge e ter assistido o desenho animado, você pode definir com suas palavras em seu caderno o que é porcentagem e para que serve?</p>



<p class="has-pale-cyan-blue-background-color has-text-color has-background has-medium-font-size" style="color:#000000"><strong>ATIVIDADE 2</strong></p>



<div class="wp-block-image"><figure class="aligncenter size-large"><img decoding="async" width="510" height="287" src="http://sme.goiania.go.gov.br/conexaoescola/wp-content/uploads/2020/10/zxa8009007-e1601577295420.png" alt="" class="wp-image-5688" srcset="https://sme.goiania.go.gov.br/conexaoescola/wp-content/uploads/2020/10/zxa8009007-e1601577295420.png 510w, https://sme.goiania.go.gov.br/conexaoescola/wp-content/uploads/2020/10/zxa8009007-e1601577295420-300x169.png 300w" sizes="(max-width: 510px) 100vw, 510px" /></figure></div>



<p class="has-medium-font-size">De acordo com a fala dos personagens e do que você aprendeu da atividade 1. Calcule o lucro da garota.</p>



<p class="has-pale-cyan-blue-background-color has-text-color has-background has-medium-font-size" style="color:#000000"><strong>ATIVIDADE 3</strong></p>



<div class="wp-block-image"><figure class="aligncenter size-large"><img decoding="async" width="512" height="211" src="http://sme.goiania.go.gov.br/conexaoescola/wp-content/uploads/2020/10/xsf008745610-e1601577697484.png" alt="" class="wp-image-5689" srcset="https://sme.goiania.go.gov.br/conexaoescola/wp-content/uploads/2020/10/xsf008745610-e1601577697484.png 512w, https://sme.goiania.go.gov.br/conexaoescola/wp-content/uploads/2020/10/xsf008745610-e1601577697484-300x124.png 300w" sizes="(max-width: 512px) 100vw, 512px" /></figure></div>



<p class="has-very-light-gray-background-color has-background has-medium-font-size">Por que o Cebolinha terá desconto e o restante dos clientes não? O que é desconto?</p>



<p class="has-pale-cyan-blue-background-color has-text-color has-background has-medium-font-size" style="color:#000000"><strong>ATIVIDADE 4 </strong></p>



<div class="wp-block-image"><figure class="aligncenter size-large"><img loading="lazy" decoding="async" width="510" height="287" src="http://sme.goiania.go.gov.br/conexaoescola/wp-content/uploads/2020/10/VCT00021235-e1601578274881.jpg" alt="" class="wp-image-5690" srcset="https://sme.goiania.go.gov.br/conexaoescola/wp-content/uploads/2020/10/VCT00021235-e1601578274881.jpg 510w, https://sme.goiania.go.gov.br/conexaoescola/wp-content/uploads/2020/10/VCT00021235-e1601578274881-300x169.jpg 300w" sizes="(max-width: 510px) 100vw, 510px" /></figure></div>



<p class="has-medium-font-size">Suponha que a garota ganha R$1200,00. Com o aumento (acréscimo) agora de 5% qual será seu novo salário?</p>



<hr class="wp-block-separator"/>



<p class="has-text-color has-background has-medium-font-size" style="background-color:#000000;color:#ffffff">Saiba Mais | Referências:</p>



<p class="has-light-green-cyan-background-color has-background has-medium-font-size">Vídeo aulas:</p>



<p class="has-medium-font-size">Porcentagem</p>



<figure class="wp-block-embed is-type-video is-provider-youtube wp-block-embed-youtube wp-embed-aspect-16-9 wp-has-aspect-ratio"><div class="wp-block-embed__wrapper">
<p class="responsive-video-wrap clr"><iframe title="Porcentagem - Introdução | Matemática Rio" width="1200" height="675" src="https://www.youtube.com/embed/Kn6al_RauLE?feature=oembed" frameborder="0" allow="accelerometer; autoplay; clipboard-write; encrypted-media; gyroscope; picture-in-picture" allowfullscreen></iframe></p>
</div><figcaption><a href="https://www.youtube.com/watch?v=Kn6al_RauLE&amp;feature=youtu.be" target="_blank" rel="noreferrer noopener">Porcentagem &#8211; Introdução | Matemática Rio &#8211; Canal &#8211; Matemática Rio com Prof. Rafael Procopio &#8211; YouTube</a></figcaption></figure>



<hr class="wp-block-separator"/>



<p class="has-medium-font-size">Porcentagem</p>



<figure class="wp-block-embed is-type-video is-provider-youtube wp-block-embed-youtube wp-embed-aspect-16-9 wp-has-aspect-ratio"><div class="wp-block-embed__wrapper">
<p class="responsive-video-wrap clr"><iframe title="PORCENTAGEM -  BLACK FRIDAY - 7° Ano - Aula 10" width="1200" height="675" src="https://www.youtube.com/embed/PuaX1C7xmXc?feature=oembed" frameborder="0" allow="accelerometer; autoplay; clipboard-write; encrypted-media; gyroscope; picture-in-picture" allowfullscreen></iframe></p>
</div><figcaption><a href="https://www.youtube.com/watch?v=PuaX1C7xmXc&amp;feature=youtu.be" target="_blank" rel="noreferrer noopener">PORCENTAGEM &#8211; BLACK FRIDAY &#8211; 7° Ano &#8211; Aula 10 &#8211; Canal &#8211; Marcos Aba Matemática &#8211; YouTube</a></figcaption></figure>



<hr class="wp-block-separator"/>



<p class="has-medium-font-size">Porcentagem, Acréscimo e Desconto</p>



<figure class="wp-block-embed is-type-video is-provider-youtube wp-block-embed-youtube wp-embed-aspect-16-9 wp-has-aspect-ratio"><div class="wp-block-embed__wrapper">
<p class="responsive-video-wrap clr"><iframe title="Porcentagem, Acréscimo e Desconto - Professora Angela" width="1200" height="675" src="https://www.youtube.com/embed/ZeB4i1ns_ns?feature=oembed" frameborder="0" allow="accelerometer; autoplay; clipboard-write; encrypted-media; gyroscope; picture-in-picture" allowfullscreen></iframe></p>
</div><figcaption><a href="https://www.youtube.com/watch?v=ZeB4i1ns_ns&amp;feature=youtu.be" target="_blank" rel="noreferrer noopener">Porcentagem, Acréscimo e Desconto &#8211; Professora Angela &#8211; Canal &#8211; Professora Angela Matemática &#8211; YouTube</a></figcaption></figure>



<hr class="wp-block-separator"/>



<figure class="wp-block-table alignfull is-style-regular"><table><tbody><tr><td><strong>Objeto de Conhecimento</strong></td><td>Cálculo de porcentagens e de acréscimos e decréscimos simples: Porcentagem Acréscimos e decréscimos simples</td></tr><tr><td><strong>Habilidades</strong></td><td>(EF07MA02-A) Ler, interpretar, resolver e elaborar problemas que envolvam porcentagens, como os que lidam com acréscimos e decréscimos simples, utilizando a proporcionalidade em contextos diversos.<br>(EF07MA02-B) Ler, interpretar, resolver e elaborar problemas que envolvam porcentagens, como os que lidam com acréscimos e decréscimos simples, utilizando estratégiaspessoais, cálculo mental e calculadora, no contexto de educação financeira, entre outros.</td></tr><tr><td><strong>Proponentes/ Professores:</strong></td><td>Adriana Maria Lima Gouveia; Luís Henrique Pereira da Silva e Regina Célia Prado de Oliveira</td></tr><tr><td><strong>Instituição Educacional:</strong></td><td>Escola Municipal Pedro Costa de Medeiros</td></tr><tr><td><strong>CRE:</strong></td><td>Central</td></tr></tbody></table></figure>



<hr class="wp-block-separator"/>



<p class="has-text-align-center">Ciclo da Adolescência – Turma G (7º ano) – Ed. Financeira e Empreendedorismo</p>
