{"id":5467,"date":"2020-10-05T07:00:00","date_gmt":"2020-10-05T10:00:00","guid":{"rendered":"http:\/\/sme.goiania.go.gov.br\/conexaoescola\/?post_type=ensino_fundamental&#038;p=5467"},"modified":"2020-09-29T09:40:43","modified_gmt":"2020-09-29T12:40:43","slug":"os-numeros-estao-por-toda-parte","status":"publish","type":"ensino_fundamental","link":"https:\/\/sme.goiania.go.gov.br\/conexaoescola\/ensino_fundamental\/os-numeros-estao-por-toda-parte\/","title":{"rendered":"Os n\u00fameros est\u00e3o por toda parte"},"content":{"rendered":"\n<p class=\"has-drop-cap has-medium-font-size\">Ol\u00e1! Voc\u00ea j\u00e1 percebeu como os n\u00fameros est\u00e3o por toda parte?&nbsp;Hoje vamos descobrir a import\u00e2ncia dos n\u00fameros no nosso dia a dia.<\/p>\n\n\n\n<hr class=\"wp-block-separator\"\/>\n\n\n\n<p class=\"has-text-color has-background has-medium-font-size has-very-light-gray-color has-vivid-purple-background-color\"><strong>Atividade 1: <\/strong>Assista ao v\u00eddeo a seguir, e perceba a import\u00e2ncia dos n\u00fameros no nosso cotidiano.<\/p>\n\n\n\n<figure class=\"wp-block-embed-youtube wp-block-embed is-type-video is-provider-youtube wp-embed-aspect-16-9 wp-has-aspect-ratio\"><div class=\"wp-block-embed__wrapper\">\n<p class=\"responsive-video-wrap clr\"><iframe title=\"Por que existem os n\u00fameros? #Ticolicos|EP06\" width=\"1200\" height=\"675\" src=\"https:\/\/www.youtube.com\/embed\/hxTtaLC_pW4?start=4&#038;feature=oembed\" frameborder=\"0\" allow=\"accelerometer; autoplay; clipboard-write; encrypted-media; gyroscope; picture-in-picture\" allowfullscreen><\/iframe><\/p>\n<\/div><figcaption><strong>Canal<\/strong>: <strong>Ticolicos<\/strong> &#8220;<strong>Porque existem os n\u00fameros?<\/strong>&#8221; &#8211; &nbsp;<a href=\"about:blank\">https:\/\/www.youtube.com\/watch?v=hxTtaLC_pW4&amp;t=4s<\/a><\/figcaption><\/figure>\n\n\n\n<hr class=\"wp-block-separator\"\/>\n\n\n\n<p class=\"has-text-color has-background has-medium-font-size has-very-light-gray-color has-vivid-cyan-blue-background-color\"><strong>Atividade 2: <\/strong>\u00c9 isso ai! Os n\u00fameros<strong> <\/strong>t\u00eam diferentes significados e fun\u00e7\u00f5es e n\u00f3s o utilizamos em diferentes situa\u00e7\u00f5es<strong>. <\/strong>Assista ao v\u00eddeo abaixo e, em seguida, escreva no seu caderno as respostas para as perguntas a seguir:<\/p>\n\n\n\n<figure class=\"wp-block-embed-youtube wp-block-embed is-type-video is-provider-youtube wp-embed-aspect-16-9 wp-has-aspect-ratio\"><div class=\"wp-block-embed__wrapper\">\n<p class=\"responsive-video-wrap clr\"><iframe title=\"Os numeros do dia a dia\" width=\"1200\" height=\"675\" src=\"https:\/\/www.youtube.com\/embed\/oBeG_HenqWI?feature=oembed\" frameborder=\"0\" allow=\"accelerometer; autoplay; clipboard-write; encrypted-media; gyroscope; picture-in-picture\" allowfullscreen><\/iframe><\/p>\n<\/div><figcaption>Canal: <strong>Companhia ilustrada<\/strong> &#8220;<strong>Os n\u00fameros do dia a dia<\/strong>&#8221; &#8211; <a href=\"about:blank\">https:\/\/www.youtube.com\/watch?v=oBeG_HenqWI<\/a><\/figcaption><\/figure>\n\n\n\n<p class=\"has-text-color has-medium-font-size has-luminous-vivid-amber-color\">Que dia voc\u00ea nasceu?<\/p>\n\n\n\n<p class=\"has-text-color has-medium-font-size has-vivid-cyan-blue-color\">Quantos anos voc\u00ea tem?<\/p>\n\n\n\n<p class=\"has-text-color has-medium-font-size has-vivid-purple-color\">Quantos irm\u00e3os voc\u00ea tem?<\/p>\n\n\n\n<p class=\"has-text-color has-medium-font-size has-vivid-red-color\">Quanto voc\u00ea pesa?<\/p>\n\n\n\n<p class=\"has-text-color has-medium-font-size has-luminous-vivid-orange-color\">Quantas pessoas moram em sua casa?<\/p>\n\n\n\n<p class=\"has-text-color has-medium-font-size has-vivid-purple-color\">Qual o n\u00famero do telefone celular de seus pais?<\/p>\n\n\n\n<p class=\"has-text-color has-medium-font-size has-luminous-vivid-amber-color\">Qual o n\u00famero do coletivo que voc\u00ea pega para chegar em sua casa?&nbsp;&nbsp;<\/p>\n\n\n\n<p class=\"has-text-color has-background has-medium-font-size has-very-light-gray-color has-luminous-vivid-orange-background-color\">Nossa!!! Quantas perguntas!&nbsp;<\/p>\n\n\n\n<p class=\"has-text-color has-medium-font-size has-vivid-green-cyan-color\">Voc\u00ea observou que para todas as respostas voc\u00ea usou n\u00fameros?<\/p>\n\n\n\n<p class=\"has-text-color has-large-font-size has-luminous-vivid-orange-color\">Ent\u00e3o, que legal, os n\u00fameros fazem mesmo parte da nossa rotina!<\/p>\n\n\n\n<hr class=\"wp-block-separator\"\/>\n\n\n\n<p><strong>Saiba Mais \/ Refer\u00eancias:<\/strong><\/p>\n\n\n\n<div class=\"wp-block-columns is-layout-flex wp-container-core-columns-is-layout-9d6595d7 wp-block-columns-is-layout-flex\">\n<div class=\"wp-block-column is-layout-flow wp-block-column-is-layout-flow\" style=\"flex-basis:25%\">\n<figure class=\"wp-block-embed-youtube wp-block-embed is-type-video is-provider-youtube wp-embed-aspect-16-9 wp-has-aspect-ratio\"><div class=\"wp-block-embed__wrapper\">\n<p class=\"responsive-video-wrap clr\"><iframe title=\"Mundo Bita - Matemagicamente ft. Casuarina\" width=\"1200\" height=\"675\" src=\"https:\/\/www.youtube.com\/embed\/K9R5OCocIp4?feature=oembed\" frameborder=\"0\" allow=\"accelerometer; autoplay; clipboard-write; encrypted-media; gyroscope; picture-in-picture\" allowfullscreen><\/iframe><\/p>\n<\/div><figcaption>Canal: <a href=\"https:\/\/www.youtube.com\/channel\/UC0cGVh96osM7yqMu0ENSKKQ\">Mundo Bita<\/a> &#8220;Matemagicamente ft. Casuarina&#8221; &#8211; https:\/\/www.youtube.com\/watch?v=K9R5OCocIp4<br><br><br><br><br><\/figcaption><\/figure>\n<\/div>\n\n\n\n<div class=\"wp-block-column is-layout-flow wp-block-column-is-layout-flow\" style=\"flex-basis:50%\">\n<figure class=\"wp-block-embed-youtube wp-block-embed is-type-video is-provider-youtube wp-embed-aspect-16-9 wp-has-aspect-ratio\"><div class=\"wp-block-embed__wrapper\">\n<p class=\"responsive-video-wrap clr\"><iframe title=\"Matem\u00e1tica no nosso cotidiano\" width=\"1200\" height=\"675\" src=\"https:\/\/www.youtube.com\/embed\/JYtDvRrEG-w?feature=oembed\" frameborder=\"0\" allow=\"accelerometer; autoplay; clipboard-write; encrypted-media; gyroscope; picture-in-picture\" allowfullscreen><\/iframe><\/p>\n<\/div><figcaption> Canal:<strong>Gauss Consultores<\/strong>&#8220;<strong>Matem\u00e1tica no nosso cotidiano<\/strong>&#8221; &#8211; <a href=\"about:blank\">https:\/\/www.youtube.com\/watch?v=JYtDvRrEG-w<\/a><\/figcaption><\/figure>\n<\/div>\n\n\n\n<div class=\"wp-block-column is-layout-flow wp-block-column-is-layout-flow\" style=\"flex-basis:25%\">\n<figure class=\"wp-block-embed-youtube wp-block-embed is-type-video is-provider-youtube wp-embed-aspect-16-9 wp-has-aspect-ratio\"><div class=\"wp-block-embed__wrapper\">\n<p class=\"responsive-video-wrap clr\"><iframe title=\"A hist\u00f3ria dos n\u00fameros\" width=\"1200\" height=\"675\" src=\"https:\/\/www.youtube.com\/embed\/_uFBx70jKWs?start=10&#038;feature=oembed\" frameborder=\"0\" allow=\"accelerometer; autoplay; clipboard-write; encrypted-media; gyroscope; picture-in-picture\" allowfullscreen><\/iframe><\/p>\n<\/div><figcaption>Canal:<strong>TICs e Educa\u00e7\u00e3o Matem\u00e1tica \u2013BBG.A<\/strong> &#8220;<strong>hist\u00f3ria dos n\u00fameros<\/strong>&#8221; &#8211; <a href=\"about:blank\">https:\/\/www.youtube.com\/watch?v=_uFBx70jKWs&amp;t=10s<\/a><\/figcaption><\/figure>\n<\/div>\n<\/div>\n\n\n\n<hr class=\"wp-block-separator\"\/>\n\n\n\n<figure class=\"wp-block-table\"><table><tbody><tr><td>Objeto de Conhecimento<\/td><td>N\u00fameros no Cotidiano&nbsp;<br>Coleta, organiza\u00e7\u00e3o, representa\u00e7\u00e3o e comunica\u00e7\u00e3o de dados.<br><\/td><\/tr><tr><td>Componente Curricular<\/td><td>Matem\u00e1tica<\/td><\/tr><tr><td>Habilidades<\/td><td>(EF02MA01-A) Explorar n\u00fameros no contexto di\u00e1rio, representado por imagem ou n\u00e3o, como indicadores de quantidade, ordem do 1\u00ba ao 50\u00ba, medida e c\u00f3digo, utilizando a express\u00e3o oral.<br>&nbsp;(EF02MA01-C) Ler e registrar escritas num\u00e9ricas at\u00e9 a ordem das centenas.&nbsp;<br>(EF02MA23-A) Realizar pesquisas sobre assuntos de interesse das crian\u00e7as, como cor dos olhos, m\u00eas de nascimento, prefer\u00eancia por um time de futebol, prefer\u00eancia musical, organizando os dados coletados em listas, tabelas e gr\u00e1ficos de colunas ou barras, comunicando-os oralmente.<br><\/td><\/tr><\/tbody><\/table><\/figure>\n\n\n\n<hr class=\"wp-block-separator\"\/>\n\n\n\n<figure class=\"wp-block-table\"><table><tbody><tr><td>Proponentes\/ Professores:<\/td><td>Roberto Borges e Cristiane Vieira Santos<\/td><\/tr><tr><td>institui\u00e7\u00e3o Educacional:<\/td><td>Escola Municipal Tropical Ville<\/td><\/tr><tr><td>CRE:<\/td><td>Brasil Di Ramos Caiado<\/td><\/tr><\/tbody><\/table><\/figure>\n\n\n\n<hr class=\"wp-block-separator\"\/>\n\n\n\n<p>Ensino Fundamental &#8211; Ciclo da Inf\u00e2ncia \u2013Turma B \u2013 2\u00ba ano &#8211; Experi\u00eancia e curiosidade<\/p>\n","protected":false},"author":24,"featured_media":5474,"template":"","ef_categoria":[13,19],"ef_ano":[],"ef_componente":[],"class_list":["post-5467","ensino_fundamental","type-ensino_fundamental","status-publish","has-post-thumbnail","hentry","ef_categoria-ciclo-da-infancia-abc","ef_categoria-educacao-financeira-e-empreendedorismo","entry","has-media"],"acf":[],"_links":{"self":[{"href":"https:\/\/sme.goiania.go.gov.br\/conexaoescola\/wp-json\/wp\/v2\/ensino_fundamental\/5467","targetHints":{"allow":["GET"]}}],"collection":[{"href":"https:\/\/sme.goiania.go.gov.br\/conexaoescola\/wp-json\/wp\/v2\/ensino_fundamental"}],"about":[{"href":"https:\/\/sme.goiania.go.gov.br\/conexaoescola\/wp-json\/wp\/v2\/types\/ensino_fundamental"}],"author":[{"embeddable":true,"href":"https:\/\/sme.goiania.go.gov.br\/conexaoescola\/wp-json\/wp\/v2\/users\/24"}],"version-history":[{"count":0,"href":"https:\/\/sme.goiania.go.gov.br\/conexaoescola\/wp-json\/wp\/v2\/ensino_fundamental\/5467\/revisions"}],"wp:featuredmedia":[{"embeddable":true,"href":"https:\/\/sme.goiania.go.gov.br\/conexaoescola\/wp-json\/wp\/v2\/media\/5474"}],"wp:attachment":[{"href":"https:\/\/sme.goiania.go.gov.br\/conexaoescola\/wp-json\/wp\/v2\/media?parent=5467"}],"wp:term":[{"taxonomy":"ef_categoria","embeddable":true,"href":"https:\/\/sme.goiania.go.gov.br\/conexaoescola\/wp-json\/wp\/v2\/ef_categoria?post=5467"},{"taxonomy":"ef_ano","embeddable":true,"href":"https:\/\/sme.goiania.go.gov.br\/conexaoescola\/wp-json\/wp\/v2\/ef_ano?post=5467"},{"taxonomy":"ef_componente","embeddable":true,"href":"https:\/\/sme.goiania.go.gov.br\/conexaoescola\/wp-json\/wp\/v2\/ef_componente?post=5467"}],"curies":[{"name":"wp","href":"https:\/\/api.w.org\/{rel}","templated":true}]}}

Os números estão por toda parte

<p class="has-drop-cap has-medium-font-size">Olá! Você já percebeu como os números estão por toda parte?&nbsp;Hoje vamos descobrir a importância dos números no nosso dia a dia.</p>



<hr class="wp-block-separator"/>



<p class="has-text-color has-background has-medium-font-size has-very-light-gray-color has-vivid-purple-background-color"><strong>Atividade 1: </strong>Assista ao vídeo a seguir, e perceba a importância dos números no nosso cotidiano.</p>



<figure class="wp-block-embed-youtube wp-block-embed is-type-video is-provider-youtube wp-embed-aspect-16-9 wp-has-aspect-ratio"><div class="wp-block-embed__wrapper">
<p class="responsive-video-wrap clr"><iframe title="Por que existem os números? #Ticolicos|EP06" width="1200" height="675" src="https://www.youtube.com/embed/hxTtaLC_pW4?start=4&#038;feature=oembed" frameborder="0" allow="accelerometer; autoplay; clipboard-write; encrypted-media; gyroscope; picture-in-picture" allowfullscreen></iframe></p>
</div><figcaption><strong>Canal</strong>: <strong>Ticolicos</strong> &#8220;<strong>Porque existem os números?</strong>&#8221; &#8211; &nbsp;<a href="about:blank">https://www.youtube.com/watch?v=hxTtaLC_pW4&amp;t=4s</a></figcaption></figure>



<hr class="wp-block-separator"/>



<p class="has-text-color has-background has-medium-font-size has-very-light-gray-color has-vivid-cyan-blue-background-color"><strong>Atividade 2: </strong>É isso ai! Os números<strong> </strong>têm diferentes significados e funções e nós o utilizamos em diferentes situações<strong>. </strong>Assista ao vídeo abaixo e, em seguida, escreva no seu caderno as respostas para as perguntas a seguir:</p>



<figure class="wp-block-embed-youtube wp-block-embed is-type-video is-provider-youtube wp-embed-aspect-16-9 wp-has-aspect-ratio"><div class="wp-block-embed__wrapper">
<p class="responsive-video-wrap clr"><iframe title="Os numeros do dia a dia" width="1200" height="675" src="https://www.youtube.com/embed/oBeG_HenqWI?feature=oembed" frameborder="0" allow="accelerometer; autoplay; clipboard-write; encrypted-media; gyroscope; picture-in-picture" allowfullscreen></iframe></p>
</div><figcaption>Canal: <strong>Companhia ilustrada</strong> &#8220;<strong>Os números do dia a dia</strong>&#8221; &#8211; <a href="about:blank">https://www.youtube.com/watch?v=oBeG_HenqWI</a></figcaption></figure>



<p class="has-text-color has-medium-font-size has-luminous-vivid-amber-color">Que dia você nasceu?</p>



<p class="has-text-color has-medium-font-size has-vivid-cyan-blue-color">Quantos anos você tem?</p>



<p class="has-text-color has-medium-font-size has-vivid-purple-color">Quantos irmãos você tem?</p>



<p class="has-text-color has-medium-font-size has-vivid-red-color">Quanto você pesa?</p>



<p class="has-text-color has-medium-font-size has-luminous-vivid-orange-color">Quantas pessoas moram em sua casa?</p>



<p class="has-text-color has-medium-font-size has-vivid-purple-color">Qual o número do telefone celular de seus pais?</p>



<p class="has-text-color has-medium-font-size has-luminous-vivid-amber-color">Qual o número do coletivo que você pega para chegar em sua casa?&nbsp;&nbsp;</p>



<p class="has-text-color has-background has-medium-font-size has-very-light-gray-color has-luminous-vivid-orange-background-color">Nossa!!! Quantas perguntas!&nbsp;</p>



<p class="has-text-color has-medium-font-size has-vivid-green-cyan-color">Você observou que para todas as respostas você usou números?</p>



<p class="has-text-color has-large-font-size has-luminous-vivid-orange-color">Então, que legal, os números fazem mesmo parte da nossa rotina!</p>



<hr class="wp-block-separator"/>



<p><strong>Saiba Mais / Referências:</strong></p>



<div class="wp-block-columns is-layout-flex wp-container-core-columns-is-layout-9d6595d7 wp-block-columns-is-layout-flex">
<div class="wp-block-column is-layout-flow wp-block-column-is-layout-flow" style="flex-basis:25%">
<figure class="wp-block-embed-youtube wp-block-embed is-type-video is-provider-youtube wp-embed-aspect-16-9 wp-has-aspect-ratio"><div class="wp-block-embed__wrapper">
<p class="responsive-video-wrap clr"><iframe title="Mundo Bita - Matemagicamente ft. Casuarina" width="1200" height="675" src="https://www.youtube.com/embed/K9R5OCocIp4?feature=oembed" frameborder="0" allow="accelerometer; autoplay; clipboard-write; encrypted-media; gyroscope; picture-in-picture" allowfullscreen></iframe></p>
</div><figcaption>Canal: <a href="https://www.youtube.com/channel/UC0cGVh96osM7yqMu0ENSKKQ">Mundo Bita</a> &#8220;Matemagicamente ft. Casuarina&#8221; &#8211; https://www.youtube.com/watch?v=K9R5OCocIp4<br><br><br><br><br></figcaption></figure>
</div>



<div class="wp-block-column is-layout-flow wp-block-column-is-layout-flow" style="flex-basis:50%">
<figure class="wp-block-embed-youtube wp-block-embed is-type-video is-provider-youtube wp-embed-aspect-16-9 wp-has-aspect-ratio"><div class="wp-block-embed__wrapper">
<p class="responsive-video-wrap clr"><iframe title="Matemática no nosso cotidiano" width="1200" height="675" src="https://www.youtube.com/embed/JYtDvRrEG-w?feature=oembed" frameborder="0" allow="accelerometer; autoplay; clipboard-write; encrypted-media; gyroscope; picture-in-picture" allowfullscreen></iframe></p>
</div><figcaption> Canal:<strong>Gauss Consultores</strong>&#8220;<strong>Matemática no nosso cotidiano</strong>&#8221; &#8211; <a href="about:blank">https://www.youtube.com/watch?v=JYtDvRrEG-w</a></figcaption></figure>
</div>



<div class="wp-block-column is-layout-flow wp-block-column-is-layout-flow" style="flex-basis:25%">
<figure class="wp-block-embed-youtube wp-block-embed is-type-video is-provider-youtube wp-embed-aspect-16-9 wp-has-aspect-ratio"><div class="wp-block-embed__wrapper">
<p class="responsive-video-wrap clr"><iframe title="A história dos números" width="1200" height="675" src="https://www.youtube.com/embed/_uFBx70jKWs?start=10&#038;feature=oembed" frameborder="0" allow="accelerometer; autoplay; clipboard-write; encrypted-media; gyroscope; picture-in-picture" allowfullscreen></iframe></p>
</div><figcaption>Canal:<strong>TICs e Educação Matemática –BBG.A</strong> &#8220;<strong>história dos números</strong>&#8221; &#8211; <a href="about:blank">https://www.youtube.com/watch?v=_uFBx70jKWs&amp;t=10s</a></figcaption></figure>
</div>
</div>



<hr class="wp-block-separator"/>



<figure class="wp-block-table"><table><tbody><tr><td>Objeto de Conhecimento</td><td>Números no Cotidiano&nbsp;<br>Coleta, organização, representação e comunicação de dados.<br></td></tr><tr><td>Componente Curricular</td><td>Matemática</td></tr><tr><td>Habilidades</td><td>(EF02MA01-A) Explorar números no contexto diário, representado por imagem ou não, como indicadores de quantidade, ordem do 1º ao 50º, medida e código, utilizando a expressão oral.<br>&nbsp;(EF02MA01-C) Ler e registrar escritas numéricas até a ordem das centenas.&nbsp;<br>(EF02MA23-A) Realizar pesquisas sobre assuntos de interesse das crianças, como cor dos olhos, mês de nascimento, preferência por um time de futebol, preferência musical, organizando os dados coletados em listas, tabelas e gráficos de colunas ou barras, comunicando-os oralmente.<br></td></tr></tbody></table></figure>



<hr class="wp-block-separator"/>



<figure class="wp-block-table"><table><tbody><tr><td>Proponentes/ Professores:</td><td>Roberto Borges e Cristiane Vieira Santos</td></tr><tr><td>instituição Educacional:</td><td>Escola Municipal Tropical Ville</td></tr><tr><td>CRE:</td><td>Brasil Di Ramos Caiado</td></tr></tbody></table></figure>



<hr class="wp-block-separator"/>



<p>Ensino Fundamental &#8211; Ciclo da Infância –Turma B – 2º ano &#8211; Experiência e curiosidade</p>
