{"id":5440,"date":"2020-10-05T07:00:00","date_gmt":"2020-10-05T10:00:00","guid":{"rendered":"http:\/\/sme.goiania.go.gov.br\/conexaoescola\/?post_type=ensino_fundamental&#038;p=5440"},"modified":"2020-09-29T07:53:39","modified_gmt":"2020-09-29T10:53:39","slug":"como-e-o-corpo-humano","status":"publish","type":"ensino_fundamental","link":"https:\/\/sme.goiania.go.gov.br\/conexaoescola\/ensino_fundamental\/como-e-o-corpo-humano\/","title":{"rendered":"Como \u00e9 o corpo Humano?"},"content":{"rendered":"\n<p class=\"has-text-color has-background has-medium-font-size has-very-light-gray-color has-vivid-purple-background-color\">Hoje vamos aprender sobre o Corpo Humano e suas principais partes. Vamos come\u00e7ar?<\/p>\n\n\n\n<p class=\"has-text-color has-background has-medium-font-size has-very-light-gray-color has-very-dark-gray-background-color\"><strong>Atividade 1<\/strong>: Assista o v\u00eddeo a seguir e conhe\u00e7a as Partes do Corpo Humano.<\/p>\n\n\n\n<figure class=\"wp-block-embed-youtube wp-block-embed is-type-video is-provider-youtube wp-embed-aspect-16-9 wp-has-aspect-ratio\"><div class=\"wp-block-embed__wrapper\">\n<p class=\"responsive-video-wrap clr\"><iframe title=\"Aula Corpo Humano-Pr\u00e9 1-   09\/04\" width=\"1200\" height=\"675\" src=\"https:\/\/www.youtube.com\/embed\/nrL4AqxUB04?feature=oembed\" frameborder=\"0\" allow=\"accelerometer; autoplay; clipboard-write; encrypted-media; gyroscope; picture-in-picture\" allowfullscreen><\/iframe><\/p>\n<\/div><figcaption>Canal: Lidiane Oliveira &#8220;Aula Corpo Humano-Pr\u00e9\u00a0&#8221; &#8211; https:\/\/www.youtube.com\/watch?v=nrL4AqxUB04<\/figcaption><\/figure>\n\n\n\n<hr class=\"wp-block-separator\"\/>\n\n\n\n<p class=\"has-text-color has-background has-medium-font-size has-very-light-gray-color has-vivid-red-background-color\"><strong>Atividade 2<\/strong><strong>: <\/strong>Solte o corpo e cante a m\u00fasica no v\u00eddeo abaixo, aprenda os movimentos e em seguida, desenhe e escreva no seu caderno a parte do seu&nbsp; corpo que voc\u00ea mais gosta :<\/p>\n\n\n\n<figure class=\"wp-block-embed-youtube wp-block-embed is-type-video is-provider-youtube wp-embed-aspect-16-9 wp-has-aspect-ratio\"><div class=\"wp-block-embed__wrapper\">\n<p class=\"responsive-video-wrap clr\"><iframe title=\"S\u00f3nia Ara\u00fajo - O Corpo Humano\" width=\"1200\" height=\"675\" src=\"https:\/\/www.youtube.com\/embed\/X33G744iu0A?feature=oembed\" frameborder=\"0\" allow=\"accelerometer; autoplay; clipboard-write; encrypted-media; gyroscope; picture-in-picture\" allowfullscreen><\/iframe><\/p>\n<\/div><figcaption><a href=\"https:\/\/www.youtube.com\/channel\/UCJZX1clkdpgEeweNmfvfvcQ\">Canal: SoniaAraujoVEVO<\/a> &#8220;O Corpo Humano&#8221; &#8211; https:\/\/www.youtube.com\/watch?v=X33G744iu0A<\/figcaption><\/figure>\n\n\n\n<p class=\"has-text-color has-background has-medium-font-size has-very-light-gray-color has-vivid-green-cyan-background-color\"><strong>Atividade 3<\/strong><strong>: <\/strong>Agora \u00e9 sua vez!! Em seu caderno, desenhe o Corpo Humano e coloque os nomes das partes principais: cabe\u00e7a, tronco e membros.<\/p>\n\n\n\n<p class=\"has-text-color has-large-font-size has-vivid-purple-color\">Conto com voc\u00ea! Capriche!!<\/p>\n\n\n\n<hr class=\"wp-block-separator\"\/>\n\n\n\n<div class=\"wp-block-columns is-layout-flex wp-container-core-columns-is-layout-9d6595d7 wp-block-columns-is-layout-flex\">\n<div class=\"wp-block-column is-layout-flow wp-block-column-is-layout-flow\">\n<figure class=\"wp-block-embed-youtube wp-block-embed is-type-video is-provider-youtube wp-embed-aspect-16-9 wp-has-aspect-ratio\"><div class=\"wp-block-embed__wrapper\">\n<p class=\"responsive-video-wrap clr\"><iframe title=\"Mexo o meu corpo | M\u00fasicas e Can\u00e7\u00f5es para Crian\u00e7as | Pipalupa\" width=\"1200\" height=\"675\" src=\"https:\/\/www.youtube.com\/embed\/1rvR3Gv5egQ?feature=oembed\" frameborder=\"0\" allow=\"accelerometer; autoplay; clipboard-write; encrypted-media; gyroscope; picture-in-picture\" allowfullscreen><\/iframe><\/p>\n<\/div><figcaption>Canal:<a href=\"https:\/\/www.youtube.com\/channel\/UCYksQTw-azza3L_HOdXIFlw\">Pipalupa Portugu\u00eas<\/a> &#8220;Mexo o meu corpo | M\u00fasicas e Can\u00e7\u00f5es para Crian\u00e7as | Pipalupa &#8211; https:\/\/www.youtube.com\/watch?v=1rvR3Gv5egQ<\/figcaption><\/figure>\n<\/div>\n\n\n\n<div class=\"wp-block-column is-layout-flow wp-block-column-is-layout-flow\">\n<figure class=\"wp-block-embed-youtube wp-block-embed is-type-video is-provider-youtube wp-embed-aspect-16-9 wp-has-aspect-ratio\"><div class=\"wp-block-embed__wrapper\">\n<p class=\"responsive-video-wrap clr\"><iframe title=\"As partes do corpo humano para crian\u00e7as - V\u00eddeo educativo para crian\u00e7as -\" width=\"1200\" height=\"675\" src=\"https:\/\/www.youtube.com\/embed\/qelEiERtEUY?feature=oembed\" frameborder=\"0\" allow=\"accelerometer; autoplay; clipboard-write; encrypted-media; gyroscope; picture-in-picture\" allowfullscreen><\/iframe><\/p>\n<\/div><\/figure>\n\n\n\n<p>Canal:<a href=\"https:\/\/www.youtube.com\/channel\/UCYKeu41LiJOIoyEkStWqCLw\">Smile and Learn &#8211; Portugu\u00eas<\/a> &#8220;As partes do corpo humano para crian\u00e7as&#8221; &#8211; https:\/\/www.youtube.com\/watch?v=qelEiERtEUY<\/p>\n<\/div>\n<\/div>\n\n\n\n<hr class=\"wp-block-separator\"\/>\n\n\n\n<figure class=\"wp-block-table\"><table><tbody><tr><td>Objeto de Conhecimento<\/td><td>Corpo Humano: Estrutura do Corpo Humano<\/td><\/tr><tr><td>Componente Curricular<\/td><td>Ci\u00eancias da Natureza<\/td><\/tr><tr><td>Habilidades<\/td><td>EF01CI02-A\/B\/C) Localizar, nomear e representar, por meio de desenhos, partes do corpo humano (incluindo \u00f3rg\u00e3os dos sentidos) e explicar oralmente suas fun\u00e7\u00f5es.<br><\/td><\/tr><\/tbody><\/table><\/figure>\n\n\n\n<hr class=\"wp-block-separator\"\/>\n\n\n\n<figure class=\"wp-block-table\"><table><tbody><tr><td>Proponentes\/ Professores:<\/td><td>Cristiane Vieira Santos<\/td><\/tr><tr><td>Institui\u00e7\u00e3o Educacional:<\/td><td>Escola Municipal Tropical Ville.<\/td><\/tr><tr><td>CRE:<\/td><td>Brasil Di Ramos Caiado<\/td><\/tr><\/tbody><\/table><\/figure>\n\n\n\n<hr class=\"wp-block-separator\"\/>\n\n\n\n<p>Ensino Fundamental &#8211; Ciclo da Inf\u00e2ncia \u2013 Turma A \u2013 1\u00ba ano &#8211; Educa\u00e7\u00e3o Ambiental e Sa\u00fade<\/p>\n","protected":false},"author":24,"featured_media":5452,"template":"","ef_categoria":[13,18],"ef_ano":[],"ef_componente":[],"class_list":["post-5440","ensino_fundamental","type-ensino_fundamental","status-publish","has-post-thumbnail","hentry","ef_categoria-ciclo-da-infancia-abc","ef_categoria-educacao-ambiental-e-saude","entry","has-media"],"acf":[],"_links":{"self":[{"href":"https:\/\/sme.goiania.go.gov.br\/conexaoescola\/wp-json\/wp\/v2\/ensino_fundamental\/5440","targetHints":{"allow":["GET"]}}],"collection":[{"href":"https:\/\/sme.goiania.go.gov.br\/conexaoescola\/wp-json\/wp\/v2\/ensino_fundamental"}],"about":[{"href":"https:\/\/sme.goiania.go.gov.br\/conexaoescola\/wp-json\/wp\/v2\/types\/ensino_fundamental"}],"author":[{"embeddable":true,"href":"https:\/\/sme.goiania.go.gov.br\/conexaoescola\/wp-json\/wp\/v2\/users\/24"}],"version-history":[{"count":0,"href":"https:\/\/sme.goiania.go.gov.br\/conexaoescola\/wp-json\/wp\/v2\/ensino_fundamental\/5440\/revisions"}],"wp:featuredmedia":[{"embeddable":true,"href":"https:\/\/sme.goiania.go.gov.br\/conexaoescola\/wp-json\/wp\/v2\/media\/5452"}],"wp:attachment":[{"href":"https:\/\/sme.goiania.go.gov.br\/conexaoescola\/wp-json\/wp\/v2\/media?parent=5440"}],"wp:term":[{"taxonomy":"ef_categoria","embeddable":true,"href":"https:\/\/sme.goiania.go.gov.br\/conexaoescola\/wp-json\/wp\/v2\/ef_categoria?post=5440"},{"taxonomy":"ef_ano","embeddable":true,"href":"https:\/\/sme.goiania.go.gov.br\/conexaoescola\/wp-json\/wp\/v2\/ef_ano?post=5440"},{"taxonomy":"ef_componente","embeddable":true,"href":"https:\/\/sme.goiania.go.gov.br\/conexaoescola\/wp-json\/wp\/v2\/ef_componente?post=5440"}],"curies":[{"name":"wp","href":"https:\/\/api.w.org\/{rel}","templated":true}]}}

Como é o corpo Humano?

<p class="has-text-color has-background has-medium-font-size has-very-light-gray-color has-vivid-purple-background-color">Hoje vamos aprender sobre o Corpo Humano e suas principais partes. Vamos começar?</p>



<p class="has-text-color has-background has-medium-font-size has-very-light-gray-color has-very-dark-gray-background-color"><strong>Atividade 1</strong>: Assista o vídeo a seguir e conheça as Partes do Corpo Humano.</p>



<figure class="wp-block-embed-youtube wp-block-embed is-type-video is-provider-youtube wp-embed-aspect-16-9 wp-has-aspect-ratio"><div class="wp-block-embed__wrapper">
<p class="responsive-video-wrap clr"><iframe title="Aula Corpo Humano-Pré 1-   09/04" width="1200" height="675" src="https://www.youtube.com/embed/nrL4AqxUB04?feature=oembed" frameborder="0" allow="accelerometer; autoplay; clipboard-write; encrypted-media; gyroscope; picture-in-picture" allowfullscreen></iframe></p>
</div><figcaption>Canal: Lidiane Oliveira &#8220;Aula Corpo Humano-Pré &#8221; &#8211; https://www.youtube.com/watch?v=nrL4AqxUB04</figcaption></figure>



<hr class="wp-block-separator"/>



<p class="has-text-color has-background has-medium-font-size has-very-light-gray-color has-vivid-red-background-color"><strong>Atividade 2</strong><strong>: </strong>Solte o corpo e cante a música no vídeo abaixo, aprenda os movimentos e em seguida, desenhe e escreva no seu caderno a parte do seu&nbsp; corpo que você mais gosta :</p>



<figure class="wp-block-embed-youtube wp-block-embed is-type-video is-provider-youtube wp-embed-aspect-16-9 wp-has-aspect-ratio"><div class="wp-block-embed__wrapper">
<p class="responsive-video-wrap clr"><iframe title="Sónia Araújo - O Corpo Humano" width="1200" height="675" src="https://www.youtube.com/embed/X33G744iu0A?feature=oembed" frameborder="0" allow="accelerometer; autoplay; clipboard-write; encrypted-media; gyroscope; picture-in-picture" allowfullscreen></iframe></p>
</div><figcaption><a href="https://www.youtube.com/channel/UCJZX1clkdpgEeweNmfvfvcQ">Canal: SoniaAraujoVEVO</a> &#8220;O Corpo Humano&#8221; &#8211; https://www.youtube.com/watch?v=X33G744iu0A</figcaption></figure>



<p class="has-text-color has-background has-medium-font-size has-very-light-gray-color has-vivid-green-cyan-background-color"><strong>Atividade 3</strong><strong>: </strong>Agora é sua vez!! Em seu caderno, desenhe o Corpo Humano e coloque os nomes das partes principais: cabeça, tronco e membros.</p>



<p class="has-text-color has-large-font-size has-vivid-purple-color">Conto com você! Capriche!!</p>



<hr class="wp-block-separator"/>



<div class="wp-block-columns is-layout-flex wp-container-core-columns-is-layout-9d6595d7 wp-block-columns-is-layout-flex">
<div class="wp-block-column is-layout-flow wp-block-column-is-layout-flow">
<figure class="wp-block-embed-youtube wp-block-embed is-type-video is-provider-youtube wp-embed-aspect-16-9 wp-has-aspect-ratio"><div class="wp-block-embed__wrapper">
<p class="responsive-video-wrap clr"><iframe title="Mexo o meu corpo | Músicas e Canções para Crianças | Pipalupa" width="1200" height="675" src="https://www.youtube.com/embed/1rvR3Gv5egQ?feature=oembed" frameborder="0" allow="accelerometer; autoplay; clipboard-write; encrypted-media; gyroscope; picture-in-picture" allowfullscreen></iframe></p>
</div><figcaption>Canal:<a href="https://www.youtube.com/channel/UCYksQTw-azza3L_HOdXIFlw">Pipalupa Português</a> &#8220;Mexo o meu corpo | Músicas e Canções para Crianças | Pipalupa &#8211; https://www.youtube.com/watch?v=1rvR3Gv5egQ</figcaption></figure>
</div>



<div class="wp-block-column is-layout-flow wp-block-column-is-layout-flow">
<figure class="wp-block-embed-youtube wp-block-embed is-type-video is-provider-youtube wp-embed-aspect-16-9 wp-has-aspect-ratio"><div class="wp-block-embed__wrapper">
<p class="responsive-video-wrap clr"><iframe title="As partes do corpo humano para crianças - Vídeo educativo para crianças -" width="1200" height="675" src="https://www.youtube.com/embed/qelEiERtEUY?feature=oembed" frameborder="0" allow="accelerometer; autoplay; clipboard-write; encrypted-media; gyroscope; picture-in-picture" allowfullscreen></iframe></p>
</div></figure>



<p>Canal:<a href="https://www.youtube.com/channel/UCYKeu41LiJOIoyEkStWqCLw">Smile and Learn &#8211; Português</a> &#8220;As partes do corpo humano para crianças&#8221; &#8211; https://www.youtube.com/watch?v=qelEiERtEUY</p>
</div>
</div>



<hr class="wp-block-separator"/>



<figure class="wp-block-table"><table><tbody><tr><td>Objeto de Conhecimento</td><td>Corpo Humano: Estrutura do Corpo Humano</td></tr><tr><td>Componente Curricular</td><td>Ciências da Natureza</td></tr><tr><td>Habilidades</td><td>EF01CI02-A/B/C) Localizar, nomear e representar, por meio de desenhos, partes do corpo humano (incluindo órgãos dos sentidos) e explicar oralmente suas funções.<br></td></tr></tbody></table></figure>



<hr class="wp-block-separator"/>



<figure class="wp-block-table"><table><tbody><tr><td>Proponentes/ Professores:</td><td>Cristiane Vieira Santos</td></tr><tr><td>Instituição Educacional:</td><td>Escola Municipal Tropical Ville.</td></tr><tr><td>CRE:</td><td>Brasil Di Ramos Caiado</td></tr></tbody></table></figure>



<hr class="wp-block-separator"/>



<p>Ensino Fundamental &#8211; Ciclo da Infância – Turma A – 1º ano &#8211; Educação Ambiental e Saúde</p>
