{"id":5421,"date":"2020-10-05T07:00:00","date_gmt":"2020-10-05T10:00:00","guid":{"rendered":"http:\/\/sme.goiania.go.gov.br\/conexaoescola\/?post_type=ensino_fundamental&#038;p=5421"},"modified":"2021-12-14T09:24:08","modified_gmt":"2021-12-14T11:24:08","slug":"brincando-com-as-palavras-2","status":"publish","type":"ensino_fundamental","link":"https:\/\/sme.goiania.go.gov.br\/conexaoescola\/ensino_fundamental\/brincando-com-as-palavras-2\/","title":{"rendered":"L\u00edngua Portuguesa &#8211; Brincando com as palavras"},"content":{"rendered":"\n<p class=\"has-drop-cap has-medium-font-size\">Voc\u00ea vai brincar com as palavras. As quadrinhas populares s\u00e3o muito usadas em desafios, jogos de adivinha\u00e7\u00f5es e prov\u00e9rbios, s\u00e3o poesias&nbsp; populares, trovas simples criadas pelo povo.&nbsp;Compostas por quatro versos (dai vem o nome) se caracterizam por possuir rimas e escritas muitas vezes incorretas.<\/p>\n\n\n\n<hr class=\"wp-block-separator\"\/>\n\n\n\n<p class=\"has-very-light-gray-color has-very-dark-gray-background-color has-text-color has-background has-medium-font-size\"><strong>Atividade 1:&nbsp;<\/strong><\/p>\n\n\n\n<p class=\"has-medium-font-size\">Assista ao v\u00eddeo que explica o que \u00e9 uma quadrinha, cante e dance com algu\u00e9m de sua casa.<\/p>\n\n\n\n<p>Badulaque \u2013 Quadrinha<\/p>\n\n\n\n<figure class=\"wp-block-embed is-type-video is-provider-youtube wp-block-embed-youtube wp-embed-aspect-16-9 wp-has-aspect-ratio\"><div class=\"wp-block-embed__wrapper\">\n<p class=\"responsive-video-wrap clr\"><iframe title=\"Badulaque - Quadrinha\" width=\"1200\" height=\"675\" src=\"https:\/\/www.youtube.com\/embed\/oiM1ABo9NIc?feature=oembed\" frameborder=\"0\" allow=\"accelerometer; autoplay; clipboard-write; encrypted-media; gyroscope; picture-in-picture\" allowfullscreen><\/iframe><\/p>\n<\/div><figcaption>Canal: <a href=\"https:\/\/www.youtube.com\/channel\/UCogL19pmpBESbibNrYMld7g\">Duo Badulaque<\/a>&#8220;Badulaque &#8211; Quadrinha&#8221;- <a href=\"https:\/\/www.youtube.com\/watch?v=oiM1ABo9NIc\">https:\/\/www.youtube.com\/watch?v=oiM1ABo9NIc<\/a><\/figcaption><\/figure>\n\n\n\n<p class=\"has-very-light-gray-color has-vivid-cyan-blue-background-color has-text-color has-background has-medium-font-size\">Agora, escolha uma das quadrinhas cantadas no v\u00eddeo e fa\u00e7a um belo desenho em seu caderno.<\/p>\n\n\n\n<hr class=\"wp-block-separator\"\/>\n\n\n\n<p class=\"has-very-light-gray-color has-very-dark-gray-background-color has-text-color has-background has-medium-font-size\"><strong>Atividade 2:<\/strong><\/p>\n\n\n\n<p class=\"has-medium-font-size\">Pe\u00e7a para algu\u00e9m fazer a leitura da quadrinha para voc\u00ea:<img decoding=\"async\" src=\"https:\/\/lh4.googleusercontent.com\/IpnEFFasSZQ9FbDAOzOSqAy5krSXes1w3nYmSNqrbXxk-J4EqxC5nl9NJkdm-X7DrWlbov3xdxy9VlNChEbv_0amwIXCYZ6BFye9fXpy58lOLUHb1a_CnJPuUEh8oRElCw36Nmw\" width=\"173\" height=\"136\"><\/p>\n\n\n\n<p class=\"has-medium-font-size\">Observe:&nbsp;<img decoding=\"async\" src=\"https:\/\/lh5.googleusercontent.com\/uudBLoCyHd1WqeP3M9wo63GPCgeAWJr_spoQRTTlee-HizScI2lYAk5LCB0nckw6I2Oe46qINiEDsjwai02_FzBEn6ESNIYhFLA2MNRqMgQGFN4ltfPfsN6I7xRadzyqgF_N00Q\" width=\"190\" height=\"122\"><\/p>\n\n\n\n<p class=\"has-very-light-gray-color has-vivid-purple-background-color has-text-color has-background has-medium-font-size\">Agora, pinte as silabas iguais em cada conjunto de palavras.<\/p>\n\n\n\n<figure class=\"wp-block-image\"><img decoding=\"async\" src=\"https:\/\/lh3.googleusercontent.com\/SZqbxVMrxF9tDTFMkM_wnHJhKtflwNDjmlvGCrS0uODFiRSvjcduWnXGQ_EZLTMODiD8XMZSWRGmo8SKQbeb-t5xCpd1ubBAX6ms8XJP-ZaK4XsVC_RpD6L6afCNozzOrdGZPUI\" alt=\"\"\/><\/figure>\n\n\n\n<figure class=\"wp-block-image\"><img decoding=\"async\" src=\"https:\/\/lh5.googleusercontent.com\/jSxSXZFOIYwCbW1-M1f5uz1flT745mePU4HN-dO_SMYAENUv3YPHLnbOM3utza7ds4LsSu_9uelgNZQU2dVVDw4HVpoc_2lrh7tTWFDFXQGfUU5n2sv-AQeRol6SDD2sWf279_g\" alt=\"\"\/><\/figure>\n\n\n\n<figure class=\"wp-block-image\"><img decoding=\"async\" src=\"https:\/\/lh5.googleusercontent.com\/izEdFKziUa1bZyL3WPryl6hFpOoDG6Kudl0v-AZ6uQXCRwhN_mYNM20jbIeWs4vfBFekz-zQZaQn0k5-kVBujj2yXi_pmGs3vJOYYM08w17rhrDfSY9oEVEurYhDwEKycpsHcLA\" alt=\"Plano de Aula - 1\u00ba ano - L\u00edngua Portuguesa - Brincar de rimar - palavras  que rimam\"\/><\/figure>\n\n\n\n<hr class=\"wp-block-separator\"\/>\n\n\n\n<p class=\"has-medium-font-size\">Assista ao v\u00eddeo para conhecer&nbsp; mais palavras com rimas.<\/p>\n\n\n\n<figure class=\"wp-block-embed is-type-video is-provider-youtube wp-block-embed-youtube wp-embed-aspect-16-9 wp-has-aspect-ratio\"><div class=\"wp-block-embed__wrapper\">\n<p class=\"responsive-video-wrap clr\"><iframe title=\"VAMOS RIMAR? Aprenda a rimar de forma divertida e musical.\" width=\"1200\" height=\"675\" src=\"https:\/\/www.youtube.com\/embed\/ZjoOT4bp2AE?feature=oembed\" frameborder=\"0\" allow=\"accelerometer; autoplay; clipboard-write; encrypted-media; gyroscope; picture-in-picture\" allowfullscreen><\/iframe><\/p>\n<\/div><figcaption>Canal:<a href=\"https:\/\/www.youtube.com\/channel\/UCjTYzmhptcTj4HA-zKH8Ffw\">Roberta Paci\u00eancia<\/a>&#8220;VAMOS RIMAR? Aprenda a rimar de forma divertida e musical.&#8221; &#8211; <a href=\"https:\/\/www.youtube.com\/watch?v=ZjoOT4bp2AE\">https:\/\/www.youtube.com\/watch?v=ZjoOT4bp2AE<\/a><\/figcaption><\/figure>\n\n\n\n<hr class=\"wp-block-separator\"\/>\n\n\n\n<p class=\"has-medium-font-size\"><strong>Atividade 3:&nbsp;<\/strong><\/p>\n\n\n\n<p class=\"has-very-light-gray-color has-pale-pink-background-color has-text-color has-background has-medium-font-size\">Agora, que voc\u00ea descobriu que v\u00e1rias palavras podem terminar com o mesmo som, pesquise em revistas e jornais, palavras que rimam com seu nome e cole-as em seu caderno.<\/p>\n\n\n\n<hr class=\"wp-block-separator\"\/>\n\n\n\n<p>Saiba Mais | Refer\u00eancias:<\/p>\n\n\n\n<div class=\"wp-block-columns is-layout-flex wp-container-core-columns-is-layout-9d6595d7 wp-block-columns-is-layout-flex\">\n<div class=\"wp-block-column is-layout-flow wp-block-column-is-layout-flow\">\n<figure class=\"wp-block-embed is-type-video is-provider-youtube wp-block-embed-youtube wp-embed-aspect-16-9 wp-has-aspect-ratio\"><div class=\"wp-block-embed__wrapper\">\n<p class=\"responsive-video-wrap clr\"><iframe title=\"VAMOS RIMAR? Aprenda a rimar de forma divertida e musical.\" width=\"1200\" height=\"675\" src=\"https:\/\/www.youtube.com\/embed\/ZjoOT4bp2AE?feature=oembed\" frameborder=\"0\" allow=\"accelerometer; autoplay; clipboard-write; encrypted-media; gyroscope; picture-in-picture\" allowfullscreen><\/iframe><\/p>\n<\/div><figcaption>Canal:<br>Roberta Paci\u00eancia&#8221;VAMOS RIMAR? Aprenda a rimar de forma divertida e musical.&#8221; &#8211; <a href=\"https:\/\/www.youtube.com\/watch?v=ZjoOT4bp2AE\">https:\/\/www.youtube.com\/watch?v=ZjoOT4bp2AE<\/a><br><\/figcaption><\/figure>\n<\/div>\n\n\n\n<div class=\"wp-block-column is-layout-flow wp-block-column-is-layout-flow\"><\/div>\n<\/div>\n\n\n\n<hr class=\"wp-block-separator\"\/>\n\n\n\n<figure class=\"wp-block-table\"><table><tbody><tr><td>Objeto de Conhecimento<\/td><td>Protocolos de leitura; Constru\u00e7\u00e3o do sistema alfab\u00e9tico; Rela\u00e7\u00e3o fonema e grafema; Linguagem n\u00e3o verbal; Produ\u00e7\u00e3o de texto oral.<\/td><\/tr><tr><td>Habilidades<\/td><td>(EF01LP01-A) Reconhecer que a leitura e escrita acontecem da esquerda paraa direita e de cima para baixo, linha de verticalidade.<br>(EF01LP05) Reconhecer o sistema de escrita alfab\u00e9tica como representa\u00e7\u00e3o dos sons da fala.<br>(GO-EF01LP36) Identificar palavras em que um fonema \u00e9 distintivo, relacionando-as a sua representa\u00e7\u00e3o gr\u00e1fica: [p]ato (pato)\/ [m]ato (mato)\/ [f]ato(fato)\/ [3]ato (jato)\/ [g]ato (gato).<br>(EF01LP16)Ler e compreender, em colabora\u00e7\u00e3o com os colegas e com a ajuda do professor, quadras, quadrinhas, parlendas, trava-l\u00ednguas, dentre outros g\u00eaneros, considerando a situa\u00e7\u00e3o comunicativa e o tema\/assunto do texto e relacionando sua forma de organiza\u00e7\u00e3o \u00e0 sua finalidade.<br>(EF01LP19-A) Recitar parlendas, quadras, quadrinhas, trava-l\u00ednguas, dentre outros, com entona\u00e7\u00e3o adequada e observando as rimas, em sala de aula eem apresenta\u00e7\u00f5es p\u00fablicas.<br><\/td><\/tr><\/tbody><\/table><\/figure>\n\n\n\n<hr class=\"wp-block-separator\"\/>\n\n\n\n<figure class=\"wp-block-table\"><table><tbody><tr><td>Proponentes\/ Professores:<\/td><td>Renata Gon\u00e7alves Silva Miranda<\/td><\/tr><tr><td>Institui\u00e7\u00e3o Educacional:<\/td><td>Escola Municipal Cel Getulino Artiaga<\/td><\/tr><tr><td>CRE:<\/td><td>Central<\/td><\/tr><\/tbody><\/table><\/figure>\n\n\n\n<hr class=\"wp-block-separator\"\/>\n\n\n\n<p>Ensino Fundamental &#8211; Ciclo da Inf\u00e2ncia- Turma A &#8211; Experi\u00eancias e Curiosidades<\/p>\n","protected":false},"author":24,"featured_media":5423,"template":"","ef_categoria":[13,21],"ef_ano":[84],"ef_componente":[93],"class_list":["post-5421","ensino_fundamental","type-ensino_fundamental","status-publish","has-post-thumbnail","hentry","ef_categoria-ciclo-da-infancia-abc","ef_categoria-experiencias-e-curiosidades","ef_ano-1o-ano","ef_componente-portugues","entry","has-media"],"acf":[],"_links":{"self":[{"href":"https:\/\/sme.goiania.go.gov.br\/conexaoescola\/wp-json\/wp\/v2\/ensino_fundamental\/5421","targetHints":{"allow":["GET"]}}],"collection":[{"href":"https:\/\/sme.goiania.go.gov.br\/conexaoescola\/wp-json\/wp\/v2\/ensino_fundamental"}],"about":[{"href":"https:\/\/sme.goiania.go.gov.br\/conexaoescola\/wp-json\/wp\/v2\/types\/ensino_fundamental"}],"author":[{"embeddable":true,"href":"https:\/\/sme.goiania.go.gov.br\/conexaoescola\/wp-json\/wp\/v2\/users\/24"}],"version-history":[{"count":0,"href":"https:\/\/sme.goiania.go.gov.br\/conexaoescola\/wp-json\/wp\/v2\/ensino_fundamental\/5421\/revisions"}],"wp:featuredmedia":[{"embeddable":true,"href":"https:\/\/sme.goiania.go.gov.br\/conexaoescola\/wp-json\/wp\/v2\/media\/5423"}],"wp:attachment":[{"href":"https:\/\/sme.goiania.go.gov.br\/conexaoescola\/wp-json\/wp\/v2\/media?parent=5421"}],"wp:term":[{"taxonomy":"ef_categoria","embeddable":true,"href":"https:\/\/sme.goiania.go.gov.br\/conexaoescola\/wp-json\/wp\/v2\/ef_categoria?post=5421"},{"taxonomy":"ef_ano","embeddable":true,"href":"https:\/\/sme.goiania.go.gov.br\/conexaoescola\/wp-json\/wp\/v2\/ef_ano?post=5421"},{"taxonomy":"ef_componente","embeddable":true,"href":"https:\/\/sme.goiania.go.gov.br\/conexaoescola\/wp-json\/wp\/v2\/ef_componente?post=5421"}],"curies":[{"name":"wp","href":"https:\/\/api.w.org\/{rel}","templated":true}]}}

Língua Portuguesa &#8211; Brincando com as palavras

<p class="has-drop-cap has-medium-font-size">Você vai brincar com as palavras. As quadrinhas populares são muito usadas em desafios, jogos de adivinhações e provérbios, são poesias&nbsp; populares, trovas simples criadas pelo povo.&nbsp;Compostas por quatro versos (dai vem o nome) se caracterizam por possuir rimas e escritas muitas vezes incorretas.</p>



<hr class="wp-block-separator"/>



<p class="has-very-light-gray-color has-very-dark-gray-background-color has-text-color has-background has-medium-font-size"><strong>Atividade 1:&nbsp;</strong></p>



<p class="has-medium-font-size">Assista ao vídeo que explica o que é uma quadrinha, cante e dance com alguém de sua casa.</p>



<p>Badulaque – Quadrinha</p>



<figure class="wp-block-embed is-type-video is-provider-youtube wp-block-embed-youtube wp-embed-aspect-16-9 wp-has-aspect-ratio"><div class="wp-block-embed__wrapper">
<p class="responsive-video-wrap clr"><iframe title="Badulaque - Quadrinha" width="1200" height="675" src="https://www.youtube.com/embed/oiM1ABo9NIc?feature=oembed" frameborder="0" allow="accelerometer; autoplay; clipboard-write; encrypted-media; gyroscope; picture-in-picture" allowfullscreen></iframe></p>
</div><figcaption>Canal: <a href="https://www.youtube.com/channel/UCogL19pmpBESbibNrYMld7g">Duo Badulaque</a>&#8220;Badulaque &#8211; Quadrinha&#8221;- <a href="https://www.youtube.com/watch?v=oiM1ABo9NIc">https://www.youtube.com/watch?v=oiM1ABo9NIc</a></figcaption></figure>



<p class="has-very-light-gray-color has-vivid-cyan-blue-background-color has-text-color has-background has-medium-font-size">Agora, escolha uma das quadrinhas cantadas no vídeo e faça um belo desenho em seu caderno.</p>



<hr class="wp-block-separator"/>



<p class="has-very-light-gray-color has-very-dark-gray-background-color has-text-color has-background has-medium-font-size"><strong>Atividade 2:</strong></p>



<p class="has-medium-font-size">Peça para alguém fazer a leitura da quadrinha para você:<img decoding="async" src="https://lh4.googleusercontent.com/IpnEFFasSZQ9FbDAOzOSqAy5krSXes1w3nYmSNqrbXxk-J4EqxC5nl9NJkdm-X7DrWlbov3xdxy9VlNChEbv_0amwIXCYZ6BFye9fXpy58lOLUHb1a_CnJPuUEh8oRElCw36Nmw" width="173" height="136"></p>



<p class="has-medium-font-size">Observe:&nbsp;<img decoding="async" src="https://lh5.googleusercontent.com/uudBLoCyHd1WqeP3M9wo63GPCgeAWJr_spoQRTTlee-HizScI2lYAk5LCB0nckw6I2Oe46qINiEDsjwai02_FzBEn6ESNIYhFLA2MNRqMgQGFN4ltfPfsN6I7xRadzyqgF_N00Q" width="190" height="122"></p>



<p class="has-very-light-gray-color has-vivid-purple-background-color has-text-color has-background has-medium-font-size">Agora, pinte as silabas iguais em cada conjunto de palavras.</p>



<figure class="wp-block-image"><img decoding="async" src="https://lh3.googleusercontent.com/SZqbxVMrxF9tDTFMkM_wnHJhKtflwNDjmlvGCrS0uODFiRSvjcduWnXGQ_EZLTMODiD8XMZSWRGmo8SKQbeb-t5xCpd1ubBAX6ms8XJP-ZaK4XsVC_RpD6L6afCNozzOrdGZPUI" alt=""/></figure>



<figure class="wp-block-image"><img decoding="async" src="https://lh5.googleusercontent.com/jSxSXZFOIYwCbW1-M1f5uz1flT745mePU4HN-dO_SMYAENUv3YPHLnbOM3utza7ds4LsSu_9uelgNZQU2dVVDw4HVpoc_2lrh7tTWFDFXQGfUU5n2sv-AQeRol6SDD2sWf279_g" alt=""/></figure>



<figure class="wp-block-image"><img decoding="async" src="https://lh5.googleusercontent.com/izEdFKziUa1bZyL3WPryl6hFpOoDG6Kudl0v-AZ6uQXCRwhN_mYNM20jbIeWs4vfBFekz-zQZaQn0k5-kVBujj2yXi_pmGs3vJOYYM08w17rhrDfSY9oEVEurYhDwEKycpsHcLA" alt="Plano de Aula - 1º ano - Língua Portuguesa - Brincar de rimar - palavras  que rimam"/></figure>



<hr class="wp-block-separator"/>



<p class="has-medium-font-size">Assista ao vídeo para conhecer&nbsp; mais palavras com rimas.</p>



<figure class="wp-block-embed is-type-video is-provider-youtube wp-block-embed-youtube wp-embed-aspect-16-9 wp-has-aspect-ratio"><div class="wp-block-embed__wrapper">
<p class="responsive-video-wrap clr"><iframe title="VAMOS RIMAR? Aprenda a rimar de forma divertida e musical." width="1200" height="675" src="https://www.youtube.com/embed/ZjoOT4bp2AE?feature=oembed" frameborder="0" allow="accelerometer; autoplay; clipboard-write; encrypted-media; gyroscope; picture-in-picture" allowfullscreen></iframe></p>
</div><figcaption>Canal:<a href="https://www.youtube.com/channel/UCjTYzmhptcTj4HA-zKH8Ffw">Roberta Paciência</a>&#8220;VAMOS RIMAR? Aprenda a rimar de forma divertida e musical.&#8221; &#8211; <a href="https://www.youtube.com/watch?v=ZjoOT4bp2AE">https://www.youtube.com/watch?v=ZjoOT4bp2AE</a></figcaption></figure>



<hr class="wp-block-separator"/>



<p class="has-medium-font-size"><strong>Atividade 3:&nbsp;</strong></p>



<p class="has-very-light-gray-color has-pale-pink-background-color has-text-color has-background has-medium-font-size">Agora, que você descobriu que várias palavras podem terminar com o mesmo som, pesquise em revistas e jornais, palavras que rimam com seu nome e cole-as em seu caderno.</p>



<hr class="wp-block-separator"/>



<p>Saiba Mais | Referências:</p>



<div class="wp-block-columns is-layout-flex wp-container-core-columns-is-layout-9d6595d7 wp-block-columns-is-layout-flex">
<div class="wp-block-column is-layout-flow wp-block-column-is-layout-flow">
<figure class="wp-block-embed is-type-video is-provider-youtube wp-block-embed-youtube wp-embed-aspect-16-9 wp-has-aspect-ratio"><div class="wp-block-embed__wrapper">
<p class="responsive-video-wrap clr"><iframe title="VAMOS RIMAR? Aprenda a rimar de forma divertida e musical." width="1200" height="675" src="https://www.youtube.com/embed/ZjoOT4bp2AE?feature=oembed" frameborder="0" allow="accelerometer; autoplay; clipboard-write; encrypted-media; gyroscope; picture-in-picture" allowfullscreen></iframe></p>
</div><figcaption>Canal:<br>Roberta Paciência&#8221;VAMOS RIMAR? Aprenda a rimar de forma divertida e musical.&#8221; &#8211; <a href="https://www.youtube.com/watch?v=ZjoOT4bp2AE">https://www.youtube.com/watch?v=ZjoOT4bp2AE</a><br></figcaption></figure>
</div>



<div class="wp-block-column is-layout-flow wp-block-column-is-layout-flow"></div>
</div>



<hr class="wp-block-separator"/>



<figure class="wp-block-table"><table><tbody><tr><td>Objeto de Conhecimento</td><td>Protocolos de leitura; Construção do sistema alfabético; Relação fonema e grafema; Linguagem não verbal; Produção de texto oral.</td></tr><tr><td>Habilidades</td><td>(EF01LP01-A) Reconhecer que a leitura e escrita acontecem da esquerda paraa direita e de cima para baixo, linha de verticalidade.<br>(EF01LP05) Reconhecer o sistema de escrita alfabética como representação dos sons da fala.<br>(GO-EF01LP36) Identificar palavras em que um fonema é distintivo, relacionando-as a sua representação gráfica: [p]ato (pato)/ [m]ato (mato)/ [f]ato(fato)/ [3]ato (jato)/ [g]ato (gato).<br>(EF01LP16)Ler e compreender, em colaboração com os colegas e com a ajuda do professor, quadras, quadrinhas, parlendas, trava-línguas, dentre outros gêneros, considerando a situação comunicativa e o tema/assunto do texto e relacionando sua forma de organização à sua finalidade.<br>(EF01LP19-A) Recitar parlendas, quadras, quadrinhas, trava-línguas, dentre outros, com entonação adequada e observando as rimas, em sala de aula eem apresentações públicas.<br></td></tr></tbody></table></figure>



<hr class="wp-block-separator"/>



<figure class="wp-block-table"><table><tbody><tr><td>Proponentes/ Professores:</td><td>Renata Gonçalves Silva Miranda</td></tr><tr><td>Instituição Educacional:</td><td>Escola Municipal Cel Getulino Artiaga</td></tr><tr><td>CRE:</td><td>Central</td></tr></tbody></table></figure>



<hr class="wp-block-separator"/>



<p>Ensino Fundamental &#8211; Ciclo da Infância- Turma A &#8211; Experiências e Curiosidades</p>
