{"id":5149,"date":"2020-09-28T07:00:00","date_gmt":"2020-09-28T10:00:00","guid":{"rendered":"http:\/\/sme.goiania.go.gov.br\/conexaoescola\/?post_type=ensino_fundamental&#038;p=5149"},"modified":"2020-09-24T18:36:44","modified_gmt":"2020-09-24T21:36:44","slug":"de-boca-a-ouvido-a-tradicao-oral","status":"publish","type":"ensino_fundamental","link":"https:\/\/sme.goiania.go.gov.br\/conexaoescola\/ensino_fundamental\/de-boca-a-ouvido-a-tradicao-oral\/","title":{"rendered":"De Boca a Ouvido: a Tradi\u00e7\u00e3o Oral"},"content":{"rendered":"\n<p class=\"has-background has-drop-cap has-medium-font-size has-light-green-cyan-background-color\">Ol\u00e1, nessa atividade voc\u00ea conhecer\u00e1 as formas de registro da Hist\u00f3ria, em especial, a oralidade que \u00e9 transmitida de gera\u00e7\u00e3o em gera\u00e7\u00e3o de pai para filho, de m\u00e3e para filha e de filho para neto. Assim, passando de gera\u00e7\u00e3o em gera\u00e7\u00e3o vai transmitindo e registrando hist\u00f3rias, saberes, culturas e mem\u00f3rias de um povo e de uma sociedade.<\/p>\n\n\n\n<p class=\"has-background has-medium-font-size has-pale-cyan-blue-background-color\"><strong>Quest\u00e3o 1<\/strong><\/p>\n\n\n\n<p class=\"has-medium-font-size\">Para conhecer como a hist\u00f3ria oral \u00e9 transmitida, acesse o link e assista ao v\u00eddeo abaixo:<\/p>\n\n\n\n<figure class=\"wp-block-embed-youtube wp-block-embed is-type-video is-provider-youtube wp-embed-aspect-16-9 wp-has-aspect-ratio\"><div class=\"wp-block-embed__wrapper\">\n<p class=\"responsive-video-wrap clr\"><iframe title=\"DE BOCA A OUVIDO: A TRADI\u00c7\u00c3O ORAL\" width=\"1200\" height=\"675\" src=\"https:\/\/www.youtube.com\/embed\/-RBLJwCxYQw?feature=oembed\" frameborder=\"0\" allow=\"accelerometer; autoplay; clipboard-write; encrypted-media; gyroscope; picture-in-picture\" allowfullscreen><\/iframe><\/p>\n<\/div><figcaption>De Boca a ouvido: a tradi\u00e7\u00e3o oral \/Canal Editora Sei \u2013 Odisseia \u2013 Hist\u00f3ria &#8211; 5\u00ba ano \u2013 YouTube<\/figcaption><\/figure>\n\n\n\n<p style=\"background-color:#ffe5a2\" class=\"has-background has-medium-font-size\">Agora que voc\u00ea aprendeu como a Hist\u00f3ria Oral \u00e9 transmitida responda as quest\u00f5es em seu caderno. <\/p>\n\n\n\n<p class=\"has-medium-font-size\">1. Voc\u00ea sabe quem s\u00e3o os Gri\u00f4s? E qual a sua import\u00e2ncia para a tradi\u00e7\u00e3o oral?<\/p>\n\n\n\n<p class=\"has-medium-font-size\">2. No Brasil alguns grupos e pessoas se esfor\u00e7am para preservar e partilhar a transmiss\u00e3o dos saberes orais. E voc\u00ea conhece algu\u00e9m que preserva os saberes de sua comunidade?<\/p>\n\n\n\n<p style=\"background-color:#f78d42\" class=\"has-background has-medium-font-size\"><strong>Quest\u00e3o 2<\/strong><\/p>\n\n\n\n<p class=\"has-medium-font-size\">Agora que tal conhecer uma atividade realizada por um mestre Gri\u00f4 em uma escola. Assista o v\u00eddeo abaixo, &#8220;O que \u00e9 Gri\u00f4&#8221;, Canal \u2013 Gr\u00e3os de Luz:<\/p>\n\n\n\n<figure class=\"wp-block-embed-youtube wp-block-embed is-type-video is-provider-youtube wp-embed-aspect-16-9 wp-has-aspect-ratio\"><div class=\"wp-block-embed__wrapper\">\n<p class=\"responsive-video-wrap clr\"><iframe title=\"o que e grio\" width=\"1200\" height=\"675\" src=\"https:\/\/www.youtube.com\/embed\/lWqm2FOSOLQ?start=15&#038;feature=oembed\" frameborder=\"0\" allow=\"accelerometer; autoplay; clipboard-write; encrypted-media; gyroscope; picture-in-picture\" allowfullscreen><\/iframe><\/p> \n<\/div><\/figure>\n\n\n\n<p class=\"has-background has-medium-font-size has-pale-cyan-blue-background-color\">a. A m\u00fasica desenvolvida pelo mestre Gri\u00f4 \u00e9 bem envolvente. Voc\u00ea tamb\u00e9m pode continuar a m\u00fasica criando outras estrofes a partir do refr\u00e3o \u201cEu ia passando \u2026oi aia, oi aia\u201d. Use a imagina\u00e7\u00e3o, invente e cante. E lembre-se de registrar a sua estrofe em seu caderno.<\/p>\n\n\n\n<p class=\"has-background has-medium-font-size has-luminous-vivid-amber-background-color\"><strong>Quest\u00e3o 3<\/strong><\/p>\n\n\n\n<p class=\"has-medium-font-size\">Que tal agora, ouvir uma hist\u00f3ria oral? Acesse o v\u00eddeo &#8220;Oralidade &#8211; As Panquecas de Mama Panya&#8221; e assista a conta\u00e7\u00e3o de hist\u00f3ria, vinda l\u00e1 do Qu\u00eania, no continente africano. Que mostra que quando se pode contar com os amigos, os problemas se resolvem sem muita dificuldade.<\/p>\n\n\n\n<figure class=\"wp-block-embed-youtube wp-block-embed is-type-video is-provider-youtube wp-embed-aspect-16-9 wp-has-aspect-ratio\"><div class=\"wp-block-embed__wrapper\">\n<p class=\"responsive-video-wrap clr\"><iframe title=\"Oralidade - As Panquecas de Mama Panya\" width=\"1200\" height=\"675\" src=\"https:\/\/www.youtube.com\/embed\/PTJJc6lfyWo?feature=oembed\" frameborder=\"0\" allow=\"accelerometer; autoplay; clipboard-write; encrypted-media; gyroscope; picture-in-picture\" allowfullscreen><\/iframe><\/p>\n<\/div><figcaption>O que \u00e9 Gri\u00f4\/ Canal \u2013 Gr\u00e3os de Luz<\/figcaption><\/figure>\n\n\n\n<p class=\"has-medium-font-size\">a. No momento atual em que vivemos, em que a solidariedade entre as pessoas \u00e9 muito importante. Voc\u00ea lembra de algum caso em que as pessoas se juntaram para ajudar algu\u00e9m a resolver um problema causado pelo Coronavirus? Pense e escreva a sua hist\u00f3ria em seu caderno. Se necess\u00e1rio converse com membros de sua fam\u00edlia<\/p>\n\n\n\n<p class=\"has-background has-medium-font-size has-vivid-green-cyan-background-color\"><strong>Para Saber Mais<\/strong><\/p>\n\n\n\n<p class=\"has-medium-font-size\">Voc\u00ea conhece os Griots?<\/p>\n\n\n\n<figure class=\"wp-block-embed-youtube wp-block-embed is-type-video is-provider-youtube wp-embed-aspect-16-9 wp-has-aspect-ratio\"><div class=\"wp-block-embed__wrapper\">\n<p class=\"responsive-video-wrap clr\"><iframe title=\"Voc\u00ea conhece os Griots?\" width=\"1200\" height=\"675\" src=\"https:\/\/www.youtube.com\/embed\/SkT6OIXUUxU?feature=oembed\" frameborder=\"0\" allow=\"accelerometer; autoplay; clipboard-write; encrypted-media; gyroscope; picture-in-picture\" allowfullscreen><\/iframe><\/p>\n<\/div><\/figure>\n\n\n\n<p class=\"has-medium-font-size\">Tradi\u00e7\u00e3o Oral:<\/p>\n\n\n\n<figure class=\"wp-block-embed-youtube wp-block-embed is-type-video is-provider-youtube wp-embed-aspect-16-9 wp-has-aspect-ratio\"><div class=\"wp-block-embed__wrapper\">\n<p class=\"responsive-video-wrap clr\"><iframe title=\"Tradi\u00e7\u00e3o Oral\" width=\"1200\" height=\"675\" src=\"https:\/\/www.youtube.com\/embed\/eV7x9i2TW0U?feature=oembed\" frameborder=\"0\" allow=\"accelerometer; autoplay; clipboard-write; encrypted-media; gyroscope; picture-in-picture\" allowfullscreen><\/iframe><\/p>\n<\/div><\/figure>\n\n\n\n<p class=\"has-medium-font-size\">Associa\u00e7\u00e3o Gr\u00e3o de Luz e Gri\u00f4 &#8211; Pr\u00eamio Ita\u00fa-Unicef<\/p>\n\n\n\n<figure class=\"wp-block-embed-youtube wp-block-embed is-type-video is-provider-youtube wp-embed-aspect-4-3 wp-has-aspect-ratio\"><div class=\"wp-block-embed__wrapper\">\n<p class=\"responsive-video-wrap clr\"><iframe title=\"Associa\u00e7\u00e3o Gr\u00e3o de Luz e Gri\u00f4 - Pr\u00eamio Ita\u00fa-Unicef\" width=\"1200\" height=\"900\" src=\"https:\/\/www.youtube.com\/embed\/t_gFweLOEA0?feature=oembed\" frameborder=\"0\" allow=\"accelerometer; autoplay; clipboard-write; encrypted-media; gyroscope; picture-in-picture\" allowfullscreen><\/iframe><\/p>\n<\/div><\/figure>\n\n\n\n<figure class=\"wp-block-table alignwide\"><table class=\"has-subtle-pale-blue-background-color has-background\"><tbody><tr><td>OBJETOS DE CONHECIMENTO: Hist\u00f3ria: formas de registro e produ\u00e7\u00e3o do conhecimento hist\u00f3rico. O papel da hist\u00f3ria oral na constru\u00e7\u00e3o da identidade e mem\u00f3ria de um povo<\/td><\/tr><tr><td>HABILIDADES: (GO-EF06HI02-B) Conhecer as diversas possibilidades de documentos: fontes hist\u00f3ricas e vest\u00edgios, como ferramentas de pesquisa e interpreta\u00e7\u00e3o do passado, dentre elas a hist\u00f3ria oral como uma forma de preservar e\/ou redefinir o conhecimento hist\u00f3rico e a mem\u00f3ria.<\/td><\/tr><\/tbody><\/table><\/figure>\n\n\n\n<hr class=\"wp-block-separator\"\/>\n\n\n\n<p class=\"has-text-align-center\">Ciclo da Adolesc\u00eancia \u2013 Turma F (6\u00ba ano) \u2013 \u00c9tica e Cidadania<\/p>\n","protected":false},"author":28,"featured_media":5161,"template":"","ef_categoria":[15,30],"ef_ano":[],"ef_componente":[],"class_list":["post-5149","ensino_fundamental","type-ensino_fundamental","status-publish","has-post-thumbnail","hentry","ef_categoria-ciclo-da-adolescencia-fg","ef_categoria-etica-e-cidadania-ciclo-da-adolescencia-fg","entry","has-media"],"acf":[],"_links":{"self":[{"href":"https:\/\/sme.goiania.go.gov.br\/conexaoescola\/wp-json\/wp\/v2\/ensino_fundamental\/5149","targetHints":{"allow":["GET"]}}],"collection":[{"href":"https:\/\/sme.goiania.go.gov.br\/conexaoescola\/wp-json\/wp\/v2\/ensino_fundamental"}],"about":[{"href":"https:\/\/sme.goiania.go.gov.br\/conexaoescola\/wp-json\/wp\/v2\/types\/ensino_fundamental"}],"author":[{"embeddable":true,"href":"https:\/\/sme.goiania.go.gov.br\/conexaoescola\/wp-json\/wp\/v2\/users\/28"}],"version-history":[{"count":0,"href":"https:\/\/sme.goiania.go.gov.br\/conexaoescola\/wp-json\/wp\/v2\/ensino_fundamental\/5149\/revisions"}],"wp:featuredmedia":[{"embeddable":true,"href":"https:\/\/sme.goiania.go.gov.br\/conexaoescola\/wp-json\/wp\/v2\/media\/5161"}],"wp:attachment":[{"href":"https:\/\/sme.goiania.go.gov.br\/conexaoescola\/wp-json\/wp\/v2\/media?parent=5149"}],"wp:term":[{"taxonomy":"ef_categoria","embeddable":true,"href":"https:\/\/sme.goiania.go.gov.br\/conexaoescola\/wp-json\/wp\/v2\/ef_categoria?post=5149"},{"taxonomy":"ef_ano","embeddable":true,"href":"https:\/\/sme.goiania.go.gov.br\/conexaoescola\/wp-json\/wp\/v2\/ef_ano?post=5149"},{"taxonomy":"ef_componente","embeddable":true,"href":"https:\/\/sme.goiania.go.gov.br\/conexaoescola\/wp-json\/wp\/v2\/ef_componente?post=5149"}],"curies":[{"name":"wp","href":"https:\/\/api.w.org\/{rel}","templated":true}]}}

De Boca a Ouvido: a Tradição Oral

<p class="has-background has-drop-cap has-medium-font-size has-light-green-cyan-background-color">Olá, nessa atividade você conhecerá as formas de registro da História, em especial, a oralidade que é transmitida de geração em geração de pai para filho, de mãe para filha e de filho para neto. Assim, passando de geração em geração vai transmitindo e registrando histórias, saberes, culturas e memórias de um povo e de uma sociedade.</p>



<p class="has-background has-medium-font-size has-pale-cyan-blue-background-color"><strong>Questão 1</strong></p>



<p class="has-medium-font-size">Para conhecer como a história oral é transmitida, acesse o link e assista ao vídeo abaixo:</p>



<figure class="wp-block-embed-youtube wp-block-embed is-type-video is-provider-youtube wp-embed-aspect-16-9 wp-has-aspect-ratio"><div class="wp-block-embed__wrapper">
<p class="responsive-video-wrap clr"><iframe title="DE BOCA A OUVIDO: A TRADIÇÃO ORAL" width="1200" height="675" src="https://www.youtube.com/embed/-RBLJwCxYQw?feature=oembed" frameborder="0" allow="accelerometer; autoplay; clipboard-write; encrypted-media; gyroscope; picture-in-picture" allowfullscreen></iframe></p>
</div><figcaption>De Boca a ouvido: a tradição oral /Canal Editora Sei – Odisseia – História &#8211; 5º ano – YouTube</figcaption></figure>



<p style="background-color:#ffe5a2" class="has-background has-medium-font-size">Agora que você aprendeu como a História Oral é transmitida responda as questões em seu caderno. </p>



<p class="has-medium-font-size">1. Você sabe quem são os Griôs? E qual a sua importância para a tradição oral?</p>



<p class="has-medium-font-size">2. No Brasil alguns grupos e pessoas se esforçam para preservar e partilhar a transmissão dos saberes orais. E você conhece alguém que preserva os saberes de sua comunidade?</p>



<p style="background-color:#f78d42" class="has-background has-medium-font-size"><strong>Questão 2</strong></p>



<p class="has-medium-font-size">Agora que tal conhecer uma atividade realizada por um mestre Griô em uma escola. Assista o vídeo abaixo, &#8220;O que é Griô&#8221;, Canal – Grãos de Luz:</p>



<figure class="wp-block-embed-youtube wp-block-embed is-type-video is-provider-youtube wp-embed-aspect-16-9 wp-has-aspect-ratio"><div class="wp-block-embed__wrapper">
<p class="responsive-video-wrap clr"><iframe title="o que e grio" width="1200" height="675" src="https://www.youtube.com/embed/lWqm2FOSOLQ?start=15&#038;feature=oembed" frameborder="0" allow="accelerometer; autoplay; clipboard-write; encrypted-media; gyroscope; picture-in-picture" allowfullscreen></iframe></p> 
</div></figure>



<p class="has-background has-medium-font-size has-pale-cyan-blue-background-color">a. A música desenvolvida pelo mestre Griô é bem envolvente. Você também pode continuar a música criando outras estrofes a partir do refrão “Eu ia passando …oi aia, oi aia”. Use a imaginação, invente e cante. E lembre-se de registrar a sua estrofe em seu caderno.</p>



<p class="has-background has-medium-font-size has-luminous-vivid-amber-background-color"><strong>Questão 3</strong></p>



<p class="has-medium-font-size">Que tal agora, ouvir uma história oral? Acesse o vídeo &#8220;Oralidade &#8211; As Panquecas de Mama Panya&#8221; e assista a contação de história, vinda lá do Quênia, no continente africano. Que mostra que quando se pode contar com os amigos, os problemas se resolvem sem muita dificuldade.</p>



<figure class="wp-block-embed-youtube wp-block-embed is-type-video is-provider-youtube wp-embed-aspect-16-9 wp-has-aspect-ratio"><div class="wp-block-embed__wrapper">
<p class="responsive-video-wrap clr"><iframe title="Oralidade - As Panquecas de Mama Panya" width="1200" height="675" src="https://www.youtube.com/embed/PTJJc6lfyWo?feature=oembed" frameborder="0" allow="accelerometer; autoplay; clipboard-write; encrypted-media; gyroscope; picture-in-picture" allowfullscreen></iframe></p>
</div><figcaption>O que é Griô/ Canal – Grãos de Luz</figcaption></figure>



<p class="has-medium-font-size">a. No momento atual em que vivemos, em que a solidariedade entre as pessoas é muito importante. Você lembra de algum caso em que as pessoas se juntaram para ajudar alguém a resolver um problema causado pelo Coronavirus? Pense e escreva a sua história em seu caderno. Se necessário converse com membros de sua família</p>



<p class="has-background has-medium-font-size has-vivid-green-cyan-background-color"><strong>Para Saber Mais</strong></p>



<p class="has-medium-font-size">Você conhece os Griots?</p>



<figure class="wp-block-embed-youtube wp-block-embed is-type-video is-provider-youtube wp-embed-aspect-16-9 wp-has-aspect-ratio"><div class="wp-block-embed__wrapper">
<p class="responsive-video-wrap clr"><iframe title="Você conhece os Griots?" width="1200" height="675" src="https://www.youtube.com/embed/SkT6OIXUUxU?feature=oembed" frameborder="0" allow="accelerometer; autoplay; clipboard-write; encrypted-media; gyroscope; picture-in-picture" allowfullscreen></iframe></p>
</div></figure>



<p class="has-medium-font-size">Tradição Oral:</p>



<figure class="wp-block-embed-youtube wp-block-embed is-type-video is-provider-youtube wp-embed-aspect-16-9 wp-has-aspect-ratio"><div class="wp-block-embed__wrapper">
<p class="responsive-video-wrap clr"><iframe title="Tradição Oral" width="1200" height="675" src="https://www.youtube.com/embed/eV7x9i2TW0U?feature=oembed" frameborder="0" allow="accelerometer; autoplay; clipboard-write; encrypted-media; gyroscope; picture-in-picture" allowfullscreen></iframe></p>
</div></figure>



<p class="has-medium-font-size">Associação Grão de Luz e Griô &#8211; Prêmio Itaú-Unicef</p>



<figure class="wp-block-embed-youtube wp-block-embed is-type-video is-provider-youtube wp-embed-aspect-4-3 wp-has-aspect-ratio"><div class="wp-block-embed__wrapper">
<p class="responsive-video-wrap clr"><iframe title="Associação Grão de Luz e Griô - Prêmio Itaú-Unicef" width="1200" height="900" src="https://www.youtube.com/embed/t_gFweLOEA0?feature=oembed" frameborder="0" allow="accelerometer; autoplay; clipboard-write; encrypted-media; gyroscope; picture-in-picture" allowfullscreen></iframe></p>
</div></figure>



<figure class="wp-block-table alignwide"><table class="has-subtle-pale-blue-background-color has-background"><tbody><tr><td>OBJETOS DE CONHECIMENTO: História: formas de registro e produção do conhecimento histórico. O papel da história oral na construção da identidade e memória de um povo</td></tr><tr><td>HABILIDADES: (GO-EF06HI02-B) Conhecer as diversas possibilidades de documentos: fontes históricas e vestígios, como ferramentas de pesquisa e interpretação do passado, dentre elas a história oral como uma forma de preservar e/ou redefinir o conhecimento histórico e a memória.</td></tr></tbody></table></figure>



<hr class="wp-block-separator"/>



<p class="has-text-align-center">Ciclo da Adolescência – Turma F (6º ano) – Ética e Cidadania</p>
