{"id":4870,"date":"2020-09-28T07:00:00","date_gmt":"2020-09-28T10:00:00","guid":{"rendered":"http:\/\/sme.goiania.go.gov.br\/conexaoescola\/?post_type=ensino_fundamental&#038;p=4870"},"modified":"2020-10-24T11:45:07","modified_gmt":"2020-10-24T14:45:07","slug":"registrando-quantidades","status":"publish","type":"ensino_fundamental","link":"https:\/\/sme.goiania.go.gov.br\/conexaoescola\/ensino_fundamental\/registrando-quantidades\/","title":{"rendered":"Registrando quantidades"},"content":{"rendered":"\n<p class=\"has-text-color has-medium-font-size has-pale-pink-color\">&#8211; Ol\u00e1 crian\u00e7as, ol\u00e1 fam\u00edlia!&nbsp;<\/p>\n\n\n\n<p class=\"has-text-color has-medium-font-size has-vivid-red-color\">&#8211; Voc\u00ea sabe o que s\u00e3o algarismos?&nbsp;&nbsp;<\/p>\n\n\n\n<p class=\"has-drop-cap has-medium-font-size\">Na aula de hoje, trabalharemos com o conte\u00fado de&nbsp; matem\u00e1tica. Come\u00e7aremos com um texto curioso sobre as&nbsp; formigas-lava-p\u00e9s, trocando ideias com o conte\u00fado de&nbsp; ci\u00eancias tamb\u00e9m. A partir do texto, haver\u00e1 perguntas sobre&nbsp; quantidades e escrita de s\u00edmbolos matem\u00e1ticos; o objetivo \u00e9&nbsp; conhecer melhor os n\u00fameros naturais quantificando e&nbsp; sequenciando na ordem correta. Ent\u00e3o&#8230; Vamos come\u00e7ar.&nbsp; Fique atendo e boa aula.&nbsp;&nbsp;<\/p>\n\n\n\n<p class=\"has-medium-font-size\">&#8211; Descri\u00e7\u00e3o da atividade\/ Como fazer: Leia o texto, observe a&nbsp; imagem da figura e responda as quest\u00f5es. s\u00e3o bem f\u00e1ceis e voc\u00ea&nbsp; consegue fazer sozinho, mas na duvida pergunte a um adulto&nbsp; respons\u00e1vel por voc\u00ea.&nbsp;<\/p>\n\n\n\n<p class=\"has-text-color has-background has-medium-font-size has-very-light-gray-color has-vivid-purple-background-color\">Voc\u00ea conhece a esp\u00e9cie de formiga-lava-p\u00e9s?&nbsp;<\/p>\n\n\n\n<p class=\"has-medium-font-size\">Caso n\u00e3o conhe\u00e7a, as lava-p\u00e9s s\u00e3o formiguinhas com&nbsp; um ferr\u00e3o no final do abd\u00f4men, e cuja picada injeta um veneno&nbsp; doloroso. Imagine s\u00f3 pisar descal\u00e7o ou de chinelos e um ninho&nbsp; delas? As ferroadas causam uma sensa\u00e7\u00e3o de queima\u00e7\u00e3o que te&nbsp; faz querer lavar o p\u00e9 na hora, na tentativa de aliviar a dor (&#8230;)&nbsp;<a href=\"http:\/\/chc.org.br\/formigas-de-fogo\/\">http:\/\/chc.org.br\/formigas-de-fogo\/<\/a><\/p>\n\n\n\n<hr class=\"wp-block-separator\"\/>\n\n\n\n<p class=\"has-text-color has-background has-medium-font-size has-very-light-gray-color has-luminous-vivid-orange-background-color\">Observe a anatomia da formiga-lava-p\u00e9s<\/p>\n\n\n\n<p><img decoding=\"async\" src=\"https:\/\/lh3.googleusercontent.com\/MhU5JWH3t28c3V2jFffF9fkzhkV5OiiqoH2FCEdinvpvCTEFzMLd1mpln2TuiP66n4bvDny8hiwtHEMsrRBy8_hQ60TLgY9kQWagBEbv0ejAdFli0hIZNIZdQ43VAA4ZhNu57vdI\" width=\"241\" height=\"130\"><\/p>\n\n\n\n<p class=\"has-text-color has-medium-font-size has-vivid-red-color\">1 &#8211; Responda na sequencia:&nbsp;<\/p>\n\n\n\n<p class=\"has-text-color has-medium-font-size has-luminous-vivid-orange-color\">Quantas cabe\u00e7as ela tem? &nbsp;<\/p>\n\n\n\n<p class=\"has-text-color has-medium-font-size has-light-green-cyan-color\">Quantas antenas h\u00e1 em sua cabe\u00e7a&#8230;&#8230;&#8230;..&nbsp;<\/p>\n\n\n\n<p class=\"has-text-color has-medium-font-size has-vivid-purple-color\">Quantas pernas ela tem&#8230;&#8230;&#8230;&#8230;&#8230;&#8230;&#8230;&nbsp;<\/p>\n\n\n\n<p class=\"has-text-color has-medium-font-size has-vivid-green-cyan-color\">Ela tem asas?&#8230;&#8230;&#8230;&#8230;&#8230;&#8230;&#8230;&#8230;&#8230;..&nbsp;<\/p>\n\n\n\n<hr class=\"wp-block-separator\"\/>\n\n\n\n<p class=\"has-text-color has-background has-medium-font-size has-very-light-gray-color has-vivid-cyan-blue-background-color\">1, 2 e 6 s\u00e3o s\u00edmbolos matem\u00e1ticos usados para&nbsp; representar quantidades.&nbsp; A falta de quantidade \u00e9 representada pelo numero 0&nbsp; (zero).&nbsp;<\/p>\n\n\n\n<p class=\"has-text-color has-background has-medium-font-size has-very-light-gray-color has-light-green-cyan-background-color\">Os s\u00edmbolos matem\u00e1ticos 0,1, 2, 3, 4, 5, 6, 7, 8, 9, s\u00e3o&nbsp; chamados de <strong>algarismos <\/strong>e com eles podemos escrever&nbsp; qualquer n\u00famero.&nbsp;<\/p>\n\n\n\n<hr class=\"wp-block-separator\"\/>\n\n\n\n<p><strong>Saiba Mais |<br>Refer\u00eancias:<\/strong><\/p>\n\n\n\n<div class=\"wp-block-columns is-layout-flex wp-container-core-columns-is-layout-9d6595d7 wp-block-columns-is-layout-flex\">\n<div class=\"wp-block-column is-layout-flow wp-block-column-is-layout-flow\">\n<figure class=\"wp-block-embed-youtube wp-block-embed is-type-video is-provider-youtube wp-embed-aspect-16-9 wp-has-aspect-ratio\"><div class=\"wp-block-embed__wrapper\">\n<p class=\"responsive-video-wrap clr\"><iframe title=\"10 fatos sobre a vida de uma formiga!\" width=\"1200\" height=\"675\" src=\"https:\/\/www.youtube.com\/embed\/3MC1F-eLyM4?feature=oembed\" frameborder=\"0\" allow=\"accelerometer; autoplay; clipboard-write; encrypted-media; gyroscope; picture-in-picture\" allowfullscreen><\/iframe><\/p>\n<\/div><figcaption><a href=\"https:\/\/www.youtube.com\/channel\/UChsb03kH_dNRh2-wE8GkeaA\">Mundo Desconhecido<\/a> &#8220;10 fatos sobre a vida de uma formiga!&#8221;https:\/\/www.youtube.com\/watch?v=3MC1F-eLyM4<\/figcaption><\/figure>\n<\/div>\n\n\n\n<div class=\"wp-block-column is-layout-flow wp-block-column-is-layout-flow\">\n<figure class=\"wp-block-embed-youtube wp-block-embed is-type-video is-provider-youtube wp-embed-aspect-4-3 wp-has-aspect-ratio\"><div class=\"wp-block-embed__wrapper\">\n<p class=\"responsive-video-wrap clr\"><iframe title=\"As formigas do Brasil\" width=\"1200\" height=\"900\" src=\"https:\/\/www.youtube.com\/embed\/QMvhvSbPdQc?feature=oembed\" frameborder=\"0\" allow=\"accelerometer; autoplay; clipboard-write; encrypted-media; gyroscope; picture-in-picture\" allowfullscreen><\/iframe><\/p>\n<\/div><figcaption><a href=\"https:\/\/www.youtube.com\/channel\/UCO7OkbpRmts_Tj-2cNoLIEg\">Prof\u00aa Andreza Carvalho<\/a>&#8220;As formigas do Brasil&#8221;https:\/\/www.youtube.com\/watch?v=QMvhvSbPdQc<\/figcaption><\/figure>\n<\/div>\n<\/div>\n\n\n\n<hr class=\"wp-block-separator\"\/>\n\n\n\n<figure class=\"wp-block-table alignfull\"><table><tbody><tr><td>Objeto de<br>Conhecimento<\/td><td>Leitura, escrita, compara\u00e7\u00e3o e ordena\u00e7\u00e3o de n\u00fameros de at\u00e9 tr\u00eas ordens pela compreens\u00e3o de caracter\u00edsticas do sistema de numera\u00e7\u00e3o decimal (valor posicional e papel do zero)<\/td><\/tr><tr><td>Habilidades<\/td><td>EF02MA01 \u2013 Comparar e ordenar n\u00fameros naturais (at\u00e9 a ordem de centenas) pela compreens\u00e3o de caracter\u00edsticas do sistema de numera\u00e7\u00e3o decimal (valor posicional e fun\u00e7\u00e3o do zero)<\/td><\/tr><tr><td>Proponentes\/<br>Professores:<\/td><td>Magda Dias da Silva<\/td><\/tr><tr><td>Institui\u00e7\u00e3o<br>Educacional:<\/td><td>Escola Municipal de Tempo Integral Vila Rosa<\/td><\/tr><tr><td>CRE:<\/td><td>Coordenadoria Regional Maria Thom\u00e9 Neto<\/td><\/tr><\/tbody><\/table><\/figure>\n","protected":false},"author":24,"featured_media":4877,"template":"","ef_categoria":[13,19],"ef_ano":[],"ef_componente":[],"class_list":["post-4870","ensino_fundamental","type-ensino_fundamental","status-publish","has-post-thumbnail","hentry","ef_categoria-ciclo-da-infancia-abc","ef_categoria-educacao-financeira-e-empreendedorismo","entry","has-media"],"acf":[],"_links":{"self":[{"href":"https:\/\/sme.goiania.go.gov.br\/conexaoescola\/wp-json\/wp\/v2\/ensino_fundamental\/4870","targetHints":{"allow":["GET"]}}],"collection":[{"href":"https:\/\/sme.goiania.go.gov.br\/conexaoescola\/wp-json\/wp\/v2\/ensino_fundamental"}],"about":[{"href":"https:\/\/sme.goiania.go.gov.br\/conexaoescola\/wp-json\/wp\/v2\/types\/ensino_fundamental"}],"author":[{"embeddable":true,"href":"https:\/\/sme.goiania.go.gov.br\/conexaoescola\/wp-json\/wp\/v2\/users\/24"}],"version-history":[{"count":0,"href":"https:\/\/sme.goiania.go.gov.br\/conexaoescola\/wp-json\/wp\/v2\/ensino_fundamental\/4870\/revisions"}],"wp:featuredmedia":[{"embeddable":true,"href":"https:\/\/sme.goiania.go.gov.br\/conexaoescola\/wp-json\/wp\/v2\/media\/4877"}],"wp:attachment":[{"href":"https:\/\/sme.goiania.go.gov.br\/conexaoescola\/wp-json\/wp\/v2\/media?parent=4870"}],"wp:term":[{"taxonomy":"ef_categoria","embeddable":true,"href":"https:\/\/sme.goiania.go.gov.br\/conexaoescola\/wp-json\/wp\/v2\/ef_categoria?post=4870"},{"taxonomy":"ef_ano","embeddable":true,"href":"https:\/\/sme.goiania.go.gov.br\/conexaoescola\/wp-json\/wp\/v2\/ef_ano?post=4870"},{"taxonomy":"ef_componente","embeddable":true,"href":"https:\/\/sme.goiania.go.gov.br\/conexaoescola\/wp-json\/wp\/v2\/ef_componente?post=4870"}],"curies":[{"name":"wp","href":"https:\/\/api.w.org\/{rel}","templated":true}]}}

<p class="has-text-color has-medium-font-size has-pale-pink-color">&#8211; Olá crianças, olá família!&nbsp;</p>



<p class="has-text-color has-medium-font-size has-vivid-red-color">&#8211; Você sabe o que são algarismos?&nbsp;&nbsp;</p>



<p class="has-drop-cap has-medium-font-size">Na aula de hoje, trabalharemos com o conteúdo de&nbsp; matemática. Começaremos com um texto curioso sobre as&nbsp; formigas-lava-pés, trocando ideias com o conteúdo de&nbsp; ciências também. A partir do texto, haverá perguntas sobre&nbsp; quantidades e escrita de símbolos matemáticos; o objetivo é&nbsp; conhecer melhor os números naturais quantificando e&nbsp; sequenciando na ordem correta. Então&#8230; Vamos começar.&nbsp; Fique atendo e boa aula.&nbsp;&nbsp;</p>



<p class="has-medium-font-size">&#8211; Descrição da atividade/ Como fazer: Leia o texto, observe a&nbsp; imagem da figura e responda as questões. são bem fáceis e você&nbsp; consegue fazer sozinho, mas na duvida pergunte a um adulto&nbsp; responsável por você.&nbsp;</p>



<p class="has-text-color has-background has-medium-font-size has-very-light-gray-color has-vivid-purple-background-color">Você conhece a espécie de formiga-lava-pés?&nbsp;</p>



<p class="has-medium-font-size">Caso não conheça, as lava-pés são formiguinhas com&nbsp; um ferrão no final do abdômen, e cuja picada injeta um veneno&nbsp; doloroso. Imagine só pisar descalço ou de chinelos e um ninho&nbsp; delas? As ferroadas causam uma sensação de queimação que te&nbsp; faz querer lavar o pé na hora, na tentativa de aliviar a dor (&#8230;)&nbsp;<a href="http://chc.org.br/formigas-de-fogo/">http://chc.org.br/formigas-de-fogo/</a></p>



<hr class="wp-block-separator"/>



<p class="has-text-color has-background has-medium-font-size has-very-light-gray-color has-luminous-vivid-orange-background-color">Observe a anatomia da formiga-lava-pés</p>



<p><img decoding="async" src="https://lh3.googleusercontent.com/MhU5JWH3t28c3V2jFffF9fkzhkV5OiiqoH2FCEdinvpvCTEFzMLd1mpln2TuiP66n4bvDny8hiwtHEMsrRBy8_hQ60TLgY9kQWagBEbv0ejAdFli0hIZNIZdQ43VAA4ZhNu57vdI" width="241" height="130"></p>



<p class="has-text-color has-medium-font-size has-vivid-red-color">1 &#8211; Responda na sequencia:&nbsp;</p>



<p class="has-text-color has-medium-font-size has-luminous-vivid-orange-color">Quantas cabeças ela tem? &nbsp;</p>



<p class="has-text-color has-medium-font-size has-light-green-cyan-color">Quantas antenas há em sua cabeça&#8230;&#8230;&#8230;..&nbsp;</p>



<p class="has-text-color has-medium-font-size has-vivid-purple-color">Quantas pernas ela tem&#8230;&#8230;&#8230;&#8230;&#8230;&#8230;&#8230;&nbsp;</p>



<p class="has-text-color has-medium-font-size has-vivid-green-cyan-color">Ela tem asas?&#8230;&#8230;&#8230;&#8230;&#8230;&#8230;&#8230;&#8230;&#8230;..&nbsp;</p>



<hr class="wp-block-separator"/>



<p class="has-text-color has-background has-medium-font-size has-very-light-gray-color has-vivid-cyan-blue-background-color">1, 2 e 6 são símbolos matemáticos usados para&nbsp; representar quantidades.&nbsp; A falta de quantidade é representada pelo numero 0&nbsp; (zero).&nbsp;</p>



<p class="has-text-color has-background has-medium-font-size has-very-light-gray-color has-light-green-cyan-background-color">Os símbolos matemáticos 0,1, 2, 3, 4, 5, 6, 7, 8, 9, são&nbsp; chamados de <strong>algarismos </strong>e com eles podemos escrever&nbsp; qualquer número.&nbsp;</p>



<hr class="wp-block-separator"/>



<p><strong>Saiba Mais |<br>Referências:</strong></p>



<div class="wp-block-columns is-layout-flex wp-container-core-columns-is-layout-9d6595d7 wp-block-columns-is-layout-flex">
<div class="wp-block-column is-layout-flow wp-block-column-is-layout-flow">
<figure class="wp-block-embed-youtube wp-block-embed is-type-video is-provider-youtube wp-embed-aspect-16-9 wp-has-aspect-ratio"><div class="wp-block-embed__wrapper">
<p class="responsive-video-wrap clr"><iframe title="10 fatos sobre a vida de uma formiga!" width="1200" height="675" src="https://www.youtube.com/embed/3MC1F-eLyM4?feature=oembed" frameborder="0" allow="accelerometer; autoplay; clipboard-write; encrypted-media; gyroscope; picture-in-picture" allowfullscreen></iframe></p>
</div><figcaption><a href="https://www.youtube.com/channel/UChsb03kH_dNRh2-wE8GkeaA">Mundo Desconhecido</a> &#8220;10 fatos sobre a vida de uma formiga!&#8221;https://www.youtube.com/watch?v=3MC1F-eLyM4</figcaption></figure>
</div>



<div class="wp-block-column is-layout-flow wp-block-column-is-layout-flow">
<figure class="wp-block-embed-youtube wp-block-embed is-type-video is-provider-youtube wp-embed-aspect-4-3 wp-has-aspect-ratio"><div class="wp-block-embed__wrapper">
<p class="responsive-video-wrap clr"><iframe title="As formigas do Brasil" width="1200" height="900" src="https://www.youtube.com/embed/QMvhvSbPdQc?feature=oembed" frameborder="0" allow="accelerometer; autoplay; clipboard-write; encrypted-media; gyroscope; picture-in-picture" allowfullscreen></iframe></p>
</div><figcaption><a href="https://www.youtube.com/channel/UCO7OkbpRmts_Tj-2cNoLIEg">Profª Andreza Carvalho</a>&#8220;As formigas do Brasil&#8221;https://www.youtube.com/watch?v=QMvhvSbPdQc</figcaption></figure>
</div>
</div>



<hr class="wp-block-separator"/>



<figure class="wp-block-table alignfull"><table><tbody><tr><td>Objeto de<br>Conhecimento</td><td>Leitura, escrita, comparação e ordenação de números de até três ordens pela compreensão de características do sistema de numeração decimal (valor posicional e papel do zero)</td></tr><tr><td>Habilidades</td><td>EF02MA01 – Comparar e ordenar números naturais (até a ordem de centenas) pela compreensão de características do sistema de numeração decimal (valor posicional e função do zero)</td></tr><tr><td>Proponentes/<br>Professores:</td><td>Magda Dias da Silva</td></tr><tr><td>Instituição<br>Educacional:</td><td>Escola Municipal de Tempo Integral Vila Rosa</td></tr><tr><td>CRE:</td><td>Coordenadoria Regional Maria Thomé Neto</td></tr></tbody></table></figure>
