{"id":4856,"date":"2020-09-28T07:00:00","date_gmt":"2020-09-28T10:00:00","guid":{"rendered":"http:\/\/sme.goiania.go.gov.br\/conexaoescola\/?post_type=ensino_fundamental&#038;p=4856"},"modified":"2020-09-22T14:31:28","modified_gmt":"2020-09-22T17:31:28","slug":"folclore-uma-expressao-artistica-e-cultural","status":"publish","type":"ensino_fundamental","link":"https:\/\/sme.goiania.go.gov.br\/conexaoescola\/ensino_fundamental\/folclore-uma-expressao-artistica-e-cultural\/","title":{"rendered":"Folclore: Uma express\u00e3o art\u00edstica e cultural"},"content":{"rendered":"\n<p class=\"has-text-color has-background has-medium-font-size has-very-light-gray-color has-vivid-cyan-blue-background-color\">Ola! Tudo bem?<\/p>\n\n\n\n<p class=\"has-drop-cap has-medium-font-size\">\u00a0Voc\u00ea sabe o que \u00e9 Folclore? E o significado da palavra?\u00a0 Ser\u00e1 que Folclore \u00e9 um conjunto de costumes, lendas e manifesta\u00e7\u00f5es culturais e art\u00edsticas preservado por um povo de uma determinada regi\u00e3o? Vai ser muito divertido descobrir. Vamos l\u00e1?<\/p>\n\n\n\n<hr class=\"wp-block-separator\"\/>\n\n\n\n<p class=\"has-medium-font-size\"><strong>Atividade 1:<\/strong>&nbsp;<\/p>\n\n\n\n<p class=\"has-medium-font-size\">Assista o v\u00eddeo sobre o Folclore.<\/p>\n\n\n\n<figure class=\"wp-block-embed-youtube wp-block-embed is-type-video is-provider-youtube wp-embed-aspect-16-9 wp-has-aspect-ratio\"><div class=\"wp-block-embed__wrapper\">\n<p class=\"responsive-video-wrap clr\"><iframe title=\"O que \u00e9 FOLCLORE?\" width=\"1200\" height=\"675\" src=\"https:\/\/www.youtube.com\/embed\/RW09IDsMkgI?feature=oembed\" frameborder=\"0\" allow=\"accelerometer; autoplay; clipboard-write; encrypted-media; gyroscope; picture-in-picture\" allowfullscreen><\/iframe><\/p>\n<\/div><figcaption>canal-Amanda Honorato&#8221; <strong>O que \u00e9 FOLCLORE?&#8221;<\/strong> <a href=\"https:\/\/www.youtube.com\/watch?v=RW09IDsMkgI&amp;feature=youtu.be\">https:\/\/www.youtube.com\/watch?v=RW09IDsMkgI&amp;feature=youtu.be<\/a> <\/figcaption><\/figure>\n\n\n\n<p class=\"has-text-color has-background has-medium-font-size has-very-light-gray-color has-vivid-cyan-blue-background-color\">Ent\u00e3o! Voc\u00ea agora voc\u00ea sabe o que \u00e9 folclore? Quais s\u00e3o as manifesta\u00e7\u00f5es culturais que voc\u00ea percebeu no v\u00eddeo que voc\u00ea assistiu? Converse sobre Folclore com a sua fam\u00edlia.<\/p>\n\n\n\n<p class=\"has-medium-font-size\"><strong>Atividade 2:<\/strong>&nbsp;<\/p>\n\n\n\n<p class=\"has-medium-font-size\">Assista o v\u00eddeo, e com muita aten\u00e7\u00e3o veja a lenda do Saci Perer\u00ea.<\/p>\n\n\n\n<figure class=\"wp-block-embed-youtube wp-block-embed is-type-video is-provider-youtube wp-embed-aspect-16-9 wp-has-aspect-ratio\"><div class=\"wp-block-embed__wrapper\">\n<p class=\"responsive-video-wrap clr\"><iframe title=\"Lenda do Saci Perer\u00ea: Turma do Folclore\" width=\"1200\" height=\"675\" src=\"https:\/\/www.youtube.com\/embed\/um1WHr1ejow?feature=oembed\" frameborder=\"0\" allow=\"accelerometer; autoplay; clipboard-write; encrypted-media; gyroscope; picture-in-picture\" allowfullscreen><\/iframe><\/p>\n<\/div><figcaption>Youtube<strong>:\u00a0 Lenda do Saci Perer\u00ea<\/strong>:&#8221; Turma do Folclore&#8221; <a href=\"https:\/\/www.youtube.com\/watch?v=um1WHr1ejow\">\u00a0\u00a0<a href=\"https:\/\/www.youtube.com\/watch?v=um1WHr1ejow\">https:\/\/www.youtube.com\/watch?v=um1WHr1ejow<\/a><\/a><\/figcaption><\/figure>\n\n\n\n<hr class=\"wp-block-separator\"\/>\n\n\n\n<p class=\"has-text-color has-medium-font-size has-luminous-vivid-orange-color\">Agora, com a ajuda dos seus pais ou respons\u00e1vel, fa\u00e7a uma representa\u00e7\u00e3o do personagem, SACI PERERE, fazendo uso de recorte e colagem.&nbsp;&nbsp;<\/p>\n\n\n\n<p class=\"has-text-color has-medium-font-size has-vivid-cyan-blue-color\">A) Jornais ou revistas usadas.<\/p>\n\n\n\n<p class=\"has-text-color has-medium-font-size has-vivid-purple-color\">B) Tesoura sem ponta.&nbsp;<\/p>\n\n\n\n<p class=\"has-text-color has-medium-font-size has-vivid-green-cyan-color\">C) Cola branca.<\/p>\n\n\n\n<p class=\"has-text-color has-background has-medium-font-size has-very-light-gray-color has-luminous-vivid-orange-background-color\"><strong>Descri\u00e7\u00e3o de como fazer:<\/strong> Escolha a imagem de um rosto e recorte, depois com outros recortes coloridos, monte o personagem do SACI e cole no caderno.<\/p>\n\n\n\n<p class=\"has-text-color has-background has-medium-font-size has-very-light-gray-color has-luminous-vivid-amber-background-color\">D) Fa\u00e7a uma pequena produ\u00e7\u00e3o de texto, sobre a hist\u00f3ria que voc\u00ea ouviu no v\u00eddeo do Saci.&nbsp;<\/p>\n\n\n\n<p class=\"has-medium-font-size\"><strong>Atividade 3<\/strong>:&nbsp;<\/p>\n\n\n\n<p class=\"has-text-color has-medium-font-size has-vivid-purple-color\">Chegou a hora de voc\u00ea ouvir adivinhas de uma forma muito divertida.&nbsp; Vamos l\u00e1?&nbsp;<\/p>\n\n\n\n<figure class=\"wp-block-embed-youtube wp-block-embed is-type-video is-provider-youtube wp-embed-aspect-4-3 wp-has-aspect-ratio\"><div class=\"wp-block-embed__wrapper\">\n<p class=\"responsive-video-wrap clr\"><iframe title=\"Vamos brincar? ADIVINHAS FOLCL\u00d3RICAS\" width=\"1200\" height=\"900\" src=\"https:\/\/www.youtube.com\/embed\/hmR2Gc5vH4k?feature=oembed\" frameborder=\"0\" allow=\"accelerometer; autoplay; clipboard-write; encrypted-media; gyroscope; picture-in-picture\" allowfullscreen><\/iframe><\/p>\n<\/div><figcaption>Youtube: Vamos brincar? &#8220;<strong>ADIVINHAS FOLCL\u00d3RICAS<\/strong><a href=\"https:\/\/www.youtube.com\/watch?v=hmR2Gc5vH4k&amp;feature=youtu.be\">&#8221; <\/a><a href=\"https:\/\/www.youtube.com\/watch?v=hmR2Gc5vH4k&amp;feature=youtu.be\">https:\/\/www.youtube.com\/watch?v=hmR2Gc5vH4k&amp;feature=youtu.be<\/a><\/figcaption><\/figure>\n\n\n\n<p class=\"has-text-color has-background has-medium-font-size has-very-light-gray-color has-luminous-vivid-amber-background-color\">Agora! Escolha a que voc\u00ea mais gostou, escreva no seu caderno e represente com o personagem da adivinha escolhida.<br><\/p>\n\n\n\n<hr class=\"wp-block-separator\"\/>\n\n\n\n<p><strong>Saiba Mais \/ Refer\u00eancias:<\/strong><\/p>\n\n\n\n<div class=\"wp-block-columns is-layout-flex wp-container-core-columns-is-layout-9d6595d7 wp-block-columns-is-layout-flex\">\n<div class=\"wp-block-column is-layout-flow wp-block-column-is-layout-flow\">\n<figure class=\"wp-block-embed-youtube wp-block-embed is-type-video is-provider-youtube wp-embed-aspect-16-9 wp-has-aspect-ratio\"><div class=\"wp-block-embed__wrapper\">\n<p class=\"responsive-video-wrap clr\"><iframe title=\"O QUE \u00c9, O QUE \u00c9? FOLCLORE - \u00c1rvore do Saber\" width=\"1200\" height=\"675\" src=\"https:\/\/www.youtube.com\/embed\/Ia5TbDrpyOk?feature=oembed\" frameborder=\"0\" allow=\"accelerometer; autoplay; clipboard-write; encrypted-media; gyroscope; picture-in-picture\" allowfullscreen><\/iframe><\/p>\n<\/div><figcaption>Youtube:&#8221;<strong>O QUE \u00c9, O QUE \u00c9?\u00a0 FOLCLORE<\/strong> &#8220;- \u00c1rvore do Saber. <a href=\"https:\/\/www.youtube.com\/watch?v=Ia5TbDrpyOk\">https:\/\/www.youtube.com\/watch?v=Ia5TbDrpyOk<\/a><\/figcaption><\/figure>\n<\/div>\n\n\n\n<div class=\"wp-block-column is-layout-flow wp-block-column-is-layout-flow\">\n<figure class=\"wp-block-embed-youtube wp-block-embed is-type-video is-provider-youtube wp-embed-aspect-16-9 wp-has-aspect-ratio\"><div class=\"wp-block-embed__wrapper\">\n<p class=\"responsive-video-wrap clr\"><iframe title=\"Quintal da Cultura -O que \u00e9 Folclore?\" width=\"1200\" height=\"675\" src=\"https:\/\/www.youtube.com\/embed\/fslWQYxwyyE?feature=oembed\" frameborder=\"0\" allow=\"accelerometer; autoplay; clipboard-write; encrypted-media; gyroscope; picture-in-picture\" allowfullscreen><\/iframe><\/p>\n<\/div><figcaption>Youtube. &#8220;<strong>Quintal da Cultura -O que \u00e9 Folclore? <\/strong><a href=\"https:\/\/www.youtube.com\/watch?v=fslWQYxwyyE\">&#8220;<\/a><a href=\"https:\/\/www.youtube.com\/watch?v=fslWQYxwyyE\">https:\/\/www.youtube.com\/watch?v=fslWQYxwyyE<\/a><\/figcaption><\/figure>\n<\/div>\n<\/div>\n\n\n\n<hr class=\"wp-block-separator\"\/>\n\n\n\n<figure class=\"wp-block-table\"><table><tbody><tr><td>Objeto de Conhecimento<\/td><td>Matrizes est\u00e9ticas e culturais local e regional e seus artistas representantes.<\/td><\/tr><tr><td>Componente Curricular:<\/td><td>Arte<\/td><\/tr><tr><td>Habilidades<\/td><td>(GO-EF02AR04-A) Distinguir, experimentar, vivenciar e explorar diferentes formas de express\u00e3o art\u00edstica, como desenhos, croquis, pinturas, gravuras, colagens, HQs, dobraduras, esculturas, modelagens, instala\u00e7\u00f5es, v\u00eddeos, fotografias, performances, usando sustentavelmente materiais, instrumentos, recursos, t\u00e9cnicas convencionais e n\u00e3o convencionais, bem como desenvolver o senso cr\u00edtico, a investiga\u00e7\u00e3o e a colabora\u00e7\u00e3o.<\/td><\/tr><tr><td>Proponentes\/ Professores:<\/td><td>Adriana Moreira Agapito<br>Eli de Faria Santos rocha<br>Yvone Nunes de Oliveira<br>Maria Luciene da Silva Lima<br><\/td><\/tr><tr><td>Institui\u00e7\u00e3o Educacional:<\/td><td>Escola Municipal Nossa Senhora da Terra<\/td><\/tr><tr><td>CRE:<\/td><td>Brasil Di Ramos Caiado<\/td><\/tr><\/tbody><\/table><\/figure>\n","protected":false},"author":24,"featured_media":4214,"template":"","ef_categoria":[13,21],"ef_ano":[],"ef_componente":[],"class_list":["post-4856","ensino_fundamental","type-ensino_fundamental","status-publish","has-post-thumbnail","hentry","ef_categoria-ciclo-da-infancia-abc","ef_categoria-experiencias-e-curiosidades","entry","has-media"],"acf":[],"_links":{"self":[{"href":"https:\/\/sme.goiania.go.gov.br\/conexaoescola\/wp-json\/wp\/v2\/ensino_fundamental\/4856","targetHints":{"allow":["GET"]}}],"collection":[{"href":"https:\/\/sme.goiania.go.gov.br\/conexaoescola\/wp-json\/wp\/v2\/ensino_fundamental"}],"about":[{"href":"https:\/\/sme.goiania.go.gov.br\/conexaoescola\/wp-json\/wp\/v2\/types\/ensino_fundamental"}],"author":[{"embeddable":true,"href":"https:\/\/sme.goiania.go.gov.br\/conexaoescola\/wp-json\/wp\/v2\/users\/24"}],"version-history":[{"count":0,"href":"https:\/\/sme.goiania.go.gov.br\/conexaoescola\/wp-json\/wp\/v2\/ensino_fundamental\/4856\/revisions"}],"wp:featuredmedia":[{"embeddable":true,"href":"https:\/\/sme.goiania.go.gov.br\/conexaoescola\/wp-json\/wp\/v2\/media\/4214"}],"wp:attachment":[{"href":"https:\/\/sme.goiania.go.gov.br\/conexaoescola\/wp-json\/wp\/v2\/media?parent=4856"}],"wp:term":[{"taxonomy":"ef_categoria","embeddable":true,"href":"https:\/\/sme.goiania.go.gov.br\/conexaoescola\/wp-json\/wp\/v2\/ef_categoria?post=4856"},{"taxonomy":"ef_ano","embeddable":true,"href":"https:\/\/sme.goiania.go.gov.br\/conexaoescola\/wp-json\/wp\/v2\/ef_ano?post=4856"},{"taxonomy":"ef_componente","embeddable":true,"href":"https:\/\/sme.goiania.go.gov.br\/conexaoescola\/wp-json\/wp\/v2\/ef_componente?post=4856"}],"curies":[{"name":"wp","href":"https:\/\/api.w.org\/{rel}","templated":true}]}}

Folclore: Uma expressão artística e cultural

<p class="has-text-color has-background has-medium-font-size has-very-light-gray-color has-vivid-cyan-blue-background-color">Ola! Tudo bem?</p>



<p class="has-drop-cap has-medium-font-size"> Você sabe o que é Folclore? E o significado da palavra?  Será que Folclore é um conjunto de costumes, lendas e manifestações culturais e artísticas preservado por um povo de uma determinada região? Vai ser muito divertido descobrir. Vamos lá?</p>



<hr class="wp-block-separator"/>



<p class="has-medium-font-size"><strong>Atividade 1:</strong>&nbsp;</p>



<p class="has-medium-font-size">Assista o vídeo sobre o Folclore.</p>



<figure class="wp-block-embed-youtube wp-block-embed is-type-video is-provider-youtube wp-embed-aspect-16-9 wp-has-aspect-ratio"><div class="wp-block-embed__wrapper">
<p class="responsive-video-wrap clr"><iframe title="O que é FOLCLORE?" width="1200" height="675" src="https://www.youtube.com/embed/RW09IDsMkgI?feature=oembed" frameborder="0" allow="accelerometer; autoplay; clipboard-write; encrypted-media; gyroscope; picture-in-picture" allowfullscreen></iframe></p>
</div><figcaption>canal-Amanda Honorato&#8221; <strong>O que é FOLCLORE?&#8221;</strong> <a href="https://www.youtube.com/watch?v=RW09IDsMkgI&amp;feature=youtu.be">https://www.youtube.com/watch?v=RW09IDsMkgI&amp;feature=youtu.be</a> </figcaption></figure>



<p class="has-text-color has-background has-medium-font-size has-very-light-gray-color has-vivid-cyan-blue-background-color">Então! Você agora você sabe o que é folclore? Quais são as manifestações culturais que você percebeu no vídeo que você assistiu? Converse sobre Folclore com a sua família.</p>



<p class="has-medium-font-size"><strong>Atividade 2:</strong>&nbsp;</p>



<p class="has-medium-font-size">Assista o vídeo, e com muita atenção veja a lenda do Saci Pererê.</p>



<figure class="wp-block-embed-youtube wp-block-embed is-type-video is-provider-youtube wp-embed-aspect-16-9 wp-has-aspect-ratio"><div class="wp-block-embed__wrapper">
<p class="responsive-video-wrap clr"><iframe title="Lenda do Saci Pererê: Turma do Folclore" width="1200" height="675" src="https://www.youtube.com/embed/um1WHr1ejow?feature=oembed" frameborder="0" allow="accelerometer; autoplay; clipboard-write; encrypted-media; gyroscope; picture-in-picture" allowfullscreen></iframe></p>
</div><figcaption>Youtube<strong>:  Lenda do Saci Pererê</strong>:&#8221; Turma do Folclore&#8221; <a href="https://www.youtube.com/watch?v=um1WHr1ejow">  <a href="https://www.youtube.com/watch?v=um1WHr1ejow">https://www.youtube.com/watch?v=um1WHr1ejow</a></a></figcaption></figure>



<hr class="wp-block-separator"/>



<p class="has-text-color has-medium-font-size has-luminous-vivid-orange-color">Agora, com a ajuda dos seus pais ou responsável, faça uma representação do personagem, SACI PERERE, fazendo uso de recorte e colagem.&nbsp;&nbsp;</p>



<p class="has-text-color has-medium-font-size has-vivid-cyan-blue-color">A) Jornais ou revistas usadas.</p>



<p class="has-text-color has-medium-font-size has-vivid-purple-color">B) Tesoura sem ponta.&nbsp;</p>



<p class="has-text-color has-medium-font-size has-vivid-green-cyan-color">C) Cola branca.</p>



<p class="has-text-color has-background has-medium-font-size has-very-light-gray-color has-luminous-vivid-orange-background-color"><strong>Descrição de como fazer:</strong> Escolha a imagem de um rosto e recorte, depois com outros recortes coloridos, monte o personagem do SACI e cole no caderno.</p>



<p class="has-text-color has-background has-medium-font-size has-very-light-gray-color has-luminous-vivid-amber-background-color">D) Faça uma pequena produção de texto, sobre a história que você ouviu no vídeo do Saci.&nbsp;</p>



<p class="has-medium-font-size"><strong>Atividade 3</strong>:&nbsp;</p>



<p class="has-text-color has-medium-font-size has-vivid-purple-color">Chegou a hora de você ouvir adivinhas de uma forma muito divertida.&nbsp; Vamos lá?&nbsp;</p>



<figure class="wp-block-embed-youtube wp-block-embed is-type-video is-provider-youtube wp-embed-aspect-4-3 wp-has-aspect-ratio"><div class="wp-block-embed__wrapper">
<p class="responsive-video-wrap clr"><iframe title="Vamos brincar? ADIVINHAS FOLCLÓRICAS" width="1200" height="900" src="https://www.youtube.com/embed/hmR2Gc5vH4k?feature=oembed" frameborder="0" allow="accelerometer; autoplay; clipboard-write; encrypted-media; gyroscope; picture-in-picture" allowfullscreen></iframe></p>
</div><figcaption>Youtube: Vamos brincar? &#8220;<strong>ADIVINHAS FOLCLÓRICAS</strong><a href="https://www.youtube.com/watch?v=hmR2Gc5vH4k&amp;feature=youtu.be">&#8221; </a><a href="https://www.youtube.com/watch?v=hmR2Gc5vH4k&amp;feature=youtu.be">https://www.youtube.com/watch?v=hmR2Gc5vH4k&amp;feature=youtu.be</a></figcaption></figure>



<p class="has-text-color has-background has-medium-font-size has-very-light-gray-color has-luminous-vivid-amber-background-color">Agora! Escolha a que você mais gostou, escreva no seu caderno e represente com o personagem da adivinha escolhida.<br></p>



<hr class="wp-block-separator"/>



<p><strong>Saiba Mais / Referências:</strong></p>



<div class="wp-block-columns is-layout-flex wp-container-core-columns-is-layout-9d6595d7 wp-block-columns-is-layout-flex">
<div class="wp-block-column is-layout-flow wp-block-column-is-layout-flow">
<figure class="wp-block-embed-youtube wp-block-embed is-type-video is-provider-youtube wp-embed-aspect-16-9 wp-has-aspect-ratio"><div class="wp-block-embed__wrapper">
<p class="responsive-video-wrap clr"><iframe title="O QUE É, O QUE É? FOLCLORE - Árvore do Saber" width="1200" height="675" src="https://www.youtube.com/embed/Ia5TbDrpyOk?feature=oembed" frameborder="0" allow="accelerometer; autoplay; clipboard-write; encrypted-media; gyroscope; picture-in-picture" allowfullscreen></iframe></p>
</div><figcaption>Youtube:&#8221;<strong>O QUE É, O QUE É?  FOLCLORE</strong> &#8220;- Árvore do Saber. <a href="https://www.youtube.com/watch?v=Ia5TbDrpyOk">https://www.youtube.com/watch?v=Ia5TbDrpyOk</a></figcaption></figure>
</div>



<div class="wp-block-column is-layout-flow wp-block-column-is-layout-flow">
<figure class="wp-block-embed-youtube wp-block-embed is-type-video is-provider-youtube wp-embed-aspect-16-9 wp-has-aspect-ratio"><div class="wp-block-embed__wrapper">
<p class="responsive-video-wrap clr"><iframe title="Quintal da Cultura -O que é Folclore?" width="1200" height="675" src="https://www.youtube.com/embed/fslWQYxwyyE?feature=oembed" frameborder="0" allow="accelerometer; autoplay; clipboard-write; encrypted-media; gyroscope; picture-in-picture" allowfullscreen></iframe></p>
</div><figcaption>Youtube. &#8220;<strong>Quintal da Cultura -O que é Folclore? </strong><a href="https://www.youtube.com/watch?v=fslWQYxwyyE">&#8220;</a><a href="https://www.youtube.com/watch?v=fslWQYxwyyE">https://www.youtube.com/watch?v=fslWQYxwyyE</a></figcaption></figure>
</div>
</div>



<hr class="wp-block-separator"/>



<figure class="wp-block-table"><table><tbody><tr><td>Objeto de Conhecimento</td><td>Matrizes estéticas e culturais local e regional e seus artistas representantes.</td></tr><tr><td>Componente Curricular:</td><td>Arte</td></tr><tr><td>Habilidades</td><td>(GO-EF02AR04-A) Distinguir, experimentar, vivenciar e explorar diferentes formas de expressão artística, como desenhos, croquis, pinturas, gravuras, colagens, HQs, dobraduras, esculturas, modelagens, instalações, vídeos, fotografias, performances, usando sustentavelmente materiais, instrumentos, recursos, técnicas convencionais e não convencionais, bem como desenvolver o senso crítico, a investigação e a colaboração.</td></tr><tr><td>Proponentes/ Professores:</td><td>Adriana Moreira Agapito<br>Eli de Faria Santos rocha<br>Yvone Nunes de Oliveira<br>Maria Luciene da Silva Lima<br></td></tr><tr><td>Instituição Educacional:</td><td>Escola Municipal Nossa Senhora da Terra</td></tr><tr><td>CRE:</td><td>Brasil Di Ramos Caiado</td></tr></tbody></table></figure>
